[INFO] cloning repository https://github.com/hayatoito/icfpc2016-origami
[INFO] running `Command { std: "git" "-c" "credential.helper=" "-c" "credential.helper=/workspace/cargo-home/bin/git-credential-null" "clone" "--bare" "https://github.com/hayatoito/icfpc2016-origami" "/workspace/cache/git-repos/https%3A%2F%2Fgithub.com%2Fhayatoito%2Ficfpc2016-origami", kill_on_drop: false }`
[INFO] [stderr] Cloning into bare repository '/workspace/cache/git-repos/https%3A%2F%2Fgithub.com%2Fhayatoito%2Ficfpc2016-origami'...
[INFO] running `Command { std: "git" "rev-parse" "HEAD", kill_on_drop: false }`
[INFO] [stdout] ab07d7272a5b5eddf48631f0ff9ba876a9e8bcc5
[INFO] documenting hayatoito/icfpc2016-origami against beta-2023-04-20 for beta-1.70-rustdoc-1
[INFO] running `Command { std: "git" "clone" "/workspace/cache/git-repos/https%3A%2F%2Fgithub.com%2Fhayatoito%2Ficfpc2016-origami" "/workspace/builds/worker-5-tc2/source", kill_on_drop: false }`
[INFO] [stderr] Cloning into '/workspace/builds/worker-5-tc2/source'...
[INFO] [stderr] done.
[INFO] validating manifest of git repo https://github.com/hayatoito/icfpc2016-origami on toolchain beta-2023-04-20
[INFO] running `Command { std: CARGO_HOME="/workspace/cargo-home" RUSTUP_HOME="/workspace/rustup-home" "/workspace/cargo-home/bin/cargo" "+beta-2023-04-20" "metadata" "--manifest-path" "Cargo.toml" "--no-deps", kill_on_drop: false }`
[INFO] started tweaking git repo https://github.com/hayatoito/icfpc2016-origami
[INFO] finished tweaking git repo https://github.com/hayatoito/icfpc2016-origami
[INFO] tweaked toml for git repo https://github.com/hayatoito/icfpc2016-origami written to /workspace/builds/worker-5-tc2/source/Cargo.toml
[INFO] crate git repo https://github.com/hayatoito/icfpc2016-origami already has a lockfile, it will not be regenerated
[INFO] running `Command { std: CARGO_HOME="/workspace/cargo-home" RUSTUP_HOME="/workspace/rustup-home" "/workspace/cargo-home/bin/cargo" "+beta-2023-04-20" "fetch" "--manifest-path" "Cargo.toml", kill_on_drop: false }`
[INFO] [stderr]     Updating crates.io index
[INFO] [stderr]  Downloading crates ...
[INFO] [stderr]   Downloaded openssl-verify v0.1.0
[INFO] [stderr]   Downloaded url v1.2.0
[INFO] [stderr]   Downloaded gcc v0.3.32
[INFO] [stderr]   Downloaded pnacl-build-helper v1.4.10
[INFO] [stderr]   Downloaded httparse v1.1.2
[INFO] [stderr]   Downloaded env_logger v0.3.4
[INFO] [stderr]   Downloaded num-complex v0.1.33
[INFO] [stderr]   Downloaded heapsize v0.3.6
[INFO] [stderr]   Downloaded loggerv v0.2.0
[INFO] [stderr]   Downloaded maplit v0.1.3
[INFO] [stderr]   Downloaded num-rational v0.1.32
[INFO] [stderr]   Downloaded unreachable v0.0.2
[INFO] [stderr]   Downloaded quasi_macros v0.16.0
[INFO] [stderr]   Downloaded serde_macros v0.8.0
[INFO] [stderr]   Downloaded term_size v0.1.0
[INFO] [stderr]   Downloaded euclid v0.8.0
[INFO] [stderr]   Downloaded flate2 v0.2.14
[INFO] [stderr]   Downloaded itertools v0.4.17
[INFO] [stderr]   Downloaded ndarray v0.6.1
[INFO] [stderr]   Downloaded openssl v0.7.14
[INFO] [stderr]   Downloaded hyper v0.9.10
[INFO] [stderr]   Downloaded ansi_term v0.7.5
[INFO] [stderr]   Downloaded clap v2.10.0
[INFO] [stderr]   Downloaded serde v0.8.0
[INFO] [stderr]   Downloaded aster v0.22.1
[INFO] [stderr]   Downloaded openssl-sys-extras v0.7.14
[INFO] [stderr]   Downloaded websocket v0.17.1
[INFO] [stderr]   Downloaded matrixmultiply v0.1.8
[INFO] [stderr]   Downloaded ordered-float v0.2.2
[INFO] [stderr]   Downloaded serde_json v0.8.0
[INFO] [stderr]   Downloaded openssl-sys v0.7.14
[INFO] [stderr]   Downloaded num-bigint v0.1.33
[INFO] [stderr]   Downloaded serde_codegen_internals v0.5.0
[INFO] [stderr]   Downloaded serde_codegen v0.8.0
[INFO] [stderr]   Downloaded void v0.0.5
[INFO] [stderr]   Downloaded quasi v0.16.0
[INFO] [stderr]   Downloaded quasi_codegen v0.16.0
[INFO] [stderr]   Downloaded libressl-pnacl-sys v2.1.6
[INFO] [stderr]   Downloaded unicode-bidi v0.2.3
[INFO] running `Command { std: "docker" "create" "-v" "/var/lib/crater-agent-workspace/builds/worker-5-tc2/target:/opt/rustwide/target:rw,Z" "-v" "/var/lib/crater-agent-workspace/builds/worker-5-tc2/source:/opt/rustwide/workdir:ro,Z" "-v" "/var/lib/crater-agent-workspace/cargo-home:/opt/rustwide/cargo-home:ro,Z" "-v" "/var/lib/crater-agent-workspace/rustup-home:/opt/rustwide/rustup-home:ro,Z" "-e" "SOURCE_DIR=/opt/rustwide/workdir" "-e" "CARGO_TARGET_DIR=/opt/rustwide/target" "-e" "CARGO_HOME=/opt/rustwide/cargo-home" "-e" "RUSTUP_HOME=/opt/rustwide/rustup-home" "-w" "/opt/rustwide/workdir" "-m" "1610612736" "--user" "0:0" "--network" "none" "ghcr.io/rust-lang/crates-build-env/linux@sha256:5ff2268d62e97bff2cde7d5815dd6ed5b47097566f13b8d0ca110b04b60e07ed" "/opt/rustwide/cargo-home/bin/cargo" "+beta-2023-04-20" "metadata" "--no-deps" "--format-version=1", kill_on_drop: false }`
[INFO] [stdout] e7db1709d62b6f6ab7cb8dad030f501d4c69b6d619d7dd536c9852a28e0f29ca
[INFO] running `Command { std: "docker" "start" "-a" "e7db1709d62b6f6ab7cb8dad030f501d4c69b6d619d7dd536c9852a28e0f29ca", kill_on_drop: false }`
[INFO] running `Command { std: "docker" "inspect" "e7db1709d62b6f6ab7cb8dad030f501d4c69b6d619d7dd536c9852a28e0f29ca", kill_on_drop: false }`
[INFO] running `Command { std: "docker" "rm" "-f" "e7db1709d62b6f6ab7cb8dad030f501d4c69b6d619d7dd536c9852a28e0f29ca", kill_on_drop: false }`
[INFO] [stdout] e7db1709d62b6f6ab7cb8dad030f501d4c69b6d619d7dd536c9852a28e0f29ca
[INFO] running `Command { std: "docker" "create" "-v" "/var/lib/crater-agent-workspace/builds/worker-5-tc2/target:/opt/rustwide/target:rw,Z" "-v" "/var/lib/crater-agent-workspace/builds/worker-5-tc2/source:/opt/rustwide/workdir:ro,Z" "-v" "/var/lib/crater-agent-workspace/cargo-home:/opt/rustwide/cargo-home:ro,Z" "-v" "/var/lib/crater-agent-workspace/rustup-home:/opt/rustwide/rustup-home:ro,Z" "-e" "SOURCE_DIR=/opt/rustwide/workdir" "-e" "CARGO_TARGET_DIR=/opt/rustwide/target" "-e" "CARGO_INCREMENTAL=0" "-e" "RUST_BACKTRACE=full" "-e" "RUSTFLAGS=--cap-lints=warn" "-e" "RUSTDOCFLAGS=--cap-lints=warn" "-e" "CARGO_HOME=/opt/rustwide/cargo-home" "-e" "RUSTUP_HOME=/opt/rustwide/rustup-home" "-w" "/opt/rustwide/workdir" "-m" "1610612736" "--user" "0:0" "--network" "none" "ghcr.io/rust-lang/crates-build-env/linux@sha256:5ff2268d62e97bff2cde7d5815dd6ed5b47097566f13b8d0ca110b04b60e07ed" "/opt/rustwide/cargo-home/bin/cargo" "+beta-2023-04-20" "doc" "--frozen" "--no-deps" "--document-private-items" "--message-format=json", kill_on_drop: false }`
[INFO] [stdout] 04bd2a9a4080becd6d3e110f6d02535e9568d6b89e490154ccdb4fae68deb48c
[INFO] running `Command { std: "docker" "start" "-a" "04bd2a9a4080becd6d3e110f6d02535e9568d6b89e490154ccdb4fae68deb48c", kill_on_drop: false }`
[INFO] [stderr]     Checking libc v0.2.14
[INFO] [stderr]    Compiling winapi-build v0.1.1
[INFO] [stderr]    Compiling gcc v0.3.32
[INFO] [stderr]     Checking winapi v0.2.8
[INFO] [stderr]    Compiling pkg-config v0.3.8
[INFO] [stderr]     Checking num-traits v0.1.34
[INFO] [stderr]     Checking rustc-serialize v0.3.19
[INFO] [stderr]     Checking log v0.3.6
[INFO] [stderr]    Compiling semver v0.1.20
[INFO] [stdout] error[E0642]: patterns aren't allowed in functions without bodies
[INFO] [stdout]    --> /opt/rustwide/cargo-home/registry/src/index.crates.io-6f17d22bba15001f/rustc-serialize-0.3.19/src/serialize.rs:147:45
[INFO] [stdout]     |
[INFO] [stdout] 147 | ...                   &f_name: &str,
[INFO] [stdout]     |                       ^^^^^^^ pattern not allowed in function without body
[INFO] [stdout] 
[INFO] [stdout] 
[INFO] [stderr]     Checking bitflags v0.7.0
[INFO] [stderr]     Checking rand v0.3.14
[INFO] [stderr]    Compiling kernel32-sys v0.2.2
[INFO] [stderr]     Checking matches v0.1.2
[INFO] [stderr]     Checking num-integer v0.1.32
[INFO] [stderr]     Checking unicode-bidi v0.2.3
[INFO] [stderr]    Compiling openssl-sys v0.7.14
[INFO] [stderr]    Compiling rustc_version v0.1.7
[INFO] [stderr]     Checking unicode-normalization v0.1.2
[INFO] [stderr]     Checking lazy_static v0.2.1
[INFO] [stderr]    Compiling openssl-sys-extras v0.7.14
[INFO] [stderr]    Compiling openssl v0.7.14
[INFO] [stderr]    Compiling aster v0.22.1
[INFO] [stderr]     Checking time v0.1.35
[INFO] [stderr]    Compiling unicase v1.4.0
[INFO] [stdout] error[E0463]: can't find crate for `syntax`
[INFO] [stdout]   --> /opt/rustwide/cargo-home/registry/src/index.crates.io-6f17d22bba15001f/aster-0.22.1/src/lib.rs:10:1
[INFO] [stdout]    |
[INFO] [stdout] 10 | extern crate syntax;
[INFO] [stdout]    | ^^^^^^^^^^^^^^^^^^^^ can't find crate
[INFO] [stdout] 
[INFO] [stdout] 
[INFO] [stdout] error[E0554]: `#![feature]` may not be used on the beta release channel
[INFO] [stdout]  --> /opt/rustwide/cargo-home/registry/src/index.crates.io-6f17d22bba15001f/aster-0.22.1/src/lib.rs:1:43
[INFO] [stdout]   |
[INFO] [stdout] 1 | #![cfg_attr(not(feature = "with-syntex"), feature(rustc_private))]
[INFO] [stdout]   |                                           ^^^^^^^^^^^^^^^^^^^^^^
[INFO] [stdout] 
[INFO] [stdout] 
[INFO] [stdout] error: aborting due to 2 previous errors
[INFO] [stdout] 
[INFO] [stdout] 
[INFO] [stdout] Some errors have detailed explanations: E0463, E0554.
[INFO] [stdout] 
[INFO] [stdout] For more information about an error, try `rustc --explain E0463`.
[INFO] [stdout] 
[INFO] [stderr] error: could not compile `aster` (lib) due to 3 previous errors
[INFO] [stderr] warning: build failed, waiting for other jobs to finish...
[INFO] [stdout] error: aborting due to previous error
[INFO] [stdout] 
[INFO] [stdout] 
[INFO] [stdout] For more information about this error, try `rustc --explain E0642`.
[INFO] [stdout] 
[INFO] [stderr] error: could not compile `rustc-serialize` (lib) due to 2 previous errors; 1 warning emitted
[INFO] running `Command { std: "docker" "inspect" "04bd2a9a4080becd6d3e110f6d02535e9568d6b89e490154ccdb4fae68deb48c", kill_on_drop: false }`
[INFO] running `Command { std: "docker" "rm" "-f" "04bd2a9a4080becd6d3e110f6d02535e9568d6b89e490154ccdb4fae68deb48c", kill_on_drop: false }`
[INFO] [stdout] 04bd2a9a4080becd6d3e110f6d02535e9568d6b89e490154ccdb4fae68deb48c
