[INFO] cloning repository https://github.com/hardchain-lab/star_planet_on_substrate
[INFO] running `Command { std: "git" "-c" "credential.helper=" "-c" "credential.helper=/workspace/cargo-home/bin/git-credential-null" "clone" "--bare" "https://github.com/hardchain-lab/star_planet_on_substrate" "/workspace/cache/git-repos/https%3A%2F%2Fgithub.com%2Fhardchain-lab%2Fstar_planet_on_substrate", kill_on_drop: false }`
[INFO] [stderr] Cloning into bare repository '/workspace/cache/git-repos/https%3A%2F%2Fgithub.com%2Fhardchain-lab%2Fstar_planet_on_substrate'...
[INFO] running `Command { std: "git" "rev-parse" "HEAD", kill_on_drop: false }`
[INFO] [stdout] ae089ff3a1f8e7ef91524a22cf86f1e7fa195da7
[INFO] documenting hardchain-lab/star_planet_on_substrate against beta-2023-04-20 for beta-1.70-rustdoc-1
[INFO] running `Command { std: "git" "clone" "/workspace/cache/git-repos/https%3A%2F%2Fgithub.com%2Fhardchain-lab%2Fstar_planet_on_substrate" "/workspace/builds/worker-0-tc2/source", kill_on_drop: false }`
[INFO] [stderr] Cloning into '/workspace/builds/worker-0-tc2/source'...
[INFO] [stderr] done.
[INFO] validating manifest of git repo https://github.com/hardchain-lab/star_planet_on_substrate on toolchain beta-2023-04-20
[INFO] running `Command { std: CARGO_HOME="/workspace/cargo-home" RUSTUP_HOME="/workspace/rustup-home" "/workspace/cargo-home/bin/cargo" "+beta-2023-04-20" "metadata" "--manifest-path" "Cargo.toml" "--no-deps", kill_on_drop: false }`
[INFO] started tweaking git repo https://github.com/hardchain-lab/star_planet_on_substrate
[INFO] finished tweaking git repo https://github.com/hardchain-lab/star_planet_on_substrate
[INFO] tweaked toml for git repo https://github.com/hardchain-lab/star_planet_on_substrate written to /workspace/builds/worker-0-tc2/source/Cargo.toml
[INFO] crate git repo https://github.com/hardchain-lab/star_planet_on_substrate already has a lockfile, it will not be regenerated
[INFO] running `Command { std: CARGO_HOME="/workspace/cargo-home" RUSTUP_HOME="/workspace/rustup-home" "/workspace/cargo-home/bin/cargo" "+beta-2023-04-20" "fetch" "--manifest-path" "Cargo.toml", kill_on_drop: false }`
[INFO] [stderr]  Downloading crates ...
[INFO] [stderr]   Downloaded wasm-bindgen-macro-support v0.2.47
[INFO] [stderr]   Downloaded wasm-bindgen-macro v0.2.47
[INFO] [stderr]   Downloaded wasm-bindgen-shared v0.2.47
[INFO] [stderr]   Downloaded wasm-bindgen-futures v0.3.24
[INFO] [stderr]   Downloaded js-sys v0.3.24
[INFO] [stderr]   Downloaded wasm-bindgen-backend v0.2.47
[INFO] [stderr]   Downloaded wasm-bindgen-webidl v0.2.47
[INFO] [stderr]   Downloaded hyper v0.12.32
[INFO] [stderr]   Downloaded protobuf v2.7.0
[INFO] [stderr]   Downloaded wasm-bindgen v0.2.47
[INFO] [stderr]   Downloaded web-sys v0.3.24
[INFO] [stderr]   Downloaded bstr v0.2.1
[INFO] [stderr]   Downloaded curve25519-dalek v1.2.1
[INFO] running `Command { std: "docker" "create" "-v" "/var/lib/crater-agent-workspace/builds/worker-0-tc2/target:/opt/rustwide/target:rw,Z" "-v" "/var/lib/crater-agent-workspace/builds/worker-0-tc2/source:/opt/rustwide/workdir:ro,Z" "-v" "/var/lib/crater-agent-workspace/cargo-home:/opt/rustwide/cargo-home:ro,Z" "-v" "/var/lib/crater-agent-workspace/rustup-home:/opt/rustwide/rustup-home:ro,Z" "-e" "SOURCE_DIR=/opt/rustwide/workdir" "-e" "CARGO_TARGET_DIR=/opt/rustwide/target" "-e" "CARGO_HOME=/opt/rustwide/cargo-home" "-e" "RUSTUP_HOME=/opt/rustwide/rustup-home" "-w" "/opt/rustwide/workdir" "-m" "1610612736" "--user" "0:0" "--network" "none" "ghcr.io/rust-lang/crates-build-env/linux@sha256:5ff2268d62e97bff2cde7d5815dd6ed5b47097566f13b8d0ca110b04b60e07ed" "/opt/rustwide/cargo-home/bin/cargo" "+beta-2023-04-20" "metadata" "--no-deps" "--format-version=1", kill_on_drop: false }`
[INFO] [stdout] 7fdaf49db9f6fa220ea8aa1f89aa5bc3eaaf7920e026ae6a06a2341556c4ede7
[INFO] running `Command { std: "docker" "start" "-a" "7fdaf49db9f6fa220ea8aa1f89aa5bc3eaaf7920e026ae6a06a2341556c4ede7", kill_on_drop: false }`
[INFO] running `Command { std: "docker" "inspect" "7fdaf49db9f6fa220ea8aa1f89aa5bc3eaaf7920e026ae6a06a2341556c4ede7", kill_on_drop: false }`
[INFO] running `Command { std: "docker" "rm" "-f" "7fdaf49db9f6fa220ea8aa1f89aa5bc3eaaf7920e026ae6a06a2341556c4ede7", kill_on_drop: false }`
[INFO] [stdout] 7fdaf49db9f6fa220ea8aa1f89aa5bc3eaaf7920e026ae6a06a2341556c4ede7
[INFO] running `Command { std: "docker" "create" "-v" "/var/lib/crater-agent-workspace/builds/worker-0-tc2/target:/opt/rustwide/target:rw,Z" "-v" "/var/lib/crater-agent-workspace/builds/worker-0-tc2/source:/opt/rustwide/workdir:ro,Z" "-v" "/var/lib/crater-agent-workspace/cargo-home:/opt/rustwide/cargo-home:ro,Z" "-v" "/var/lib/crater-agent-workspace/rustup-home:/opt/rustwide/rustup-home:ro,Z" "-e" "SOURCE_DIR=/opt/rustwide/workdir" "-e" "CARGO_TARGET_DIR=/opt/rustwide/target" "-e" "CARGO_INCREMENTAL=0" "-e" "RUST_BACKTRACE=full" "-e" "RUSTFLAGS=--cap-lints=warn" "-e" "RUSTDOCFLAGS=--cap-lints=warn" "-e" "CARGO_HOME=/opt/rustwide/cargo-home" "-e" "RUSTUP_HOME=/opt/rustwide/rustup-home" "-w" "/opt/rustwide/workdir" "-m" "1610612736" "--user" "0:0" "--network" "none" "ghcr.io/rust-lang/crates-build-env/linux@sha256:5ff2268d62e97bff2cde7d5815dd6ed5b47097566f13b8d0ca110b04b60e07ed" "/opt/rustwide/cargo-home/bin/cargo" "+beta-2023-04-20" "doc" "--frozen" "--no-deps" "--document-private-items" "--message-format=json", kill_on_drop: false }`
[INFO] [stdout] 398b16e0a891fb116d609eabcaa4c4b5cbd892da21aba277559ba3bc6a614222
[INFO] running `Command { std: "docker" "start" "-a" "398b16e0a891fb116d609eabcaa4c4b5cbd892da21aba277559ba3bc6a614222", kill_on_drop: false }`
[INFO] [stderr]    Compiling libc v0.2.59
[INFO] [stderr]    Compiling arrayvec v0.4.10
[INFO] [stderr]    Compiling byteorder v1.3.2
[INFO] [stderr]     Checking cfg-if v0.1.9
[INFO] [stderr]    Compiling spin v0.5.0
[INFO] [stderr]    Compiling nodrop v0.1.13
[INFO] [stderr]    Compiling rayon-core v1.5.0
[INFO] [stderr]    Compiling scopeguard v0.3.3
[INFO] [stderr]    Compiling memoffset v0.2.1
[INFO] [stderr]    Compiling autocfg v0.1.4
[INFO] [stderr]    Compiling lazy_static v1.3.0
[INFO] [stderr]    Compiling proc-macro2 v0.4.30
[INFO] [stderr]    Compiling either v1.5.2
[INFO] [stderr]    Compiling unicode-xid v0.1.0
[INFO] [stderr]    Compiling crossbeam-utils v0.6.5
[INFO] [stderr]    Compiling syn v0.15.39
[INFO] [stderr]     Checking rand_core v0.4.0
[INFO] [stderr]    Compiling typenum v1.10.0
[INFO] [stderr]    Compiling crossbeam-queue v0.1.2
[INFO] [stderr]    Compiling crossbeam-epoch v0.7.1
[INFO] [stderr]     Checking rand_core v0.3.1
[INFO] [stderr]    Compiling semver-parser v0.7.0
[INFO] [stderr]     Checking log v0.4.6
[INFO] [stderr]     Checking smallvec v0.6.10
[INFO] [stderr]    Compiling num_cpus v1.10.1
[INFO] [stderr]    Compiling rand_chacha v0.1.1
[INFO] [stderr]    Compiling rand_pcg v0.1.2
[INFO] [stderr]    Compiling crossbeam-deque v0.6.3
[INFO] [stderr]    Compiling quote v0.6.12
[INFO] [stderr]    Compiling semver v0.9.0
[INFO] [stderr]    Compiling rand v0.6.5
[INFO] [stderr]    Compiling rustc_version v0.2.3
[INFO] [stderr]     Checking rand_os v0.1.3
[INFO] [stderr]    Compiling rayon v1.1.0
[INFO] [stderr]     Checking rand_isaac v0.1.1
[INFO] [stderr]     Checking rand_hc v0.1.0
[INFO] [stderr]     Checking rand_xorshift v0.1.1
[INFO] [stderr]     Checking rand_jitter v0.1.4
[INFO] [stderr]     Checking stable_deref_trait v1.1.1
[INFO] [stderr]     Checking generic-array v0.12.3
[INFO] [stderr]    Compiling serde v1.0.94
[INFO] [stderr]    Compiling parking_lot_core v0.4.0
[INFO] [stderr]     Checking owning_ref v0.4.0
[INFO] [stderr]     Checking lock_api v0.1.5
[INFO] [stderr]    Compiling failure_derive v0.1.5
[INFO] [stderr]     Checking byte-tools v0.3.1
[INFO] [stderr]     Checking opaque-debug v0.2.2
[INFO] [stderr]     Checking digest v0.8.1
[INFO] [stderr]     Checking block-padding v0.1.4
[INFO] [stderr]     Checking futures v0.1.28
[INFO] [stderr]     Checking fake-simd v0.1.2
[INFO] [stderr]     Checking block-buffer v0.7.3
[INFO] [stderr]     Checking iovec v0.1.2
[INFO] [stderr]     Checking rustc-demangle v0.1.15
[INFO] [stderr]     Checking subtle v1.0.0
[INFO] [stderr]     Checking crypto-mac v0.7.0
[INFO] [stderr]     Checking bytes v0.4.12
[INFO] [stderr]     Checking parking_lot v0.7.1
[INFO] [stderr]     Checking sha2 v0.8.0
[INFO] [stderr]    Compiling subtle v2.1.0
[INFO] [stderr]    Compiling cc v1.0.26
[INFO] [stderr]     Checking rand v0.4.6
[INFO] [stderr]     Checking sha3 v0.8.2
[INFO] [stderr]    Compiling memchr v2.2.1
[INFO] [stderr]     Checking untrusted v0.6.2
[INFO] [stderr]     Checking arrayref v0.3.5
[INFO] [stderr]     Checking tokio-io v0.1.12
[INFO] [stderr]     Checking slab v0.4.2
[INFO] [stderr]    Compiling regex v1.1.9
[INFO] [stderr]     Checking tokio-executor v0.1.8
[INFO] [stderr]     Checking fnv v1.0.6
[INFO] [stderr]     Checking tokio-codec v0.1.1
[INFO] [stderr]     Checking rand v0.5.6
[INFO] [stderr]     Checking constant_time_eq v0.1.3
[INFO] [stderr]     Checking thread_local v0.3.6
[INFO] [stderr]    Compiling heapsize v0.4.2
[INFO] [stderr]     Checking ucd-util v0.1.3
[INFO] [stderr]     Checking regex-syntax v0.6.8
[INFO] [stderr]     Checking aho-corasick v0.7.4
[INFO] [stderr]    Compiling version_check v0.1.5
[INFO] [stderr]    Compiling crunchy v0.2.2
[INFO] [stderr]    Compiling backtrace-sys v0.1.30
[INFO] [stderr]    Compiling clear_on_drop v0.2.3
[INFO] [stderr]    Compiling ring v0.14.6
[INFO] [stderr]     Checking utf8-ranges v1.0.3
[INFO] [stderr]     Checking hmac v0.7.0
[INFO] [stderr]    Compiling num-traits v0.2.8
[INFO] [stderr]     Checking matches v0.1.8
[INFO] [stderr]     Checking unicode-normalization v0.1.8
[INFO] [stderr]     Checking unicode-bidi v0.3.4
[INFO] [stderr]    Compiling curve25519-dalek v1.2.1
[INFO] [stderr]     Checking backtrace v0.3.32
[INFO] [stderr]    Compiling proc-macro-hack-impl v0.4.1
[INFO] [stderr]     Checking rustc-hex v2.0.1
[INFO] [stderr]     Checking tokio-timer v0.2.11
[INFO] [stderr]     Checking hash-db v0.12.4
[INFO] [stderr]    Compiling bitflags v1.1.0
[INFO] [stderr]     Checking idna v0.1.5
[INFO] [stderr]     Checking percent-encoding v1.0.1
[INFO] [stderr]    Compiling synstructure v0.10.2
[INFO] [stderr]    Compiling proc-macro-hack v0.4.1
[INFO] [stderr]     Checking merlin v1.1.0
[INFO] [stderr]     Checking url v1.7.2
[INFO] [stderr]     Checking pbkdf2 v0.3.0
[INFO] [stderr]    Compiling sr-std v1.0.0 (https://github.com/paritytech/substrate.git?rev=2e30b7321df0cc4dba525cfcf18df8438e12b830#2e30b732)
[INFO] [stderr]     Checking net2 v0.2.33
[INFO] [stderr]     Checking parity-wasm v0.31.3
[INFO] [stderr]     Checking static_assertions v0.2.5
[INFO] [stderr]     Checking mio v0.6.19
[INFO] [stderr]     Checking fixed-hash v0.3.2
[INFO] [stderr]    Compiling hex-literal-impl v0.1.2
[INFO] [stderr]     Checking uint v0.7.1
[INFO] [stderr]     Checking once_cell v0.1.8
[INFO] [stderr]     Checking hashbrown v0.1.8
[INFO] [stderr]     Checking memory_units v0.3.0
[INFO] [stderr]     Checking byte-tools v0.2.0
[INFO] [stderr]     Checking hash256-std-hasher v0.12.4
[INFO] [stderr]     Checking blake2-rfc v0.2.18
[INFO] [stderr]     Checking twox-hash v1.4.2
[INFO] [stderr]     Checking generic-array v0.8.3
[INFO] [stderr]     Checking hex-literal v0.1.4
[INFO] [stderr]     Checking base58 v0.1.0
[INFO] [stderr]     Checking wasmi-validation v0.1.0
[INFO] [stderr]     Checking quick-error v1.2.2
[INFO] [stderr]     Checking hex v0.3.2
[INFO] [stderr]     Checking elastic-array v0.10.2
[INFO] [stderr]     Checking unsigned-varint v0.2.2
[INFO] [stderr]     Checking digest v0.6.2
[INFO] [stderr]    Compiling secp256k1 v0.12.2
[INFO] [stderr]     Checking blake2 v0.8.0
[INFO] [stderr]     Checking wasmi v0.4.5
[INFO] [stderr]     Checking sha-1 v0.8.1
[INFO] [stderr]     Checking hashmap_core v0.1.10
[INFO] [stderr]     Checking void v1.0.2
[INFO] [stderr]    Compiling protobuf v2.7.0
[INFO] [stderr]     Checking crypto-mac v0.4.0
[INFO] [stderr]     Checking parity-multihash v0.1.2
[INFO] [stderr]     Checking tokio-sync v0.1.6
[INFO] [stderr]     Checking data-encoding v2.1.2
[INFO] [stderr]     Checking bs58 v0.2.2
[INFO] [stderr]     Checking tokio-reactor v0.1.9
[INFO] [stderr]     Checking hmac v0.4.2
[INFO] [stderr]     Checking trie-db v0.12.4
[INFO] [stderr]     Checking multistream-select v0.4.0
[INFO] [stderr]     Checking block-buffer v0.2.0
[INFO] [stderr]     Checking trie-root v0.12.4
[INFO] [stderr]     Checking tiny-keccak v1.5.0
[INFO] [stderr]    Compiling serde_derive v1.0.94
[INFO] [stderr]    Compiling malloc_size_of_derive v0.1.0
[INFO] [stderr]    Compiling asn1_der_derive v0.1.1
[INFO] [stderr]     Checking rw-stream-sink v0.1.2
[INFO] [stderr]     Checking zeroize v0.5.2
[INFO] [stderr]     Checking sha2 v0.6.0
[INFO] [stderr]     Checking hmac-drbg v0.1.2
[INFO] [stderr]     Checking substrate-panic-handler v1.0.0 (https://github.com/paritytech/substrate.git?rev=2e30b7321df0cc4dba525cfcf18df8438e12b830#2e30b732)
[INFO] [stderr]    Compiling sr-io v1.0.0 (https://github.com/paritytech/substrate.git?rev=2e30b7321df0cc4dba525cfcf18df8438e12b830#2e30b732)
[INFO] [stderr]     Checking libsecp256k1 v0.2.2
[INFO] [stderr]     Checking parity-util-mem v0.1.0
[INFO] [stderr]     Checking environmental v1.0.1
[INFO] [stderr]     Checking asn1_der v0.6.2
[INFO] [stderr]     Checking failure v0.1.5
[INFO] [stderr]     Checking itoa v0.4.4
[INFO] [stderr]     Checking memory-db v0.12.4
[INFO] [stderr]     Checking integer-sqrt v0.1.2
[INFO] [stderr]     Checking ed25519-dalek v1.0.0-pre.1
[INFO] [stderr]     Checking tiny-bip39 v0.6.2
[INFO] [stderr]    Compiling pkg-config v0.3.14
[INFO] [stderr]     Checking tokio-tcp v0.1.3
[INFO] [stderr]     Checking crossbeam-deque v0.7.1
[INFO] [stderr]     Checking schnorrkel v0.1.1
[INFO] [stderr]     Checking mio-uds v0.6.7
[INFO] [stderr]    Compiling httparse v1.3.4
[INFO] [stderr]    Compiling ryu v1.0.0
[INFO] [stderr]     Checking tokio-uds v0.2.5
[INFO] [stderr]     Checking substrate-bip39 v0.2.2 (https://github.com/paritytech/substrate-bip39#e4ade6da)
[INFO] [stderr]    Compiling openssl-sys v0.9.47
[INFO] [stderr]     Checking tokio-threadpool v0.1.15
[INFO] [stderr]     Checking tokio-udp v0.1.3
[INFO] [stderr]     Checking tokio-current-thread v0.1.6
[INFO] [stderr]     Checking tokio-fs v0.1.6
[INFO] [stderr]     Checking block-cipher-trait v0.6.2
[INFO] [stderr]     Checking time v0.1.42
[INFO] [stderr]    Compiling num-integer v0.1.41
[INFO] [stderr]    Compiling openssl v0.10.23
[INFO] [stderr]     Checking tokio v0.1.22
[INFO] [stderr]     Checking foreign-types-shared v0.1.1
[INFO] [stderr] The following warnings were emitted during compilation:
[INFO] [stderr] 
[INFO] [stderr] warning: build/expando.c:4:24: error: pasting "RUST_VERSION_OPENSSL_" and "(" does not give a valid preprocessing token
[INFO] [stderr] warning:     4 | #define VERSION2(n, v) RUST_VERSION_##n##_##v
[INFO] [stderr] warning:       |                        ^~~~~~~~~~~~~
[INFO] [stderr] warning: build/expando.c:5:23: note: in expansion of macro 'VERSION2'
[INFO] [stderr] warning:     5 | #define VERSION(n, v) VERSION2(n, v)
[INFO] [stderr] warning:       |                       ^~~~~~~~
[INFO] [stderr] warning: build/expando.c:10:1: note: in expansion of macro 'VERSION'
[INFO] [stderr] warning:    10 | VERSION(OPENSSL, OPENSSL_VERSION_NUMBER)
[INFO] [stderr] warning:       | ^~~~~~~
[INFO] [stderr] 
[INFO] [stderr] error: failed to run custom build command for `openssl-sys v0.9.47`
[INFO] [stderr] note: To improve backtraces for build dependencies, set the CARGO_PROFILE_DEV_BUILD_OVERRIDE_DEBUG=true environment variable to enable debug information generation.
[INFO] [stderr] 
[INFO] [stderr] Caused by:
[INFO] [stderr]   process didn't exit successfully: `/opt/rustwide/target/debug/build/openssl-sys-abaaf58c34a6f7b7/build-script-main` (exit status: 101)
[INFO] [stderr]   --- stdout
[INFO] [stderr]   cargo:rustc-cfg=const_fn
[INFO] [stderr]   cargo:rerun-if-env-changed=X86_64_UNKNOWN_LINUX_GNU_OPENSSL_LIB_DIR
[INFO] [stderr]   X86_64_UNKNOWN_LINUX_GNU_OPENSSL_LIB_DIR unset
[INFO] [stderr]   cargo:rerun-if-env-changed=OPENSSL_LIB_DIR
[INFO] [stderr]   OPENSSL_LIB_DIR unset
[INFO] [stderr]   cargo:rerun-if-env-changed=X86_64_UNKNOWN_LINUX_GNU_OPENSSL_INCLUDE_DIR
[INFO] [stderr]   X86_64_UNKNOWN_LINUX_GNU_OPENSSL_INCLUDE_DIR unset
[INFO] [stderr]   cargo:rerun-if-env-changed=OPENSSL_INCLUDE_DIR
[INFO] [stderr]   OPENSSL_INCLUDE_DIR unset
[INFO] [stderr]   cargo:rerun-if-env-changed=X86_64_UNKNOWN_LINUX_GNU_OPENSSL_DIR
[INFO] [stderr]   X86_64_UNKNOWN_LINUX_GNU_OPENSSL_DIR unset
[INFO] [stderr]   cargo:rerun-if-env-changed=OPENSSL_DIR
[INFO] [stderr]   OPENSSL_DIR unset
[INFO] [stderr]   cargo:rustc-link-lib=ssl
[INFO] [stderr]   cargo:rustc-link-lib=crypto
[INFO] [stderr]   OPT_LEVEL = Some("0")
[INFO] [stderr]   TARGET = Some("x86_64-unknown-linux-gnu")
[INFO] [stderr]   HOST = Some("x86_64-unknown-linux-gnu")
[INFO] [stderr]   CC_x86_64-unknown-linux-gnu = None
[INFO] [stderr]   CC_x86_64_unknown_linux_gnu = None
[INFO] [stderr]   HOST_CC = None
[INFO] [stderr]   CC = None
[INFO] [stderr]   CFLAGS_x86_64-unknown-linux-gnu = None
[INFO] [stderr]   CFLAGS_x86_64_unknown_linux_gnu = None
[INFO] [stderr]   HOST_CFLAGS = None
[INFO] [stderr]   CFLAGS = None
[INFO] [stderr]   DEBUG = Some("true")
[INFO] [stderr]   running: "cc" "-O0" "-ffunction-sections" "-fdata-sections" "-fPIC" "-g" "-fno-omit-frame-pointer" "-m64" "-Wall" "-Wextra" "-E" "build/expando.c"
[INFO] [stderr]   cargo:warning=build/expando.c:4:24: error: pasting "RUST_VERSION_OPENSSL_" and "(" does not give a valid preprocessing token
[INFO] [stderr]   cargo:warning=    4 | #define VERSION2(n, v) RUST_VERSION_##n##_##v
[INFO] [stderr]   cargo:warning=      |                        ^~~~~~~~~~~~~
[INFO] [stderr]   cargo:warning=build/expando.c:5:23: note: in expansion of macro 'VERSION2'
[INFO] [stderr]   cargo:warning=    5 | #define VERSION(n, v) VERSION2(n, v)
[INFO] [stderr]   cargo:warning=      |                       ^~~~~~~~
[INFO] [stderr]   cargo:warning=build/expando.c:10:1: note: in expansion of macro 'VERSION'
[INFO] [stderr]   cargo:warning=   10 | VERSION(OPENSSL, OPENSSL_VERSION_NUMBER)
[INFO] [stderr]   cargo:warning=      | ^~~~~~~
[INFO] [stderr]   exit status: 1
[INFO] [stderr] 
[INFO] [stderr]   --- stderr
[INFO] [stderr]   thread 'main' panicked at '
[INFO] [stderr]   Header expansion error:
[INFO] [stderr]   Error { kind: ToolExecError, message: "Command \"cc\" \"-O0\" \"-ffunction-sections\" \"-fdata-sections\" \"-fPIC\" \"-g\" \"-fno-omit-frame-pointer\" \"-m64\" \"-Wall\" \"-Wextra\" \"-E\" \"build/expando.c\" with args \"cc\" did not execute successfully (status code exit status: 1)." }
[INFO] [stderr] 
[INFO] [stderr]   Failed to find OpenSSL development headers.
[INFO] [stderr] 
[INFO] [stderr]   You can try fixing this setting the `OPENSSL_DIR` environment variable
[INFO] [stderr]   pointing to your OpenSSL installation or installing OpenSSL headers package
[INFO] [stderr]   specific to your distribution:
[INFO] [stderr] 
[INFO] [stderr]       # On Ubuntu
[INFO] [stderr]       sudo apt-get install libssl-dev
[INFO] [stderr]       # On Arch Linux
[INFO] [stderr]       sudo pacman -S openssl
[INFO] [stderr]       # On Fedora
[INFO] [stderr]       sudo dnf install openssl-devel
[INFO] [stderr] 
[INFO] [stderr]   See rust-openssl README for more information:
[INFO] [stderr] 
[INFO] [stderr]       https://github.com/sfackler/rust-openssl#linux
[INFO] [stderr]   ', /opt/rustwide/cargo-home/registry/src/index.crates.io-6f17d22bba15001f/openssl-sys-0.9.47/build/main.rs:126:13
[INFO] [stderr]   stack backtrace:
[INFO] [stderr]      0:     0x560b0a28a3aa - std::backtrace_rs::backtrace::libunwind::trace::h2f05d0192276a8f6
[INFO] [stderr]                                  at /rustc/1b7dd2252b99671ce5d1cb9664c5f8636329436d/library/std/src/../../backtrace/src/backtrace/libunwind.rs:93:5
[INFO] [stderr]      1:     0x560b0a28a3aa - std::backtrace_rs::backtrace::trace_unsynchronized::hedc23dff7a1af150
[INFO] [stderr]                                  at /rustc/1b7dd2252b99671ce5d1cb9664c5f8636329436d/library/std/src/../../backtrace/src/backtrace/mod.rs:66:5
[INFO] [stderr]      2:     0x560b0a28a3aa - std::sys_common::backtrace::_print_fmt::h17541ef7592f3ce2
[INFO] [stderr]                                  at /rustc/1b7dd2252b99671ce5d1cb9664c5f8636329436d/library/std/src/sys_common/backtrace.rs:65:5
[INFO] [stderr]      3:     0x560b0a28a3aa - <std::sys_common::backtrace::_print::DisplayBacktrace as core::fmt::Display>::fmt::h20f75df5ab0c0792
[INFO] [stderr]                                  at /rustc/1b7dd2252b99671ce5d1cb9664c5f8636329436d/library/std/src/sys_common/backtrace.rs:44:22
[INFO] [stderr]      4:     0x560b0a2aab3f - core::fmt::write::h78109e6f466b3af6
[INFO] [stderr]                                  at /rustc/1b7dd2252b99671ce5d1cb9664c5f8636329436d/library/core/src/fmt/mod.rs:1254:17
[INFO] [stderr]      5:     0x560b0a287615 - std::io::Write::write_fmt::hc59e1b02dd273c8a
[INFO] [stderr]                                  at /rustc/1b7dd2252b99671ce5d1cb9664c5f8636329436d/library/std/src/io/mod.rs:1698:15
[INFO] [stderr]      6:     0x560b0a28a175 - std::sys_common::backtrace::_print::h8dac57a9f8fbf9a5
[INFO] [stderr]                                  at /rustc/1b7dd2252b99671ce5d1cb9664c5f8636329436d/library/std/src/sys_common/backtrace.rs:47:5
[INFO] [stderr]      7:     0x560b0a28a175 - std::sys_common::backtrace::print::hf9ecbf41d1aa712f
[INFO] [stderr]                                  at /rustc/1b7dd2252b99671ce5d1cb9664c5f8636329436d/library/std/src/sys_common/backtrace.rs:34:9
[INFO] [stderr]      8:     0x560b0a28ba3e - std::panicking::default_hook::{{closure}}::h04c07acfc84ca028
[INFO] [stderr]                                  at /rustc/1b7dd2252b99671ce5d1cb9664c5f8636329436d/library/std/src/panicking.rs:269:22
[INFO] [stderr]      9:     0x560b0a28b7e5 - std::panicking::default_hook::h01f6bb23e1eceb2c
[INFO] [stderr]                                  at /rustc/1b7dd2252b99671ce5d1cb9664c5f8636329436d/library/std/src/panicking.rs:288:9
[INFO] [stderr]     10:     0x560b0a28bf9e - std::panicking::rust_panic_with_hook::h2bb3722bbaf2f6df
[INFO] [stderr]                                  at /rustc/1b7dd2252b99671ce5d1cb9664c5f8636329436d/library/std/src/panicking.rs:691:13
[INFO] [stderr]     11:     0x560b0a28be99 - std::panicking::begin_panic_handler::{{closure}}::h91bc7f36a4be011b
[INFO] [stderr]                                  at /rustc/1b7dd2252b99671ce5d1cb9664c5f8636329436d/library/std/src/panicking.rs:582:13
[INFO] [stderr]     12:     0x560b0a28a816 - std::sys_common::backtrace::__rust_end_short_backtrace::h8b3d3717114f9e59
[INFO] [stderr]                                  at /rustc/1b7dd2252b99671ce5d1cb9664c5f8636329436d/library/std/src/sys_common/backtrace.rs:150:18
[INFO] [stderr]     13:     0x560b0a28bbf2 - rust_begin_unwind
[INFO] [stderr]                                  at /rustc/1b7dd2252b99671ce5d1cb9664c5f8636329436d/library/std/src/panicking.rs:578:5
[INFO] [stderr]     14:     0x560b0a1ff7f3 - core::panicking::panic_fmt::hfd368e3fbdabea26
[INFO] [stderr]                                  at /rustc/1b7dd2252b99671ce5d1cb9664c5f8636329436d/library/core/src/panicking.rs:67:14
[INFO] [stderr]     15:     0x560b0a202a08 - build_script_main::validate_headers::h2487a643254c895a
[INFO] [stderr]     16:     0x560b0a20a540 - build_script_main::find::try_pkg_config::he0e01fcf19850c2e
[INFO] [stderr]     17:     0x560b0a209316 - build_script_main::find::find_openssl_dir::hd71b4884f82503eb
[INFO] [stderr]     18:     0x560b0a209162 - build_script_main::find::get_openssl::{{closure}}::h6c0175008d2c2ac6
[INFO] [stderr]     19:     0x560b0a20ab5a - core::option::Option<T>::unwrap_or_else::he68474adfd37cb3b
[INFO] [stderr]     20:     0x560b0a208e60 - build_script_main::find::get_openssl::ha43f9658ea000ddf
[INFO] [stderr]     21:     0x560b0a201805 - build_script_main::main::hf8d8524e173774ce
[INFO] [stderr]     22:     0x560b0a20b773 - core::ops::function::FnOnce::call_once::hbd0edd15c3984352
[INFO] [stderr]     23:     0x560b0a20b316 - std::sys_common::backtrace::__rust_begin_short_backtrace::h404315c21b2debeb
[INFO] [stderr]     24:     0x560b0a205b39 - std::rt::lang_start::{{closure}}::hc7b6033d238da058
[INFO] [stderr]     25:     0x560b0a28426e - core::ops::function::impls::<impl core::ops::function::FnOnce<A> for &F>::call_once::h2eb19b8ce4148df4
[INFO] [stderr]                                  at /rustc/1b7dd2252b99671ce5d1cb9664c5f8636329436d/library/core/src/ops/function.rs:287:13
[INFO] [stderr]     26:     0x560b0a28426e - std::panicking::try::do_call::h2e900feff5d504c5
[INFO] [stderr]                                  at /rustc/1b7dd2252b99671ce5d1cb9664c5f8636329436d/library/std/src/panicking.rs:485:40
[INFO] [stderr]     27:     0x560b0a28426e - std::panicking::try::h8854836cb85aa9f2
[INFO] [stderr]                                  at /rustc/1b7dd2252b99671ce5d1cb9664c5f8636329436d/library/std/src/panicking.rs:449:19
[INFO] [stderr]     28:     0x560b0a28426e - std::panic::catch_unwind::h706025dd4c48f64b
[INFO] [stderr]                                  at /rustc/1b7dd2252b99671ce5d1cb9664c5f8636329436d/library/std/src/panic.rs:140:14
[INFO] [stderr]     29:     0x560b0a28426e - std::rt::lang_start_internal::{{closure}}::h7be5b97f4a07a91a
[INFO] [stderr]                                  at /rustc/1b7dd2252b99671ce5d1cb9664c5f8636329436d/library/std/src/rt.rs:148:48
[INFO] [stderr]     30:     0x560b0a28426e - std::panicking::try::do_call::h59847e9d0a176965
[INFO] [stderr]                                  at /rustc/1b7dd2252b99671ce5d1cb9664c5f8636329436d/library/std/src/panicking.rs:485:40
[INFO] [stderr]     31:     0x560b0a28426e - std::panicking::try::h399a918ba8522823
[INFO] [stderr]                                  at /rustc/1b7dd2252b99671ce5d1cb9664c5f8636329436d/library/std/src/panicking.rs:449:19
[INFO] [stderr]     32:     0x560b0a28426e - std::panic::catch_unwind::hca7ca6c55b2a2e26
[INFO] [stderr]                                  at /rustc/1b7dd2252b99671ce5d1cb9664c5f8636329436d/library/std/src/panic.rs:140:14
[INFO] [stderr]     33:     0x560b0a28426e - std::rt::lang_start_internal::h2c807a81560459eb
[INFO] [stderr]                                  at /rustc/1b7dd2252b99671ce5d1cb9664c5f8636329436d/library/std/src/rt.rs:148:20
[INFO] [stderr]     34:     0x560b0a205b17 - std::rt::lang_start::h98c4bd5595d3c0c0
[INFO] [stderr]     35:     0x560b0a2045c5 - main
[INFO] [stderr]     36:     0x7f04dea0bd90 - <unknown>
[INFO] [stderr]     37:     0x7f04dea0be40 - __libc_start_main
[INFO] [stderr]     38:     0x560b0a1ffe65 - _start
[INFO] [stderr]     39:                0x0 - <unknown>
[INFO] [stderr] warning: build failed, waiting for other jobs to finish...
[INFO] running `Command { std: "docker" "inspect" "398b16e0a891fb116d609eabcaa4c4b5cbd892da21aba277559ba3bc6a614222", kill_on_drop: false }`
[INFO] running `Command { std: "docker" "rm" "-f" "398b16e0a891fb116d609eabcaa4c4b5cbd892da21aba277559ba3bc6a614222", kill_on_drop: false }`
[INFO] [stdout] 398b16e0a891fb116d609eabcaa4c4b5cbd892da21aba277559ba3bc6a614222
