[INFO] cloning repository https://github.com/hamflx/huawei-pc-manager-bootstrap
[INFO] running `Command { std: "git" "-c" "credential.helper=" "-c" "credential.helper=/workspace/cargo-home/bin/git-credential-null" "clone" "--bare" "https://github.com/hamflx/huawei-pc-manager-bootstrap" "/workspace/cache/git-repos/https%3A%2F%2Fgithub.com%2Fhamflx%2Fhuawei-pc-manager-bootstrap", kill_on_drop: false }`
[INFO] [stderr] Cloning into bare repository '/workspace/cache/git-repos/https%3A%2F%2Fgithub.com%2Fhamflx%2Fhuawei-pc-manager-bootstrap'...
[INFO] running `Command { std: "git" "rev-parse" "HEAD", kill_on_drop: false }`
[INFO] [stdout] b7e394f1e692754a7f0ff9a2e7dfa7db281263f7
[INFO] documenting hamflx/huawei-pc-manager-bootstrap against 1.69.0 for beta-1.70-rustdoc-1
[INFO] running `Command { std: "git" "clone" "/workspace/cache/git-repos/https%3A%2F%2Fgithub.com%2Fhamflx%2Fhuawei-pc-manager-bootstrap" "/workspace/builds/worker-5-tc1/source", kill_on_drop: false }`
[INFO] [stderr] Cloning into '/workspace/builds/worker-5-tc1/source'...
[INFO] [stderr] done.
[INFO] validating manifest of git repo https://github.com/hamflx/huawei-pc-manager-bootstrap on toolchain 1.69.0
[INFO] running `Command { std: CARGO_HOME="/workspace/cargo-home" RUSTUP_HOME="/workspace/rustup-home" "/workspace/cargo-home/bin/cargo" "+1.69.0" "metadata" "--manifest-path" "Cargo.toml" "--no-deps", kill_on_drop: false }`
[INFO] removed /workspace/builds/worker-5-tc1/source/rust-toolchain
[INFO] started tweaking git repo https://github.com/hamflx/huawei-pc-manager-bootstrap
[INFO] finished tweaking git repo https://github.com/hamflx/huawei-pc-manager-bootstrap
[INFO] tweaked toml for git repo https://github.com/hamflx/huawei-pc-manager-bootstrap written to /workspace/builds/worker-5-tc1/source/Cargo.toml
[INFO] crate git repo https://github.com/hamflx/huawei-pc-manager-bootstrap already has a lockfile, it will not be regenerated
[INFO] running `Command { std: CARGO_HOME="/workspace/cargo-home" RUSTUP_HOME="/workspace/rustup-home" "/workspace/cargo-home/bin/cargo" "+1.69.0" "fetch" "--manifest-path" "Cargo.toml", kill_on_drop: false }`
[INFO] [stderr]  Downloading crates ...
[INFO] [stderr]   Downloaded enumflags2 v0.7.4
[INFO] [stderr]   Downloaded slice-pool v0.4.1
[INFO] [stderr]   Downloaded libudis86-sys v0.2.1
[INFO] [stderr]   Downloaded rfd v0.8.1
[INFO] [stderr]   Downloaded sysinfo v0.26.2
[INFO] [stderr]   Downloaded forward-dll v0.1.11
[INFO] [stderr]   Downloaded mmap-fixed v0.1.5
[INFO] [stderr]   Downloaded implib v0.3.1
[INFO] [stderr]   Downloaded detour v0.8.1
[INFO] [stderr]   Downloaded injectors v0.1.1
[INFO] [stderr]   Downloaded forward-dll-derive v0.1.7
[INFO] [stderr]   Downloaded windows-sys v0.35.0
[INFO] [stderr]   Downloaded vc-ltl v5.0.5
[INFO] running `Command { std: "docker" "create" "-v" "/var/lib/crater-agent-workspace/builds/worker-5-tc1/target:/opt/rustwide/target:rw,Z" "-v" "/var/lib/crater-agent-workspace/builds/worker-5-tc1/source:/opt/rustwide/workdir:ro,Z" "-v" "/var/lib/crater-agent-workspace/cargo-home:/opt/rustwide/cargo-home:ro,Z" "-v" "/var/lib/crater-agent-workspace/rustup-home:/opt/rustwide/rustup-home:ro,Z" "-e" "SOURCE_DIR=/opt/rustwide/workdir" "-e" "CARGO_TARGET_DIR=/opt/rustwide/target" "-e" "CARGO_HOME=/opt/rustwide/cargo-home" "-e" "RUSTUP_HOME=/opt/rustwide/rustup-home" "-w" "/opt/rustwide/workdir" "-m" "1610612736" "--user" "0:0" "--network" "none" "ghcr.io/rust-lang/crates-build-env/linux@sha256:5ff2268d62e97bff2cde7d5815dd6ed5b47097566f13b8d0ca110b04b60e07ed" "/opt/rustwide/cargo-home/bin/cargo" "+1.69.0" "metadata" "--no-deps" "--format-version=1", kill_on_drop: false }`
[INFO] [stdout] 7d335fe73bd40d93e0817fb9b7e19839959842efaa366b9e075ed35d8e9f3dc5
[INFO] running `Command { std: "docker" "start" "-a" "7d335fe73bd40d93e0817fb9b7e19839959842efaa366b9e075ed35d8e9f3dc5", kill_on_drop: false }`
[INFO] running `Command { std: "docker" "inspect" "7d335fe73bd40d93e0817fb9b7e19839959842efaa366b9e075ed35d8e9f3dc5", kill_on_drop: false }`
[INFO] running `Command { std: "docker" "rm" "-f" "7d335fe73bd40d93e0817fb9b7e19839959842efaa366b9e075ed35d8e9f3dc5", kill_on_drop: false }`
[INFO] [stdout] 7d335fe73bd40d93e0817fb9b7e19839959842efaa366b9e075ed35d8e9f3dc5
[INFO] running `Command { std: "docker" "create" "-v" "/var/lib/crater-agent-workspace/builds/worker-5-tc1/target:/opt/rustwide/target:rw,Z" "-v" "/var/lib/crater-agent-workspace/builds/worker-5-tc1/source:/opt/rustwide/workdir:ro,Z" "-v" "/var/lib/crater-agent-workspace/cargo-home:/opt/rustwide/cargo-home:ro,Z" "-v" "/var/lib/crater-agent-workspace/rustup-home:/opt/rustwide/rustup-home:ro,Z" "-e" "SOURCE_DIR=/opt/rustwide/workdir" "-e" "CARGO_TARGET_DIR=/opt/rustwide/target" "-e" "CARGO_INCREMENTAL=0" "-e" "RUST_BACKTRACE=full" "-e" "RUSTFLAGS=--cap-lints=warn" "-e" "RUSTDOCFLAGS=--cap-lints=warn" "-e" "CARGO_HOME=/opt/rustwide/cargo-home" "-e" "RUSTUP_HOME=/opt/rustwide/rustup-home" "-w" "/opt/rustwide/workdir" "-m" "1610612736" "--user" "0:0" "--network" "none" "ghcr.io/rust-lang/crates-build-env/linux@sha256:5ff2268d62e97bff2cde7d5815dd6ed5b47097566f13b8d0ca110b04b60e07ed" "/opt/rustwide/cargo-home/bin/cargo" "+1.69.0" "doc" "--frozen" "--no-deps" "--document-private-items" "--message-format=json", kill_on_drop: false }`
[INFO] [stdout] dca14a8b10b458c46db8206b339ab556d05f30fdd17595530e294516e9c7fd19
[INFO] running `Command { std: "docker" "start" "-a" "dca14a8b10b458c46db8206b339ab556d05f30fdd17595530e294516e9c7fd19", kill_on_drop: false }`
[INFO] [stderr]    Compiling proc-macro2 v1.0.54
[INFO] [stderr]    Compiling unicode-ident v1.0.8
[INFO] [stderr]    Compiling quote v1.0.26
[INFO] [stderr]    Compiling libc v0.2.122
[INFO] [stderr]    Compiling syn v1.0.91
[INFO] [stderr]    Compiling autocfg v1.1.0
[INFO] [stderr]    Compiling serde_derive v1.0.144
[INFO] [stderr]    Compiling serde v1.0.144
[INFO] [stderr]    Compiling pkg-config v0.3.25
[INFO] [stderr]     Checking lazy_static v1.4.0
[INFO] [stderr]    Compiling version_check v0.9.4
[INFO] [stderr]    Compiling memchr v2.4.1
[INFO] [stderr]    Compiling log v0.4.17
[INFO] [stderr]    Compiling heck v0.4.0
[INFO] [stderr]    Compiling smallvec v1.8.0
[INFO] [stderr]    Compiling version-compare v0.1.0
[INFO] [stderr]     Checking bitflags v1.3.2
[INFO] [stderr]    Compiling xml-rs v0.8.4
[INFO] [stderr]     Checking once_cell v1.17.1
[INFO] [stderr]    Compiling cfg-expr v0.10.2
[INFO] [stderr]    Compiling cfg-if v1.0.0
[INFO] [stderr]     Checking libloading v0.7.3
[INFO] [stderr]    Compiling futures-core v0.3.21
[INFO] [stderr]     Checking downcast-rs v1.2.0
[INFO] [stderr]    Compiling khronos_api v3.1.0
[INFO] [stderr]     Checking scoped-tls v1.0.0
[INFO] [stderr]     Checking minimal-lexical v0.2.1
[INFO] [stderr]     Checking dlib v0.5.0
[INFO] [stderr]     Checking ppv-lite86 v0.2.16
[INFO] [stderr]    Compiling memoffset v0.6.5
[INFO] [stderr]    Compiling indexmap v1.8.1
[INFO] [stderr]    Compiling ahash v0.8.3
[INFO] [stderr]     Checking cache-padded v1.2.0
[INFO] [stderr]    Compiling wayland-sys v0.29.4
[INFO] [stderr]    Compiling smithay-client-toolkit v0.15.3
[INFO] [stderr]    Compiling crc32fast v1.3.2
[INFO] [stderr]     Checking concurrent-queue v1.2.2
[INFO] [stderr]    Compiling x11-dl v2.19.1
[INFO] [stderr]    Compiling ahash v0.7.6
[INFO] [stderr]     Checking nom v7.1.1
[INFO] [stderr]    Compiling lock_api v0.4.7
[INFO] [stderr]     Checking event-listener v2.5.2
[INFO] [stderr]     Checking slab v0.4.6
[INFO] [stderr]    Compiling gl_generator v0.14.0
[INFO] [stderr]     Checking percent-encoding v2.1.0
[INFO] [stderr]    Compiling wayland-scanner v0.29.4
[INFO] [stderr]    Compiling quick-xml v0.22.0
[INFO] [stderr]    Compiling crossbeam-utils v0.8.8
[INFO] [stderr]     Checking tinyvec_macros v0.1.0
[INFO] [stderr]    Compiling futures-task v0.3.21
[INFO] [stderr]    Compiling cc v1.0.73
[INFO] [stderr]     Checking parking v2.0.0
[INFO] [stderr]     Checking waker-fn v1.1.0
[INFO] [stderr]    Compiling adler v1.0.2
[INFO] [stderr]    Compiling typenum v1.15.0
[INFO] [stderr]     Checking fastrand v1.7.0
[INFO] [stderr]     Checking futures-io v0.3.21
[INFO] [stderr]     Checking ttf-parser v0.15.0
[INFO] [stderr]    Compiling miniz_oxide v0.6.2
[INFO] [stderr]     Checking tinyvec v1.5.1
[INFO] [stderr]     Checking futures-lite v1.12.0
[INFO] [stderr]     Checking getrandom v0.2.6
[INFO] [stderr]     Checking nix v0.22.3
[INFO] [stderr]     Checking dirs-sys v0.3.7
[INFO] [stderr]     Checking memmap2 v0.3.1
[INFO] [stderr]     Checking rand_core v0.6.3
[INFO] [stderr]    Compiling aho-corasick v0.7.18
[INFO] [stderr]    Compiling generic-array v0.14.5
[INFO] [stderr]    Compiling num-traits v0.2.14
[INFO] [stderr]     Checking rand_chacha v0.3.1
[INFO] [stderr]     Checking instant v0.1.12
[INFO] [stderr]     Checking byteorder v1.4.3
[INFO] [stderr]    Compiling async-trait v0.1.53
[INFO] [stderr]    Compiling futures-util v0.3.21
[INFO] [stderr]     Checking static_assertions v1.1.0
[INFO] [stderr]     Checking ab_glyph_rasterizer v0.1.5
[INFO] [stderr]    Compiling hashbrown v0.11.2
[INFO] [stderr]     Checking rand v0.8.5
[INFO] [stderr]     Checking ahash v0.4.7
[INFO] [stderr]     Checking cty v0.2.2
[INFO] [stderr]    Compiling xcb v0.10.1
[INFO] [stderr]    Compiling regex-syntax v0.6.25
[INFO] [stderr]     Checking matches v0.1.9
[INFO] [stderr]     Checking raw-window-handle v0.4.3
[INFO] [stderr]    Compiling wayland-client v0.29.4
[INFO] [stderr]    Compiling wayland-protocols v0.29.4
[INFO] [stderr]    Compiling libudis86-sys v0.2.1
[INFO] [stderr]     Checking xcursor v0.3.4
[INFO] [stderr]     Checking hashbrown v0.9.1
[INFO] [stderr]     Checking unicode-normalization v0.1.19
[INFO] [stderr]     Checking parking_lot_core v0.8.5
[INFO] [stderr]    Compiling flate2 v1.0.25
[INFO] [stderr]     Checking dlv-list v0.2.3
[INFO] [stderr]     Checking owned_ttf_parser v0.15.0
[INFO] [stderr]    Compiling hashbrown v0.13.2
[INFO] [stderr]     Checking ab_glyph v0.2.15
[INFO] [stderr]     Checking polling v2.2.0
[INFO] [stderr]     Checking nix v0.23.1
[INFO] [stderr]     Checking socket2 v0.4.4
[INFO] [stderr]    Compiling memoffset v0.8.0
[INFO] [stderr]    Compiling num-integer v0.1.44
[INFO] [stderr]    Compiling crossbeam-epoch v0.9.8
[INFO] [stderr]     Checking tracing-core v0.1.24
[INFO] [stderr]     Checking sha1_smol v1.0.0
[INFO] [stderr]    Compiling winit v0.26.1
[INFO] [stderr]     Checking pin-utils v0.1.0
[INFO] [stderr]     Checking atomic_refcell v0.1.8
[INFO] [stderr]     Checking unicode-bidi v0.3.7
[INFO] [stderr]    Compiling serde_json v1.0.83
[INFO] [stderr]     Checking futures-sink v0.3.21
[INFO] [stderr]     Checking nohash-hasher v0.2.0
[INFO] [stderr]     Checking async-task v4.2.0
[INFO] [stderr]     Checking easy-parallel v3.2.0
[INFO] [stderr]    Compiling anyhow v1.0.56
[INFO] [stderr]     Checking idna v0.2.3
[INFO] [stderr]     Checking sha1 v0.6.1
[INFO] [stderr]     Checking async-broadcast v0.3.4
[INFO] [stderr]     Checking async-executor v1.4.1
[INFO] [stderr]    Compiling object v0.30.3
[INFO] [stderr]    Compiling regex v1.5.5
[INFO] [stderr]     Checking parking_lot v0.11.2
[INFO] [stderr]     Checking async-io v1.6.0
[INFO] [stderr]     Checking wayland-commons v0.29.4
[INFO] [stderr]     Checking calloop v0.9.3
[INFO] [stderr]     Checking ordered-multimap v0.3.1
[INFO] [stderr]     Checking form_urlencoded v1.0.1
[INFO] [stderr]    Compiling glutin_egl_sys v0.1.5
[INFO] [stderr]    Compiling glutin_glx_sys v0.1.7
[INFO] [stderr]     Checking mio v0.8.2
[INFO] [stderr]     Checking mmap-fixed v0.1.5
[INFO] [stderr]     Checking region v2.2.0
[INFO] [stderr]     Checking async-lock v2.5.0
[INFO] [stderr]     Checking async-channel v1.6.1
[INFO] [stderr]     Checking ordered-stream v0.0.1
[INFO] [stderr]    Compiling proc-macro-error-attr v1.0.4
[INFO] [stderr]     Checking ryu v1.0.11
[INFO] [stderr]    Compiling forward-dll-derive v0.1.7
[INFO] [stderr]     Checking widestring v1.0.2
[INFO] [stderr]    Compiling rayon-core v1.9.1
[INFO] [stderr]    Compiling dark-light v0.2.2
[INFO] [stderr]     Checking slice-pool v0.4.1
[INFO] [stderr]     Checking hex v0.4.3
[INFO] [stderr]     Checking windows-sys v0.36.1
[INFO] [stderr]     Checking itoa v1.0.3
[INFO] [stderr]     Checking detour v0.8.1
[INFO] [stderr]     Checking rust-ini v0.17.0
[INFO] [stderr]     Checking url v2.2.2
[INFO] [stdout] error[E0554]: `#![feature]` may not be used on the stable release channel
[INFO] [stdout]  --> /opt/rustwide/cargo-home/registry/src/github.com-1ecc6299db9ec823/detour-0.8.1/src/lib.rs:4:3
[INFO] [stdout]   |
[INFO] [stdout] 4 |   feature(const_fn_trait_bound, unboxed_closures, abi_thiscall)
[INFO] [stdout]   |   ^^^^^^^^^^^^^^^^^^^^^^^^^^^^^^^^^^^^^^^^^^^^^^^^^^^^^^^^^^^^^
[INFO] [stdout]   |
[INFO] [stdout]   = help: the feature `const_fn_trait_bound` has been stable since `1.61.0` and no longer requires an attribute to enable
[INFO] [stdout] 
[INFO] [stdout] 
[INFO] [stderr]     Checking dirs v4.0.0
[INFO] [stderr]     Checking directories v4.0.1
[INFO] [stderr]     Checking time v0.1.43
[INFO] [stderr]     Checking shared_library v0.1.9
[INFO] [stdout] error[E0059]: type parameter to bare `Fn` trait must be a tuple
[INFO] [stdout]    --> /opt/rustwide/cargo-home/registry/src/github.com-1ecc6299db9ec823/detour-0.8.1/src/detours/statik.rs:106:8
[INFO] [stdout]     |
[INFO] [stdout] 106 |     D: Fn<T::Arguments, Output = T::Output> + Send + 'static,
[INFO] [stdout]     |        ^^^^^^^^^^^^^^^^^^^^^^^^^^^^^^^^^^^^ the trait `Tuple` is not implemented for `<T as Function>::Arguments`
[INFO] [stdout]     |
[INFO] [stdout] note: required by a bound in `Fn`
[INFO] [stdout]    --> /rustc/84c898d65adf2f39a5a98507f1fe0ce10a2b8dbc/library/core/src/ops/function.rs:76:1
[INFO] [stdout] help: consider further restricting the associated type
[INFO] [stdout]     |
[INFO] [stdout] 106 |     D: Fn<T::Arguments, Output = T::Output> + Send + 'static, <T as Function>::Arguments: Tuple
[INFO] [stdout]     |                                                             ~~~~~~~~~~~~~~~~~~~~~~~~~~~~~~~~~~~
[INFO] [stdout] 
[INFO] [stdout] 
[INFO] [stdout] error[E0059]: type parameter to bare `Fn` trait must be a tuple
[INFO] [stdout]    --> /opt/rustwide/cargo-home/registry/src/github.com-1ecc6299db9ec823/detour-0.8.1/src/detours/statik.rs:157:8
[INFO] [stdout]     |
[INFO] [stdout] 157 |     C: Fn<T::Arguments, Output = T::Output> + Send + 'static,
[INFO] [stdout]     |        ^^^^^^^^^^^^^^^^^^^^^^^^^^^^^^^^^^^^ the trait `Tuple` is not implemented for `<T as Function>::Arguments`
[INFO] [stdout]     |
[INFO] [stdout] note: required by a bound in `Fn`
[INFO] [stdout]    --> /rustc/84c898d65adf2f39a5a98507f1fe0ce10a2b8dbc/library/core/src/ops/function.rs:76:1
[INFO] [stdout] help: consider further restricting the associated type
[INFO] [stdout]     |
[INFO] [stdout] 157 |     C: Fn<T::Arguments, Output = T::Output> + Send + 'static, <T as Function>::Arguments: Tuple
[INFO] [stdout]     |                                                             ~~~~~~~~~~~~~~~~~~~~~~~~~~~~~~~~~~~
[INFO] [stdout] 
[INFO] [stdout] 
[INFO] [stderr]     Checking wayland-cursor v0.29.4
[INFO] [stderr]    Compiling syn v2.0.12
[INFO] [stderr]    Compiling proc-macro-error v1.0.4
[INFO] [stderr]     Checking widestring v0.5.1
[INFO] [stderr]     Checking windows-sys v0.35.0
[INFO] [stderr]     Checking detect-desktop-environment v0.2.0
[INFO] [stderr]     Checking dconf_rs v0.3.0
[INFO] [stdout] error: aborting due to 3 previous errors
[INFO] [stdout] 
[INFO] [stdout] 
[INFO] [stdout] Some errors have detailed explanations: E0059, E0554.
[INFO] [stdout] 
[INFO] [stdout] For more information about an error, try `rustc --explain E0059`.
[INFO] [stdout] 
[INFO] [stderr] error: could not compile `detour` due to 4 previous errors
[INFO] [stderr] warning: build failed, waiting for other jobs to finish...
[INFO] running `Command { std: "docker" "inspect" "dca14a8b10b458c46db8206b339ab556d05f30fdd17595530e294516e9c7fd19", kill_on_drop: false }`
[INFO] running `Command { std: "docker" "rm" "-f" "dca14a8b10b458c46db8206b339ab556d05f30fdd17595530e294516e9c7fd19", kill_on_drop: false }`
[INFO] [stdout] dca14a8b10b458c46db8206b339ab556d05f30fdd17595530e294516e9c7fd19
