[INFO] cloning repository https://github.com/guydunigo/Balthazar
[INFO] running `Command { std: "git" "-c" "credential.helper=" "-c" "credential.helper=/workspace/cargo-home/bin/git-credential-null" "clone" "--bare" "https://github.com/guydunigo/Balthazar" "/workspace/cache/git-repos/https%3A%2F%2Fgithub.com%2Fguydunigo%2FBalthazar", kill_on_drop: false }`
[INFO] [stderr] Cloning into bare repository '/workspace/cache/git-repos/https%3A%2F%2Fgithub.com%2Fguydunigo%2FBalthazar'...
[INFO] running `Command { std: "git" "rev-parse" "HEAD", kill_on_drop: false }`
[INFO] [stdout] b26a96e3e6fba08a51533a093f6b89b9101f2a1a
[INFO] documenting guydunigo/Balthazar against beta-2023-04-20 for beta-1.70-rustdoc-1
[INFO] running `Command { std: "git" "clone" "/workspace/cache/git-repos/https%3A%2F%2Fgithub.com%2Fguydunigo%2FBalthazar" "/workspace/builds/worker-4-tc2/source", kill_on_drop: false }`
[INFO] [stderr] Cloning into '/workspace/builds/worker-4-tc2/source'...
[INFO] [stderr] done.
[INFO] validating manifest of git repo https://github.com/guydunigo/Balthazar on toolchain beta-2023-04-20
[INFO] running `Command { std: CARGO_HOME="/workspace/cargo-home" RUSTUP_HOME="/workspace/rustup-home" "/workspace/cargo-home/bin/cargo" "+beta-2023-04-20" "metadata" "--manifest-path" "Cargo.toml" "--no-deps", kill_on_drop: false }`
[INFO] started tweaking git repo https://github.com/guydunigo/Balthazar
[INFO] finished tweaking git repo https://github.com/guydunigo/Balthazar
[INFO] tweaked toml for git repo https://github.com/guydunigo/Balthazar written to /workspace/builds/worker-4-tc2/source/Cargo.toml
[INFO] crate git repo https://github.com/guydunigo/Balthazar already has a lockfile, it will not be regenerated
[INFO] running `Command { std: CARGO_HOME="/workspace/cargo-home" RUSTUP_HOME="/workspace/rustup-home" "/workspace/cargo-home/bin/cargo" "+beta-2023-04-20" "fetch" "--manifest-path" "Cargo.toml", kill_on_drop: false }`
[INFO] [stderr]     Updating crates.io index
[INFO] [stderr]  Downloading crates ...
[INFO] [stderr]   Downloaded common-multipart-rfc7578 v0.2.0-rc
[INFO] [stderr]   Downloaded libp2p-tcp v0.26.0
[INFO] [stderr]   Downloaded wasmer-clif-fork-frontend v0.59.0
[INFO] [stderr]   Downloaded chacha20poly1305 v0.6.0
[INFO] [stderr]   Downloaded wasmer-runtime v0.17.1
[INFO] [stderr]   Downloaded chacha20 v0.5.0
[INFO] [stderr]   Downloaded polyval v0.4.3
[INFO] [stderr]   Downloaded aes-gcm v0.7.0
[INFO] [stderr]   Downloaded wasmer-runtime-core v0.17.1
[INFO] [stderr]   Downloaded wasmer-win-exception-handler v0.17.1
[INFO] [stderr]   Downloaded wasmer-clif-backend v0.17.1
[INFO] [stderr]   Downloaded cranelift-native v0.59.0
[INFO] [stderr]   Downloaded cranelift-codegen-shared v0.59.0
[INFO] [stderr]   Downloaded tokio-compat-02 v0.1.2
[INFO] [stderr]   Downloaded raw-cpuid v7.0.4
[INFO] [stderr]   Downloaded multistream-select v0.9.1
[INFO] [stderr]   Downloaded libp2p-noise v0.28.0
[INFO] [stderr]   Downloaded x25519-dalek v1.1.0
[INFO] [stderr]   Downloaded lru_time_cache v0.11.3
[INFO] [stderr]   Downloaded cranelift-codegen-meta v0.59.0
[INFO] [stderr]   Downloaded async-ctrlc v1.2.0
[INFO] [stderr]   Downloaded aes-soft v0.5.0
[INFO] [stderr]   Downloaded libp2p-gossipsub v0.26.0
[INFO] [stderr]   Downloaded parity-multiaddr v0.10.0
[INFO] [stderr]   Downloaded web3 v0.14.0
[INFO] [stderr]   Downloaded libp2p-dns v0.26.0
[INFO] [stderr]   Downloaded ethabi v12.0.0
[INFO] [stderr]   Downloaded jsonrpc-core v15.1.0
[INFO] [stderr]   Downloaded snow v0.7.2
[INFO] [stderr]   Downloaded if-addrs v0.6.5
[INFO] [stderr]   Downloaded gimli v0.20.0
[INFO] [stderr]   Downloaded libp2p-yamux v0.29.0
[INFO] [stderr]   Downloaded cranelift-codegen v0.59.0
[INFO] [stderr]   Downloaded rlp v0.4.6
[INFO] [stderr]   Downloaded libp2p-swarm v0.26.0
[INFO] [stderr]   Downloaded parity-scale-codec v1.3.5
[INFO] [stderr]   Downloaded primitive-types v0.7.3
[INFO] [stderr]   Downloaded libp2p-core-derive v0.21.0
[INFO] [stderr]   Downloaded block-cipher v0.8.0
[INFO] [stderr]   Downloaded stream-cipher v0.7.1
[INFO] [stderr]   Downloaded libp2p-websocket v0.27.0
[INFO] [stderr]   Downloaded ipfs-api v0.9.0
[INFO] [stderr]   Downloaded libp2p-core v0.26.0
[INFO] [stderr]   Downloaded tokio-util v0.5.1
[INFO] [stderr]   Downloaded libp2p-ping v0.26.0
[INFO] [stderr]   Downloaded parity-multiaddr v0.9.6
[INFO] [stderr]   Downloaded tokio v0.3.6
[INFO] [stderr]   Downloaded libp2p v0.33.0
[INFO] [stderr]   Downloaded anyhow v1.0.36
[INFO] [stderr]   Downloaded libp2p-kad v0.27.0
[INFO] [stderr]   Downloaded aes v0.5.0
[INFO] [stderr]   Downloaded cranelift-bforest v0.59.0
[INFO] [stderr]   Downloaded cranelift-entity v0.59.0
[INFO] [stderr]   Downloaded wasmer-clif-fork-wasm v0.59.0
[INFO] [stderr]   Downloaded if-watch v0.1.7
[INFO] [stderr]   Downloaded libp2p-mdns v0.27.0
[INFO] [stderr]   Downloaded libp2p-mplex v0.26.0
[INFO] [stderr]   Downloaded aesni v0.8.0
[INFO] [stderr]   Downloaded hyper-multipart-rfc7578 v0.4.0-rc
[INFO] [stderr]   Downloaded multihash v0.11.4
[INFO] running `Command { std: "docker" "create" "-v" "/var/lib/crater-agent-workspace/builds/worker-4-tc2/target:/opt/rustwide/target:rw,Z" "-v" "/var/lib/crater-agent-workspace/builds/worker-4-tc2/source:/opt/rustwide/workdir:ro,Z" "-v" "/var/lib/crater-agent-workspace/cargo-home:/opt/rustwide/cargo-home:ro,Z" "-v" "/var/lib/crater-agent-workspace/rustup-home:/opt/rustwide/rustup-home:ro,Z" "-e" "SOURCE_DIR=/opt/rustwide/workdir" "-e" "CARGO_TARGET_DIR=/opt/rustwide/target" "-e" "CARGO_HOME=/opt/rustwide/cargo-home" "-e" "RUSTUP_HOME=/opt/rustwide/rustup-home" "-w" "/opt/rustwide/workdir" "-m" "1610612736" "--user" "0:0" "--network" "none" "ghcr.io/rust-lang/crates-build-env/linux@sha256:5ff2268d62e97bff2cde7d5815dd6ed5b47097566f13b8d0ca110b04b60e07ed" "/opt/rustwide/cargo-home/bin/cargo" "+beta-2023-04-20" "metadata" "--no-deps" "--format-version=1", kill_on_drop: false }`
[INFO] [stdout] 50e46ecb00b2555ab6e3e0d3bba1c8f3595c9d23eb28bdcda83f59fadb0d70dd
[INFO] running `Command { std: "docker" "start" "-a" "50e46ecb00b2555ab6e3e0d3bba1c8f3595c9d23eb28bdcda83f59fadb0d70dd", kill_on_drop: false }`
[INFO] running `Command { std: "docker" "inspect" "50e46ecb00b2555ab6e3e0d3bba1c8f3595c9d23eb28bdcda83f59fadb0d70dd", kill_on_drop: false }`
[INFO] running `Command { std: "docker" "rm" "-f" "50e46ecb00b2555ab6e3e0d3bba1c8f3595c9d23eb28bdcda83f59fadb0d70dd", kill_on_drop: false }`
[INFO] [stdout] 50e46ecb00b2555ab6e3e0d3bba1c8f3595c9d23eb28bdcda83f59fadb0d70dd
[INFO] running `Command { std: "docker" "create" "-v" "/var/lib/crater-agent-workspace/builds/worker-4-tc2/target:/opt/rustwide/target:rw,Z" "-v" "/var/lib/crater-agent-workspace/builds/worker-4-tc2/source:/opt/rustwide/workdir:ro,Z" "-v" "/var/lib/crater-agent-workspace/cargo-home:/opt/rustwide/cargo-home:ro,Z" "-v" "/var/lib/crater-agent-workspace/rustup-home:/opt/rustwide/rustup-home:ro,Z" "-e" "SOURCE_DIR=/opt/rustwide/workdir" "-e" "CARGO_TARGET_DIR=/opt/rustwide/target" "-e" "CARGO_INCREMENTAL=0" "-e" "RUST_BACKTRACE=full" "-e" "RUSTFLAGS=--cap-lints=warn" "-e" "RUSTDOCFLAGS=--cap-lints=warn" "-e" "CARGO_HOME=/opt/rustwide/cargo-home" "-e" "RUSTUP_HOME=/opt/rustwide/rustup-home" "-w" "/opt/rustwide/workdir" "-m" "1610612736" "--user" "0:0" "--network" "none" "ghcr.io/rust-lang/crates-build-env/linux@sha256:5ff2268d62e97bff2cde7d5815dd6ed5b47097566f13b8d0ca110b04b60e07ed" "/opt/rustwide/cargo-home/bin/cargo" "+beta-2023-04-20" "doc" "--frozen" "--no-deps" "--document-private-items" "--message-format=json", kill_on_drop: false }`
[INFO] [stdout] 5b397426469fbd8950718438049ec0d56ab78fb6cc14ec5acde6bef4e25c27d2
[INFO] running `Command { std: "docker" "start" "-a" "5b397426469fbd8950718438049ec0d56ab78fb6cc14ec5acde6bef4e25c27d2", kill_on_drop: false }`
[INFO] [stderr]    Compiling libc v0.2.81
[INFO] [stderr]    Compiling proc-macro2 v1.0.24
[INFO] [stderr]    Compiling syn v1.0.67
[INFO] [stderr]    Compiling serde_derive v1.0.118
[INFO] [stderr]    Compiling serde v1.0.118
[INFO] [stderr]    Compiling log v0.4.11
[INFO] [stderr]     Checking futures-core v0.3.8
[INFO] [stderr]    Compiling cc v1.0.66
[INFO] [stderr]     Checking once_cell v1.5.2
[INFO] [stderr]    Compiling memchr v2.3.4
[INFO] [stderr]    Compiling generic-array v0.14.4
[INFO] [stderr]    Compiling byteorder v1.3.4
[INFO] [stderr]     Checking futures-io v0.3.8
[INFO] [stderr]    Compiling indexmap v1.6.1
[INFO] [stderr]     Checking futures-sink v0.3.8
[INFO] [stderr]    Compiling proc-macro-hack v0.5.19
[INFO] [stderr]    Compiling proc-macro-nested v0.1.6
[INFO] [stderr]     Checking futures-channel v0.3.8
[INFO] [stderr]    Compiling cfg-if v0.1.10
[INFO] [stderr]     Checking futures-task v0.3.8
[INFO] [stderr]     Checking subtle v2.4.0
[INFO] [stderr]    Compiling anyhow v1.0.36
[INFO] [stderr]    Compiling either v1.6.1
[INFO] [stderr]     Checking smallvec v1.5.1
[INFO] [stderr]    Compiling ppv-lite86 v0.2.10
[INFO] [stderr]     Checking scopeguard v1.1.0
[INFO] [stderr]    Compiling unicode-segmentation v1.7.1
[INFO] [stderr]    Compiling itertools v0.8.2
[INFO] [stderr]     Checking cpuid-bool v0.1.2
[INFO] [stderr]     Checking static_assertions v1.1.0
[INFO] [stderr]    Compiling bytes v0.5.6
[INFO] [stderr]    Compiling hashbrown v0.9.1
[INFO] [stderr]    Compiling remove_dir_all v0.5.3
[INFO] [stderr]    Compiling fixedbitset v0.2.0
[INFO] [stderr]     Checking digest v0.9.0
[INFO] [stderr]     Checking block-buffer v0.9.0
[INFO] [stderr]    Compiling crunchy v0.2.2
[INFO] [stderr]    Compiling multimap v0.8.2
[INFO] [stderr]    Compiling heck v0.3.2
[INFO] [stderr]    Compiling quote v1.0.8
[INFO] [stderr]    Compiling proc-macro-error-attr v1.0.4
[INFO] [stderr]     Checking pin-project-lite v0.2.0
[INFO] [stderr]     Checking tinyvec_macros v0.1.0
[INFO] [stderr]     Checking sha2 v0.9.2
[INFO] [stderr]    Compiling proc-macro-error v1.0.4
[INFO] [stderr]     Checking percent-encoding v2.1.0
[INFO] [stderr]     Checking tinyvec v1.1.0
[INFO] [stderr]     Checking sha3 v0.9.1
[INFO] [stderr]     Checking untrusted v0.7.1
[INFO] [stderr]     Checking form_urlencoded v1.0.0
[INFO] [stderr]     Checking spin v0.5.2
[INFO] [stderr]     Checking data-encoding v2.3.1
[INFO] [stderr]    Compiling ring v0.16.19
[INFO] [stderr]     Checking instant v0.1.9
[INFO] [stderr]     Checking arrayvec v0.5.2
[INFO] [stderr]     Checking lock_api v0.4.2
[INFO] [stderr]     Checking void v1.0.2
[INFO] [stderr]     Checking subtle v1.0.0
[INFO] [stderr]    Compiling semver-parser v0.7.0
[INFO] [stderr]     Checking block-buffer v0.7.3
[INFO] [stderr]     Checking signature v1.2.2
[INFO] [stderr]     Checking crypto-mac v0.7.0
[INFO] [stderr]     Checking opaque-debug v0.2.3
[INFO] [stderr]     Checking futures-timer v3.0.2
[INFO] [stderr]     Checking num_cpus v1.13.0
[INFO] [stderr]     Checking getrandom v0.1.15
[INFO] [stderr]     Checking parking_lot_core v0.8.2
[INFO] [stderr]     Checking sha2 v0.8.2
[INFO] [stderr]     Checking ed25519 v1.0.3
[INFO] [stderr]    Compiling crossbeam-utils v0.8.1
[INFO] [stderr]     Checking cache-padded v1.1.1
[INFO] [stderr]     Checking hmac v0.7.1
[INFO] [stderr]    Compiling semver v0.9.0
[INFO] [stderr]     Checking rustc-hex v2.1.0
[INFO] [stderr]     Checking concurrent-queue v1.2.2
[INFO] [stderr]     Checking iovec v0.1.4
[INFO] [stderr]     Checking rand_core v0.5.1
[INFO] [stderr]    Compiling which v3.1.1
[INFO] [stderr]     Checking parking_lot v0.11.1
[INFO] [stderr]     Checking hmac-drbg v0.2.0
[INFO] [stderr]     Checking net2 v0.2.37
[INFO] [stderr]     Checking fastrand v1.4.0
[INFO] [stderr]     Checking parking v2.0.0
[INFO] [stderr]     Checking waker-fn v1.1.0
[INFO] [stderr]     Checking unicode-normalization v0.1.16
[INFO] [stderr]     Checking rand_chacha v0.2.2
[INFO] [stderr]    Compiling rustc_version v0.2.3
[INFO] [stderr]     Checking block-cipher v0.8.0
[INFO] [stderr]     Checking socket2 v0.3.19
[INFO] [stderr]     Checking signal-hook-registry v1.3.0
[INFO] [stderr]     Checking sha-1 v0.9.2
[INFO] [stderr]     Checking crypto-mac v0.8.0
[INFO] [stderr]     Checking futures-lite v1.11.3
[INFO] [stderr]    Compiling prost-build v0.6.1
[INFO] [stderr]     Checking mio v0.6.23
[INFO] [stderr]     Checking universal-hash v0.4.0
[INFO] [stderr]     Checking vec-arena v1.0.0
[INFO] [stderr]     Checking rand v0.7.3
[INFO] [stderr]     Checking cpuid-bool v0.2.0
[INFO] [stderr]     Checking nb-connect v1.0.2
[INFO] [stderr]     Checking polling v2.0.2
[INFO] [stderr]    Compiling libz-sys v1.1.2
[INFO] [stderr]    Compiling crc32fast v1.2.1
[INFO] [stderr]     Checking uint v0.8.5
[INFO] [stderr]    Compiling openssl-sys v0.9.59
[INFO] [stderr]     Checking event-listener v2.5.1
[INFO] [stderr]     Checking async-task v4.0.3
[INFO] [stderr]     Checking radium v0.3.0
[INFO] [stderr]     Checking polyval v0.4.3
[INFO] [stderr]     Checking aes-soft v0.5.0
[INFO] [stderr]     Checking stream-cipher v0.7.1
[INFO] [stderr]     Checking rlp v0.4.6
[INFO] [stderr]     Checking bitvec v0.17.4
[INFO] [stderr]     Checking mio-uds v0.6.8
[INFO] [stderr]     Checking idna v0.2.0
[INFO] [stderr]     Checking aead v0.3.2
[INFO] [stderr]    Compiling typenum v1.12.0
[INFO] [stderr]    Compiling tokio v0.3.6
[INFO] [stderr]    Compiling tiny-keccak v2.0.2
[INFO] [stderr]    Compiling cranelift-entity v0.59.0
[INFO] [stderr]    Compiling target-lexicon v0.10.0
[INFO] [stderr]    Compiling cranelift-codegen-shared v0.59.0
[INFO] [stderr]     Checking byte-slice-cast v0.3.5
[INFO] [stderr]     Checking flate2 v1.0.19
[INFO] [stderr]     Checking async-io v1.3.1
[INFO] [stderr]     Checking libsecp256k1 v0.3.5
[INFO] [stderr]     Checking fixed-hash v0.6.1
[INFO] [stderr]    Compiling cranelift-codegen-meta v0.59.0
[INFO] [stderr]     Checking async-executor v1.4.0
[INFO] [stderr]    Compiling ryu v1.0.5
[INFO] [stderr] The following warnings were emitted during compilation:
[INFO] [stderr] 
[INFO] [stderr] warning: build/expando.c:4:24: error: pasting "RUST_VERSION_OPENSSL_" and "(" does not give a valid preprocessing token
[INFO] [stderr] warning:     4 | #define VERSION2(n, v) RUST_VERSION_##n##_##v
[INFO] [stderr] warning:       |                        ^~~~~~~~~~~~~
[INFO] [stderr] warning: build/expando.c:5:23: note: in expansion of macro 'VERSION2'
[INFO] [stderr] warning:     5 | #define VERSION(n, v) VERSION2(n, v)
[INFO] [stderr] warning:       |                       ^~~~~~~~
[INFO] [stderr] warning: build/expando.c:10:1: note: in expansion of macro 'VERSION'
[INFO] [stderr] warning:    10 | VERSION(OPENSSL, OPENSSL_VERSION_NUMBER)
[INFO] [stderr] warning:       | ^~~~~~~
[INFO] [stderr] 
[INFO] [stderr] error: failed to run custom build command for `openssl-sys v0.9.59`
[INFO] [stderr] note: To improve backtraces for build dependencies, set the CARGO_PROFILE_DEV_BUILD_OVERRIDE_DEBUG=true environment variable to enable debug information generation.
[INFO] [stderr] 
[INFO] [stderr] Caused by:
[INFO] [stderr]   process didn't exit successfully: `/opt/rustwide/target/debug/build/openssl-sys-b9f22a83850279a4/build-script-main` (exit status: 101)
[INFO] [stderr]   --- stdout
[INFO] [stderr]   cargo:rustc-cfg=const_fn
[INFO] [stderr]   cargo:rerun-if-env-changed=X86_64_UNKNOWN_LINUX_GNU_OPENSSL_LIB_DIR
[INFO] [stderr]   X86_64_UNKNOWN_LINUX_GNU_OPENSSL_LIB_DIR unset
[INFO] [stderr]   cargo:rerun-if-env-changed=OPENSSL_LIB_DIR
[INFO] [stderr]   OPENSSL_LIB_DIR unset
[INFO] [stderr]   cargo:rerun-if-env-changed=X86_64_UNKNOWN_LINUX_GNU_OPENSSL_INCLUDE_DIR
[INFO] [stderr]   X86_64_UNKNOWN_LINUX_GNU_OPENSSL_INCLUDE_DIR unset
[INFO] [stderr]   cargo:rerun-if-env-changed=OPENSSL_INCLUDE_DIR
[INFO] [stderr]   OPENSSL_INCLUDE_DIR unset
[INFO] [stderr]   cargo:rerun-if-env-changed=X86_64_UNKNOWN_LINUX_GNU_OPENSSL_DIR
[INFO] [stderr]   X86_64_UNKNOWN_LINUX_GNU_OPENSSL_DIR unset
[INFO] [stderr]   cargo:rerun-if-env-changed=OPENSSL_DIR
[INFO] [stderr]   OPENSSL_DIR unset
[INFO] [stderr]   cargo:rerun-if-env-changed=OPENSSL_NO_PKG_CONFIG
[INFO] [stderr]   cargo:rerun-if-env-changed=PKG_CONFIG
[INFO] [stderr]   cargo:rerun-if-env-changed=OPENSSL_STATIC
[INFO] [stderr]   cargo:rerun-if-env-changed=OPENSSL_DYNAMIC
[INFO] [stderr]   cargo:rerun-if-env-changed=PKG_CONFIG_ALL_STATIC
[INFO] [stderr]   cargo:rerun-if-env-changed=PKG_CONFIG_ALL_DYNAMIC
[INFO] [stderr]   cargo:rerun-if-env-changed=PKG_CONFIG_PATH_x86_64-unknown-linux-gnu
[INFO] [stderr]   cargo:rerun-if-env-changed=PKG_CONFIG_PATH_x86_64_unknown_linux_gnu
[INFO] [stderr]   cargo:rerun-if-env-changed=HOST_PKG_CONFIG_PATH
[INFO] [stderr]   cargo:rerun-if-env-changed=PKG_CONFIG_PATH
[INFO] [stderr]   cargo:rerun-if-env-changed=PKG_CONFIG_LIBDIR_x86_64-unknown-linux-gnu
[INFO] [stderr]   cargo:rerun-if-env-changed=PKG_CONFIG_LIBDIR_x86_64_unknown_linux_gnu
[INFO] [stderr]   cargo:rerun-if-env-changed=HOST_PKG_CONFIG_LIBDIR
[INFO] [stderr]   cargo:rerun-if-env-changed=PKG_CONFIG_LIBDIR
[INFO] [stderr]   cargo:rerun-if-env-changed=PKG_CONFIG_SYSROOT_DIR_x86_64-unknown-linux-gnu
[INFO] [stderr]   cargo:rerun-if-env-changed=PKG_CONFIG_SYSROOT_DIR_x86_64_unknown_linux_gnu
[INFO] [stderr]   cargo:rerun-if-env-changed=HOST_PKG_CONFIG_SYSROOT_DIR
[INFO] [stderr]   cargo:rerun-if-env-changed=PKG_CONFIG_SYSROOT_DIR
[INFO] [stderr]   cargo:rerun-if-env-changed=PKG_CONFIG_SYSROOT_DIR
[INFO] [stderr]   cargo:rerun-if-env-changed=SYSROOT
[INFO] [stderr]   cargo:rerun-if-env-changed=OPENSSL_STATIC
[INFO] [stderr]   cargo:rerun-if-env-changed=OPENSSL_DYNAMIC
[INFO] [stderr]   cargo:rerun-if-env-changed=PKG_CONFIG_ALL_STATIC
[INFO] [stderr]   cargo:rerun-if-env-changed=PKG_CONFIG_ALL_DYNAMIC
[INFO] [stderr]   cargo:rustc-link-lib=ssl
[INFO] [stderr]   cargo:rustc-link-lib=crypto
[INFO] [stderr]   cargo:rerun-if-env-changed=PKG_CONFIG
[INFO] [stderr]   cargo:rerun-if-env-changed=OPENSSL_STATIC
[INFO] [stderr]   cargo:rerun-if-env-changed=OPENSSL_DYNAMIC
[INFO] [stderr]   cargo:rerun-if-env-changed=PKG_CONFIG_ALL_STATIC
[INFO] [stderr]   cargo:rerun-if-env-changed=PKG_CONFIG_ALL_DYNAMIC
[INFO] [stderr]   cargo:rerun-if-env-changed=PKG_CONFIG_PATH_x86_64-unknown-linux-gnu
[INFO] [stderr]   cargo:rerun-if-env-changed=PKG_CONFIG_PATH_x86_64_unknown_linux_gnu
[INFO] [stderr]   cargo:rerun-if-env-changed=HOST_PKG_CONFIG_PATH
[INFO] [stderr]   cargo:rerun-if-env-changed=PKG_CONFIG_PATH
[INFO] [stderr]   cargo:rerun-if-env-changed=PKG_CONFIG_LIBDIR_x86_64-unknown-linux-gnu
[INFO] [stderr]   cargo:rerun-if-env-changed=PKG_CONFIG_LIBDIR_x86_64_unknown_linux_gnu
[INFO] [stderr]   cargo:rerun-if-env-changed=HOST_PKG_CONFIG_LIBDIR
[INFO] [stderr]   cargo:rerun-if-env-changed=PKG_CONFIG_LIBDIR
[INFO] [stderr]   cargo:rerun-if-env-changed=PKG_CONFIG_SYSROOT_DIR_x86_64-unknown-linux-gnu
[INFO] [stderr]   cargo:rerun-if-env-changed=PKG_CONFIG_SYSROOT_DIR_x86_64_unknown_linux_gnu
[INFO] [stderr]   cargo:rerun-if-env-changed=HOST_PKG_CONFIG_SYSROOT_DIR
[INFO] [stderr]   cargo:rerun-if-env-changed=PKG_CONFIG_SYSROOT_DIR
[INFO] [stderr]   OPT_LEVEL = Some("0")
[INFO] [stderr]   TARGET = Some("x86_64-unknown-linux-gnu")
[INFO] [stderr]   HOST = Some("x86_64-unknown-linux-gnu")
[INFO] [stderr]   CC_x86_64-unknown-linux-gnu = None
[INFO] [stderr]   CC_x86_64_unknown_linux_gnu = None
[INFO] [stderr]   HOST_CC = None
[INFO] [stderr]   CC = None
[INFO] [stderr]   CFLAGS_x86_64-unknown-linux-gnu = None
[INFO] [stderr]   CFLAGS_x86_64_unknown_linux_gnu = None
[INFO] [stderr]   HOST_CFLAGS = None
[INFO] [stderr]   CFLAGS = None
[INFO] [stderr]   CRATE_CC_NO_DEFAULTS = None
[INFO] [stderr]   DEBUG = Some("true")
[INFO] [stderr]   CARGO_CFG_TARGET_FEATURE = Some("fxsr,sse,sse2")
[INFO] [stderr]   running: "cc" "-O0" "-ffunction-sections" "-fdata-sections" "-fPIC" "-g" "-fno-omit-frame-pointer" "-m64" "-I" "/usr/include" "-Wall" "-Wextra" "-E" "build/expando.c"
[INFO] [stderr]   cargo:warning=build/expando.c:4:24: error: pasting "RUST_VERSION_OPENSSL_" and "(" does not give a valid preprocessing token
[INFO] [stderr]   cargo:warning=    4 | #define VERSION2(n, v) RUST_VERSION_##n##_##v
[INFO] [stderr]   cargo:warning=      |                        ^~~~~~~~~~~~~
[INFO] [stderr]   cargo:warning=build/expando.c:5:23: note: in expansion of macro 'VERSION2'
[INFO] [stderr]   cargo:warning=    5 | #define VERSION(n, v) VERSION2(n, v)
[INFO] [stderr]   cargo:warning=      |                       ^~~~~~~~
[INFO] [stderr]   cargo:warning=build/expando.c:10:1: note: in expansion of macro 'VERSION'
[INFO] [stderr]   cargo:warning=   10 | VERSION(OPENSSL, OPENSSL_VERSION_NUMBER)
[INFO] [stderr]   cargo:warning=      | ^~~~~~~
[INFO] [stderr]   exit status: 1
[INFO] [stderr] 
[INFO] [stderr]   --- stderr
[INFO] [stderr]   thread 'main' panicked at '
[INFO] [stderr]   Header expansion error:
[INFO] [stderr]   Error { kind: ToolExecError, message: "Command \"cc\" \"-O0\" \"-ffunction-sections\" \"-fdata-sections\" \"-fPIC\" \"-g\" \"-fno-omit-frame-pointer\" \"-m64\" \"-I\" \"/usr/include\" \"-Wall\" \"-Wextra\" \"-E\" \"build/expando.c\" with args \"cc\" did not execute successfully (status code exit status: 1)." }
[INFO] [stderr] 
[INFO] [stderr]   Failed to find OpenSSL development headers.
[INFO] [stderr] 
[INFO] [stderr]   You can try fixing this setting the `OPENSSL_DIR` environment variable
[INFO] [stderr]   pointing to your OpenSSL installation or installing OpenSSL headers package
[INFO] [stderr]   specific to your distribution:
[INFO] [stderr] 
[INFO] [stderr]       # On Ubuntu
[INFO] [stderr]       sudo apt-get install libssl-dev
[INFO] [stderr]       # On Arch Linux
[INFO] [stderr]       sudo pacman -S openssl
[INFO] [stderr]       # On Fedora
[INFO] [stderr]       sudo dnf install openssl-devel
[INFO] [stderr] 
[INFO] [stderr]   See rust-openssl README for more information:
[INFO] [stderr] 
[INFO] [stderr]       https://github.com/sfackler/rust-openssl#linux
[INFO] [stderr]   ', /opt/rustwide/cargo-home/registry/src/index.crates.io-6f17d22bba15001f/openssl-sys-0.9.59/build/main.rs:141:13
[INFO] [stderr]   stack backtrace:
[INFO] [stderr]      0:     0x56116752adda - std::backtrace_rs::backtrace::libunwind::trace::h2f05d0192276a8f6
[INFO] [stderr]                                  at /rustc/1b7dd2252b99671ce5d1cb9664c5f8636329436d/library/std/src/../../backtrace/src/backtrace/libunwind.rs:93:5
[INFO] [stderr]      1:     0x56116752adda - std::backtrace_rs::backtrace::trace_unsynchronized::hedc23dff7a1af150
[INFO] [stderr]                                  at /rustc/1b7dd2252b99671ce5d1cb9664c5f8636329436d/library/std/src/../../backtrace/src/backtrace/mod.rs:66:5
[INFO] [stderr]      2:     0x56116752adda - std::sys_common::backtrace::_print_fmt::h17541ef7592f3ce2
[INFO] [stderr]                                  at /rustc/1b7dd2252b99671ce5d1cb9664c5f8636329436d/library/std/src/sys_common/backtrace.rs:65:5
[INFO] [stderr]      3:     0x56116752adda - <std::sys_common::backtrace::_print::DisplayBacktrace as core::fmt::Display>::fmt::h20f75df5ab0c0792
[INFO] [stderr]                                  at /rustc/1b7dd2252b99671ce5d1cb9664c5f8636329436d/library/std/src/sys_common/backtrace.rs:44:22
[INFO] [stderr]      4:     0x56116754b5af - core::fmt::write::h78109e6f466b3af6
[INFO] [stderr]                                  at /rustc/1b7dd2252b99671ce5d1cb9664c5f8636329436d/library/core/src/fmt/mod.rs:1254:17
[INFO] [stderr]      5:     0x561167527c35 - std::io::Write::write_fmt::hc59e1b02dd273c8a
[INFO] [stderr]                                  at /rustc/1b7dd2252b99671ce5d1cb9664c5f8636329436d/library/std/src/io/mod.rs:1698:15
[INFO] [stderr]      6:     0x56116752aba5 - std::sys_common::backtrace::_print::h8dac57a9f8fbf9a5
[INFO] [stderr]                                  at /rustc/1b7dd2252b99671ce5d1cb9664c5f8636329436d/library/std/src/sys_common/backtrace.rs:47:5
[INFO] [stderr]      7:     0x56116752aba5 - std::sys_common::backtrace::print::hf9ecbf41d1aa712f
[INFO] [stderr]                                  at /rustc/1b7dd2252b99671ce5d1cb9664c5f8636329436d/library/std/src/sys_common/backtrace.rs:34:9
[INFO] [stderr]      8:     0x56116752c46e - std::panicking::default_hook::{{closure}}::h04c07acfc84ca028
[INFO] [stderr]                                  at /rustc/1b7dd2252b99671ce5d1cb9664c5f8636329436d/library/std/src/panicking.rs:269:22
[INFO] [stderr]      9:     0x56116752c215 - std::panicking::default_hook::h01f6bb23e1eceb2c
[INFO] [stderr]                                  at /rustc/1b7dd2252b99671ce5d1cb9664c5f8636329436d/library/std/src/panicking.rs:288:9
[INFO] [stderr]     10:     0x56116752c9ce - std::panicking::rust_panic_with_hook::h2bb3722bbaf2f6df
[INFO] [stderr]                                  at /rustc/1b7dd2252b99671ce5d1cb9664c5f8636329436d/library/std/src/panicking.rs:691:13
[INFO] [stderr]     11:     0x56116752c8c9 - std::panicking::begin_panic_handler::{{closure}}::h91bc7f36a4be011b
[INFO] [stderr]                                  at /rustc/1b7dd2252b99671ce5d1cb9664c5f8636329436d/library/std/src/panicking.rs:582:13
[INFO] [stderr]     12:     0x56116752b246 - std::sys_common::backtrace::__rust_end_short_backtrace::h8b3d3717114f9e59
[INFO] [stderr]                                  at /rustc/1b7dd2252b99671ce5d1cb9664c5f8636329436d/library/std/src/sys_common/backtrace.rs:150:18
[INFO] [stderr]     13:     0x56116752c622 - rust_begin_unwind
[INFO] [stderr]                                  at /rustc/1b7dd2252b99671ce5d1cb9664c5f8636329436d/library/std/src/panicking.rs:578:5
[INFO] [stderr]     14:     0x5611674937f3 - core::panicking::panic_fmt::hfd368e3fbdabea26
[INFO] [stderr]                                  at /rustc/1b7dd2252b99671ce5d1cb9664c5f8636329436d/library/core/src/panicking.rs:67:14
[INFO] [stderr]     15:     0x561167496a2c - build_script_main::validate_headers::h5510ea89eee0c153
[INFO] [stderr]     16:     0x56116749db06 - build_script_main::find_normal::try_pkg_config::h7fa465f2ceceb586
[INFO] [stderr]     17:     0x56116749cb06 - build_script_main::find_normal::find_openssl_dir::hc3a89c292bea82fb
[INFO] [stderr]     18:     0x56116749c952 - build_script_main::find_normal::get_openssl::{{closure}}::hb229aa8cfdb71608
[INFO] [stderr]     19:     0x56116749e09a - core::option::Option<T>::unwrap_or_else::h27e65bc83cba8d6c
[INFO] [stderr]     20:     0x56116749c70e - build_script_main::find_normal::get_openssl::h2b21e77ce7f708b1
[INFO] [stderr]     21:     0x56116749574d - build_script_main::find_openssl::hb20813f9c916ee3e
[INFO] [stderr]     22:     0x56116749582d - build_script_main::main::h8a65a9a667dc3ffd
[INFO] [stderr]     23:     0x56116749eb93 - core::ops::function::FnOnce::call_once::h0c99513690439c51
[INFO] [stderr]     24:     0x56116749eaa6 - std::sys_common::backtrace::__rust_begin_short_backtrace::h89c21048069e519b
[INFO] [stderr]     25:     0x561167499f89 - std::rt::lang_start::{{closure}}::hb6e96c9f0df93813
[INFO] [stderr]     26:     0x5611675247de - core::ops::function::impls::<impl core::ops::function::FnOnce<A> for &F>::call_once::h2eb19b8ce4148df4
[INFO] [stderr]                                  at /rustc/1b7dd2252b99671ce5d1cb9664c5f8636329436d/library/core/src/ops/function.rs:287:13
[INFO] [stderr]     27:     0x5611675247de - std::panicking::try::do_call::h2e900feff5d504c5
[INFO] [stderr]                                  at /rustc/1b7dd2252b99671ce5d1cb9664c5f8636329436d/library/std/src/panicking.rs:485:40
[INFO] [stderr]     28:     0x5611675247de - std::panicking::try::h8854836cb85aa9f2
[INFO] [stderr]                                  at /rustc/1b7dd2252b99671ce5d1cb9664c5f8636329436d/library/std/src/panicking.rs:449:19
[INFO] [stderr]     29:     0x5611675247de - std::panic::catch_unwind::h706025dd4c48f64b
[INFO] [stderr]                                  at /rustc/1b7dd2252b99671ce5d1cb9664c5f8636329436d/library/std/src/panic.rs:140:14
[INFO] [stderr]     30:     0x5611675247de - std::rt::lang_start_internal::{{closure}}::h7be5b97f4a07a91a
[INFO] [stderr]                                  at /rustc/1b7dd2252b99671ce5d1cb9664c5f8636329436d/library/std/src/rt.rs:148:48
[INFO] [stderr]     31:     0x5611675247de - std::panicking::try::do_call::h59847e9d0a176965
[INFO] [stderr]                                  at /rustc/1b7dd2252b99671ce5d1cb9664c5f8636329436d/library/std/src/panicking.rs:485:40
[INFO] [stderr]     32:     0x5611675247de - std::panicking::try::h399a918ba8522823
[INFO] [stderr]                                  at /rustc/1b7dd2252b99671ce5d1cb9664c5f8636329436d/library/std/src/panicking.rs:449:19
[INFO] [stderr]     33:     0x5611675247de - std::panic::catch_unwind::hca7ca6c55b2a2e26
[INFO] [stderr]                                  at /rustc/1b7dd2252b99671ce5d1cb9664c5f8636329436d/library/std/src/panic.rs:140:14
[INFO] [stderr]     34:     0x5611675247de - std::rt::lang_start_internal::h2c807a81560459eb
[INFO] [stderr]                                  at /rustc/1b7dd2252b99671ce5d1cb9664c5f8636329436d/library/std/src/rt.rs:148:20
[INFO] [stderr]     35:     0x561167499f67 - std::rt::lang_start::hf9b2170be5ba3571
[INFO] [stderr]     36:     0x561167498985 - main
[INFO] [stderr]     37:     0x7ff2ba5f8d90 - <unknown>
[INFO] [stderr]     38:     0x7ff2ba5f8e40 - __libc_start_main
[INFO] [stderr]     39:     0x561167493e65 - _start
[INFO] [stderr]     40:                0x0 - <unknown>
[INFO] [stderr] warning: build failed, waiting for other jobs to finish...
[INFO] running `Command { std: "docker" "inspect" "5b397426469fbd8950718438049ec0d56ab78fb6cc14ec5acde6bef4e25c27d2", kill_on_drop: false }`
[INFO] running `Command { std: "docker" "rm" "-f" "5b397426469fbd8950718438049ec0d56ab78fb6cc14ec5acde6bef4e25c27d2", kill_on_drop: false }`
[INFO] [stdout] 5b397426469fbd8950718438049ec0d56ab78fb6cc14ec5acde6bef4e25c27d2
