[INFO] cloning repository https://github.com/gurjeet/zenith-clone
[INFO] running `Command { std: "git" "-c" "credential.helper=" "-c" "credential.helper=/workspace/cargo-home/bin/git-credential-null" "clone" "--bare" "https://github.com/gurjeet/zenith-clone" "/workspace/cache/git-repos/https%3A%2F%2Fgithub.com%2Fgurjeet%2Fzenith-clone", kill_on_drop: false }`
[INFO] [stderr] Cloning into bare repository '/workspace/cache/git-repos/https%3A%2F%2Fgithub.com%2Fgurjeet%2Fzenith-clone'...
[INFO] running `Command { std: "git" "rev-parse" "HEAD", kill_on_drop: false }`
[INFO] [stdout] 6d993410c98a67043eaad2f1be2adccf1b7808e9
[INFO] documenting gurjeet/zenith-clone against beta-2023-04-20 for beta-1.70-rustdoc-1
[INFO] running `Command { std: "git" "clone" "/workspace/cache/git-repos/https%3A%2F%2Fgithub.com%2Fgurjeet%2Fzenith-clone" "/workspace/builds/worker-0-tc2/source", kill_on_drop: false }`
[INFO] [stderr] Cloning into '/workspace/builds/worker-0-tc2/source'...
[INFO] [stderr] done.
[INFO] validating manifest of git repo https://github.com/gurjeet/zenith-clone on toolchain beta-2023-04-20
[INFO] running `Command { std: CARGO_HOME="/workspace/cargo-home" RUSTUP_HOME="/workspace/rustup-home" "/workspace/cargo-home/bin/cargo" "+beta-2023-04-20" "metadata" "--manifest-path" "Cargo.toml" "--no-deps", kill_on_drop: false }`
[INFO] started tweaking git repo https://github.com/gurjeet/zenith-clone
[INFO] finished tweaking git repo https://github.com/gurjeet/zenith-clone
[INFO] tweaked toml for git repo https://github.com/gurjeet/zenith-clone written to /workspace/builds/worker-0-tc2/source/Cargo.toml
[INFO] crate git repo https://github.com/gurjeet/zenith-clone already has a lockfile, it will not be regenerated
[INFO] running `Command { std: CARGO_HOME="/workspace/cargo-home" RUSTUP_HOME="/workspace/rustup-home" "/workspace/cargo-home/bin/cargo" "+beta-2023-04-20" "fetch" "--manifest-path" "Cargo.toml", kill_on_drop: false }`
[INFO] [stderr]     Updating crates.io index
[INFO] [stderr]  Downloading crates ...
[INFO] [stderr]   Downloaded hex-literal v0.3.2
[INFO] [stderr]   Downloaded daemonize v0.4.1
[INFO] [stderr]   Downloaded aversion-macros v0.2.1
[INFO] [stderr]   Downloaded aversion v0.2.1
[INFO] [stderr]   Downloaded routerify v2.2.0
[INFO] [stderr]   Downloaded rust-ini v0.16.1
[INFO] [stderr]   Downloaded attohttpc v0.16.3
[INFO] [stderr]   Downloaded rust-s3 v0.27.0-rc4
[INFO] [stderr]   Downloaded const_format_proc_macros v0.2.21
[INFO] [stderr]   Downloaded bookfile v0.3.0
[INFO] [stderr]   Downloaded const_format v0.2.21
[INFO] [stderr]   Downloaded rustls-split v0.2.1
[INFO] [stderr]   Downloaded aws-creds v0.26.0
[INFO] [stderr]   Downloaded aws-region v0.23.2
[INFO] running `Command { std: "docker" "create" "-v" "/var/lib/crater-agent-workspace/builds/worker-0-tc2/target:/opt/rustwide/target:rw,Z" "-v" "/var/lib/crater-agent-workspace/builds/worker-0-tc2/source:/opt/rustwide/workdir:ro,Z" "-v" "/var/lib/crater-agent-workspace/cargo-home:/opt/rustwide/cargo-home:ro,Z" "-v" "/var/lib/crater-agent-workspace/rustup-home:/opt/rustwide/rustup-home:ro,Z" "-e" "SOURCE_DIR=/opt/rustwide/workdir" "-e" "CARGO_TARGET_DIR=/opt/rustwide/target" "-e" "CARGO_HOME=/opt/rustwide/cargo-home" "-e" "RUSTUP_HOME=/opt/rustwide/rustup-home" "-w" "/opt/rustwide/workdir" "-m" "1610612736" "--user" "0:0" "--network" "none" "ghcr.io/rust-lang/crates-build-env/linux@sha256:5ff2268d62e97bff2cde7d5815dd6ed5b47097566f13b8d0ca110b04b60e07ed" "/opt/rustwide/cargo-home/bin/cargo" "+beta-2023-04-20" "metadata" "--no-deps" "--format-version=1", kill_on_drop: false }`
[INFO] [stdout] 3df49a0440a7e3f3b93357ae87d93d21fc17c574d59a4d4c938e7e74c9819b28
[INFO] running `Command { std: "docker" "start" "-a" "3df49a0440a7e3f3b93357ae87d93d21fc17c574d59a4d4c938e7e74c9819b28", kill_on_drop: false }`
[INFO] running `Command { std: "docker" "inspect" "3df49a0440a7e3f3b93357ae87d93d21fc17c574d59a4d4c938e7e74c9819b28", kill_on_drop: false }`
[INFO] running `Command { std: "docker" "rm" "-f" "3df49a0440a7e3f3b93357ae87d93d21fc17c574d59a4d4c938e7e74c9819b28", kill_on_drop: false }`
[INFO] [stdout] 3df49a0440a7e3f3b93357ae87d93d21fc17c574d59a4d4c938e7e74c9819b28
[INFO] running `Command { std: "docker" "create" "-v" "/var/lib/crater-agent-workspace/builds/worker-0-tc2/target:/opt/rustwide/target:rw,Z" "-v" "/var/lib/crater-agent-workspace/builds/worker-0-tc2/source:/opt/rustwide/workdir:ro,Z" "-v" "/var/lib/crater-agent-workspace/cargo-home:/opt/rustwide/cargo-home:ro,Z" "-v" "/var/lib/crater-agent-workspace/rustup-home:/opt/rustwide/rustup-home:ro,Z" "-e" "SOURCE_DIR=/opt/rustwide/workdir" "-e" "CARGO_TARGET_DIR=/opt/rustwide/target" "-e" "CARGO_INCREMENTAL=0" "-e" "RUST_BACKTRACE=full" "-e" "RUSTFLAGS=--cap-lints=warn" "-e" "RUSTDOCFLAGS=--cap-lints=warn" "-e" "CARGO_HOME=/opt/rustwide/cargo-home" "-e" "RUSTUP_HOME=/opt/rustwide/rustup-home" "-w" "/opt/rustwide/workdir" "-m" "1610612736" "--user" "0:0" "--network" "none" "ghcr.io/rust-lang/crates-build-env/linux@sha256:5ff2268d62e97bff2cde7d5815dd6ed5b47097566f13b8d0ca110b04b60e07ed" "/opt/rustwide/cargo-home/bin/cargo" "+beta-2023-04-20" "doc" "--frozen" "--no-deps" "--document-private-items" "--message-format=json", kill_on_drop: false }`
[INFO] [stdout] 33b708112db86610077cd5ee7df81424276aa065a1986e42317779249d3f89a0
[INFO] running `Command { std: "docker" "start" "-a" "33b708112db86610077cd5ee7df81424276aa065a1986e42317779249d3f89a0", kill_on_drop: false }`
[INFO] [stderr]    Compiling libc v0.2.101
[INFO] [stderr]    Compiling proc-macro2 v1.0.27
[INFO] [stderr]    Compiling syn v1.0.73
[INFO] [stderr]    Compiling memchr v2.4.0
[INFO] [stderr]    Compiling serde_derive v1.0.126
[INFO] [stderr]    Compiling serde v1.0.126
[INFO] [stderr]    Compiling cc v1.0.69
[INFO] [stderr]     Checking lazy_static v1.4.0
[INFO] [stderr]    Compiling futures-core v0.3.15
[INFO] [stderr]    Compiling bitflags v1.2.1
[INFO] [stderr]     Checking matches v0.1.8
[INFO] [stderr]    Compiling typenum v1.13.0
[INFO] [stderr]    Compiling proc-macro-hack v0.5.19
[INFO] [stderr]    Compiling generic-array v0.14.4
[INFO] [stderr]    Compiling futures-macro v0.3.15
[INFO] [stderr]    Compiling quote v1.0.9
[INFO] [stderr]    Compiling tokio v1.11.0
[INFO] [stderr]    Compiling futures-channel v0.3.15
[INFO] [stderr]     Checking itoa v0.4.7
[INFO] [stderr]    Compiling futures-task v0.3.15
[INFO] [stderr]     Checking futures-sink v0.3.15
[INFO] [stderr]     Checking tinyvec_macros v0.1.0
[INFO] [stderr]    Compiling proc-macro-nested v0.1.7
[INFO] [stderr]     Checking tinyvec v1.2.0
[INFO] [stderr]    Compiling futures-util v0.3.15
[INFO] [stderr]     Checking mio v0.7.13
[INFO] [stderr]     Checking getrandom v0.2.3
[INFO] [stderr]     Checking num_cpus v1.13.0
[INFO] [stderr]     Checking signal-hook-registry v1.4.0
[INFO] [stderr]     Checking rand_core v0.6.3
[INFO] [stderr]     Checking unicode-bidi v0.3.5
[INFO] [stderr]    Compiling num-traits v0.2.14
[INFO] [stderr]     Checking futures-io v0.3.15
[INFO] [stderr]     Checking unicode-normalization v0.1.19
[INFO] [stderr]     Checking ppv-lite86 v0.2.10
[INFO] [stderr]     Checking slab v0.4.3
[INFO] [stderr]    Compiling num-integer v0.1.44
[INFO] [stderr]     Checking base64 v0.13.0
[INFO] [stderr]     Checking percent-encoding v2.1.0
[INFO] [stderr]     Checking rand_chacha v0.3.1
[INFO] [stderr]    Compiling ryu v1.0.5
[INFO] [stderr]    Compiling pkg-config v0.3.19
[INFO] [stderr]     Checking digest v0.9.0
[INFO] [stderr]    Compiling indexmap v1.7.0
[INFO] [stderr]     Checking block-buffer v0.9.0
[INFO] [stderr]     Checking rand v0.8.4
[INFO] [stderr]     Checking socket2 v0.4.0
[INFO] [stderr]    Compiling ring v0.16.20
[INFO] [stderr]     Checking tracing-core v0.1.18
[INFO] [stderr]     Checking instant v0.1.10
[INFO] [stderr]    Compiling serde_json v1.0.64
[INFO] [stderr]    Compiling openssl-sys v0.9.65
[INFO] [stderr]    Compiling httparse v1.4.1
[INFO] [stderr]     Checking subtle v2.4.1
[INFO] [stderr]     Checking scopeguard v1.1.0
[INFO] [stderr]     Checking hashbrown v0.11.2
[INFO] [stderr]     Checking opaque-debug v0.3.0
[INFO] [stderr]     Checking crypto-mac v0.10.0
[INFO] [stderr]     Checking lock_api v0.4.4
[INFO] [stderr]     Checking tracing v0.1.26
[INFO] [stderr]     Checking parking_lot_core v0.8.3
[INFO] [stderr]     Checking aho-corasick v0.7.18
[INFO] [stderr]     Checking untrusted v0.7.1
[INFO] [stderr]     Checking cpufeatures v0.1.5
[INFO] [stderr]     Checking spin v0.5.2
[INFO] [stderr]    Compiling slog v2.7.0
[INFO] [stderr]     Checking regex-syntax v0.6.25
[INFO] [stderr]     Checking try-lock v0.2.3
[INFO] [stderr]     Checking parking_lot v0.11.1
[INFO] [stderr]     Checking want v0.3.0
[INFO] [stderr]     Checking sha2 v0.9.5
[INFO] [stderr]     Checking hmac v0.10.1
[INFO] [stderr]     Checking time v0.1.44
[INFO] [stderr]    Compiling radium v0.5.3
[INFO] [stderr]     Checking httpdate v1.0.1
[INFO] [stderr]    Compiling openssl v0.10.35
[INFO] [stderr]     Checking tower-service v0.3.1
[INFO] [stderr]    Compiling async-trait v0.1.50
[INFO] [stderr]    Compiling anyhow v1.0.42
[INFO] [stderr]     Checking chrono v0.4.19
[INFO] [stderr]     Checking md-5 v0.9.1
[INFO] [stderr]     Checking stringprep v0.1.2
[INFO] [stderr]     Checking regex v1.4.6
[INFO] [stderr]    Compiling num-bigint v0.2.6
[INFO] [stderr]     Checking fallible-iterator v0.2.0
[INFO] [stderr]    Compiling cfg-if v1.0.0
[INFO] [stderr]    Compiling crossbeam-utils v0.8.5
[INFO] [stderr]    Compiling glob v0.3.0
[INFO] [stderr]    Compiling native-tls v0.2.7
[INFO] [stderr]     Checking siphasher v0.3.5
[INFO] [stderr]    Compiling prometheus v0.12.0
[INFO] [stderr]     Checking phf_shared v0.8.0
[INFO] [stderr]     Checking dirs-sys-next v0.1.2
[INFO] [stderr]    Compiling nom v6.1.2
[INFO] [stderr]    Compiling funty v1.1.0
[INFO] [stderr]    Compiling clang-sys v1.2.0
[INFO] [stderr]    Compiling wyz v0.2.0
[INFO] [stderr]     Checking openssl-probe v0.1.4
[INFO] [stderr]    Compiling tap v1.0.1
[INFO] [stderr]     Checking sct v0.6.1
[INFO] [stderr]     Checking webpki v0.21.4
[INFO] [stderr]     Checking dirs-next v2.0.0
[INFO] [stderr]     Checking phf v0.8.0
[INFO] [stderr]    Compiling atty v0.2.14
[INFO] [stderr]     Checking form_urlencoded v1.0.1
[INFO] [stderr]     Checking thread_local v1.1.3
[INFO] [stderr]    Compiling unicode-width v0.1.8
[INFO] [stderr]    Compiling semver-parser v0.7.0
[INFO] [stderr]    Compiling bitvec v0.19.5
[INFO] [stderr]     Checking arc-swap v1.3.0
[INFO] [stderr]     Checking slog-scope v4.4.0
[INFO] [stderr]    Compiling semver v0.9.0
[INFO] [stderr]    Compiling textwrap v0.11.0
[INFO] [stderr]     Checking simple_asn1 v0.4.1
[INFO] [stderr]     Checking crossbeam-channel v0.5.1
[INFO] [stderr]     Checking rustls v0.19.1
[INFO] [stderr]     Checking term v0.7.0
[INFO] [stderr]     Checking pem v0.8.3
[INFO] [stderr]    Compiling log v0.4.14
[INFO] [stderr]    Compiling libloading v0.7.0
[INFO] [stderr]     Checking idna v0.2.3
[INFO] [stderr]     Checking take_mut v0.2.2
[INFO] [stderr]    Compiling vec_map v0.8.2
[INFO] [stderr]    Compiling humantime v2.1.0
[INFO] [stderr]    Compiling tokio-macros v1.3.0
[INFO] [stderr]    Compiling thiserror-impl v1.0.26
[INFO] [stderr]    Compiling bindgen v0.59.1
[INFO] [stderr]    Compiling ansi_term v0.11.0
[INFO] [stderr]     Checking thiserror v1.0.26
[INFO] [stderr]    Compiling strsim v0.8.0
[INFO] [stderr]     Checking base64 v0.12.3
[INFO] [stderr]    Compiling termcolor v1.1.2
[INFO] [stderr]    Compiling clap v2.33.3
[INFO] [stderr]     Checking rustls-split v0.2.1
[INFO] [stderr]     Checking zenith_metrics v0.1.0 (/opt/rustwide/workdir/zenith_metrics)
[INFO] [stderr]     Checking url v2.2.2
[INFO] [stderr]     Checking slog-async v2.6.0
[INFO] [stderr]     Checking slog-term v2.8.0
[INFO] [stderr]    Compiling env_logger v0.8.4
[INFO] [stderr]    Compiling rustc_version v0.2.3
[INFO] [stderr]    Compiling cexpr v0.5.0
[INFO] [stderr]     Checking slog-stdlog v4.1.0
[INFO] [stderr]    Compiling which v3.1.1
[INFO] [stderr]     Checking ahash v0.4.7
[INFO] [stderr]    Compiling encoding_rs v0.8.28
[INFO] [stderr]    Compiling shlex v1.0.0
[INFO] [stderr]     Checking futures-executor v0.3.15
[INFO] [stderr]     Checking futures v0.3.15
[INFO] [stderr]    Compiling rustc-hash v1.1.0
[INFO] [stderr]    Compiling lazycell v1.3.0
[INFO] [stderr]    Compiling peeking_take_while v0.1.2
[INFO] [stderr]     Checking hashbrown v0.9.1
[INFO] [stderr]    Compiling crc32c v0.6.0
[INFO] [stderr]     Checking dlv-list v0.2.3
[INFO] [stderr]     Checking dirs-sys v0.3.6
[INFO] [stderr]     Checking xml-rs v0.8.3
[INFO] [stderr]     Checking ordered-multimap v0.3.1
[INFO] [stderr]     Checking mime v0.3.16
[INFO] [stderr]     Checking wildmatch v1.1.0
[INFO] [stderr]     Checking ipnet v2.3.1
[INFO] [stderr]     Checking cfg-if v0.1.10
[INFO] [stderr]     Checking half v1.7.1
[INFO] [stderr]     Checking rust-ini v0.16.1
[INFO] [stderr]     Checking dirs v3.0.2
[INFO] [stderr]    Compiling aversion-macros v0.2.1
[INFO] [stderr]     Checking quick-xml v0.20.0
[INFO] [stderr]     Checking md5 v0.7.0
[INFO] [stderr]    Compiling maybe-async v0.2.6
[INFO] [stderr]     Checking minidom v0.13.0
[INFO] [stderr]     Checking aws-region v0.23.2
[INFO] [stderr]     Checking filetime v0.2.14
[INFO] [stderr]     Checking xattr v0.2.2
[INFO] [stderr]    Compiling const_format_proc_macros v0.2.21
[INFO] [stderr]     Checking boxfnonce v0.1.1
[INFO] [stderr]     Checking daemonize v0.4.1
[INFO] [stderr]     Checking tar v0.4.35
[INFO] [stderr]     Checking same-file v1.0.6
[INFO] [stderr]     Checking fs2 v0.4.3
[INFO] [stderr]     Checking walkdir v2.3.2
[INFO] [stderr]     Checking nix v0.20.0
[INFO] [stderr]  Documenting zenith_metrics v0.1.0 (/opt/rustwide/workdir/zenith_metrics)
[INFO] [stderr]     Checking const_format v0.2.21
[INFO] [stderr]     Checking bytes v1.0.1
[INFO] [stderr]     Checking hex v0.4.3
[INFO] [stderr]     Checking bincode v1.3.3
[INFO] [stderr]     Checking workspace_hack v0.1.0 (/opt/rustwide/workdir/workspace_hack)
[INFO] [stderr]     Checking serde_urlencoded v0.7.0
[INFO] [stderr]     Checking serde_cbor v0.11.1
[INFO] [stderr]     Checking serde-xml-rs v0.4.1
[INFO] [stderr]     Checking toml v0.5.8
[INFO] [stderr]     Checking http v0.2.4
[INFO] [stderr]     Checking postgres-protocol v0.6.1 (https://github.com/zenithdb/rust-postgres.git?rev=9eb0dbfbeb6a6c1b79099b9f7ae4a8c021877858#9eb0dbfb)
[INFO] [stderr]     Checking jsonwebtoken v7.2.0
[INFO] [stderr]     Checking aversion v0.2.1
[INFO] [stderr]     Checking bookfile v0.3.0
[INFO] [stderr]     Checking postgres-types v0.2.1 (https://github.com/zenithdb/rust-postgres.git?rev=9eb0dbfbeb6a6c1b79099b9f7ae4a8c021877858#9eb0dbfb)
[INFO] [stderr]  Documenting workspace_hack v0.1.0 (/opt/rustwide/workdir/workspace_hack)
[INFO] [stderr]    Compiling postgres_ffi v0.1.0 (/opt/rustwide/workdir/postgres_ffi)
[INFO] [stderr]     Checking http-body v0.4.2
[INFO] [stderr]     Checking attohttpc v0.16.3
[INFO] [stderr]     Checking aws-creds v0.26.0
[INFO] [stderr] error: failed to run custom build command for `postgres_ffi v0.1.0 (/opt/rustwide/workdir/postgres_ffi)`
[INFO] [stderr] note: To improve backtraces for build dependencies, set the CARGO_PROFILE_DEV_BUILD_OVERRIDE_DEBUG=true environment variable to enable debug information generation.
[INFO] [stderr] 
[INFO] [stderr] Caused by:
[INFO] [stderr]   process didn't exit successfully: `/opt/rustwide/target/debug/build/postgres_ffi-78511d05f44a9150/build-script-build` (exit status: 101)
[INFO] [stderr]   --- stdout
[INFO] [stderr]   cargo:rerun-if-changed=pg_control_ffi.h
[INFO] [stderr] 
[INFO] [stderr]   --- stderr
[INFO] [stderr]   pg_control_ffi.h:7:10: fatal error: 'c.h' file not found
[INFO] [stderr]   pg_control_ffi.h:7:10: fatal error: 'c.h' file not found, err: true
[INFO] [stderr]   thread 'main' panicked at 'Unable to generate bindings: ()', postgres_ffi/build.rs:96:10
[INFO] [stderr]   stack backtrace:
[INFO] [stderr]      0:     0x55ff4d8420ca - std::backtrace_rs::backtrace::libunwind::trace::h2f05d0192276a8f6
[INFO] [stderr]                                  at /rustc/1b7dd2252b99671ce5d1cb9664c5f8636329436d/library/std/src/../../backtrace/src/backtrace/libunwind.rs:93:5
[INFO] [stderr]      1:     0x55ff4d8420ca - std::backtrace_rs::backtrace::trace_unsynchronized::hedc23dff7a1af150
[INFO] [stderr]                                  at /rustc/1b7dd2252b99671ce5d1cb9664c5f8636329436d/library/std/src/../../backtrace/src/backtrace/mod.rs:66:5
[INFO] [stderr]      2:     0x55ff4d8420ca - std::sys_common::backtrace::_print_fmt::h17541ef7592f3ce2
[INFO] [stderr]                                  at /rustc/1b7dd2252b99671ce5d1cb9664c5f8636329436d/library/std/src/sys_common/backtrace.rs:65:5
[INFO] [stderr]      3:     0x55ff4d8420ca - <std::sys_common::backtrace::_print::DisplayBacktrace as core::fmt::Display>::fmt::h20f75df5ab0c0792
[INFO] [stderr]                                  at /rustc/1b7dd2252b99671ce5d1cb9664c5f8636329436d/library/std/src/sys_common/backtrace.rs:44:22
[INFO] [stderr]      4:     0x55ff4d8671ff - core::fmt::write::h78109e6f466b3af6
[INFO] [stderr]                                  at /rustc/1b7dd2252b99671ce5d1cb9664c5f8636329436d/library/core/src/fmt/mod.rs:1254:17
[INFO] [stderr]      5:     0x55ff4d83f2b5 - std::io::Write::write_fmt::hc59e1b02dd273c8a
[INFO] [stderr]                                  at /rustc/1b7dd2252b99671ce5d1cb9664c5f8636329436d/library/std/src/io/mod.rs:1698:15
[INFO] [stderr]      6:     0x55ff4d841e95 - std::sys_common::backtrace::_print::h8dac57a9f8fbf9a5
[INFO] [stderr]                                  at /rustc/1b7dd2252b99671ce5d1cb9664c5f8636329436d/library/std/src/sys_common/backtrace.rs:47:5
[INFO] [stderr]      7:     0x55ff4d841e95 - std::sys_common::backtrace::print::hf9ecbf41d1aa712f
[INFO] [stderr]                                  at /rustc/1b7dd2252b99671ce5d1cb9664c5f8636329436d/library/std/src/sys_common/backtrace.rs:34:9
[INFO] [stderr]      8:     0x55ff4d84389e - std::panicking::default_hook::{{closure}}::h04c07acfc84ca028
[INFO] [stderr]                                  at /rustc/1b7dd2252b99671ce5d1cb9664c5f8636329436d/library/std/src/panicking.rs:269:22
[INFO] [stderr]      9:     0x55ff4d843645 - std::panicking::default_hook::h01f6bb23e1eceb2c
[INFO] [stderr]                                  at /rustc/1b7dd2252b99671ce5d1cb9664c5f8636329436d/library/std/src/panicking.rs:288:9
[INFO] [stderr]     10:     0x55ff4d843dfe - std::panicking::rust_panic_with_hook::h2bb3722bbaf2f6df
[INFO] [stderr]                                  at /rustc/1b7dd2252b99671ce5d1cb9664c5f8636329436d/library/std/src/panicking.rs:691:13
[INFO] [stderr]     11:     0x55ff4d843cf9 - std::panicking::begin_panic_handler::{{closure}}::h91bc7f36a4be011b
[INFO] [stderr]                                  at /rustc/1b7dd2252b99671ce5d1cb9664c5f8636329436d/library/std/src/panicking.rs:582:13
[INFO] [stderr]     12:     0x55ff4d842536 - std::sys_common::backtrace::__rust_end_short_backtrace::h8b3d3717114f9e59
[INFO] [stderr]                                  at /rustc/1b7dd2252b99671ce5d1cb9664c5f8636329436d/library/std/src/sys_common/backtrace.rs:150:18
[INFO] [stderr]     13:     0x55ff4d843a52 - rust_begin_unwind
[INFO] [stderr]                                  at /rustc/1b7dd2252b99671ce5d1cb9664c5f8636329436d/library/std/src/panicking.rs:578:5
[INFO] [stderr]     14:     0x55ff4d43d5d3 - core::panicking::panic_fmt::hfd368e3fbdabea26
[INFO] [stderr]                                  at /rustc/1b7dd2252b99671ce5d1cb9664c5f8636329436d/library/core/src/panicking.rs:67:14
[INFO] [stderr]     15:     0x55ff4d43db73 - core::result::unwrap_failed::he54eb4b2f125b26f
[INFO] [stderr]                                  at /rustc/1b7dd2252b99671ce5d1cb9664c5f8636329436d/library/core/src/result.rs:1687:5
[INFO] [stderr]     16:     0x55ff4d43e7cb - core::result::Result<T,E>::expect::h2be3938e6d498f01
[INFO] [stderr]     17:     0x55ff4d43fcfd - build_script_build::main::hef42b771272100df
[INFO] [stderr]     18:     0x55ff4d43e963 - core::ops::function::FnOnce::call_once::h771a7b96e331c4ae
[INFO] [stderr]     19:     0x55ff4d43e746 - std::sys_common::backtrace::__rust_begin_short_backtrace::hee8644161cbb30de
[INFO] [stderr]     20:     0x55ff4d43e729 - std::rt::lang_start::{{closure}}::h0838c1c689fe2e53
[INFO] [stderr]     21:     0x55ff4d83baae - core::ops::function::impls::<impl core::ops::function::FnOnce<A> for &F>::call_once::h2eb19b8ce4148df4
[INFO] [stderr]                                  at /rustc/1b7dd2252b99671ce5d1cb9664c5f8636329436d/library/core/src/ops/function.rs:287:13
[INFO] [stderr]     22:     0x55ff4d83baae - std::panicking::try::do_call::h2e900feff5d504c5
[INFO] [stderr]                                  at /rustc/1b7dd2252b99671ce5d1cb9664c5f8636329436d/library/std/src/panicking.rs:485:40
[INFO] [stderr]     23:     0x55ff4d83baae - std::panicking::try::h8854836cb85aa9f2
[INFO] [stderr]                                  at /rustc/1b7dd2252b99671ce5d1cb9664c5f8636329436d/library/std/src/panicking.rs:449:19
[INFO] [stderr]     24:     0x55ff4d83baae - std::panic::catch_unwind::h706025dd4c48f64b
[INFO] [stderr]                                  at /rustc/1b7dd2252b99671ce5d1cb9664c5f8636329436d/library/std/src/panic.rs:140:14
[INFO] [stderr]     25:     0x55ff4d83baae - std::rt::lang_start_internal::{{closure}}::h7be5b97f4a07a91a
[INFO] [stderr]                                  at /rustc/1b7dd2252b99671ce5d1cb9664c5f8636329436d/library/std/src/rt.rs:148:48
[INFO] [stderr]     26:     0x55ff4d83baae - std::panicking::try::do_call::h59847e9d0a176965
[INFO] [stderr]                                  at /rustc/1b7dd2252b99671ce5d1cb9664c5f8636329436d/library/std/src/panicking.rs:485:40
[INFO] [stderr]     27:     0x55ff4d83baae - std::panicking::try::h399a918ba8522823
[INFO] [stderr]                                  at /rustc/1b7dd2252b99671ce5d1cb9664c5f8636329436d/library/std/src/panicking.rs:449:19
[INFO] [stderr]     28:     0x55ff4d83baae - std::panic::catch_unwind::hca7ca6c55b2a2e26
[INFO] [stderr]                                  at /rustc/1b7dd2252b99671ce5d1cb9664c5f8636329436d/library/std/src/panic.rs:140:14
[INFO] [stderr]     29:     0x55ff4d83baae - std::rt::lang_start_internal::h2c807a81560459eb
[INFO] [stderr]                                  at /rustc/1b7dd2252b99671ce5d1cb9664c5f8636329436d/library/std/src/rt.rs:148:20
[INFO] [stderr]     30:     0x55ff4d43e707 - std::rt::lang_start::h7321e530fa0d5934
[INFO] [stderr]     31:     0x55ff4d43fec5 - main
[INFO] [stderr]     32:     0x7fc7018cfd90 - <unknown>
[INFO] [stderr]     33:     0x7fc7018cfe40 - __libc_start_main
[INFO] [stderr]     34:     0x55ff4d43dd55 - _start
[INFO] [stderr]     35:                0x0 - <unknown>
[INFO] [stderr] warning: build failed, waiting for other jobs to finish...
[INFO] running `Command { std: "docker" "inspect" "33b708112db86610077cd5ee7df81424276aa065a1986e42317779249d3f89a0", kill_on_drop: false }`
[INFO] running `Command { std: "docker" "rm" "-f" "33b708112db86610077cd5ee7df81424276aa065a1986e42317779249d3f89a0", kill_on_drop: false }`
[INFO] [stdout] 33b708112db86610077cd5ee7df81424276aa065a1986e42317779249d3f89a0
