[INFO] cloning repository https://github.com/gridgentoo/c2rust
[INFO] running `Command { std: "git" "-c" "credential.helper=" "-c" "credential.helper=/workspace/cargo-home/bin/git-credential-null" "clone" "--bare" "https://github.com/gridgentoo/c2rust" "/workspace/cache/git-repos/https%3A%2F%2Fgithub.com%2Fgridgentoo%2Fc2rust", kill_on_drop: false }`
[INFO] [stderr] Cloning into bare repository '/workspace/cache/git-repos/https%3A%2F%2Fgithub.com%2Fgridgentoo%2Fc2rust'...
[INFO] running `Command { std: "git" "rev-parse" "HEAD", kill_on_drop: false }`
[INFO] [stdout] 6674d785fabd54ce3a1df70591f583d0048bea52
[INFO] documenting gridgentoo/c2rust against beta-2023-04-20 for beta-1.70-rustdoc-1
[INFO] running `Command { std: "git" "clone" "/workspace/cache/git-repos/https%3A%2F%2Fgithub.com%2Fgridgentoo%2Fc2rust" "/workspace/builds/worker-0-tc2/source", kill_on_drop: false }`
[INFO] [stderr] Cloning into '/workspace/builds/worker-0-tc2/source'...
[INFO] [stderr] done.
[INFO] validating manifest of git repo https://github.com/gridgentoo/c2rust on toolchain beta-2023-04-20
[INFO] running `Command { std: CARGO_HOME="/workspace/cargo-home" RUSTUP_HOME="/workspace/rustup-home" "/workspace/cargo-home/bin/cargo" "+beta-2023-04-20" "metadata" "--manifest-path" "Cargo.toml" "--no-deps", kill_on_drop: false }`
[INFO] removed /workspace/builds/worker-0-tc2/source/rust-toolchain
[INFO] started tweaking git repo https://github.com/gridgentoo/c2rust
[INFO] finished tweaking git repo https://github.com/gridgentoo/c2rust
[INFO] tweaked toml for git repo https://github.com/gridgentoo/c2rust written to /workspace/builds/worker-0-tc2/source/Cargo.toml
[INFO] crate git repo https://github.com/gridgentoo/c2rust already has a lockfile, it will not be regenerated
[INFO] running `Command { std: CARGO_HOME="/workspace/cargo-home" RUSTUP_HOME="/workspace/rustup-home" "/workspace/cargo-home/bin/cargo" "+beta-2023-04-20" "fetch" "--manifest-path" "Cargo.toml", kill_on_drop: false }`
[INFO] [stderr]     Updating crates.io index
[INFO] [stderr]  Downloading crates ...
[INFO] [stderr]   Downloaded ignore v0.4.10
[INFO] [stderr]   Downloaded home v0.5.1
[INFO] [stderr]   Downloaded serde_bencode v0.2.0
[INFO] [stderr]   Downloaded z3 v0.4.0
[INFO] [stderr]   Downloaded z3-sys v0.5.0
[INFO] [stderr]   Downloaded rlua v0.17.0
[INFO] [stderr]   Downloaded humantime v2.0.0
[INFO] [stderr]   Downloaded libssh2-sys v0.2.13
[INFO] [stderr]   Downloaded bytesize v1.0.0
[INFO] [stderr]   Downloaded serde_ignored v0.1.1
[INFO] [stderr]   Downloaded ammonia v3.0.0
[INFO] [stderr]   Downloaded flame v0.2.2
[INFO] [stderr]   Downloaded flamer v0.4.0
[INFO] [stderr]   Downloaded quickcheck v0.9.0
[INFO] [stderr]   Downloaded half v1.4.0
[INFO] [stderr]   Downloaded pulldown-cmark v0.6.1
[INFO] [stderr]   Downloaded serde_cbor v0.10.2
[INFO] [stderr]   Downloaded gitignore v1.0.6
[INFO] [stderr]   Downloaded pulldown-cmark-to-cmark v1.2.0
[INFO] [stderr]   Downloaded mdbook v0.3.5
[INFO] [stderr]   Downloaded curl-sys v0.4.24
[INFO] [stderr]   Downloaded cargo v0.44.1
[INFO] running `Command { std: "docker" "create" "-v" "/var/lib/crater-agent-workspace/builds/worker-0-tc2/target:/opt/rustwide/target:rw,Z" "-v" "/var/lib/crater-agent-workspace/builds/worker-0-tc2/source:/opt/rustwide/workdir:ro,Z" "-v" "/var/lib/crater-agent-workspace/cargo-home:/opt/rustwide/cargo-home:ro,Z" "-v" "/var/lib/crater-agent-workspace/rustup-home:/opt/rustwide/rustup-home:ro,Z" "-e" "SOURCE_DIR=/opt/rustwide/workdir" "-e" "CARGO_TARGET_DIR=/opt/rustwide/target" "-e" "CARGO_HOME=/opt/rustwide/cargo-home" "-e" "RUSTUP_HOME=/opt/rustwide/rustup-home" "-w" "/opt/rustwide/workdir" "-m" "1610612736" "--user" "0:0" "--network" "none" "ghcr.io/rust-lang/crates-build-env/linux@sha256:5ff2268d62e97bff2cde7d5815dd6ed5b47097566f13b8d0ca110b04b60e07ed" "/opt/rustwide/cargo-home/bin/cargo" "+beta-2023-04-20" "metadata" "--no-deps" "--format-version=1", kill_on_drop: false }`
[INFO] [stdout] daf292b82f8b5062ef3c76d8d6046e700e2c4de112e8cbe29869a7ef625689c2
[INFO] running `Command { std: "docker" "start" "-a" "daf292b82f8b5062ef3c76d8d6046e700e2c4de112e8cbe29869a7ef625689c2", kill_on_drop: false }`
[INFO] running `Command { std: "docker" "inspect" "daf292b82f8b5062ef3c76d8d6046e700e2c4de112e8cbe29869a7ef625689c2", kill_on_drop: false }`
[INFO] running `Command { std: "docker" "rm" "-f" "daf292b82f8b5062ef3c76d8d6046e700e2c4de112e8cbe29869a7ef625689c2", kill_on_drop: false }`
[INFO] [stdout] daf292b82f8b5062ef3c76d8d6046e700e2c4de112e8cbe29869a7ef625689c2
[INFO] running `Command { std: "docker" "create" "-v" "/var/lib/crater-agent-workspace/builds/worker-0-tc2/target:/opt/rustwide/target:rw,Z" "-v" "/var/lib/crater-agent-workspace/builds/worker-0-tc2/source:/opt/rustwide/workdir:ro,Z" "-v" "/var/lib/crater-agent-workspace/cargo-home:/opt/rustwide/cargo-home:ro,Z" "-v" "/var/lib/crater-agent-workspace/rustup-home:/opt/rustwide/rustup-home:ro,Z" "-e" "SOURCE_DIR=/opt/rustwide/workdir" "-e" "CARGO_TARGET_DIR=/opt/rustwide/target" "-e" "CARGO_INCREMENTAL=0" "-e" "RUST_BACKTRACE=full" "-e" "RUSTFLAGS=--cap-lints=warn" "-e" "RUSTDOCFLAGS=--cap-lints=warn" "-e" "CARGO_HOME=/opt/rustwide/cargo-home" "-e" "RUSTUP_HOME=/opt/rustwide/rustup-home" "-w" "/opt/rustwide/workdir" "-m" "1610612736" "--user" "0:0" "--network" "none" "ghcr.io/rust-lang/crates-build-env/linux@sha256:5ff2268d62e97bff2cde7d5815dd6ed5b47097566f13b8d0ca110b04b60e07ed" "/opt/rustwide/cargo-home/bin/cargo" "+beta-2023-04-20" "doc" "--frozen" "--no-deps" "--document-private-items" "--message-format=json", kill_on_drop: false }`
[INFO] [stdout] e0466c80ea11c8fbc38033525fd98f950161c8d6ca878ea1f23e5b6c961cba5f
[INFO] running `Command { std: "docker" "start" "-a" "e0466c80ea11c8fbc38033525fd98f950161c8d6ca878ea1f23e5b6c961cba5f", kill_on_drop: false }`
[INFO] [stderr] warning: output filename collision.
[INFO] [stderr] The lib target `c2rust_refactor` in package `c2rust-refactor v0.15.0 (/opt/rustwide/workdir/c2rust-refactor)` has the same output filename as the bin target `c2rust-refactor` in package `c2rust v0.15.1 (/opt/rustwide/workdir/c2rust)`.
[INFO] [stderr] Colliding filename is: /opt/rustwide/target/doc/c2rust_refactor/index.html
[INFO] [stderr] The output filenames should be unique.
[INFO] [stderr] This is a known bug where multiple crates with the same name use
[INFO] [stderr] the same path; see <https://github.com/rust-lang/cargo/issues/6313>.
[INFO] [stderr] If this looks unexpected, it may be a bug in Cargo. Please file a bug report at
[INFO] [stderr] https://github.com/rust-lang/cargo/issues/ with as much information as you
[INFO] [stderr] can provide.
[INFO] [stderr] cargo 1.70.0-beta.1 (84b7041fd 2023-04-13) running on `x86_64-unknown-linux-gnu` target `x86_64-unknown-linux-gnu`
[INFO] [stderr] First unit: Unit { pkg: Package { id: PackageId { name: "c2rust-refactor", version: "0.15.0", source: "/opt/rustwide/workdir/c2rust-refactor" }, ..: ".." }, target: TargetInner { ..: lib_target("c2rust_refactor", ["lib"], "/opt/rustwide/workdir/c2rust-refactor/src/lib.rs", Edition2018) }, profile: Profile { incremental: false, ..: default_dev() }, kind: Host, mode: Doc { deps: false }, features: ["default"], artifact: false, artifact_target_for_features: None, is_std: false, dep_hash: 16027816239487119248 }
[INFO] [stderr] Second unit: Unit { pkg: Package { id: PackageId { name: "c2rust", version: "0.15.1", source: "/opt/rustwide/workdir/c2rust" }, ..: ".." }, target: TargetInner { name: "c2rust-refactor", doc: true, ..: with_path("/opt/rustwide/workdir/c2rust/src/bin/c2rust-refactor.rs", Edition2018) }, profile: Profile { incremental: false, ..: default_dev() }, kind: Host, mode: Doc { deps: false }, features: [], artifact: false, artifact_target_for_features: None, is_std: false, dep_hash: 821119148626088038 }
[INFO] [stderr] warning: output filename collision.
[INFO] [stderr] The lib target `c2rust-transpile` in package `c2rust-transpile v0.15.1 (/opt/rustwide/workdir/c2rust-transpile)` has the same output filename as the bin target `c2rust-transpile` in package `c2rust v0.15.1 (/opt/rustwide/workdir/c2rust)`.
[INFO] [stderr] Colliding filename is: /opt/rustwide/target/doc/c2rust_transpile/index.html
[INFO] [stderr] The targets should have unique names.
[INFO] [stderr] This is a known bug where multiple crates with the same name use
[INFO] [stderr] the same path; see <https://github.com/rust-lang/cargo/issues/6313>.
[INFO] [stderr]    Compiling libc v0.2.66
[INFO] [stderr]    Compiling autocfg v0.1.7
[INFO] [stderr]    Compiling proc-macro2 v1.0.6
[INFO] [stderr]    Compiling unicode-xid v0.2.0
[INFO] [stderr]     Checking cfg-if v0.1.10
[INFO] [stderr]    Compiling syn v1.0.11
[INFO] [stderr]    Compiling log v0.4.8
[INFO] [stderr]    Compiling serde v1.0.104
[INFO] [stderr]    Compiling memchr v2.4.1
[INFO] [stderr]    Compiling version_check v0.1.5
[INFO] [stderr]    Compiling bitflags v1.2.1
[INFO] [stderr]     Checking lazy_static v1.4.0
[INFO] [stderr]    Compiling pkg-config v0.3.17
[INFO] [stderr]    Compiling rand_core v0.4.2
[INFO] [stderr]    Compiling byteorder v1.3.2
[INFO] [stderr]    Compiling version_check v0.9.1
[INFO] [stderr]     Checking smallvec v1.0.0
[INFO] [stderr]    Compiling ryu v1.0.2
[INFO] [stderr]     Checking matches v0.1.8
[INFO] [stderr]    Compiling rand_core v0.3.1
[INFO] [stderr]     Checking unicode-normalization v0.1.11
[INFO] [stderr]     Checking unicode-bidi v0.3.4
[INFO] [stderr]    Compiling rand_xorshift v0.1.1
[INFO] [stderr]    Compiling unicase v1.4.2
[INFO] [stderr]    Compiling rand_chacha v0.1.1
[INFO] [stderr]    Compiling rand_pcg v0.1.2
[INFO] [stderr]    Compiling rand v0.6.5
[INFO] [stderr]    Compiling num-traits v0.2.10
[INFO] [stderr]    Compiling rand_isaac v0.1.1
[INFO] [stderr]    Compiling rand_hc v0.1.0
[INFO] [stderr]    Compiling rand_jitter v0.1.4
[INFO] [stderr]    Compiling siphasher v0.2.3
[INFO] [stderr]    Compiling typenum v1.11.2
[INFO] [stderr]     Checking thread_local v0.3.6
[INFO] [stderr]     Checking regex-syntax v0.6.12
[INFO] [stderr]    Compiling getrandom v0.1.13
[INFO] [stderr]     Checking unicode-width v0.1.7
[INFO] [stderr]    Compiling phf_shared v0.7.24
[INFO] [stderr]     Checking aho-corasick v0.7.6
[INFO] [stderr]    Compiling num-integer v0.1.41
[INFO] [stderr]     Checking itoa v0.4.4
[INFO] [stderr]    Compiling quote v1.0.2
[INFO] [stderr]    Compiling num_cpus v1.11.1
[INFO] [stderr]    Compiling jobserver v0.1.21
[INFO] [stderr]    Compiling rand_os v0.1.3
[INFO] [stderr]     Checking atty v0.2.13
[INFO] [stderr]     Checking idna v0.2.0
[INFO] [stderr]    Compiling glob v0.3.0
[INFO] [stderr]     Checking percent-encoding v2.1.0
[INFO] [stderr]     Checking same-file v1.0.5
[INFO] [stderr]    Compiling cc v1.0.48
[INFO] [stderr]     Checking quick-error v1.2.2
[INFO] [stderr]     Checking walkdir v2.2.9
[INFO] [stderr]     Checking time v0.1.42
[INFO] [stderr]     Checking rand_core v0.5.1
[INFO] [stderr]    Compiling nom v5.1.2
[INFO] [stderr]     Checking url v2.1.0
[INFO] [stderr]    Compiling proc-macro2 v0.4.30
[INFO] [stderr]     Checking ppv-lite86 v0.2.6
[INFO] [stderr]    Compiling clang-sys v0.29.3
[INFO] [stderr]    Compiling ucd-trie v0.1.2
[INFO] [stderr]    Compiling unicode-xid v0.1.0
[INFO] [stderr]     Checking c2-chacha v0.2.3
[INFO] [stderr]    Compiling pest v2.1.2
[INFO] [stderr]    Compiling textwrap v0.11.0
[INFO] [stderr]    Compiling humantime v1.3.0
[INFO] [stderr]    Compiling phf_generator v0.7.24
[INFO] [stderr]     Checking rand_chacha v0.2.1
[INFO] [stderr]    Compiling phf_codegen v0.7.24
[INFO] [stderr]    Compiling ansi_term v0.11.0
[INFO] [stderr]    Compiling vec_map v0.8.1
[INFO] [stderr]     Checking strsim v0.8.0
[INFO] [stderr]     Checking lazycell v1.2.1
[INFO] [stderr]    Compiling termcolor v1.0.5
[INFO] [stderr]    Compiling openssl-sys v0.9.53
[INFO] [stderr]    Compiling libz-sys v1.0.25
[INFO] [stderr]    Compiling libnghttp2-sys v0.1.2
[INFO] [stderr]    Compiling backtrace-sys v0.1.32
[INFO] [stderr]    Compiling libloading v0.5.2
[INFO] [stderr]    Compiling libssh2-sys v0.2.13
[INFO] [stderr]    Compiling curl-sys v0.4.24
[INFO] [stderr]     Checking yaml-rust v0.3.5
[INFO] [stderr]     Checking regex v1.3.1
[INFO] [stderr]    Compiling failure_derive v0.1.6
[INFO] [stderr]    Compiling unicode-segmentation v1.6.0
[INFO] [stderr]    Compiling syn v0.15.44
[INFO] [stderr]    Compiling bindgen v0.53.3
[INFO] [stderr]     Checking rustc-demangle v0.1.16
[INFO] [stderr]    Compiling maplit v1.0.2
[INFO] [stderr]    Compiling string_cache_shared v0.3.0
[INFO] [stderr] The following warnings were emitted during compilation:
[INFO] [stderr] 
[INFO] [stderr] warning: build/expando.c:4:24: error: pasting "RUST_VERSION_OPENSSL_" and "(" does not give a valid preprocessing token
[INFO] [stderr] warning:     4 | #define VERSION2(n, v) RUST_VERSION_##n##_##v
[INFO] [stderr] warning:       |                        ^~~~~~~~~~~~~
[INFO] [stderr] warning: build/expando.c:5:23: note: in expansion of macro 'VERSION2'
[INFO] [stderr] warning:     5 | #define VERSION(n, v) VERSION2(n, v)
[INFO] [stderr] warning:       |                       ^~~~~~~~
[INFO] [stderr] warning: build/expando.c:10:1: note: in expansion of macro 'VERSION'
[INFO] [stderr] warning:    10 | VERSION(OPENSSL, OPENSSL_VERSION_NUMBER)
[INFO] [stderr] warning:       | ^~~~~~~
[INFO] [stderr] 
[INFO] [stderr] error: failed to run custom build command for `openssl-sys v0.9.53`
[INFO] [stderr] note: To improve backtraces for build dependencies, set the CARGO_PROFILE_DEV_BUILD_OVERRIDE_DEBUG=true environment variable to enable debug information generation.
[INFO] [stderr] 
[INFO] [stderr] Caused by:
[INFO] [stderr]   process didn't exit successfully: `/opt/rustwide/target/debug/build/openssl-sys-43acaf8621171687/build-script-main` (exit status: 101)
[INFO] [stderr]   --- stdout
[INFO] [stderr]   cargo:rustc-cfg=const_fn
[INFO] [stderr]   cargo:rerun-if-env-changed=X86_64_UNKNOWN_LINUX_GNU_OPENSSL_LIB_DIR
[INFO] [stderr]   X86_64_UNKNOWN_LINUX_GNU_OPENSSL_LIB_DIR unset
[INFO] [stderr]   cargo:rerun-if-env-changed=OPENSSL_LIB_DIR
[INFO] [stderr]   OPENSSL_LIB_DIR unset
[INFO] [stderr]   cargo:rerun-if-env-changed=X86_64_UNKNOWN_LINUX_GNU_OPENSSL_INCLUDE_DIR
[INFO] [stderr]   X86_64_UNKNOWN_LINUX_GNU_OPENSSL_INCLUDE_DIR unset
[INFO] [stderr]   cargo:rerun-if-env-changed=OPENSSL_INCLUDE_DIR
[INFO] [stderr]   OPENSSL_INCLUDE_DIR unset
[INFO] [stderr]   cargo:rerun-if-env-changed=X86_64_UNKNOWN_LINUX_GNU_OPENSSL_DIR
[INFO] [stderr]   X86_64_UNKNOWN_LINUX_GNU_OPENSSL_DIR unset
[INFO] [stderr]   cargo:rerun-if-env-changed=OPENSSL_DIR
[INFO] [stderr]   OPENSSL_DIR unset
[INFO] [stderr]   cargo:rustc-link-lib=ssl
[INFO] [stderr]   cargo:rustc-link-lib=crypto
[INFO] [stderr]   OPT_LEVEL = Some("0")
[INFO] [stderr]   TARGET = Some("x86_64-unknown-linux-gnu")
[INFO] [stderr]   HOST = Some("x86_64-unknown-linux-gnu")
[INFO] [stderr]   CC_x86_64-unknown-linux-gnu = None
[INFO] [stderr]   CC_x86_64_unknown_linux_gnu = None
[INFO] [stderr]   HOST_CC = None
[INFO] [stderr]   CC = None
[INFO] [stderr]   CFLAGS_x86_64-unknown-linux-gnu = None
[INFO] [stderr]   CFLAGS_x86_64_unknown_linux_gnu = None
[INFO] [stderr]   HOST_CFLAGS = None
[INFO] [stderr]   CFLAGS = None
[INFO] [stderr]   CRATE_CC_NO_DEFAULTS = None
[INFO] [stderr]   DEBUG = Some("true")
[INFO] [stderr]   CARGO_CFG_TARGET_FEATURE = Some("fxsr,sse,sse2")
[INFO] [stderr]   running: "cc" "-O0" "-ffunction-sections" "-fdata-sections" "-fPIC" "-g" "-fno-omit-frame-pointer" "-m64" "-I" "/usr/include" "-Wall" "-Wextra" "-E" "build/expando.c"
[INFO] [stderr]   cargo:warning=build/expando.c:4:24: error: pasting "RUST_VERSION_OPENSSL_" and "(" does not give a valid preprocessing token
[INFO] [stderr]   cargo:warning=    4 | #define VERSION2(n, v) RUST_VERSION_##n##_##v
[INFO] [stderr]   cargo:warning=      |                        ^~~~~~~~~~~~~
[INFO] [stderr]   cargo:warning=build/expando.c:5:23: note: in expansion of macro 'VERSION2'
[INFO] [stderr]   cargo:warning=    5 | #define VERSION(n, v) VERSION2(n, v)
[INFO] [stderr]   cargo:warning=      |                       ^~~~~~~~
[INFO] [stderr]   cargo:warning=build/expando.c:10:1: note: in expansion of macro 'VERSION'
[INFO] [stderr]   cargo:warning=   10 | VERSION(OPENSSL, OPENSSL_VERSION_NUMBER)
[INFO] [stderr]   cargo:warning=      | ^~~~~~~
[INFO] [stderr]   exit status: 1
[INFO] [stderr] 
[INFO] [stderr]   --- stderr
[INFO] [stderr]   thread 'main' panicked at '
[INFO] [stderr]   Header expansion error:
[INFO] [stderr]   Error { kind: ToolExecError, message: "Command \"cc\" \"-O0\" \"-ffunction-sections\" \"-fdata-sections\" \"-fPIC\" \"-g\" \"-fno-omit-frame-pointer\" \"-m64\" \"-I\" \"/usr/include\" \"-Wall\" \"-Wextra\" \"-E\" \"build/expando.c\" with args \"cc\" did not execute successfully (status code exit status: 1)." }
[INFO] [stderr] 
[INFO] [stderr]   Failed to find OpenSSL development headers.
[INFO] [stderr] 
[INFO] [stderr]   You can try fixing this setting the `OPENSSL_DIR` environment variable
[INFO] [stderr]   pointing to your OpenSSL installation or installing OpenSSL headers package
[INFO] [stderr]   specific to your distribution:
[INFO] [stderr] 
[INFO] [stderr]       # On Ubuntu
[INFO] [stderr]       sudo apt-get install libssl-dev
[INFO] [stderr]       # On Arch Linux
[INFO] [stderr]       sudo pacman -S openssl
[INFO] [stderr]       # On Fedora
[INFO] [stderr]       sudo dnf install openssl-devel
[INFO] [stderr] 
[INFO] [stderr]   See rust-openssl README for more information:
[INFO] [stderr] 
[INFO] [stderr]       https://github.com/sfackler/rust-openssl#linux
[INFO] [stderr]   ', /opt/rustwide/cargo-home/registry/src/index.crates.io-6f17d22bba15001f/openssl-sys-0.9.53/build/main.rs:126:13
[INFO] [stderr]   stack backtrace:
[INFO] [stderr]      0:     0x55b2b174a01a - std::backtrace_rs::backtrace::libunwind::trace::h2f05d0192276a8f6
[INFO] [stderr]                                  at /rustc/1b7dd2252b99671ce5d1cb9664c5f8636329436d/library/std/src/../../backtrace/src/backtrace/libunwind.rs:93:5
[INFO] [stderr]      1:     0x55b2b174a01a - std::backtrace_rs::backtrace::trace_unsynchronized::hedc23dff7a1af150
[INFO] [stderr]                                  at /rustc/1b7dd2252b99671ce5d1cb9664c5f8636329436d/library/std/src/../../backtrace/src/backtrace/mod.rs:66:5
[INFO] [stderr]      2:     0x55b2b174a01a - std::sys_common::backtrace::_print_fmt::h17541ef7592f3ce2
[INFO] [stderr]                                  at /rustc/1b7dd2252b99671ce5d1cb9664c5f8636329436d/library/std/src/sys_common/backtrace.rs:65:5
[INFO] [stderr]      3:     0x55b2b174a01a - <std::sys_common::backtrace::_print::DisplayBacktrace as core::fmt::Display>::fmt::h20f75df5ab0c0792
[INFO] [stderr]                                  at /rustc/1b7dd2252b99671ce5d1cb9664c5f8636329436d/library/std/src/sys_common/backtrace.rs:44:22
[INFO] [stderr]      4:     0x55b2b176a7af - core::fmt::write::h78109e6f466b3af6
[INFO] [stderr]                                  at /rustc/1b7dd2252b99671ce5d1cb9664c5f8636329436d/library/core/src/fmt/mod.rs:1254:17
[INFO] [stderr]      5:     0x55b2b1747235 - std::io::Write::write_fmt::hc59e1b02dd273c8a
[INFO] [stderr]                                  at /rustc/1b7dd2252b99671ce5d1cb9664c5f8636329436d/library/std/src/io/mod.rs:1698:15
[INFO] [stderr]      6:     0x55b2b1749de5 - std::sys_common::backtrace::_print::h8dac57a9f8fbf9a5
[INFO] [stderr]                                  at /rustc/1b7dd2252b99671ce5d1cb9664c5f8636329436d/library/std/src/sys_common/backtrace.rs:47:5
[INFO] [stderr]      7:     0x55b2b1749de5 - std::sys_common::backtrace::print::hf9ecbf41d1aa712f
[INFO] [stderr]                                  at /rustc/1b7dd2252b99671ce5d1cb9664c5f8636329436d/library/std/src/sys_common/backtrace.rs:34:9
[INFO] [stderr]      8:     0x55b2b174b6ae - std::panicking::default_hook::{{closure}}::h04c07acfc84ca028
[INFO] [stderr]                                  at /rustc/1b7dd2252b99671ce5d1cb9664c5f8636329436d/library/std/src/panicking.rs:269:22
[INFO] [stderr]      9:     0x55b2b174b455 - std::panicking::default_hook::h01f6bb23e1eceb2c
[INFO] [stderr]                                  at /rustc/1b7dd2252b99671ce5d1cb9664c5f8636329436d/library/std/src/panicking.rs:288:9
[INFO] [stderr]     10:     0x55b2b174bc0e - std::panicking::rust_panic_with_hook::h2bb3722bbaf2f6df
[INFO] [stderr]                                  at /rustc/1b7dd2252b99671ce5d1cb9664c5f8636329436d/library/std/src/panicking.rs:691:13
[INFO] [stderr]     11:     0x55b2b174bb09 - std::panicking::begin_panic_handler::{{closure}}::h91bc7f36a4be011b
[INFO] [stderr]                                  at /rustc/1b7dd2252b99671ce5d1cb9664c5f8636329436d/library/std/src/panicking.rs:582:13
[INFO] [stderr]     12:     0x55b2b174a486 - std::sys_common::backtrace::__rust_end_short_backtrace::h8b3d3717114f9e59
[INFO] [stderr]                                  at /rustc/1b7dd2252b99671ce5d1cb9664c5f8636329436d/library/std/src/sys_common/backtrace.rs:150:18
[INFO] [stderr]     13:     0x55b2b174b862 - rust_begin_unwind
[INFO] [stderr]                                  at /rustc/1b7dd2252b99671ce5d1cb9664c5f8636329436d/library/std/src/panicking.rs:578:5
[INFO] [stderr]     14:     0x55b2b16b87f3 - core::panicking::panic_fmt::hfd368e3fbdabea26
[INFO] [stderr]                                  at /rustc/1b7dd2252b99671ce5d1cb9664c5f8636329436d/library/core/src/panicking.rs:67:14
[INFO] [stderr]     15:     0x55b2b16bba08 - build_script_main::validate_headers::h1aea8582535f2147
[INFO] [stderr]     16:     0x55b2b16c4b66 - build_script_main::find::try_pkg_config::h1b3330ce3522942a
[INFO] [stderr]     17:     0x55b2b16c3936 - build_script_main::find::find_openssl_dir::he1b302a09c5fc891
[INFO] [stderr]     18:     0x55b2b16c3782 - build_script_main::find::get_openssl::{{closure}}::h327d39f63861fc5e
[INFO] [stderr]     19:     0x55b2b16c2d1a - core::option::Option<T>::unwrap_or_else::hb9de1ce02705e426
[INFO] [stderr]     20:     0x55b2b16c3480 - build_script_main::find::get_openssl::h6848f700019f9f6c
[INFO] [stderr]     21:     0x55b2b16ba805 - build_script_main::main::haa7ba1a8d21e381b
[INFO] [stderr]     22:     0x55b2b16c51c3 - core::ops::function::FnOnce::call_once::he89aff5dc67b9025
[INFO] [stderr]     23:     0x55b2b16bd956 - std::sys_common::backtrace::__rust_begin_short_backtrace::h5c1ea4028198de06
[INFO] [stderr]     24:     0x55b2b16c2979 - std::rt::lang_start::{{closure}}::h51358aee5bcbd3e5
[INFO] [stderr]     25:     0x55b2b1743e8e - core::ops::function::impls::<impl core::ops::function::FnOnce<A> for &F>::call_once::h2eb19b8ce4148df4
[INFO] [stderr]                                  at /rustc/1b7dd2252b99671ce5d1cb9664c5f8636329436d/library/core/src/ops/function.rs:287:13
[INFO] [stderr]     26:     0x55b2b1743e8e - std::panicking::try::do_call::h2e900feff5d504c5
[INFO] [stderr]                                  at /rustc/1b7dd2252b99671ce5d1cb9664c5f8636329436d/library/std/src/panicking.rs:485:40
[INFO] [stderr]     27:     0x55b2b1743e8e - std::panicking::try::h8854836cb85aa9f2
[INFO] [stderr]                                  at /rustc/1b7dd2252b99671ce5d1cb9664c5f8636329436d/library/std/src/panicking.rs:449:19
[INFO] [stderr]     28:     0x55b2b1743e8e - std::panic::catch_unwind::h706025dd4c48f64b
[INFO] [stderr]                                  at /rustc/1b7dd2252b99671ce5d1cb9664c5f8636329436d/library/std/src/panic.rs:140:14
[INFO] [stderr]     29:     0x55b2b1743e8e - std::rt::lang_start_internal::{{closure}}::h7be5b97f4a07a91a
[INFO] [stderr]                                  at /rustc/1b7dd2252b99671ce5d1cb9664c5f8636329436d/library/std/src/rt.rs:148:48
[INFO] [stderr]     30:     0x55b2b1743e8e - std::panicking::try::do_call::h59847e9d0a176965
[INFO] [stderr]                                  at /rustc/1b7dd2252b99671ce5d1cb9664c5f8636329436d/library/std/src/panicking.rs:485:40
[INFO] [stderr]     31:     0x55b2b1743e8e - std::panicking::try::h399a918ba8522823
[INFO] [stderr]                                  at /rustc/1b7dd2252b99671ce5d1cb9664c5f8636329436d/library/std/src/panicking.rs:449:19
[INFO] [stderr]     32:     0x55b2b1743e8e - std::panic::catch_unwind::hca7ca6c55b2a2e26
[INFO] [stderr]                                  at /rustc/1b7dd2252b99671ce5d1cb9664c5f8636329436d/library/std/src/panic.rs:140:14
[INFO] [stderr]     33:     0x55b2b1743e8e - std::rt::lang_start_internal::h2c807a81560459eb
[INFO] [stderr]                                  at /rustc/1b7dd2252b99671ce5d1cb9664c5f8636329436d/library/std/src/rt.rs:148:20
[INFO] [stderr]     34:     0x55b2b16c2957 - std::rt::lang_start::hb292e7040a472a3b
[INFO] [stderr]     35:     0x55b2b16bd7a5 - main
[INFO] [stderr]     36:     0x7f414dcc1d90 - <unknown>
[INFO] [stderr]     37:     0x7f414dcc1e40 - __libc_start_main
[INFO] [stderr]     38:     0x55b2b16b8e65 - _start
[INFO] [stderr]     39:                0x0 - <unknown>
[INFO] [stderr] warning: build failed, waiting for other jobs to finish...
[INFO] running `Command { std: "docker" "inspect" "e0466c80ea11c8fbc38033525fd98f950161c8d6ca878ea1f23e5b6c961cba5f", kill_on_drop: false }`
[INFO] running `Command { std: "docker" "rm" "-f" "e0466c80ea11c8fbc38033525fd98f950161c8d6ca878ea1f23e5b6c961cba5f", kill_on_drop: false }`
[INFO] [stdout] e0466c80ea11c8fbc38033525fd98f950161c8d6ca878ea1f23e5b6c961cba5f
