[INFO] cloning repository https://github.com/grasslandnetwork/substrate_node
[INFO] running `Command { std: "git" "-c" "credential.helper=" "-c" "credential.helper=/workspace/cargo-home/bin/git-credential-null" "clone" "--bare" "https://github.com/grasslandnetwork/substrate_node" "/workspace/cache/git-repos/https%3A%2F%2Fgithub.com%2Fgrasslandnetwork%2Fsubstrate_node", kill_on_drop: false }`
[INFO] [stderr] Cloning into bare repository '/workspace/cache/git-repos/https%3A%2F%2Fgithub.com%2Fgrasslandnetwork%2Fsubstrate_node'...
[INFO] running `Command { std: "git" "rev-parse" "HEAD", kill_on_drop: false }`
[INFO] [stdout] 10e62ab60c74a3c3a8b3e18bb0afc74f13ef17ec
[INFO] documenting grasslandnetwork/substrate_node against 1.69.0 for beta-1.70-rustdoc-1
[INFO] running `Command { std: "git" "clone" "/workspace/cache/git-repos/https%3A%2F%2Fgithub.com%2Fgrasslandnetwork%2Fsubstrate_node" "/workspace/builds/worker-7-tc1/source", kill_on_drop: false }`
[INFO] [stderr] Cloning into '/workspace/builds/worker-7-tc1/source'...
[INFO] [stderr] done.
[INFO] validating manifest of git repo https://github.com/grasslandnetwork/substrate_node on toolchain 1.69.0
[INFO] running `Command { std: CARGO_HOME="/workspace/cargo-home" RUSTUP_HOME="/workspace/rustup-home" "/workspace/cargo-home/bin/cargo" "+1.69.0" "metadata" "--manifest-path" "Cargo.toml" "--no-deps", kill_on_drop: false }`
[INFO] started tweaking git repo https://github.com/grasslandnetwork/substrate_node
[INFO] finished tweaking git repo https://github.com/grasslandnetwork/substrate_node
[INFO] tweaked toml for git repo https://github.com/grasslandnetwork/substrate_node written to /workspace/builds/worker-7-tc1/source/Cargo.toml
[INFO] crate git repo https://github.com/grasslandnetwork/substrate_node already has a lockfile, it will not be regenerated
[INFO] running `Command { std: CARGO_HOME="/workspace/cargo-home" RUSTUP_HOME="/workspace/rustup-home" "/workspace/cargo-home/bin/cargo" "+1.69.0" "fetch" "--manifest-path" "Cargo.toml", kill_on_drop: false }`
[INFO] [stderr] warning: /workspace/builds/worker-7-tc1/source/node/Cargo.toml: unused manifest key: dependencies.frame-benchmarking. branch
[INFO] [stderr] warning: /workspace/builds/worker-7-tc1/source/node/Cargo.toml: unused manifest key: dependencies.frame-benchmarking-cli. branch
[INFO] [stderr] warning: /workspace/builds/worker-7-tc1/source/node/Cargo.toml: unused manifest key: dependencies.frame-system. branch
[INFO] [stderr] warning: /workspace/builds/worker-7-tc1/source/node/Cargo.toml: unused manifest key: dependencies.pallet-transaction-payment. branch
[INFO] [stderr] warning: /workspace/builds/worker-7-tc1/source/node/Cargo.toml: unused manifest key: dependencies.pallet-transaction-payment-rpc. branch
[INFO] [stderr] warning: /workspace/builds/worker-7-tc1/source/node/Cargo.toml: unused manifest key: dependencies.sc-basic-authorship. branch
[INFO] [stderr] warning: /workspace/builds/worker-7-tc1/source/node/Cargo.toml: unused manifest key: dependencies.sc-cli. branch
[INFO] [stderr] warning: /workspace/builds/worker-7-tc1/source/node/Cargo.toml: unused manifest key: dependencies.sc-client-api. branch
[INFO] [stderr] warning: /workspace/builds/worker-7-tc1/source/node/Cargo.toml: unused manifest key: dependencies.sc-consensus. branch
[INFO] [stderr] warning: /workspace/builds/worker-7-tc1/source/node/Cargo.toml: unused manifest key: dependencies.sc-consensus-aura. branch
[INFO] [stderr] warning: /workspace/builds/worker-7-tc1/source/node/Cargo.toml: unused manifest key: dependencies.sc-executor. branch
[INFO] [stderr] warning: /workspace/builds/worker-7-tc1/source/node/Cargo.toml: unused manifest key: dependencies.sc-finality-grandpa. branch
[INFO] [stderr] warning: /workspace/builds/worker-7-tc1/source/node/Cargo.toml: unused manifest key: dependencies.sc-keystore. branch
[INFO] [stderr] warning: /workspace/builds/worker-7-tc1/source/node/Cargo.toml: unused manifest key: dependencies.sc-rpc. branch
[INFO] [stderr] warning: /workspace/builds/worker-7-tc1/source/node/Cargo.toml: unused manifest key: dependencies.sc-rpc-api. branch
[INFO] [stderr] warning: /workspace/builds/worker-7-tc1/source/node/Cargo.toml: unused manifest key: dependencies.sc-service. branch
[INFO] [stderr] warning: /workspace/builds/worker-7-tc1/source/node/Cargo.toml: unused manifest key: dependencies.sc-telemetry. branch
[INFO] [stderr] warning: /workspace/builds/worker-7-tc1/source/node/Cargo.toml: unused manifest key: dependencies.sc-transaction-pool. branch
[INFO] [stderr] warning: /workspace/builds/worker-7-tc1/source/node/Cargo.toml: unused manifest key: dependencies.sc-transaction-pool-api. branch
[INFO] [stderr] warning: /workspace/builds/worker-7-tc1/source/node/Cargo.toml: unused manifest key: dependencies.sp-api. branch
[INFO] [stderr] warning: /workspace/builds/worker-7-tc1/source/node/Cargo.toml: unused manifest key: dependencies.sp-block-builder. branch
[INFO] [stderr] warning: /workspace/builds/worker-7-tc1/source/node/Cargo.toml: unused manifest key: dependencies.sp-blockchain. branch
[INFO] [stderr] warning: /workspace/builds/worker-7-tc1/source/node/Cargo.toml: unused manifest key: dependencies.sp-consensus. branch
[INFO] [stderr] warning: /workspace/builds/worker-7-tc1/source/node/Cargo.toml: unused manifest key: dependencies.sp-consensus-aura. branch
[INFO] [stderr] warning: /workspace/builds/worker-7-tc1/source/node/Cargo.toml: unused manifest key: dependencies.sp-core. branch
[INFO] [stderr] warning: /workspace/builds/worker-7-tc1/source/node/Cargo.toml: unused manifest key: dependencies.sp-finality-grandpa. branch
[INFO] [stderr] warning: /workspace/builds/worker-7-tc1/source/node/Cargo.toml: unused manifest key: dependencies.sp-inherents. branch
[INFO] [stderr] warning: /workspace/builds/worker-7-tc1/source/node/Cargo.toml: unused manifest key: dependencies.sp-keyring. branch
[INFO] [stderr] warning: /workspace/builds/worker-7-tc1/source/node/Cargo.toml: unused manifest key: dependencies.sp-runtime. branch
[INFO] [stderr] warning: /workspace/builds/worker-7-tc1/source/node/Cargo.toml: unused manifest key: dependencies.sp-timestamp. branch
[INFO] [stderr] warning: /workspace/builds/worker-7-tc1/source/node/Cargo.toml: unused manifest key: dependencies.substrate-frame-rpc-system. branch
[INFO] [stderr] warning: /workspace/builds/worker-7-tc1/source/node/Cargo.toml: unused manifest key: dependencies.try-runtime-cli. branch
[INFO] [stderr] warning: /workspace/builds/worker-7-tc1/source/node/Cargo.toml: unused manifest key: build-dependencies.substrate-build-script-utils. branch
[INFO] [stderr] warning: /workspace/builds/worker-7-tc1/source/runtime/Cargo.toml: unused manifest key: dependencies.frame-benchmarking. branch
[INFO] [stderr] warning: /workspace/builds/worker-7-tc1/source/runtime/Cargo.toml: unused manifest key: dependencies.frame-executive. branch
[INFO] [stderr] warning: /workspace/builds/worker-7-tc1/source/runtime/Cargo.toml: unused manifest key: dependencies.frame-support. branch
[INFO] [stderr] warning: /workspace/builds/worker-7-tc1/source/runtime/Cargo.toml: unused manifest key: dependencies.frame-system. branch
[INFO] [stderr] warning: /workspace/builds/worker-7-tc1/source/runtime/Cargo.toml: unused manifest key: dependencies.frame-system-benchmarking. branch
[INFO] [stderr] warning: /workspace/builds/worker-7-tc1/source/runtime/Cargo.toml: unused manifest key: dependencies.frame-system-rpc-runtime-api. branch
[INFO] [stderr] warning: /workspace/builds/worker-7-tc1/source/runtime/Cargo.toml: unused manifest key: dependencies.frame-try-runtime. branch
[INFO] [stderr] warning: /workspace/builds/worker-7-tc1/source/runtime/Cargo.toml: unused manifest key: dependencies.pallet-aura. branch
[INFO] [stderr] warning: /workspace/builds/worker-7-tc1/source/runtime/Cargo.toml: unused manifest key: dependencies.pallet-balances. branch
[INFO] [stderr] warning: /workspace/builds/worker-7-tc1/source/runtime/Cargo.toml: unused manifest key: dependencies.pallet-grandpa. branch
[INFO] [stderr] warning: /workspace/builds/worker-7-tc1/source/runtime/Cargo.toml: unused manifest key: dependencies.pallet-randomness-collective-flip. branch
[INFO] [stderr] warning: /workspace/builds/worker-7-tc1/source/runtime/Cargo.toml: unused manifest key: dependencies.pallet-sudo. branch
[INFO] [stderr] warning: /workspace/builds/worker-7-tc1/source/runtime/Cargo.toml: unused manifest key: dependencies.pallet-timestamp. branch
[INFO] [stderr] warning: /workspace/builds/worker-7-tc1/source/runtime/Cargo.toml: unused manifest key: dependencies.pallet-transaction-payment. branch
[INFO] [stderr] warning: /workspace/builds/worker-7-tc1/source/runtime/Cargo.toml: unused manifest key: dependencies.pallet-transaction-payment-rpc-runtime-api. branch
[INFO] [stderr] warning: /workspace/builds/worker-7-tc1/source/runtime/Cargo.toml: unused manifest key: dependencies.sp-api. branch
[INFO] [stderr] warning: /workspace/builds/worker-7-tc1/source/runtime/Cargo.toml: unused manifest key: dependencies.sp-block-builder. branch
[INFO] [stderr] warning: /workspace/builds/worker-7-tc1/source/runtime/Cargo.toml: unused manifest key: dependencies.sp-consensus-aura. branch
[INFO] [stderr] warning: /workspace/builds/worker-7-tc1/source/runtime/Cargo.toml: unused manifest key: dependencies.sp-core. branch
[INFO] [stderr] warning: /workspace/builds/worker-7-tc1/source/runtime/Cargo.toml: unused manifest key: dependencies.sp-inherents. branch
[INFO] [stderr] warning: /workspace/builds/worker-7-tc1/source/runtime/Cargo.toml: unused manifest key: dependencies.sp-offchain. branch
[INFO] [stderr] warning: /workspace/builds/worker-7-tc1/source/runtime/Cargo.toml: unused manifest key: dependencies.sp-runtime. branch
[INFO] [stderr] warning: /workspace/builds/worker-7-tc1/source/runtime/Cargo.toml: unused manifest key: dependencies.sp-session. branch
[INFO] [stderr] warning: /workspace/builds/worker-7-tc1/source/runtime/Cargo.toml: unused manifest key: dependencies.sp-std. branch
[INFO] [stderr] warning: /workspace/builds/worker-7-tc1/source/runtime/Cargo.toml: unused manifest key: dependencies.sp-transaction-pool. branch
[INFO] [stderr] warning: /workspace/builds/worker-7-tc1/source/runtime/Cargo.toml: unused manifest key: dependencies.sp-version. branch
[INFO] [stderr] warning: /workspace/builds/worker-7-tc1/source/runtime/Cargo.toml: unused manifest key: build-dependencies.substrate-wasm-builder. branch
[INFO] [stderr] warning: /workspace/builds/worker-7-tc1/source/pallets/template/Cargo.toml: unused manifest key: dependencies.frame-benchmarking. branch
[INFO] [stderr] warning: /workspace/builds/worker-7-tc1/source/pallets/template/Cargo.toml: unused manifest key: dependencies.frame-support. branch
[INFO] [stderr] warning: /workspace/builds/worker-7-tc1/source/pallets/template/Cargo.toml: unused manifest key: dependencies.frame-system. branch
[INFO] [stderr] warning: /workspace/builds/worker-7-tc1/source/pallets/template/Cargo.toml: unused manifest key: dev-dependencies.sp-core. branch
[INFO] [stderr] warning: /workspace/builds/worker-7-tc1/source/pallets/template/Cargo.toml: unused manifest key: dev-dependencies.sp-io. branch
[INFO] [stderr] warning: /workspace/builds/worker-7-tc1/source/pallets/template/Cargo.toml: unused manifest key: dev-dependencies.sp-runtime. branch
[INFO] [stderr]  Downloading crates ...
[INFO] [stderr]   Downloaded paste v1.0.10
[INFO] [stderr]   Downloaded blake2 v0.10.5
[INFO] [stderr]   Downloaded secp256k1 v0.24.2
[INFO] [stderr]   Downloaded async-trait v0.1.59
[INFO] [stderr]   Downloaded finality-grandpa v0.16.0
[INFO] [stderr]   Downloaded libp2p-yamux v0.41.1
[INFO] [stderr]   Downloaded prost-build v0.11.4
[INFO] [stderr]   Downloaded libp2p-core v0.37.0
[INFO] [stderr]   Downloaded prettyplease v0.1.21
[INFO] [stderr]   Downloaded netlink-sys v0.8.3
[INFO] [stderr]   Downloaded if-watch v2.0.0
[INFO] [stderr]   Downloaded libp2p-ping v0.40.1
[INFO] [stderr]   Downloaded libp2p-metrics v0.10.0
[INFO] [stderr]   Downloaded libp2p-mplex v0.37.0
[INFO] [stderr]   Downloaded libp2p-dns v0.37.0
[INFO] [stderr]   Downloaded prost-codec v0.2.0
[INFO] [stderr]   Downloaded serde_nanos v0.1.2
[INFO] [stderr]   Downloaded libp2p-identify v0.40.0
[INFO] [stderr]   Downloaded parity-db v0.4.2
[INFO] [stderr]   Downloaded dtoa v1.0.4
[INFO] [stderr]   Downloaded libp2p-mdns v0.41.0
[INFO] [stderr]   Downloaded prost v0.11.3
[INFO] [stderr]   Downloaded predicates v2.1.4
[INFO] [stderr]   Downloaded handlebars v4.3.5
[INFO] [stderr]   Downloaded parity-scale-codec-derive v3.1.3
[INFO] [stderr]   Downloaded comfy-table v6.1.3
[INFO] [stderr]   Downloaded ref-cast v1.0.13
[INFO] [stderr]   Downloaded ref-cast-impl v1.0.13
[INFO] [stderr]   Downloaded libp2p-wasm-ext v0.37.0
[INFO] [stderr]   Downloaded prost-types v0.11.2
[INFO] [stderr]   Downloaded ss58-registry v1.36.0
[INFO] [stderr]   Downloaded libp2p-kad v0.41.0
[INFO] [stderr]   Downloaded libp2p-noise v0.40.0
[INFO] [stderr]   Downloaded libp2p-request-response v0.22.1
[INFO] [stderr]   Downloaded libp2p-swarm v0.40.1
[INFO] [stderr]   Downloaded libp2p-swarm-derive v0.30.1
[INFO] [stderr]   Downloaded libp2p-tcp v0.37.0
[INFO] [stderr]   Downloaded libp2p-websocket v0.39.0
[INFO] [stderr]   Downloaded prost-derive v0.11.2
[INFO] [stderr]   Downloaded libp2p v0.49.0
[INFO] [stderr]   Downloaded multiaddr v0.14.0
[INFO] [stderr]   Downloaded parity-scale-codec v3.2.1
[INFO] running `Command { std: "docker" "create" "-v" "/var/lib/crater-agent-workspace/builds/worker-7-tc1/target:/opt/rustwide/target:rw,Z" "-v" "/var/lib/crater-agent-workspace/builds/worker-7-tc1/source:/opt/rustwide/workdir:ro,Z" "-v" "/var/lib/crater-agent-workspace/cargo-home:/opt/rustwide/cargo-home:ro,Z" "-v" "/var/lib/crater-agent-workspace/rustup-home:/opt/rustwide/rustup-home:ro,Z" "-e" "SOURCE_DIR=/opt/rustwide/workdir" "-e" "CARGO_TARGET_DIR=/opt/rustwide/target" "-e" "CARGO_HOME=/opt/rustwide/cargo-home" "-e" "RUSTUP_HOME=/opt/rustwide/rustup-home" "-w" "/opt/rustwide/workdir" "-m" "1610612736" "--user" "0:0" "--network" "none" "ghcr.io/rust-lang/crates-build-env/linux@sha256:5ff2268d62e97bff2cde7d5815dd6ed5b47097566f13b8d0ca110b04b60e07ed" "/opt/rustwide/cargo-home/bin/cargo" "+1.69.0" "metadata" "--no-deps" "--format-version=1", kill_on_drop: false }`
[INFO] [stdout] d5a03f9541fd874ce818bde1c5959eee2e5414aaf61d5d360d907f3f0dd53226
[INFO] running `Command { std: "docker" "start" "-a" "d5a03f9541fd874ce818bde1c5959eee2e5414aaf61d5d360d907f3f0dd53226", kill_on_drop: false }`
[INFO] running `Command { std: "docker" "inspect" "d5a03f9541fd874ce818bde1c5959eee2e5414aaf61d5d360d907f3f0dd53226", kill_on_drop: false }`
[INFO] running `Command { std: "docker" "rm" "-f" "d5a03f9541fd874ce818bde1c5959eee2e5414aaf61d5d360d907f3f0dd53226", kill_on_drop: false }`
[INFO] [stdout] d5a03f9541fd874ce818bde1c5959eee2e5414aaf61d5d360d907f3f0dd53226
[INFO] running `Command { std: "docker" "create" "-v" "/var/lib/crater-agent-workspace/builds/worker-7-tc1/target:/opt/rustwide/target:rw,Z" "-v" "/var/lib/crater-agent-workspace/builds/worker-7-tc1/source:/opt/rustwide/workdir:ro,Z" "-v" "/var/lib/crater-agent-workspace/cargo-home:/opt/rustwide/cargo-home:ro,Z" "-v" "/var/lib/crater-agent-workspace/rustup-home:/opt/rustwide/rustup-home:ro,Z" "-e" "SOURCE_DIR=/opt/rustwide/workdir" "-e" "CARGO_TARGET_DIR=/opt/rustwide/target" "-e" "CARGO_INCREMENTAL=0" "-e" "RUST_BACKTRACE=full" "-e" "RUSTFLAGS=--cap-lints=warn" "-e" "RUSTDOCFLAGS=--cap-lints=warn" "-e" "CARGO_HOME=/opt/rustwide/cargo-home" "-e" "RUSTUP_HOME=/opt/rustwide/rustup-home" "-w" "/opt/rustwide/workdir" "-m" "1610612736" "--user" "0:0" "--network" "none" "ghcr.io/rust-lang/crates-build-env/linux@sha256:5ff2268d62e97bff2cde7d5815dd6ed5b47097566f13b8d0ca110b04b60e07ed" "/opt/rustwide/cargo-home/bin/cargo" "+1.69.0" "doc" "--frozen" "--no-deps" "--document-private-items" "--message-format=json", kill_on_drop: false }`
[INFO] [stdout] d97d61319164ab7d15e6b32b2a8f6e681cf42158d26eecdda010d51a80e08047
[INFO] running `Command { std: "docker" "start" "-a" "d97d61319164ab7d15e6b32b2a8f6e681cf42158d26eecdda010d51a80e08047", kill_on_drop: false }`
[INFO] [stderr] warning: /opt/rustwide/workdir/node/Cargo.toml: unused manifest key: dependencies.frame-benchmarking. branch
[INFO] [stderr] warning: /opt/rustwide/workdir/node/Cargo.toml: unused manifest key: dependencies.frame-benchmarking-cli. branch
[INFO] [stderr] warning: /opt/rustwide/workdir/node/Cargo.toml: unused manifest key: dependencies.frame-system. branch
[INFO] [stderr] warning: /opt/rustwide/workdir/node/Cargo.toml: unused manifest key: dependencies.pallet-transaction-payment. branch
[INFO] [stderr] warning: /opt/rustwide/workdir/node/Cargo.toml: unused manifest key: dependencies.pallet-transaction-payment-rpc. branch
[INFO] [stderr] warning: /opt/rustwide/workdir/node/Cargo.toml: unused manifest key: dependencies.sc-basic-authorship. branch
[INFO] [stderr] warning: /opt/rustwide/workdir/node/Cargo.toml: unused manifest key: dependencies.sc-cli. branch
[INFO] [stderr] warning: /opt/rustwide/workdir/node/Cargo.toml: unused manifest key: dependencies.sc-client-api. branch
[INFO] [stderr] warning: /opt/rustwide/workdir/node/Cargo.toml: unused manifest key: dependencies.sc-consensus. branch
[INFO] [stderr] warning: /opt/rustwide/workdir/node/Cargo.toml: unused manifest key: dependencies.sc-consensus-aura. branch
[INFO] [stderr] warning: /opt/rustwide/workdir/node/Cargo.toml: unused manifest key: dependencies.sc-executor. branch
[INFO] [stderr] warning: /opt/rustwide/workdir/node/Cargo.toml: unused manifest key: dependencies.sc-finality-grandpa. branch
[INFO] [stderr] warning: /opt/rustwide/workdir/node/Cargo.toml: unused manifest key: dependencies.sc-keystore. branch
[INFO] [stderr] warning: /opt/rustwide/workdir/node/Cargo.toml: unused manifest key: dependencies.sc-rpc. branch
[INFO] [stderr] warning: /opt/rustwide/workdir/node/Cargo.toml: unused manifest key: dependencies.sc-rpc-api. branch
[INFO] [stderr] warning: /opt/rustwide/workdir/node/Cargo.toml: unused manifest key: dependencies.sc-service. branch
[INFO] [stderr] warning: /opt/rustwide/workdir/node/Cargo.toml: unused manifest key: dependencies.sc-telemetry. branch
[INFO] [stderr] warning: /opt/rustwide/workdir/node/Cargo.toml: unused manifest key: dependencies.sc-transaction-pool. branch
[INFO] [stderr] warning: /opt/rustwide/workdir/node/Cargo.toml: unused manifest key: dependencies.sc-transaction-pool-api. branch
[INFO] [stderr] warning: /opt/rustwide/workdir/node/Cargo.toml: unused manifest key: dependencies.sp-api. branch
[INFO] [stderr] warning: /opt/rustwide/workdir/node/Cargo.toml: unused manifest key: dependencies.sp-block-builder. branch
[INFO] [stderr] warning: /opt/rustwide/workdir/node/Cargo.toml: unused manifest key: dependencies.sp-blockchain. branch
[INFO] [stderr] warning: /opt/rustwide/workdir/node/Cargo.toml: unused manifest key: dependencies.sp-consensus. branch
[INFO] [stderr] warning: /opt/rustwide/workdir/node/Cargo.toml: unused manifest key: dependencies.sp-consensus-aura. branch
[INFO] [stderr] warning: /opt/rustwide/workdir/node/Cargo.toml: unused manifest key: dependencies.sp-core. branch
[INFO] [stderr] warning: /opt/rustwide/workdir/node/Cargo.toml: unused manifest key: dependencies.sp-finality-grandpa. branch
[INFO] [stderr] warning: /opt/rustwide/workdir/node/Cargo.toml: unused manifest key: dependencies.sp-inherents. branch
[INFO] [stderr] warning: /opt/rustwide/workdir/node/Cargo.toml: unused manifest key: dependencies.sp-keyring. branch
[INFO] [stderr] warning: /opt/rustwide/workdir/node/Cargo.toml: unused manifest key: dependencies.sp-runtime. branch
[INFO] [stderr] warning: /opt/rustwide/workdir/node/Cargo.toml: unused manifest key: dependencies.sp-timestamp. branch
[INFO] [stderr] warning: /opt/rustwide/workdir/node/Cargo.toml: unused manifest key: dependencies.substrate-frame-rpc-system. branch
[INFO] [stderr] warning: /opt/rustwide/workdir/node/Cargo.toml: unused manifest key: dependencies.try-runtime-cli. branch
[INFO] [stderr] warning: /opt/rustwide/workdir/node/Cargo.toml: unused manifest key: build-dependencies.substrate-build-script-utils. branch
[INFO] [stderr] warning: /opt/rustwide/workdir/runtime/Cargo.toml: unused manifest key: dependencies.frame-benchmarking. branch
[INFO] [stderr] warning: /opt/rustwide/workdir/runtime/Cargo.toml: unused manifest key: dependencies.frame-executive. branch
[INFO] [stderr] warning: /opt/rustwide/workdir/runtime/Cargo.toml: unused manifest key: dependencies.frame-support. branch
[INFO] [stderr] warning: /opt/rustwide/workdir/runtime/Cargo.toml: unused manifest key: dependencies.frame-system. branch
[INFO] [stderr] warning: /opt/rustwide/workdir/runtime/Cargo.toml: unused manifest key: dependencies.frame-system-benchmarking. branch
[INFO] [stderr] warning: /opt/rustwide/workdir/runtime/Cargo.toml: unused manifest key: dependencies.frame-system-rpc-runtime-api. branch
[INFO] [stderr] warning: /opt/rustwide/workdir/runtime/Cargo.toml: unused manifest key: dependencies.frame-try-runtime. branch
[INFO] [stderr] warning: /opt/rustwide/workdir/runtime/Cargo.toml: unused manifest key: dependencies.pallet-aura. branch
[INFO] [stderr] warning: /opt/rustwide/workdir/runtime/Cargo.toml: unused manifest key: dependencies.pallet-balances. branch
[INFO] [stderr] warning: /opt/rustwide/workdir/runtime/Cargo.toml: unused manifest key: dependencies.pallet-grandpa. branch
[INFO] [stderr] warning: /opt/rustwide/workdir/runtime/Cargo.toml: unused manifest key: dependencies.pallet-randomness-collective-flip. branch
[INFO] [stderr] warning: /opt/rustwide/workdir/runtime/Cargo.toml: unused manifest key: dependencies.pallet-sudo. branch
[INFO] [stderr] warning: /opt/rustwide/workdir/runtime/Cargo.toml: unused manifest key: dependencies.pallet-timestamp. branch
[INFO] [stderr] warning: /opt/rustwide/workdir/runtime/Cargo.toml: unused manifest key: dependencies.pallet-transaction-payment. branch
[INFO] [stderr] warning: /opt/rustwide/workdir/runtime/Cargo.toml: unused manifest key: dependencies.pallet-transaction-payment-rpc-runtime-api. branch
[INFO] [stderr] warning: /opt/rustwide/workdir/runtime/Cargo.toml: unused manifest key: dependencies.sp-api. branch
[INFO] [stderr] warning: /opt/rustwide/workdir/runtime/Cargo.toml: unused manifest key: dependencies.sp-block-builder. branch
[INFO] [stderr] warning: /opt/rustwide/workdir/runtime/Cargo.toml: unused manifest key: dependencies.sp-consensus-aura. branch
[INFO] [stderr] warning: /opt/rustwide/workdir/runtime/Cargo.toml: unused manifest key: dependencies.sp-core. branch
[INFO] [stderr] warning: /opt/rustwide/workdir/runtime/Cargo.toml: unused manifest key: dependencies.sp-inherents. branch
[INFO] [stderr] warning: /opt/rustwide/workdir/runtime/Cargo.toml: unused manifest key: dependencies.sp-offchain. branch
[INFO] [stderr] warning: /opt/rustwide/workdir/runtime/Cargo.toml: unused manifest key: dependencies.sp-runtime. branch
[INFO] [stderr] warning: /opt/rustwide/workdir/runtime/Cargo.toml: unused manifest key: dependencies.sp-session. branch
[INFO] [stderr] warning: /opt/rustwide/workdir/runtime/Cargo.toml: unused manifest key: dependencies.sp-std. branch
[INFO] [stderr] warning: /opt/rustwide/workdir/runtime/Cargo.toml: unused manifest key: dependencies.sp-transaction-pool. branch
[INFO] [stderr] warning: /opt/rustwide/workdir/runtime/Cargo.toml: unused manifest key: dependencies.sp-version. branch
[INFO] [stderr] warning: /opt/rustwide/workdir/runtime/Cargo.toml: unused manifest key: build-dependencies.substrate-wasm-builder. branch
[INFO] [stderr] warning: /opt/rustwide/workdir/pallets/template/Cargo.toml: unused manifest key: dependencies.frame-benchmarking. branch
[INFO] [stderr] warning: /opt/rustwide/workdir/pallets/template/Cargo.toml: unused manifest key: dependencies.frame-support. branch
[INFO] [stderr] warning: /opt/rustwide/workdir/pallets/template/Cargo.toml: unused manifest key: dependencies.frame-system. branch
[INFO] [stderr] warning: /opt/rustwide/workdir/pallets/template/Cargo.toml: unused manifest key: dev-dependencies.sp-core. branch
[INFO] [stderr] warning: /opt/rustwide/workdir/pallets/template/Cargo.toml: unused manifest key: dev-dependencies.sp-io. branch
[INFO] [stderr] warning: /opt/rustwide/workdir/pallets/template/Cargo.toml: unused manifest key: dev-dependencies.sp-runtime. branch
[INFO] [stderr]    Compiling libc v0.2.138
[INFO] [stderr]    Compiling proc-macro2 v1.0.47
[INFO] [stderr]    Compiling quote v1.0.21
[INFO] [stderr]    Compiling unicode-ident v1.0.5
[INFO] [stderr]    Compiling syn v1.0.105
[INFO] [stderr]    Compiling autocfg v1.1.0
[INFO] [stderr]    Compiling version_check v0.9.4
[INFO] [stderr]    Compiling memchr v2.5.0
[INFO] [stderr]    Compiling serde_derive v1.0.150
[INFO] [stderr]    Compiling serde v1.0.150
[INFO] [stderr]    Compiling typenum v1.16.0
[INFO] [stderr]    Compiling generic-array v0.14.6
[INFO] [stderr]    Compiling log v0.4.17
[INFO] [stderr]    Compiling once_cell v1.16.0
[INFO] [stderr]    Compiling thiserror v1.0.37
[INFO] [stderr]    Compiling ahash v0.7.6
[INFO] [stderr]    Compiling anyhow v1.0.66
[INFO] [stderr]     Checking pin-project-lite v0.2.9
[INFO] [stderr]    Compiling indexmap v1.9.2
[INFO] [stderr]    Compiling futures-core v0.3.25
[INFO] [stderr]     Checking subtle v2.4.1
[INFO] [stderr]     Checking smallvec v1.10.0
[INFO] [stderr]     Checking getrandom v0.2.8
[INFO] [stderr]     Checking bytes v1.3.0
[INFO] [stderr]     Checking futures-io v0.3.25
[INFO] [stderr]     Checking rand_core v0.6.4
[INFO] [stderr]     Checking scopeguard v1.1.0
[INFO] [stderr]    Compiling slab v0.4.7
[INFO] [stderr]    Compiling regex-syntax v0.6.28
[INFO] [stderr]    Compiling jobserver v0.1.25
[INFO] [stderr]     Checking num_cpus v1.14.0
[INFO] [stderr]    Compiling cc v1.0.77
[INFO] [stderr]     Checking futures-sink v0.3.25
[INFO] [stderr]    Compiling aho-corasick v0.7.20
[INFO] [stderr]    Compiling futures-task v0.3.25
[INFO] [stderr]    Compiling futures-channel v0.3.25
[INFO] [stderr]    Compiling lock_api v0.4.9
[INFO] [stderr]     Checking byteorder v1.4.3
[INFO] [stderr]    Compiling futures-util v0.3.25
[INFO] [stderr]    Compiling unicode-xid v0.2.4
[INFO] [stderr]     Checking pin-utils v0.1.0
[INFO] [stderr]     Checking ppv-lite86 v0.2.17
[INFO] [stderr]     Checking arrayvec v0.7.2
[INFO] [stderr]    Compiling cfg-if v1.0.0
[INFO] [stderr]     Checking cpufeatures v0.2.5
[INFO] [stderr]    Compiling parking_lot_core v0.9.5
[INFO] [stderr]    Compiling lazy_static v1.4.0
[INFO] [stderr]     Checking digest v0.9.0
[INFO] [stderr]     Checking opaque-debug v0.3.0
[INFO] [stderr]     Checking rand_chacha v0.3.1
[INFO] [stderr]     Checking crypto-common v0.1.6
[INFO] [stderr]     Checking block-buffer v0.10.3
[INFO] [stderr]     Checking block-buffer v0.9.0
[INFO] [stderr]     Checking digest v0.10.6
[INFO] [stderr]     Checking rand v0.8.5
[INFO] [stderr]    Compiling getrandom v0.1.16
[INFO] [stderr]     Checking either v1.8.0
[INFO] [stderr]     Checking hashbrown v0.12.3
[INFO] [stderr]     Checking static_assertions v1.1.0
[INFO] [stderr]     Checking parking_lot v0.12.1
[INFO] [stderr]    Compiling libm v0.2.6
[INFO] [stderr]     Checking sha2 v0.9.9
[INFO] [stderr]    Compiling num-traits v0.2.15
[INFO] [stderr]    Compiling regex v1.7.0
[INFO] [stderr]     Checking rand_core v0.5.1
[INFO] [stderr]     Checking arrayref v0.3.6
[INFO] [stderr]     Checking tinyvec_macros v0.1.0
[INFO] [stderr]     Checking tinyvec v1.6.0
[INFO] [stderr]     Checking tracing-core v0.1.30
[INFO] [stderr]     Checking itoa v1.0.4
[INFO] [stderr]    Compiling crossbeam-utils v0.8.14
[INFO] [stderr]     Checking keccak v0.1.3
[INFO] [stderr]     Checking bitflags v1.3.2
[INFO] [stderr]    Compiling crc32fast v1.3.2
[INFO] [stderr]     Checking sha2 v0.10.6
[INFO] [stderr]     Checking unicode-normalization v0.1.22
[INFO] [stderr]     Checking instant v0.1.12
[INFO] [stderr]     Checking rand_chacha v0.2.2
[INFO] [stderr]     Checking rand_pcg v0.2.1
[INFO] [stderr]    Compiling synstructure v0.12.6
[INFO] [stderr]    Compiling paste v1.0.10
[INFO] [stderr]     Checking sha3 v0.10.6
[INFO] [stderr]     Checking rand v0.7.3
[INFO] [stderr]    Compiling serde_json v1.0.89
[INFO] [stderr]    Compiling crunchy v0.2.2
[INFO] [stderr]    Compiling zstd-sys v2.0.4+zstd.1.5.2
[INFO] [stderr]     Checking base64 v0.13.1
[INFO] [stderr]    Compiling num-integer v0.1.45
[INFO] [stderr]     Checking fallible-iterator v0.2.0
[INFO] [stderr]     Checking stable_deref_trait v1.2.0
[INFO] [stderr]    Compiling zstd-safe v5.0.2+zstd.1.5.2
[INFO] [stderr]     Checking byte-slice-cast v1.2.2
[INFO] [stderr]    Compiling target-lexicon v0.12.5
[INFO] [stderr]    Compiling cranelift-isle v0.88.2
[INFO] [stderr]     Checking ryu v1.0.11
[INFO] [stderr]     Checking signature v1.6.4
[INFO] [stderr]    Compiling io-lifetimes v1.0.3
[INFO] [stderr]    Compiling cranelift-codegen-shared v0.88.2
[INFO] [stderr]    Compiling cranelift-codegen-meta v0.88.2
[INFO] [stderr]    Compiling num-bigint v0.4.3
[INFO] [stderr]    Compiling rustix v0.36.5
[INFO] [stderr]    Compiling thiserror-impl v1.0.37
[INFO] [stderr]    Compiling futures-macro v0.3.25
[INFO] [stderr]    Compiling zeroize_derive v1.3.3
[INFO] [stderr]    Compiling tracing-attributes v0.1.23
[INFO] [stderr]    Compiling impl-trait-for-tuples v0.2.2
[INFO] [stderr]     Checking zeroize v1.5.7
[INFO] [stderr]     Checking curve25519-dalek v3.2.0
[INFO] [stderr]    Compiling io-lifetimes v0.7.5
[INFO] [stderr]     Checking tracing v0.1.37
[INFO] [stderr]     Checking fxhash v0.2.1
[INFO] [stderr]    Compiling memoffset v0.7.1
[INFO] [stderr]    Compiling num-rational v0.4.1
[INFO] [stderr]    Compiling rustix v0.35.13
[INFO] [stderr]    Compiling parking_lot_core v0.8.6
[INFO] [stderr]     Checking hex v0.4.3
[INFO] [stderr]     Checking slice-group-by v0.3.0
[INFO] [stderr]     Checking linux-raw-sys v0.1.3
[INFO] [stderr]     Checking regalloc2 v0.3.2
[INFO] [stderr]     Checking futures-executor v0.3.25
[INFO] [stderr]     Checking ed25519 v1.5.2
[INFO] [stderr]    Compiling cranelift-codegen v0.88.2
[INFO] [stderr]     Checking futures v0.3.25
[INFO] [stderr]     Checking errno v0.2.8
[INFO] [stderr]    Compiling crossbeam-epoch v0.9.13
[INFO] [stderr]     Checking bumpalo v3.11.1
[INFO] [stderr]     Checking linux-raw-sys v0.0.46
[INFO] [stderr]     Checking itertools v0.10.5
[INFO] [stderr]     Checking blake2 v0.10.5
[INFO] [stderr]    Compiling memoffset v0.6.5
[INFO] [stderr]     Checking sp-std v5.0.0 (https://github.com/paritytech/substrate.git#2a0eeff4)
[INFO] [stderr]     Checking termcolor v1.1.3
[INFO] [stderr]     Checking parking_lot v0.11.2
[INFO] [stderr]     Checking uint v0.9.5
[INFO] [stderr]    Compiling derive_more v0.99.17
[INFO] [stderr]    Compiling Inflector v0.11.4
[INFO] [stderr]    Compiling wasmtime-runtime v1.0.2
[INFO] [stderr]     Checking generic-array v0.12.4
[INFO] [stderr]     Checking atty v0.2.14
[INFO] [stderr]     Checking humantime v2.1.0
[INFO] [stderr]     Checking rustc-demangle v0.1.21
[INFO] [stderr]    Compiling rayon-core v1.10.1
[INFO] [stderr]    Compiling cpp_demangle v0.3.5
[INFO] [stderr]     Checking env_logger v0.9.3
[INFO] [stderr]    Compiling libsecp256k1-core v0.3.0
[INFO] [stderr]     Checking crossbeam-deque v0.8.2
[INFO] [stderr]     Checking memfd v0.6.2
[INFO] [stderr]     Checking crossbeam-channel v0.5.6
[INFO] [stderr]    Compiling psm v0.1.21
[INFO] [stderr]     Checking crypto-mac v0.8.0
[INFO] [stderr]     Checking time v0.1.45
[INFO] [stderr]     Checking dirs-sys-next v0.1.2
[INFO] [stderr]     Checking wasmtime-asm-macros v1.0.2
[INFO] [stderr]     Checking rustc-hash v1.1.0
[INFO] [stderr]     Checking parity-wasm v0.45.0
[INFO] [stderr]     Checking byte-tools v0.3.1
[INFO] [stderr]    Compiling ref-cast v1.0.13
[INFO] [stderr]    Compiling wasmtime-cache v1.0.2
[INFO] [stderr]     Checking iana-time-zone v0.1.53
[INFO] [stderr]     Checking chrono v0.4.23
[INFO] [stderr]     Checking block-padding v0.1.5
[INFO] [stderr]     Checking cranelift-entity v0.88.2
[INFO] [stderr]     Checking ed25519-dalek v1.0.1
[INFO] [stderr]     Checking bincode v1.3.3
[INFO] [stderr]     Checking toml v0.5.9
[INFO] [stderr]     Checking impl-serde v0.4.0
[INFO] [stderr]     Checking cranelift-bforest v0.88.2
[INFO] [stderr]     Checking directories-next v2.0.0
[INFO] [stderr]     Checking gimli v0.26.2
[INFO] [stderr]     Checking object v0.29.0
[INFO] [stderr]     Checking wasmparser v0.89.1
[INFO] [stderr]     Checking file-per-thread-logger v0.1.5
[INFO] [stderr]     Checking digest v0.8.1
[INFO] [stderr]    Compiling sp-debug-derive v5.0.0 (https://github.com/paritytech/substrate.git#2a0eeff4)
[INFO] [stderr]    Compiling ref-cast-impl v1.0.13
[INFO] [stderr]    Compiling proc-macro-crate v1.2.1
[INFO] [stderr]     Checking regex-automata v0.1.10
[INFO] [stderr]     Checking memory_units v0.4.0
[INFO] [stderr]    Compiling wasmtime v1.0.2
[INFO] [stderr]     Checking downcast-rs v1.2.0
[INFO] [stderr]     Checking rustc-hex v2.1.0
[INFO] [stderr]    Compiling async-trait v0.1.59
[INFO] [stderr]     Checking wasmi_core v0.2.1
[INFO] [stderr]    Compiling parity-scale-codec-derive v3.1.3
[INFO] [stderr]    Compiling scale-info-derive v2.3.1
[INFO] [stderr]     Checking matchers v0.0.1
[INFO] [stderr]     Checking rayon v1.6.1
[INFO] [stderr]     Checking wasmi-validation v0.5.0
[INFO] [stderr]     Checking block-buffer v0.7.3
[INFO] [stderr]     Checking wasmtime-types v1.0.2
[INFO] [stderr]     Checking tracing-serde v0.1.3
[INFO] [stderr]    Compiling libsecp256k1-gen-ecmult v0.3.0
[INFO] [stderr]    Compiling libsecp256k1-gen-genmult v0.3.0
[INFO] [stderr]     Checking hmac v0.8.1
[INFO] [stderr]     Checking tracing-log v0.1.3
[INFO] [stderr]     Checking sharded-slab v0.1.4
[INFO] [stderr]     Checking addr2line v0.17.0
[INFO] [stderr]    Compiling secp256k1-sys v0.6.1
[INFO] [stderr]     Checking wasmtime-environ v1.0.2
[INFO] [stderr]     Checking wasmtime-jit-debug v1.0.2
[INFO] [stderr]     Checking crypto-mac v0.11.1
[INFO] [stderr]     Checking thread_local v1.1.4
[INFO] [stderr]     Checking opaque-debug v0.2.3
[INFO] [stderr]     Checking fake-simd v0.1.2
[INFO] [stderr]     Checking hash-db v0.15.2
[INFO] [stderr]     Checking ansi_term v0.12.1
[INFO] [stderr]     Checking sha2 v0.8.2
[INFO] [stderr]    Compiling libsecp256k1 v0.7.1
[INFO] [stderr]     Checking wasmi v0.13.2
[INFO] [stderr]     Checking tracing-subscriber v0.2.25
[INFO] [stderr]     Checking fixed-hash v0.8.0
[INFO] [stderr]     Checking parity-scale-codec v3.2.1
[INFO] [stderr]    Compiling ss58-registry v1.36.0
[INFO] [stderr]     Checking curve25519-dalek v2.1.3
[INFO] [stderr]     Checking merlin v2.0.1
[INFO] [stderr]     Checking arrayvec v0.5.2
[INFO] [stderr]     Checking environmental v1.1.4
[INFO] [stderr]     Checking scale-info v2.3.1
[INFO] [stderr]     Checking sp-storage v7.0.0 (https://github.com/paritytech/substrate.git#2a0eeff4)
[INFO] [stderr]     Checking impl-codec v0.6.0
[INFO] [stderr]     Checking wasmtime-jit v1.0.2
[INFO] [stderr]     Checking schnorrkel v0.9.1
[INFO] [stderr]     Checking sp-externalities v0.13.0 (https://github.com/paritytech/substrate.git#2a0eeff4)
[INFO] [stderr]     Checking sp-tracing v6.0.0 (https://github.com/paritytech/substrate.git#2a0eeff4)
[INFO] [stderr]     Checking pbkdf2 v0.8.0
[INFO] [stderr]     Checking hmac v0.11.0
[INFO] [stderr]     Checking hmac-drbg v0.3.0
[INFO] [stderr]    Compiling sp-runtime-interface-proc-macro v6.0.0 (https://github.com/paritytech/substrate.git#2a0eeff4)
[INFO] [stderr]     Checking pbkdf2 v0.4.0
[INFO] [stderr]     Checking primitive-types v0.12.1
[INFO] [stderr]    Compiling dyn-clonable-impl v0.9.0
[INFO] [stderr]     Checking num-format v0.4.4
[INFO] [stderr]     Checking twox-hash v1.6.3
[INFO] [stderr]     Checking dyn-clone v1.0.9
[INFO] [stderr]     Checking sp-core-hashing v5.0.0 (https://github.com/paritytech/substrate.git#2a0eeff4)
[INFO] [stderr]     Checking tiny-bip39 v0.8.2
[INFO] [stderr]     Checking dyn-clonable v0.9.0
[INFO] [stderr]     Checking substrate-bip39 v0.4.4
[INFO] [stderr]     Checking ed25519-zebra v3.1.0
[INFO] [stderr]     Checking secrecy v0.8.0
[INFO] [stderr]     Checking hash256-std-hasher v0.15.2
[INFO] [stderr]     Checking base58 v0.2.0
[INFO] [stderr]     Checking array-bytes v4.2.0
[INFO] [stderr]     Checking nohash-hasher v0.2.0
[INFO] [stderr]     Checking lru v0.8.1
[INFO] [stderr]    Compiling backtrace v0.3.66
[INFO] [stderr]    Compiling heck v0.4.0
[INFO] [stderr]     Checking adler v1.0.2
[INFO] [stderr]     Checking miniz_oxide v0.5.4
[INFO] [stderr]     Checking memory-db v0.31.0
[INFO] [stderr]     Checking trie-db v0.24.0
[INFO] [stderr]     Checking trie-root v0.17.0
[INFO] [stderr]     Checking integer-sqrt v0.1.5
[INFO] [stderr]     Checking sp-arithmetic v6.0.0 (https://github.com/paritytech/substrate.git#2a0eeff4)
[INFO] [stderr]     Checking sp-panic-handler v5.0.0 (https://github.com/paritytech/substrate.git#2a0eeff4)
[INFO] [stderr]     Checking fnv v1.0.7
[INFO] [stderr]    Compiling fastrand v1.8.0
[INFO] [stderr]    Compiling remove_dir_all v0.5.3
[INFO] [stderr]     Checking futures-timer v3.0.2
[INFO] [stderr]    Compiling sp-api-proc-macro v4.0.0-dev (https://github.com/paritytech/substrate.git#2a0eeff4)
[INFO] [stderr]    Compiling tempfile v3.3.0
[INFO] [stderr]    Compiling prost-derive v0.11.2
[INFO] [stderr]     Checking socket2 v0.4.7
[INFO] [stderr]    Compiling prettyplease v0.1.21
[INFO] [stderr]    Compiling sp-version-proc-macro v4.0.0-dev (https://github.com/paritytech/substrate.git#2a0eeff4)
[INFO] [stderr]    Compiling fixedbitset v0.4.2
[INFO] [stderr]    Compiling sp-core-hashing-proc-macro v5.0.0 (https://github.com/paritytech/substrate.git#2a0eeff4)
[INFO] [stderr]    Compiling which v4.3.0
[INFO] [stderr]    Compiling tokio v1.23.0
[INFO] [stderr]     Checking cranelift-frontend v0.88.2
[INFO] [stderr]     Checking cranelift-native v0.88.2
[INFO] [stderr]    Compiling petgraph v0.6.2
[INFO] [stderr]    Compiling multimap v0.8.3
[INFO] [stderr]     Checking cranelift-wasm v0.88.2
[INFO] [stderr]    Compiling tokio-macros v1.8.2
[INFO] [stderr]     Checking signal-hook-registry v1.4.0
[INFO] [stderr]     Checking mio v0.8.5
[INFO] [stderr]    Compiling proc-macro-error-attr v1.0.4
[INFO] [stderr]    Compiling proc-macro-error v1.0.4
[INFO] [stderr]    Compiling prost v0.11.3
[INFO] [stderr]     Checking http v0.2.8
[INFO] [stderr]     Checking wasmtime-cranelift v1.0.2
[INFO] [stderr]    Compiling prost-types v0.11.2
[INFO] [stderr]     Checking asynchronous-codec v0.6.1
[INFO] [stderr]     Checking unicode-bidi v0.3.8
[INFO] [stderr]     Checking data-encoding v2.3.3
[INFO] [stderr]     Checking unsigned-varint v0.7.1
[INFO] [stderr]    Compiling blake3 v1.3.3
[INFO] [stderr]     Checking percent-encoding v2.2.0
[INFO] [stderr]     Checking constant_time_eq v0.1.5
[INFO] [stderr]    Compiling httparse v1.8.0
[INFO] [stderr]     Checking form_urlencoded v1.1.0
[INFO] [stderr]     Checking idna v0.3.0
[INFO] [stderr]    Compiling pin-project-internal v1.0.12
[INFO] [stderr]     Checking constant_time_eq v0.2.4
[INFO] [stderr]     Checking blake2b_simd v1.0.0
[INFO] [stderr]    Compiling prost-build v0.11.4
[INFO] [stderr]     Checking url v2.3.1
[INFO] [stderr]     Checking blake2s_simd v1.0.0
[INFO] [stderr]    Compiling multihash-derive v0.8.0
[INFO] [stderr]     Checking core2 v0.4.0
[INFO] [stderr]     Checking bs58 v0.4.0
[INFO] [stderr]    Compiling ring v0.16.20
[INFO] [stderr]     Checking void v1.0.2
[INFO] [stderr]     Checking asn1_der v0.7.5
[INFO] [stderr]    Compiling semver v1.0.14
[INFO] [stderr]     Checking pin-project v1.0.12
[INFO] [stderr]     Checking multistream-select v0.12.1
[INFO] [stderr]     Checking rw-stream-sink v0.3.0
[INFO] [stderr]     Checking tower-service v0.3.2
[INFO] [stderr]    Compiling libp2p-core v0.37.0
[INFO] [stderr]     Checking http-body v0.4.5
[INFO] [stderr]     Checking parking v2.0.0
[INFO] [stderr]     Checking try-lock v0.2.3
[INFO] [stderr]     Checking event-listener v2.5.3
[INFO] [stderr]    Compiling pkg-config v0.3.26
[INFO] [stderr]     Checking waker-fn v1.1.0
[INFO] [stderr]     Checking want v0.3.0
[INFO] [stderr]     Checking futures-lite v1.12.0
[INFO] [stderr]     Checking concurrent-queue v2.0.0
[INFO] [stderr]     Checking spin v0.5.2
[INFO] [stderr]     Checking tokio-util v0.7.4
[INFO] [stderr]     Checking untrusted v0.7.1
[INFO] [stderr]     Checking httpdate v1.0.2
[INFO] [stderr]    Compiling libz-sys v1.1.8
[INFO] [stderr]    Compiling polling v2.5.2
[INFO] [stderr]    Compiling async-io v1.12.0
[INFO] [stderr]     Checking async-lock v2.6.0
[INFO] [stderr]     Checking h2 v0.3.15
[INFO] [stderr]    Compiling wasm-bindgen-shared v0.2.83
[INFO] [stderr]    Compiling prometheus v0.13.3
[INFO] [stderr]     Checking flate2 v1.0.25
[INFO] [stderr]     Checking sha-1 v0.9.8
[INFO] [stderr]     Checking kvdb v0.13.0
[INFO] [stderr]     Checking netlink-packet-utils v0.5.1
[INFO] [stderr]     Checking cipher v0.3.0
[INFO] [stderr]     Checking soketto v0.7.1
[INFO] [stderr]     Checking universal-hash v0.4.1
[INFO] [stderr]     Checking async-task v4.3.0
[INFO] [stderr]     Checking netlink-packet-core v0.4.2
[INFO] [stderr]     Checking async-channel v1.8.0
[INFO] [stderr]     Checking wasm-instrument v0.3.0
[INFO] [stderr]     Checking atomic-waker v1.0.0
[INFO] [stderr]    Compiling rustls v0.20.7
[INFO] [stderr]     Checking linked-hash-map v0.5.6
[INFO] [stderr]     Checking ipnet v2.7.0
[INFO] [stderr]    Compiling wasm-bindgen-backend v0.2.83
[INFO] [stderr]     Checking blocking v1.3.0
[INFO] [stderr]     Checking async-executor v1.5.0
[INFO] [stderr]     Checking netlink-sys v0.8.3
[INFO] [stderr]     Checking sp-database v4.0.0-dev (https://github.com/paritytech/substrate.git#2a0eeff4)
[INFO] [stderr]    Compiling sc-executor-wasmtime v0.10.0-dev (https://github.com/paritytech/substrate.git#2a0eeff4)
[INFO] [stderr]     Checking quick-error v1.2.3
[INFO] [stderr]    Compiling wasm-bindgen v0.2.83
[INFO] [stderr]     Checking webpki v0.22.0
[INFO] [stderr]     Checking sct v0.7.0
[INFO] [stderr]     Checking netlink-proto v0.10.0
[INFO] [stderr]     Checking async-global-executor v2.3.1
[INFO] [stderr]     Checking netlink-packet-route v0.12.0
[INFO] [stderr]     Checking polyval v0.5.3
[INFO] [stderr]    Compiling rustc_version v0.4.0
[INFO] [stderr]     Checking nix v0.24.3
[INFO] [stderr]     Checking aead v0.4.3
[INFO] [stderr]     Checking matches v0.1.9
[INFO] [stderr]     Checking match_cfg v0.1.0
[INFO] [stderr]     Checking idna v0.2.3
[INFO] [stderr]     Checking hostname v0.3.1
[INFO] [stderr]    Compiling wasm-bindgen-macro-support v0.2.83
[INFO] [stderr]    Compiling snow v0.9.0
[INFO] [stderr]     Checking ghash v0.4.4
[INFO] [stderr]     Checking sc-utils v4.0.0-dev (https://github.com/paritytech/substrate.git#2a0eeff4)
[INFO] [stderr]     Checking aes v0.7.5
[INFO] [stderr]     Checking chacha20 v0.8.2
[INFO] [stderr]     Checking ctr v0.8.0
[INFO] [stderr]     Checking poly1305 v0.7.2
[INFO] [stderr]    Compiling enum-as-inner v0.5.1
[INFO] [stderr]     Checking aes-gcm v0.9.4
[INFO] [stderr]     Checking resolv-conf v0.7.0
[INFO] [stderr]     Checking lru-cache v0.1.2
[INFO] [stderr]     Checking rtnetlink v0.10.1
[INFO] [stderr]     Checking chacha20poly1305 v0.9.1
[INFO] [stderr]    Compiling libp2p-identify v0.40.0
[INFO] [stderr]    Compiling libp2p-kad v0.41.0
[INFO] [stderr]    Compiling libp2p-noise v0.40.0
[INFO] [stderr]     Checking curve25519-dalek v4.0.0-pre.1
[INFO] [stderr]    Compiling wasm-bindgen-macro v0.2.83
[INFO] [stderr]     Checking if-watch v2.0.0
[INFO] [stderr]     Checking hyper v0.14.23
[INFO] [stderr]     Checking trust-dns-proto v0.22.0
[INFO] [stderr]     Checking const-oid v0.9.1
[INFO] [stderr]     Checking pin-project-lite v0.1.12
[INFO] [stderr]     Checking quicksink v0.1.2
[INFO] [stderr]     Checking der v0.6.1
[INFO] [stderr]     Checking futures-rustls v0.22.2
[INFO] [stderr]     Checking webpki-roots v0.22.6
[INFO] [stderr]     Checking dns-parser v0.8.0
[INFO] [stderr]     Checking prost-codec v0.2.0
[INFO] [stderr]     Checking yamux v0.10.2
[INFO] [stderr]     Checking x25519-dalek v1.1.1
[INFO] [stderr]     Checking base64ct v1.5.3
[INFO] [stderr]     Checking js-sys v0.3.60
[INFO] [stderr]     Checking parity-send-wrapper v0.1.0
[INFO] [stderr]    Compiling libp2p-swarm-derive v0.30.1
[INFO] [stderr]     Checking crypto-bigint v0.4.9
[INFO] [stderr]     Checking ff v0.12.1
[INFO] [stderr]     Checking spki v0.6.0
[INFO] [stderr]     Checking base16ct v0.1.1
[INFO] [stderr]     Checking group v0.12.1
[INFO] [stderr]     Checking pkcs8 v0.9.0
[INFO] [stderr]     Checking wasm-timer v0.2.5
[INFO] [stderr]     Checking hmac v0.12.1
[INFO] [stderr]     Checking sec1 v0.3.0
[INFO] [stderr]     Checking predicates-core v1.0.5
[INFO] [stderr]    Compiling frame-support-procedural-tools-derive v3.0.0 (https://github.com/paritytech/substrate.git#2a0eeff4)
[INFO] [stderr]     Checking float-cmp v0.9.0
[INFO] [stderr]     Checking elliptic-curve v0.12.3
[INFO] [stderr]     Checking rfc6979 v0.3.1
[INFO] [stderr]     Checking termtree v0.4.0
[INFO] [stderr]     Checking trust-dns-resolver v0.22.0
[INFO] [stderr]     Checking normalize-line-endings v0.3.0
[INFO] [stderr]     Checking difflib v0.4.0
[INFO] [stderr]     Checking ecdsa v0.14.8
[INFO] [stderr]     Checking predicates v2.1.4
[INFO] [stderr]     Checking predicates-tree v1.0.7
[INFO] [stderr]    Compiling cfg-expr v0.10.3
[INFO] [stderr]     Checking finality-grandpa v0.16.0
[INFO] [stderr]    Compiling mockall_derive v0.11.3
[INFO] [stderr]    Compiling frame-support-procedural-tools v4.0.0-dev (https://github.com/paritytech/substrate.git#2a0eeff4)
[INFO] [stderr]     Checking fragile v2.0.0
[INFO] [stderr]     Checking wasm-bindgen-futures v0.4.33
[INFO] [stderr]     Checking downcast v0.11.0
[INFO] [stderr]     Checking k256 v0.11.6
[INFO] [stderr]     Checking frame-metadata v15.0.0
[INFO] [stderr]     Checking tt-call v1.0.8
[INFO] [stderr]     Checking linked_hash_set v0.1.4
[INFO] [stderr]    Compiling rustversion v1.0.9
[INFO] [stderr]    Compiling scratch v1.0.2
[INFO] [stderr]     Checking beef v0.5.2
[INFO] [stderr]    Compiling frame-support-procedural v4.0.0-dev (https://github.com/paritytech/substrate.git#2a0eeff4)
[INFO] [stderr]    Compiling link-cplusplus v1.0.7
[INFO] [stderr]     Checking substrate-prometheus-endpoint v0.10.0-dev (https://github.com/paritytech/substrate.git#2a0eeff4)
[INFO] [stderr]     Checking bstr v0.2.17
[INFO] [stderr]    Compiling unicode-width v0.1.10
[INFO] [stderr]    Compiling glob v0.3.0
[INFO] [stderr]     Checking tower-layer v0.3.2
[INFO] [stderr]     Checking globset v0.4.9
[INFO] [stderr]    Compiling codespan-reporting v0.11.1
[INFO] [stderr]    Compiling clang-sys v1.4.0
[INFO] [stderr]     Checking jsonrpsee-types v0.16.2
[INFO] [stderr]    Compiling cxxbridge-flags v1.0.83
[INFO] [stderr]    Compiling cxx v1.0.83
[INFO] [stderr]    Compiling cxx-build v1.0.83
[INFO] [stderr]    Compiling strum_macros v0.24.3
[INFO] [stderr]     Checking jsonrpsee-core v0.16.2
[INFO] [stderr]     Checking tower v0.4.13
[INFO] [stderr]     Checking tokio-stream v0.1.11
[INFO] [stderr]    Compiling minimal-lexical v0.2.1
[INFO] [stderr]    Compiling nom v7.1.1
[INFO] [stderr]    Compiling jsonrpsee-proc-macros v0.16.2
[INFO] [stderr]    Compiling libloading v0.7.4
[INFO] [stderr]     Checking jsonrpsee-server v0.16.2
[INFO] [stderr]     Checking memmap2 v0.5.8
[INFO] [stderr]    Compiling fs_extra v1.2.0
[INFO] [stderr]     Checking mockall v0.11.3
[INFO] [stderr]    Compiling bindgen v0.60.1
[INFO] [stderr]    Compiling tikv-jemalloc-sys v0.5.2+5.3.0-patched
[INFO] [stderr]    Compiling cexpr v0.6.0
[INFO] [stderr]    Compiling lazycell v1.3.0
[INFO] [stderr]    Compiling shlex v1.1.0
[INFO] [stderr]    Compiling peeking_take_while v0.1.2
[INFO] [stderr]     Checking jsonrpsee v0.16.2
[INFO] [stderr]    Compiling sc-chain-spec-derive v4.0.0-dev (https://github.com/paritytech/substrate.git#2a0eeff4)
[INFO] [stderr]    Compiling cxxbridge-macro v1.0.83
[INFO] [stderr]    Compiling cfg_aliases v0.1.1
[INFO] [stderr]    Compiling lz4-sys v1.9.4
[INFO] [stderr]    Compiling data-encoding-macro-internal v0.1.10
[INFO] [stderr]    Compiling camino v1.1.1
[INFO] [stderr]     Checking data-encoding-macro v0.1.12
[INFO] [stderr]    Compiling wasm-opt-sys v0.110.2
[INFO] [stderr]    Compiling wasm-opt-cxx-sys v0.110.2
[INFO] [stderr]     Checking base-x v0.2.11
[INFO] [stderr]     Checking multibase v0.9.1
[INFO] [stderr]    Compiling snap v1.1.0
[INFO] [stderr]     Checking http-range-header v0.3.0
[INFO] [stderr]    Compiling semver-parser v0.7.0
[INFO] [stderr]     Checking tower-http v0.3.5
[INFO] [stderr]    Compiling semver v0.6.0
[INFO] [stderr]    Compiling static_init_macro v1.0.2
[INFO] [stderr]    Compiling strum v0.24.1
[INFO] [stderr]     Checking fork-tree v3.0.0 (https://github.com/paritytech/substrate.git#2a0eeff4)
[INFO] [stderr]    Compiling cargo-platform v0.1.2
[INFO] [stderr]     Checking rustls-pemfile v1.0.1
[INFO] [stderr]     Checking approx v0.5.1
[INFO] [stderr]     Checking num-complex v0.4.2
[INFO] [stderr]    Compiling ucd-trie v0.1.5
[INFO] [stderr]     Checking rawpointer v0.2.1
[INFO] [stderr]    Compiling same-file v1.0.6
[INFO] [stderr]     Checking openssl-probe v0.1.5
[INFO] [stderr]    Compiling walkdir v2.3.2
[INFO] [stderr]     Checking rustls-native-certs v0.6.2
[INFO] [stderr]     Checking simba v0.5.1
[INFO] [stderr]    Compiling pest v2.5.1
[INFO] [stderr]     Checking matrixmultiply v0.3.2
[INFO] [stderr]    Compiling cargo_metadata v0.14.2
[INFO] [stderr]    Compiling build-helper v0.1.1
[INFO] [stderr]     Checking sc-rpc-server v4.0.0-dev (https://github.com/paritytech/substrate.git#2a0eeff4)
[INFO] [stderr]    Compiling static_init v1.0.3
[INFO] [stderr]     Checking tokio-rustls v0.23.4
[INFO] [stderr]    Compiling sc-network-bitswap v0.10.0-dev (https://github.com/paritytech/substrate.git#2a0eeff4)
[INFO] [stderr]    Compiling sc-network-sync v0.10.0-dev (https://github.com/paritytech/substrate.git#2a0eeff4)
[INFO] [stderr]    Compiling sc-network-light v0.10.0-dev (https://github.com/paritytech/substrate.git#2a0eeff4)
[INFO] [stderr]    Compiling sc-tracing-proc-macro v4.0.0-dev (https://github.com/paritytech/substrate.git#2a0eeff4)
[INFO] [stderr]    Compiling nalgebra-macros v0.1.0
[INFO] [stderr]     Checking rand_distr v0.4.3
[INFO] [stderr]    Compiling filetime v0.2.19
[INFO] [stderr]     Checking fs2 v0.4.3
[INFO] [stderr]    Compiling sc-sysinfo v6.0.0-dev (https://github.com/paritytech/substrate.git#2a0eeff4)
[INFO] [stderr]     Checking ip_network v0.4.1
[INFO] [stderr]    Compiling platforms v2.0.0
[INFO] [stderr]     Checking hyper-rustls v0.23.2
[INFO] [stderr]    Compiling pest_meta v2.5.1
[INFO] [stderr]    Compiling librocksdb-sys v0.8.0+7.4.4
[INFO] [stderr]     Checking kvdb-memorydb v0.13.0
[INFO] [stderr]     Checking threadpool v1.8.1
[INFO] [stderr]     Checking dirs-sys v0.3.7
[INFO] [stderr]     Checking os_str_bytes v6.4.1
[INFO] [stderr]    Compiling names v0.13.0
[INFO] [stderr]     Checking clap_lex v0.3.0
[INFO] [stderr]     Checking directories v4.0.1
[INFO] [stderr]    Compiling pest_generator v2.5.1
[INFO] [stderr]     Checking tracing-futures v0.2.5
[INFO] [stderr]    Compiling clap_derive v4.0.21
[INFO] [stderr]     Checking is-terminal v0.4.1
[INFO] [stderr]     Checking exit-future v0.2.0
[INFO] [stderr]     Checking rtoolbox v0.0.1
[INFO] [stderr]     Checking strsim v0.10.0
[INFO] [stderr]     Checking safe-mix v1.0.1
[INFO] [stderr]    Compiling sc-consensus-slots v0.10.0-dev (https://github.com/paritytech/substrate.git#2a0eeff4)
[INFO] [stderr]     Checking rpassword v7.2.0
[INFO] [stderr]     Checking nalgebra v0.27.1
[INFO] [stderr]    Compiling substrate-build-script-utils v3.0.0 (https://github.com/paritytech/substrate.git#2a0eeff4)
[INFO] [stderr]     Checking fdlimit v0.2.1
[INFO] [stderr]    Compiling pest_derive v2.5.1
[INFO] [stderr]    Compiling frame-benchmarking-cli v4.0.0-dev (https://github.com/paritytech/substrate.git#2a0eeff4)
[INFO] [stderr]    Compiling node-template v4.0.0-dev (/opt/rustwide/workdir/node)
[INFO] [stderr]     Checking comfy-table v6.1.3
[INFO] [stderr]     Checking sc-proposer-metrics v0.10.0-dev (https://github.com/paritytech/substrate.git#2a0eeff4)
[INFO] [stderr]     Checking serde_nanos v0.1.2
[INFO] [stderr]     Checking rand_pcg v0.3.1
[INFO] [stderr]     Checking gethostname v0.2.3
[INFO] [stderr]     Checking thousands v0.2.0
[INFO] [stderr]     Checking handlebars v4.3.5
[INFO] [stderr]     Checking clap v4.0.29
[INFO] [stderr]     Checking secp256k1 v0.24.2
[INFO] [stderr]     Checking multihash v0.16.3
[INFO] [stderr]     Checking multiaddr v0.14.0
[INFO] [stderr]     Checking cid v0.8.6
[INFO] [stderr]     Checking libp2p-swarm v0.40.1
[INFO] [stderr]     Checking libp2p-websocket v0.39.0
[INFO] [stderr]     Checking libp2p-mplex v0.37.0
[INFO] [stderr]     Checking libp2p-yamux v0.41.1
[INFO] [stderr]     Checking libp2p-dns v0.37.0
[INFO] [stderr]     Checking libp2p-mdns v0.41.0
[INFO] [stderr]     Checking libp2p-request-response v0.22.1
[INFO] [stderr]     Checking libp2p-ping v0.40.1
[INFO] [stderr]     Checking libp2p-wasm-ext v0.37.0
[INFO] [stderr]     Checking libp2p-tcp v0.37.0
[INFO] [stderr]     Checking libp2p v0.49.0
[INFO] [stderr]     Checking sc-peerset v4.0.0-dev (https://github.com/paritytech/substrate.git#2a0eeff4)
[INFO] [stderr]     Checking sc-telemetry v4.0.0-dev (https://github.com/paritytech/substrate.git#2a0eeff4)
[INFO] [stderr]     Checking statrs v0.15.0
[INFO] [stderr]     Checking lz4 v1.24.0
[INFO] [stderr]     Checking parity-db v0.4.2
[INFO] [stderr]     Checking linregress v0.4.4
[INFO] [stderr]     Checking zstd v0.11.2+zstd.1.5.2
[INFO] [stderr]     Checking sp-maybe-compressed-blob v4.1.0-dev (https://github.com/paritytech/substrate.git#2a0eeff4)
[INFO] [stderr] error: failed to run custom build command for `tikv-jemalloc-sys v0.5.2+5.3.0-patched`
[INFO] [stderr] note: To improve backtraces for build dependencies, set the CARGO_PROFILE_DEV_BUILD_OVERRIDE_DEBUG=true environment variable to enable debug information generation.
[INFO] [stderr] 
[INFO] [stderr] Caused by:
[INFO] [stderr]   process didn't exit successfully: `/opt/rustwide/target/debug/build/tikv-jemalloc-sys-4ea029db14513279/build-script-build` (exit status: 101)
[INFO] [stderr]   --- stdout
[INFO] [stderr]   TARGET=x86_64-unknown-linux-gnu
[INFO] [stderr]   HOST=x86_64-unknown-linux-gnu
[INFO] [stderr]   NUM_JOBS=8
[INFO] [stderr]   OUT_DIR="/opt/rustwide/target/debug/build/tikv-jemalloc-sys-b96ffba9abe29767/out"
[INFO] [stderr]   BUILD_DIR="/opt/rustwide/target/debug/build/tikv-jemalloc-sys-b96ffba9abe29767/out/build"
[INFO] [stderr]   SRC_DIR="/opt/rustwide/cargo-home/registry/src/github.com-1ecc6299db9ec823/tikv-jemalloc-sys-0.5.2+5.3.0-patched"
[INFO] [stderr]   cargo:rerun-if-env-changed=JEMALLOC_OVERRIDE
[INFO] [stderr]   OPT_LEVEL = Some("0")
[INFO] [stderr]   TARGET = Some("x86_64-unknown-linux-gnu")
[INFO] [stderr]   HOST = Some("x86_64-unknown-linux-gnu")
[INFO] [stderr]   cargo:rerun-if-env-changed=CC_x86_64-unknown-linux-gnu
[INFO] [stderr]   CC_x86_64-unknown-linux-gnu = None
[INFO] [stderr]   cargo:rerun-if-env-changed=CC_x86_64_unknown_linux_gnu
[INFO] [stderr]   CC_x86_64_unknown_linux_gnu = None
[INFO] [stderr]   cargo:rerun-if-env-changed=HOST_CC
[INFO] [stderr]   HOST_CC = None
[INFO] [stderr]   cargo:rerun-if-env-changed=CC
[INFO] [stderr]   CC = None
[INFO] [stderr]   cargo:rerun-if-env-changed=CFLAGS_x86_64-unknown-linux-gnu
[INFO] [stderr]   CFLAGS_x86_64-unknown-linux-gnu = None
[INFO] [stderr]   cargo:rerun-if-env-changed=CFLAGS_x86_64_unknown_linux_gnu
[INFO] [stderr]   CFLAGS_x86_64_unknown_linux_gnu = None
[INFO] [stderr]   cargo:rerun-if-env-changed=HOST_CFLAGS
[INFO] [stderr]   HOST_CFLAGS = None
[INFO] [stderr]   cargo:rerun-if-env-changed=CFLAGS
[INFO] [stderr]   CFLAGS = None
[INFO] [stderr]   cargo:rerun-if-env-changed=CRATE_CC_NO_DEFAULTS
[INFO] [stderr]   CRATE_CC_NO_DEFAULTS = None
[INFO] [stderr]   DEBUG = Some("true")
[INFO] [stderr]   CARGO_CFG_TARGET_FEATURE = Some("fxsr,sse,sse2")
[INFO] [stderr]   CC="cc"
[INFO] [stderr]   CFLAGS="-O0 -ffunction-sections -fdata-sections -fPIC -gdwarf-4 -fno-omit-frame-pointer -m64 -Wall"
[INFO] [stderr]   JEMALLOC_REPO_DIR="jemalloc"
[INFO] [stderr]   cargo:rerun-if-env-changed=JEMALLOC_SYS_WITH_MALLOC_CONF
[INFO] [stderr]   cargo:rerun-if-env-changed=JEMALLOC_SYS_WITH_LG_PAGE
[INFO] [stderr]   cargo:rerun-if-env-changed=JEMALLOC_SYS_WITH_LG_HUGEPAGE
[INFO] [stderr]   cargo:rerun-if-env-changed=JEMALLOC_SYS_WITH_LG_QUANTUM
[INFO] [stderr]   cargo:rerun-if-env-changed=JEMALLOC_SYS_WITH_LG_VADDR
[INFO] [stderr]   running: cd "/opt/rustwide/target/debug/build/tikv-jemalloc-sys-b96ffba9abe29767/out/build" && CC="cc" CFLAGS="-O0 -ffunction-sections -fdata-sections -fPIC -gdwarf-4 -fno-omit-frame-pointer -m64 -Wall" CPPFLAGS="-O0 -ffunction-sections -fdata-sections -fPIC -gdwarf-4 -fno-omit-frame-pointer -m64 -Wall" LDFLAGS="-O0 -ffunction-sections -fdata-sections -fPIC -gdwarf-4 -fno-omit-frame-pointer -m64 -Wall" "sh" "/opt/rustwide/target/debug/build/tikv-jemalloc-sys-b96ffba9abe29767/out/build/configure" "--disable-cxx" "--enable-doc=no" "--enable-shared=no" "--with-private-namespace=_rjem_" "--host=x86_64-unknown-linux-gnu" "--build=x86_64-unknown-linux-gnu" "--prefix=/opt/rustwide/target/debug/build/tikv-jemalloc-sys-b96ffba9abe29767/out"
[INFO] [stderr]   checking for xsltproc... false
[INFO] [stderr]   checking for x86_64-unknown-linux-gnu-gcc... cc
[INFO] [stderr]   checking whether the C compiler works... yes
[INFO] [stderr]   checking for C compiler default output file name... a.out
[INFO] [stderr]   checking for suffix of executables... 
[INFO] [stderr]   checking whether we are cross compiling... no
[INFO] [stderr]   checking for suffix of object files... o
[INFO] [stderr]   checking whether we are using the GNU C compiler... yes
[INFO] [stderr]   checking whether cc accepts -g... yes
[INFO] [stderr]   checking for cc option to accept ISO C89... none needed
[INFO] [stderr]   checking whether compiler is cray... no
[INFO] [stderr]   checking whether compiler supports -std=gnu11... yes
[INFO] [stderr]   checking whether compiler supports -Werror=unknown-warning-option... no
[INFO] [stderr]   checking whether compiler supports -Wall... yes
[INFO] [stderr]   checking whether compiler supports -Wextra... yes
[INFO] [stderr]   checking whether compiler supports -Wshorten-64-to-32... no
[INFO] [stderr]   checking whether compiler supports -Wsign-compare... yes
[INFO] [stderr]   checking whether compiler supports -Wundef... yes
[INFO] [stderr]   checking whether compiler supports -Wno-format-zero-length... yes
[INFO] [stderr]   checking whether compiler supports -Wpointer-arith... yes
[INFO] [stderr]   checking whether compiler supports -Wno-missing-braces... yes
[INFO] [stderr]   checking whether compiler supports -Wno-missing-field-initializers... yes
[INFO] [stderr]   checking whether compiler supports -Wno-missing-attributes... yes
[INFO] [stderr]   checking whether compiler supports -pipe... yes
[INFO] [stderr]   checking whether compiler supports -g3... yes
[INFO] [stderr]   checking how to run the C preprocessor... cc -E
[INFO] [stderr]   checking for grep that handles long lines and -e... /usr/bin/grep
[INFO] [stderr]   checking for egrep... /usr/bin/grep -E
[INFO] [stderr]   checking for ANSI C header files... yes
[INFO] [stderr]   checking for sys/types.h... yes
[INFO] [stderr]   checking for sys/stat.h... yes
[INFO] [stderr]   checking for stdlib.h... yes
[INFO] [stderr]   checking for string.h... yes
[INFO] [stderr]   checking for memory.h... yes
[INFO] [stderr]   checking for strings.h... yes
[INFO] [stderr]   checking for inttypes.h... yes
[INFO] [stderr]   checking for stdint.h... yes
[INFO] [stderr]   checking for unistd.h... yes
[INFO] [stderr]   checking whether byte ordering is bigendian... no
[INFO] [stderr]   checking size of void *... 8
[INFO] [stderr]   checking size of int... 4
[INFO] [stderr]   checking size of long... 8
[INFO] [stderr]   checking size of long long... 8
[INFO] [stderr]   checking size of intmax_t... 8
[INFO] [stderr]   checking build system type... x86_64-unknown-linux-gnu
[INFO] [stderr]   checking host system type... x86_64-unknown-linux-gnu
[INFO] [stderr]   checking whether pause instruction is compilable... yes
[INFO] [stderr]   checking number of significant virtual address bits... 48
[INFO] [stderr]   checking for x86_64-unknown-linux-gnu-ar... no
[INFO] [stderr]   checking for ar... ar
[INFO] [stderr]   checking for x86_64-unknown-linux-gnu-nm... no
[INFO] [stderr]   checking for nm... nm
[INFO] [stderr]   checking for gawk... no
[INFO] [stderr]   checking for mawk... mawk
[INFO] [stderr]   checking malloc.h usability... yes
[INFO] [stderr]   checking malloc.h presence... yes
[INFO] [stderr]   checking for malloc.h... yes
[INFO] [stderr]   checking whether malloc_usable_size definition can use const argument... no
[INFO] [stderr]   checking for library containing log... -lm
[INFO] [stderr]   checking whether __attribute__ syntax is compilable... yes
[INFO] [stderr]   checking whether compiler supports -fvisibility=hidden... yes
[INFO] [stderr]   checking whether compiler supports -fvisibility=hidden... no
[INFO] [stderr]   checking whether compiler supports -Werror... yes
[INFO] [stderr]   checking whether compiler supports -herror_on_warning... yes
[INFO] [stderr]   checking whether tls_model attribute is compilable... yes
[INFO] [stderr]   checking whether compiler supports -Werror... yes
[INFO] [stderr]   checking whether compiler supports -herror_on_warning... yes
[INFO] [stderr]   checking whether alloc_size attribute is compilable... yes
[INFO] [stderr]   checking whether compiler supports -Werror... yes
[INFO] [stderr]   checking whether compiler supports -herror_on_warning... yes
[INFO] [stderr]   checking whether format(gnu_printf, ...) attribute is compilable... yes
[INFO] [stderr]   checking whether compiler supports -Werror... yes
[INFO] [stderr]   checking whether compiler supports -herror_on_warning... yes
[INFO] [stderr]   checking whether format(printf, ...) attribute is compilable... yes
[INFO] [stderr]   checking whether compiler supports -Werror... yes
[INFO] [stderr]   checking whether compiler supports -herror_on_warning... yes
[INFO] [stderr]   checking whether format(printf, ...) attribute is compilable... yes
[INFO] [stderr]   checking whether compiler supports -Wimplicit-fallthrough... yes
[INFO] [stderr]   checking whether fallthrough attribute is compilable... yes
[INFO] [stderr]   checking whether compiler supports -Wimplicit-fallthrough... yes
[INFO] [stderr]   checking whether compiler supports -Wimplicit-fallthrough... no
[INFO] [stderr]   checking whether compiler supports -Werror... yes
[INFO] [stderr]   checking whether compiler supports -herror_on_warning... yes
[INFO] [stderr]   checking whether cold attribute is compilable... yes
[INFO] [stderr]   checking whether vm_make_tag is compilable... no
[INFO] [stderr]   checking for a BSD-compatible install... /usr/bin/install -c
[INFO] [stderr]   checking for x86_64-unknown-linux-gnu-ranlib... no
[INFO] [stderr]   checking for ranlib... ranlib
[INFO] [stderr]   checking for ld... /usr/bin/ld
[INFO] [stderr]   checking for autoconf... /usr/bin/autoconf
[INFO] [stderr]   checking for memalign... yes
[INFO] [stderr]   checking for valloc... yes
[INFO] [stderr]   checking for malloc_size... no
[INFO] [stderr]   checking for __libc_calloc... yes
[INFO] [stderr]   checking for __libc_free... yes
[INFO] [stderr]   checking for __libc_malloc... yes
[INFO] [stderr]   checking for __libc_memalign... yes
[INFO] [stderr]   checking for __libc_realloc... yes
[INFO] [stderr]   checking for __libc_valloc... yes
[INFO] [stderr]   checking for __posix_memalign... no
[INFO] [stderr]   checking whether compiler supports -O3... yes
[INFO] [stderr]   checking whether compiler supports -O3... no
[INFO] [stderr]   checking whether compiler supports -funroll-loops... yes
[INFO] [stderr]   checking configured backtracing method... N/A
[INFO] [stderr]   checking for sbrk... yes
[INFO] [stderr]   checking whether utrace(2) is compilable... no
[INFO] [stderr]   checking whether utrace(2) with label is compilable... no
[INFO] [stderr]   checking whether a program using __builtin_unreachable is compilable... yes
[INFO] [stderr]   checking whether a program using __builtin_ffsl is compilable... yes
[INFO] [stderr]   checking whether a program using __builtin_popcountl is compilable... yes
[INFO] [stderr]   checking LG_PAGE... 12
[INFO] [stderr]   checking pthread.h usability... yes
[INFO] [stderr]   checking pthread.h presence... yes
[INFO] [stderr]   checking for pthread.h... yes
[INFO] [stderr]   checking for pthread_create in -lpthread... yes
[INFO] [stderr]   checking dlfcn.h usability... yes
[INFO] [stderr]   checking dlfcn.h presence... yes
[INFO] [stderr]   checking for dlfcn.h... yes
[INFO] [stderr]   checking for dlsym... yes
[INFO] [stderr]   checking whether pthread_atfork(3) is compilable... yes
[INFO] [stderr]   checking whether pthread_setname_np(3) is compilable... yes
[INFO] [stderr]   checking whether pthread_getname_np(3) is compilable... yes
[INFO] [stderr]   checking whether pthread_get_name_np(3) is compilable... no
[INFO] [stderr]   checking for library containing clock_gettime... none required
[INFO] [stderr]   checking whether clock_gettime(CLOCK_MONOTONIC_COARSE, ...) is compilable... yes
[INFO] [stderr]   checking whether clock_gettime(CLOCK_MONOTONIC, ...) is compilable... yes
[INFO] [stderr]   checking whether mach_absolute_time() is compilable... no
[INFO] [stderr]   checking whether clock_gettime(CLOCK_REALTIME, ...) is compilable... yes
[INFO] [stderr]   checking whether compiler supports -Werror... yes
[INFO] [stderr]   checking whether syscall(2) is compilable... yes
[INFO] [stderr]   checking for secure_getenv... yes
[INFO] [stderr]   checking for sched_getcpu... yes
[INFO] [stderr]   checking for sched_setaffinity... yes
[INFO] [stderr]   checking for issetugid... no
[INFO] [stderr]   checking for _malloc_thread_cleanup... no
[INFO] [stderr]   checking for _pthread_mutex_init_calloc_cb... no
[INFO] [stderr]   checking for memcntl... no
[INFO] [stderr]   checking for TLS... yes
[INFO] [stderr]   checking whether C11 atomics is compilable... yes
[INFO] [stderr]   checking whether GCC __atomic atomics is compilable... yes
[INFO] [stderr]   checking whether GCC 8-bit __atomic atomics is compilable... yes
[INFO] [stderr]   checking whether GCC __sync atomics is compilable... yes
[INFO] [stderr]   checking whether GCC 8-bit __sync atomics is compilable... yes
[INFO] [stderr]   checking whether Darwin OSAtomic*() is compilable... no
[INFO] [stderr]   checking whether madvise(2) is compilable... yes
[INFO] [stderr]   checking whether madvise(..., MADV_FREE) is compilable... yes
[INFO] [stderr]   checking whether madvise(..., MADV_DONTNEED) is compilable... yes
[INFO] [stderr]   checking whether madvise(..., MADV_DO[NT]DUMP) is compilable... yes
[INFO] [stderr]   checking whether madvise(..., MADV_[NO]HUGEPAGE) is compilable... yes
[INFO] [stderr]   checking whether madvise(..., MADV_[NO]CORE) is compilable... no
[INFO] [stderr]   checking whether mprotect(2) is compilable... yes
[INFO] [stderr]   checking for __builtin_clz... yes
[INFO] [stderr]   checking whether Darwin os_unfair_lock_*() is compilable... no
[INFO] [stderr]   checking whether glibc malloc hook is compilable... no
[INFO] [stderr]   checking whether glibc memalign hook is compilable... no
[INFO] [stderr]   checking whether pthreads adaptive mutexes is compilable... yes
[INFO] [stderr]   checking whether compiler supports -D_GNU_SOURCE... yes
[INFO] [stderr]   checking whether compiler supports -Werror... yes
[INFO] [stderr]   checking whether compiler supports -herror_on_warning... yes
[INFO] [stderr]   checking whether strerror_r returns char with gnu source is compilable... yes
[INFO] [stderr]   checking for stdbool.h that conforms to C99... yes
[INFO] [stderr]   checking for _Bool... yes
[INFO] [stderr]   configure: creating ./config.status
[INFO] [stderr]   config.status: creating Makefile
[INFO] [stderr]   config.status: creating jemalloc.pc
[INFO] [stderr]   config.status: creating doc/html.xsl
[INFO] [stderr]   config.status: creating doc/manpages.xsl
[INFO] [stderr]   config.status: creating doc/jemalloc.xml
[INFO] [stderr]   config.status: creating include/jemalloc/jemalloc_macros.h
[INFO] [stderr]   config.status: creating include/jemalloc/jemalloc_protos.h
[INFO] [stderr]   config.status: creating include/jemalloc/jemalloc_typedefs.h
[INFO] [stderr]   config.status: creating include/jemalloc/internal/jemalloc_preamble.h
[INFO] [stderr]   config.status: creating test/test.sh
[INFO] [stderr]   config.status: creating test/include/test/jemalloc_test.h
[INFO] [stderr]   config.status: creating config.stamp
[INFO] [stderr]   config.status: creating bin/jemalloc-config
[INFO] [stderr]   config.status: creating bin/jemalloc.sh
[INFO] [stderr]   config.status: creating bin/jeprof
[INFO] [stderr]   config.status: creating include/jemalloc/jemalloc_defs.h
[INFO] [stderr]   config.status: creating include/jemalloc/internal/jemalloc_internal_defs.h
[INFO] [stderr]   config.status: creating test/include/test/jemalloc_test_defs.h
[INFO] [stderr]   config.status: executing include/jemalloc/internal/public_symbols.txt commands
[INFO] [stderr]   config.status: executing include/jemalloc/internal/private_symbols.awk commands
[INFO] [stderr]   config.status: executing include/jemalloc/internal/private_symbols_jet.awk commands
[INFO] [stderr]   config.status: executing include/jemalloc/internal/public_namespace.h commands
[INFO] [stderr]   config.status: executing include/jemalloc/internal/public_unnamespace.h commands
[INFO] [stderr]   config.status: executing include/jemalloc/jemalloc_protos_jet.h commands
[INFO] [stderr]   config.status: executing include/jemalloc/jemalloc_rename.h commands
[INFO] [stderr]   config.status: executing include/jemalloc/jemalloc_mangle.h commands
[INFO] [stderr]   config.status: executing include/jemalloc/jemalloc_mangle_jet.h commands
[INFO] [stderr]   config.status: executing include/jemalloc/jemalloc.h commands
[INFO] [stderr]   ===============================================================================
[INFO] [stderr]   jemalloc version   : 5.3.0-0-g54eaed1d8b56b1aa528be3bdd1877e59c56fa90c
[INFO] [stderr]   library revision   : 2
[INFO] [stderr] 
[INFO] [stderr]   CONFIG             : --disable-cxx --enable-doc=no --enable-shared=no --with-private-namespace=_rjem_ --host=x86_64-unknown-linux-gnu --build=x86_64-unknown-linux-gnu --prefix=/opt/rustwide/target/debug/build/tikv-jemalloc-sys-b96ffba9abe29767/out build_alias=x86_64-unknown-linux-gnu host_alias=x86_64-unknown-linux-gnu CC=cc 'CFLAGS=-O0 -ffunction-sections -fdata-sections -fPIC -gdwarf-4 -fno-omit-frame-pointer -m64 -Wall' 'LDFLAGS=-O0 -ffunction-sections -fdata-sections -fPIC -gdwarf-4 -fno-omit-frame-pointer -m64 -Wall' 'CPPFLAGS=-O0 -ffunction-sections -fdata-sections -fPIC -gdwarf-4 -fno-omit-frame-pointer -m64 -Wall'
[INFO] [stderr]   CC                 : cc
[INFO] [stderr]   CONFIGURE_CFLAGS   : -std=gnu11 -Wall -Wextra -Wsign-compare -Wundef -Wno-format-zero-length -Wpointer-arith -Wno-missing-braces -Wno-missing-field-initializers -Wno-missing-attributes -pipe -g3 -fvisibility=hidden -Wimplicit-fallthrough -O3 -funroll-loops
[INFO] [stderr]   SPECIFIED_CFLAGS   : -O0 -ffunction-sections -fdata-sections -fPIC -gdwarf-4 -fno-omit-frame-pointer -m64 -Wall
[INFO] [stderr]   EXTRA_CFLAGS       : 
[INFO] [stderr]   CPPFLAGS           : -O0 -ffunction-sections -fdata-sections -fPIC -gdwarf-4 -fno-omit-frame-pointer -m64 -Wall -D_GNU_SOURCE -D_REENTRANT
[INFO] [stderr]   CXX                : 
[INFO] [stderr]   CONFIGURE_CXXFLAGS : 
[INFO] [stderr]   SPECIFIED_CXXFLAGS : 
[INFO] [stderr]   EXTRA_CXXFLAGS     : 
[INFO] [stderr]   LDFLAGS            : -O0 -ffunction-sections -fdata-sections -fPIC -gdwarf-4 -fno-omit-frame-pointer -m64 -Wall
[INFO] [stderr]   EXTRA_LDFLAGS      : 
[INFO] [stderr]   DSO_LDFLAGS        : -shared -Wl,-soname,$(@F)
[INFO] [stderr]   LIBS               : -lm  -pthread
[INFO] [stderr]   RPATH_EXTRA        : 
[INFO] [stderr] 
[INFO] [stderr]   XSLTPROC           : false
[INFO] [stderr]   XSLROOT            : 
[INFO] [stderr] 
[INFO] [stderr]   PREFIX             : /opt/rustwide/target/debug/build/tikv-jemalloc-sys-b96ffba9abe29767/out
[INFO] [stderr]   BINDIR             : /opt/rustwide/target/debug/build/tikv-jemalloc-sys-b96ffba9abe29767/out/bin
[INFO] [stderr]   DATADIR            : /opt/rustwide/target/debug/build/tikv-jemalloc-sys-b96ffba9abe29767/out/share
[INFO] [stderr]   INCLUDEDIR         : /opt/rustwide/target/debug/build/tikv-jemalloc-sys-b96ffba9abe29767/out/include
[INFO] [stderr]   LIBDIR             : /opt/rustwide/target/debug/build/tikv-jemalloc-sys-b96ffba9abe29767/out/lib
[INFO] [stderr]   MANDIR             : /opt/rustwide/target/debug/build/tikv-jemalloc-sys-b96ffba9abe29767/out/share/man
[INFO] [stderr] 
[INFO] [stderr]   srcroot            : 
[INFO] [stderr]   abs_srcroot        : /opt/rustwide/target/debug/build/tikv-jemalloc-sys-b96ffba9abe29767/out/build/
[INFO] [stderr]   objroot            : 
[INFO] [stderr]   abs_objroot        : /opt/rustwide/target/debug/build/tikv-jemalloc-sys-b96ffba9abe29767/out/build/
[INFO] [stderr] 
[INFO] [stderr]   JEMALLOC_PREFIX    : 
[INFO] [stderr]   JEMALLOC_PRIVATE_NAMESPACE
[INFO] [stderr]                      : _rjem_je_
[INFO] [stderr]   install_suffix     : 
[INFO] [stderr]   malloc_conf        : 
[INFO] [stderr]   documentation      : 0
[INFO] [stderr]   shared libs        : 0
[INFO] [stderr]   static libs        : 1
[INFO] [stderr]   autogen            : 0
[INFO] [stderr]   debug              : 0
[INFO] [stderr]   stats              : 1
[INFO] [stderr]   experimental_smallocx : 0
[INFO] [stderr]   prof               : 0
[INFO] [stderr]   prof-libunwind     : 0
[INFO] [stderr]   prof-libgcc        : 0
[INFO] [stderr]   prof-gcc           : 0
[INFO] [stderr]   fill               : 1
[INFO] [stderr]   utrace             : 0
[INFO] [stderr]   xmalloc            : 0
[INFO] [stderr]   log                : 0
[INFO] [stderr]   lazy_lock          : 0
[INFO] [stderr]   cache-oblivious    : 1
[INFO] [stderr]   cxx                : 0
[INFO] [stderr]   ===============================================================================
[INFO] [stderr]   running: cd "/opt/rustwide/target/debug/build/tikv-jemalloc-sys-b96ffba9abe29767/out/build" && "make" "-j" "8"
[INFO] [stderr]   cc -std=gnu11 -Wall -Wextra -Wsign-compare -Wundef -Wno-format-zero-length -Wpointer-arith -Wno-missing-braces -Wno-missing-field-initializers -Wno-missing-attributes -pipe -g3 -fvisibility=hidden -Wimplicit-fallthrough -O3 -funroll-loops -O0 -ffunction-sections -fdata-sections -fPIC -gdwarf-4 -fno-omit-frame-pointer -m64 -Wall -c -O0 -ffunction-sections -fdata-sections -fPIC -gdwarf-4 -fno-omit-frame-pointer -m64 -Wall -D_GNU_SOURCE -D_REENTRANT -Iinclude -Iinclude -DJEMALLOC_NO_PRIVATE_NAMESPACE -o src/jemalloc.sym.o src/jemalloc.c
[INFO] [stderr]   cc -std=gnu11 -Wall -Wextra -Wsign-compare -Wundef -Wno-format-zero-length -Wpointer-arith -Wno-missing-braces -Wno-missing-field-initializers -Wno-missing-attributes -pipe -g3 -fvisibility=hidden -Wimplicit-fallthrough -O3 -funroll-loops -O0 -ffunction-sections -fdata-sections -fPIC -gdwarf-4 -fno-omit-frame-pointer -m64 -Wall -c -O0 -ffunction-sections -fdata-sections -fPIC -gdwarf-4 -fno-omit-frame-pointer -m64 -Wall -D_GNU_SOURCE -D_REENTRANT -Iinclude -Iinclude -DJEMALLOC_NO_PRIVATE_NAMESPACE -o src/arena.sym.o src/arena.c
[INFO] [stderr]   cc -std=gnu11 -Wall -Wextra -Wsign-compare -Wundef -Wno-format-zero-length -Wpointer-arith -Wno-missing-braces -Wno-missing-field-initializers -Wno-missing-attributes -pipe -g3 -fvisibility=hidden -Wimplicit-fallthrough -O3 -funroll-loops -O0 -ffunction-sections -fdata-sections -fPIC -gdwarf-4 -fno-omit-frame-pointer -m64 -Wall -c -O0 -ffunction-sections -fdata-sections -fPIC -gdwarf-4 -fno-omit-frame-pointer -m64 -Wall -D_GNU_SOURCE -D_REENTRANT -Iinclude -Iinclude -DJEMALLOC_NO_PRIVATE_NAMESPACE -o src/background_thread.sym.o src/background_thread.c
[INFO] [stderr]   cc -std=gnu11 -Wall -Wextra -Wsign-compare -Wundef -Wno-format-zero-length -Wpointer-arith -Wno-missing-braces -Wno-missing-field-initializers -Wno-missing-attributes -pipe -g3 -fvisibility=hidden -Wimplicit-fallthrough -O3 -funroll-loops -O0 -ffunction-sections -fdata-sections -fPIC -gdwarf-4 -fno-omit-frame-pointer -m64 -Wall -c -O0 -ffunction-sections -fdata-sections -fPIC -gdwarf-4 -fno-omit-frame-pointer -m64 -Wall -D_GNU_SOURCE -D_REENTRANT -Iinclude -Iinclude -DJEMALLOC_NO_PRIVATE_NAMESPACE -o src/base.sym.o src/base.c
[INFO] [stderr]   cc -std=gnu11 -Wall -Wextra -Wsign-compare -Wundef -Wno-format-zero-length -Wpointer-arith -Wno-missing-braces -Wno-missing-field-initializers -Wno-missing-attributes -pipe -g3 -fvisibility=hidden -Wimplicit-fallthrough -O3 -funroll-loops -O0 -ffunction-sections -fdata-sections -fPIC -gdwarf-4 -fno-omit-frame-pointer -m64 -Wall -c -O0 -ffunction-sections -fdata-sections -fPIC -gdwarf-4 -fno-omit-frame-pointer -m64 -Wall -D_GNU_SOURCE -D_REENTRANT -Iinclude -Iinclude -DJEMALLOC_NO_PRIVATE_NAMESPACE -o src/bin.sym.o src/bin.c
[INFO] [stderr]   cc -std=gnu11 -Wall -Wextra -Wsign-compare -Wundef -Wno-format-zero-length -Wpointer-arith -Wno-missing-braces -Wno-missing-field-initializers -Wno-missing-attributes -pipe -g3 -fvisibility=hidden -Wimplicit-fallthrough -O3 -funroll-loops -O0 -ffunction-sections -fdata-sections -fPIC -gdwarf-4 -fno-omit-frame-pointer -m64 -Wall -c -O0 -ffunction-sections -fdata-sections -fPIC -gdwarf-4 -fno-omit-frame-pointer -m64 -Wall -D_GNU_SOURCE -D_REENTRANT -Iinclude -Iinclude -DJEMALLOC_NO_PRIVATE_NAMESPACE -o src/bin_info.sym.o src/bin_info.c
[INFO] [stderr]   cc -std=gnu11 -Wall -Wextra -Wsign-compare -Wundef -Wno-format-zero-length -Wpointer-arith -Wno-missing-braces -Wno-missing-field-initializers -Wno-missing-attributes -pipe -g3 -fvisibility=hidden -Wimplicit-fallthrough -O3 -funroll-loops -O0 -ffunction-sections -fdata-sections -fPIC -gdwarf-4 -fno-omit-frame-pointer -m64 -Wall -c -O0 -ffunction-sections -fdata-sections -fPIC -gdwarf-4 -fno-omit-frame-pointer -m64 -Wall -D_GNU_SOURCE -D_REENTRANT -Iinclude -Iinclude -DJEMALLOC_NO_PRIVATE_NAMESPACE -o src/bitmap.sym.o src/bitmap.c
[INFO] [stderr]   cc -std=gnu11 -Wall -Wextra -Wsign-compare -Wundef -Wno-format-zero-length -Wpointer-arith -Wno-missing-braces -Wno-missing-field-initializers -Wno-missing-attributes -pipe -g3 -fvisibility=hidden -Wimplicit-fallthrough -O3 -funroll-loops -O0 -ffunction-sections -fdata-sections -fPIC -gdwarf-4 -fno-omit-frame-pointer -m64 -Wall -c -O0 -ffunction-sections -fdata-sections -fPIC -gdwarf-4 -fno-omit-frame-pointer -m64 -Wall -D_GNU_SOURCE -D_REENTRANT -Iinclude -Iinclude -DJEMALLOC_NO_PRIVATE_NAMESPACE -o src/buf_writer.sym.o src/buf_writer.c
[INFO] [stderr]   cc -std=gnu11 -Wall -Wextra -Wsign-compare -Wundef -Wno-format-zero-length -Wpointer-arith -Wno-missing-braces -Wno-missing-field-initializers -Wno-missing-attributes -pipe -g3 -fvisibility=hidden -Wimplicit-fallthrough -O3 -funroll-loops -O0 -ffunction-sections -fdata-sections -fPIC -gdwarf-4 -fno-omit-frame-pointer -m64 -Wall -c -O0 -ffunction-sections -fdata-sections -fPIC -gdwarf-4 -fno-omit-frame-pointer -m64 -Wall -D_GNU_SOURCE -D_REENTRANT -Iinclude -Iinclude -DJEMALLOC_NO_PRIVATE_NAMESPACE -o src/cache_bin.sym.o src/cache_bin.c
[INFO] [stderr]   cc -std=gnu11 -Wall -Wextra -Wsign-compare -Wundef -Wno-format-zero-length -Wpointer-arith -Wno-missing-braces -Wno-missing-field-initializers -Wno-missing-attributes -pipe -g3 -fvisibility=hidden -Wimplicit-fallthrough -O3 -funroll-loops -O0 -ffunction-sections -fdata-sections -fPIC -gdwarf-4 -fno-omit-frame-pointer -m64 -Wall -c -O0 -ffunction-sections -fdata-sections -fPIC -gdwarf-4 -fno-omit-frame-pointer -m64 -Wall -D_GNU_SOURCE -D_REENTRANT -Iinclude -Iinclude -DJEMALLOC_NO_PRIVATE_NAMESPACE -o src/ckh.sym.o src/ckh.c
[INFO] [stderr]   cc -std=gnu11 -Wall -Wextra -Wsign-compare -Wundef -Wno-format-zero-length -Wpointer-arith -Wno-missing-braces -Wno-missing-field-initializers -Wno-missing-attributes -pipe -g3 -fvisibility=hidden -Wimplicit-fallthrough -O3 -funroll-loops -O0 -ffunction-sections -fdata-sections -fPIC -gdwarf-4 -fno-omit-frame-pointer -m64 -Wall -c -O0 -ffunction-sections -fdata-sections -fPIC -gdwarf-4 -fno-omit-frame-pointer -m64 -Wall -D_GNU_SOURCE -D_REENTRANT -Iinclude -Iinclude -DJEMALLOC_NO_PRIVATE_NAMESPACE -o src/counter.sym.o src/counter.c
[INFO] [stderr]   cc -std=gnu11 -Wall -Wextra -Wsign-compare -Wundef -Wno-format-zero-length -Wpointer-arith -Wno-missing-braces -Wno-missing-field-initializers -Wno-missing-attributes -pipe -g3 -fvisibility=hidden -Wimplicit-fallthrough -O3 -funroll-loops -O0 -ffunction-sections -fdata-sections -fPIC -gdwarf-4 -fno-omit-frame-pointer -m64 -Wall -c -O0 -ffunction-sections -fdata-sections -fPIC -gdwarf-4 -fno-omit-frame-pointer -m64 -Wall -D_GNU_SOURCE -D_REENTRANT -Iinclude -Iinclude -DJEMALLOC_NO_PRIVATE_NAMESPACE -o src/ctl.sym.o src/ctl.c
[INFO] [stderr]   cc -std=gnu11 -Wall -Wextra -Wsign-compare -Wundef -Wno-format-zero-length -Wpointer-arith -Wno-missing-braces -Wno-missing-field-initializers -Wno-missing-attributes -pipe -g3 -fvisibility=hidden -Wimplicit-fallthrough -O3 -funroll-loops -O0 -ffunction-sections -fdata-sections -fPIC -gdwarf-4 -fno-omit-frame-pointer -m64 -Wall -c -O0 -ffunction-sections -fdata-sections -fPIC -gdwarf-4 -fno-omit-frame-pointer -m64 -Wall -D_GNU_SOURCE -D_REENTRANT -Iinclude -Iinclude -DJEMALLOC_NO_PRIVATE_NAMESPACE -o src/decay.sym.o src/decay.c
[INFO] [stderr]   cc -std=gnu11 -Wall -Wextra -Wsign-compare -Wundef -Wno-format-zero-length -Wpointer-arith -Wno-missing-braces -Wno-missing-field-initializers -Wno-missing-attributes -pipe -g3 -fvisibility=hidden -Wimplicit-fallthrough -O3 -funroll-loops -O0 -ffunction-sections -fdata-sections -fPIC -gdwarf-4 -fno-omit-frame-pointer -m64 -Wall -c -O0 -ffunction-sections -fdata-sections -fPIC -gdwarf-4 -fno-omit-frame-pointer -m64 -Wall -D_GNU_SOURCE -D_REENTRANT -Iinclude -Iinclude -DJEMALLOC_NO_PRIVATE_NAMESPACE -o src/div.sym.o src/div.c
[INFO] [stderr]   cc -std=gnu11 -Wall -Wextra -Wsign-compare -Wundef -Wno-format-zero-length -Wpointer-arith -Wno-missing-braces -Wno-missing-field-initializers -Wno-missing-attributes -pipe -g3 -fvisibility=hidden -Wimplicit-fallthrough -O3 -funroll-loops -O0 -ffunction-sections -fdata-sections -fPIC -gdwarf-4 -fno-omit-frame-pointer -m64 -Wall -c -O0 -ffunction-sections -fdata-sections -fPIC -gdwarf-4 -fno-omit-frame-pointer -m64 -Wall -D_GNU_SOURCE -D_REENTRANT -Iinclude -Iinclude -DJEMALLOC_NO_PRIVATE_NAMESPACE -o src/ecache.sym.o src/ecache.c
[INFO] [stderr]   cc -std=gnu11 -Wall -Wextra -Wsign-compare -Wundef -Wno-format-zero-length -Wpointer-arith -Wno-missing-braces -Wno-missing-field-initializers -Wno-missing-attributes -pipe -g3 -fvisibility=hidden -Wimplicit-fallthrough -O3 -funroll-loops -O0 -ffunction-sections -fdata-sections -fPIC -gdwarf-4 -fno-omit-frame-pointer -m64 -Wall -c -O0 -ffunction-sections -fdata-sections -fPIC -gdwarf-4 -fno-omit-frame-pointer -m64 -Wall -D_GNU_SOURCE -D_REENTRANT -Iinclude -Iinclude -DJEMALLOC_NO_PRIVATE_NAMESPACE -o src/edata.sym.o src/edata.c
[INFO] [stderr]   cc -std=gnu11 -Wall -Wextra -Wsign-compare -Wundef -Wno-format-zero-length -Wpointer-arith -Wno-missing-braces -Wno-missing-field-initializers -Wno-missing-attributes -pipe -g3 -fvisibility=hidden -Wimplicit-fallthrough -O3 -funroll-loops -O0 -ffunction-sections -fdata-sections -fPIC -gdwarf-4 -fno-omit-frame-pointer -m64 -Wall -c -O0 -ffunction-sections -fdata-sections -fPIC -gdwarf-4 -fno-omit-frame-pointer -m64 -Wall -D_GNU_SOURCE -D_REENTRANT -Iinclude -Iinclude -DJEMALLOC_NO_PRIVATE_NAMESPACE -o src/edata_cache.sym.o src/edata_cache.c
[INFO] [stderr]   cc -std=gnu11 -Wall -Wextra -Wsign-compare -Wundef -Wno-format-zero-length -Wpointer-arith -Wno-missing-braces -Wno-missing-field-initializers -Wno-missing-attributes -pipe -g3 -fvisibility=hidden -Wimplicit-fallthrough -O3 -funroll-loops -O0 -ffunction-sections -fdata-sections -fPIC -gdwarf-4 -fno-omit-frame-pointer -m64 -Wall -c -O0 -ffunction-sections -fdata-sections -fPIC -gdwarf-4 -fno-omit-frame-pointer -m64 -Wall -D_GNU_SOURCE -D_REENTRANT -Iinclude -Iinclude -DJEMALLOC_NO_PRIVATE_NAMESPACE -o src/ehooks.sym.o src/ehooks.c
[INFO] [stderr]   cc -std=gnu11 -Wall -Wextra -Wsign-compare -Wundef -Wno-format-zero-length -Wpointer-arith -Wno-missing-braces -Wno-missing-field-initializers -Wno-missing-attributes -pipe -g3 -fvisibility=hidden -Wimplicit-fallthrough -O3 -funroll-loops -O0 -ffunction-sections -fdata-sections -fPIC -gdwarf-4 -fno-omit-frame-pointer -m64 -Wall -c -O0 -ffunction-sections -fdata-sections -fPIC -gdwarf-4 -fno-omit-frame-pointer -m64 -Wall -D_GNU_SOURCE -D_REENTRANT -Iinclude -Iinclude -DJEMALLOC_NO_PRIVATE_NAMESPACE -o src/emap.sym.o src/emap.c
[INFO] [stderr]   cc -std=gnu11 -Wall -Wextra -Wsign-compare -Wundef -Wno-format-zero-length -Wpointer-arith -Wno-missing-braces -Wno-missing-field-initializers -Wno-missing-attributes -pipe -g3 -fvisibility=hidden -Wimplicit-fallthrough -O3 -funroll-loops -O0 -ffunction-sections -fdata-sections -fPIC -gdwarf-4 -fno-omit-frame-pointer -m64 -Wall -c -O0 -ffunction-sections -fdata-sections -fPIC -gdwarf-4 -fno-omit-frame-pointer -m64 -Wall -D_GNU_SOURCE -D_REENTRANT -Iinclude -Iinclude -DJEMALLOC_NO_PRIVATE_NAMESPACE -o src/eset.sym.o src/eset.c
[INFO] [stderr]   cc -std=gnu11 -Wall -Wextra -Wsign-compare -Wundef -Wno-format-zero-length -Wpointer-arith -Wno-missing-braces -Wno-missing-field-initializers -Wno-missing-attributes -pipe -g3 -fvisibility=hidden -Wimplicit-fallthrough -O3 -funroll-loops -O0 -ffunction-sections -fdata-sections -fPIC -gdwarf-4 -fno-omit-frame-pointer -m64 -Wall -c -O0 -ffunction-sections -fdata-sections -fPIC -gdwarf-4 -fno-omit-frame-pointer -m64 -Wall -D_GNU_SOURCE -D_REENTRANT -Iinclude -Iinclude -DJEMALLOC_NO_PRIVATE_NAMESPACE -o src/exp_grow.sym.o src/exp_grow.c
[INFO] [stderr]   cc -std=gnu11 -Wall -Wextra -Wsign-compare -Wundef -Wno-format-zero-length -Wpointer-arith -Wno-missing-braces -Wno-missing-field-initializers -Wno-missing-attributes -pipe -g3 -fvisibility=hidden -Wimplicit-fallthrough -O3 -funroll-loops -O0 -ffunction-sections -fdata-sections -fPIC -gdwarf-4 -fno-omit-frame-pointer -m64 -Wall -c -O0 -ffunction-sections -fdata-sections -fPIC -gdwarf-4 -fno-omit-frame-pointer -m64 -Wall -D_GNU_SOURCE -D_REENTRANT -Iinclude -Iinclude -DJEMALLOC_NO_PRIVATE_NAMESPACE -o src/extent.sym.o src/extent.c
[INFO] [stderr]   cc -std=gnu11 -Wall -Wextra -Wsign-compare -Wundef -Wno-format-zero-length -Wpointer-arith -Wno-missing-braces -Wno-missing-field-initializers -Wno-missing-attributes -pipe -g3 -fvisibility=hidden -Wimplicit-fallthrough -O3 -funroll-loops -O0 -ffunction-sections -fdata-sections -fPIC -gdwarf-4 -fno-omit-frame-pointer -m64 -Wall -c -O0 -ffunction-sections -fdata-sections -fPIC -gdwarf-4 -fno-omit-frame-pointer -m64 -Wall -D_GNU_SOURCE -D_REENTRANT -Iinclude -Iinclude -DJEMALLOC_NO_PRIVATE_NAMESPACE -o src/extent_dss.sym.o src/extent_dss.c
[INFO] [stderr]   cc -std=gnu11 -Wall -Wextra -Wsign-compare -Wundef -Wno-format-zero-length -Wpointer-arith -Wno-missing-braces -Wno-missing-field-initializers -Wno-missing-attributes -pipe -g3 -fvisibility=hidden -Wimplicit-fallthrough -O3 -funroll-loops -O0 -ffunction-sections -fdata-sections -fPIC -gdwarf-4 -fno-omit-frame-pointer -m64 -Wall -c -O0 -ffunction-sections -fdata-sections -fPIC -gdwarf-4 -fno-omit-frame-pointer -m64 -Wall -D_GNU_SOURCE -D_REENTRANT -Iinclude -Iinclude -DJEMALLOC_NO_PRIVATE_NAMESPACE -o src/extent_mmap.sym.o src/extent_mmap.c
[INFO] [stderr]   cc -std=gnu11 -Wall -Wextra -Wsign-compare -Wundef -Wno-format-zero-length -Wpointer-arith -Wno-missing-braces -Wno-missing-field-initializers -Wno-missing-attributes -pipe -g3 -fvisibility=hidden -Wimplicit-fallthrough -O3 -funroll-loops -O0 -ffunction-sections -fdata-sections -fPIC -gdwarf-4 -fno-omit-frame-pointer -m64 -Wall -c -O0 -ffunction-sections -fdata-sections -fPIC -gdwarf-4 -fno-omit-frame-pointer -m64 -Wall -D_GNU_SOURCE -D_REENTRANT -Iinclude -Iinclude -DJEMALLOC_NO_PRIVATE_NAMESPACE -o src/fxp.sym.o src/fxp.c
[INFO] [stderr]   cc -std=gnu11 -Wall -Wextra -Wsign-compare -Wundef -Wno-format-zero-length -Wpointer-arith -Wno-missing-braces -Wno-missing-field-initializers -Wno-missing-attributes -pipe -g3 -fvisibility=hidden -Wimplicit-fallthrough -O3 -funroll-loops -O0 -ffunction-sections -fdata-sections -fPIC -gdwarf-4 -fno-omit-frame-pointer -m64 -Wall -c -O0 -ffunction-sections -fdata-sections -fPIC -gdwarf-4 -fno-omit-frame-pointer -m64 -Wall -D_GNU_SOURCE -D_REENTRANT -Iinclude -Iinclude -DJEMALLOC_NO_PRIVATE_NAMESPACE -o src/san.sym.o src/san.c
[INFO] [stderr]   cc -std=gnu11 -Wall -Wextra -Wsign-compare -Wundef -Wno-format-zero-length -Wpointer-arith -Wno-missing-braces -Wno-missing-field-initializers -Wno-missing-attributes -pipe -g3 -fvisibility=hidden -Wimplicit-fallthrough -O3 -funroll-loops -O0 -ffunction-sections -fdata-sections -fPIC -gdwarf-4 -fno-omit-frame-pointer -m64 -Wall -c -O0 -ffunction-sections -fdata-sections -fPIC -gdwarf-4 -fno-omit-frame-pointer -m64 -Wall -D_GNU_SOURCE -D_REENTRANT -Iinclude -Iinclude -DJEMALLOC_NO_PRIVATE_NAMESPACE -o src/san_bump.sym.o src/san_bump.c
[INFO] [stderr]   cc -std=gnu11 -Wall -Wextra -Wsign-compare -Wundef -Wno-format-zero-length -Wpointer-arith -Wno-missing-braces -Wno-missing-field-initializers -Wno-missing-attributes -pipe -g3 -fvisibility=hidden -Wimplicit-fallthrough -O3 -funroll-loops -O0 -ffunction-sections -fdata-sections -fPIC -gdwarf-4 -fno-omit-frame-pointer -m64 -Wall -c -O0 -ffunction-sections -fdata-sections -fPIC -gdwarf-4 -fno-omit-frame-pointer -m64 -Wall -D_GNU_SOURCE -D_REENTRANT -Iinclude -Iinclude -DJEMALLOC_NO_PRIVATE_NAMESPACE -o src/hook.sym.o src/hook.c
[INFO] [stderr]   cc -std=gnu11 -Wall -Wextra -Wsign-compare -Wundef -Wno-format-zero-length -Wpointer-arith -Wno-missing-braces -Wno-missing-field-initializers -Wno-missing-attributes -pipe -g3 -fvisibility=hidden -Wimplicit-fallthrough -O3 -funroll-loops -O0 -ffunction-sections -fdata-sections -fPIC -gdwarf-4 -fno-omit-frame-pointer -m64 -Wall -c -O0 -ffunction-sections -fdata-sections -fPIC -gdwarf-4 -fno-omit-frame-pointer -m64 -Wall -D_GNU_SOURCE -D_REENTRANT -Iinclude -Iinclude -DJEMALLOC_NO_PRIVATE_NAMESPACE -o src/hpa.sym.o src/hpa.c
[INFO] [stderr]   cc -std=gnu11 -Wall -Wextra -Wsign-compare -Wundef -Wno-format-zero-length -Wpointer-arith -Wno-missing-braces -Wno-missing-field-initializers -Wno-missing-attributes -pipe -g3 -fvisibility=hidden -Wimplicit-fallthrough -O3 -funroll-loops -O0 -ffunction-sections -fdata-sections -fPIC -gdwarf-4 -fno-omit-frame-pointer -m64 -Wall -c -O0 -ffunction-sections -fdata-sections -fPIC -gdwarf-4 -fno-omit-frame-pointer -m64 -Wall -D_GNU_SOURCE -D_REENTRANT -Iinclude -Iinclude -DJEMALLOC_NO_PRIVATE_NAMESPACE -o src/hpa_hooks.sym.o src/hpa_hooks.c
[INFO] [stderr]   cc -std=gnu11 -Wall -Wextra -Wsign-compare -Wundef -Wno-format-zero-length -Wpointer-arith -Wno-missing-braces -Wno-missing-field-initializers -Wno-missing-attributes -pipe -g3 -fvisibility=hidden -Wimplicit-fallthrough -O3 -funroll-loops -O0 -ffunction-sections -fdata-sections -fPIC -gdwarf-4 -fno-omit-frame-pointer -m64 -Wall -c -O0 -ffunction-sections -fdata-sections -fPIC -gdwarf-4 -fno-omit-frame-pointer -m64 -Wall -D_GNU_SOURCE -D_REENTRANT -Iinclude -Iinclude -DJEMALLOC_NO_PRIVATE_NAMESPACE -o src/hpdata.sym.o src/hpdata.c
[INFO] [stderr]   cc -std=gnu11 -Wall -Wextra -Wsign-compare -Wundef -Wno-format-zero-length -Wpointer-arith -Wno-missing-braces -Wno-missing-field-initializers -Wno-missing-attributes -pipe -g3 -fvisibility=hidden -Wimplicit-fallthrough -O3 -funroll-loops -O0 -ffunction-sections -fdata-sections -fPIC -gdwarf-4 -fno-omit-frame-pointer -m64 -Wall -c -O0 -ffunction-sections -fdata-sections -fPIC -gdwarf-4 -fno-omit-frame-pointer -m64 -Wall -D_GNU_SOURCE -D_REENTRANT -Iinclude -Iinclude -DJEMALLOC_NO_PRIVATE_NAMESPACE -o src/inspect.sym.o src/inspect.c
[INFO] [stderr]   cc -std=gnu11 -Wall -Wextra -Wsign-compare -Wundef -Wno-format-zero-length -Wpointer-arith -Wno-missing-braces -Wno-missing-field-initializers -Wno-missing-attributes -pipe -g3 -fvisibility=hidden -Wimplicit-fallthrough -O3 -funroll-loops -O0 -ffunction-sections -fdata-sections -fPIC -gdwarf-4 -fno-omit-frame-pointer -m64 -Wall -c -O0 -ffunction-sections -fdata-sections -fPIC -gdwarf-4 -fno-omit-frame-pointer -m64 -Wall -D_GNU_SOURCE -D_REENTRANT -Iinclude -Iinclude -DJEMALLOC_NO_PRIVATE_NAMESPACE -o src/large.sym.o src/large.c
[INFO] [stderr]   cc -std=gnu11 -Wall -Wextra -Wsign-compare -Wundef -Wno-format-zero-length -Wpointer-arith -Wno-missing-braces -Wno-missing-field-initializers -Wno-missing-attributes -pipe -g3 -fvisibility=hidden -Wimplicit-fallthrough -O3 -funroll-loops -O0 -ffunction-sections -fdata-sections -fPIC -gdwarf-4 -fno-omit-frame-pointer -m64 -Wall -c -O0 -ffunction-sections -fdata-sections -fPIC -gdwarf-4 -fno-omit-frame-pointer -m64 -Wall -D_GNU_SOURCE -D_REENTRANT -Iinclude -Iinclude -DJEMALLOC_NO_PRIVATE_NAMESPACE -o src/log.sym.o src/log.c
[INFO] [stderr]   cc -std=gnu11 -Wall -Wextra -Wsign-compare -Wundef -Wno-format-zero-length -Wpointer-arith -Wno-missing-braces -Wno-missing-field-initializers -Wno-missing-attributes -pipe -g3 -fvisibility=hidden -Wimplicit-fallthrough -O3 -funroll-loops -O0 -ffunction-sections -fdata-sections -fPIC -gdwarf-4 -fno-omit-frame-pointer -m64 -Wall -c -O0 -ffunction-sections -fdata-sections -fPIC -gdwarf-4 -fno-omit-frame-pointer -m64 -Wall -D_GNU_SOURCE -D_REENTRANT -Iinclude -Iinclude -DJEMALLOC_NO_PRIVATE_NAMESPACE -o src/malloc_io.sym.o src/malloc_io.c
[INFO] [stderr]   cc -std=gnu11 -Wall -Wextra -Wsign-compare -Wundef -Wno-format-zero-length -Wpointer-arith -Wno-missing-braces -Wno-missing-field-initializers -Wno-missing-attributes -pipe -g3 -fvisibility=hidden -Wimplicit-fallthrough -O3 -funroll-loops -O0 -ffunction-sections -fdata-sections -fPIC -gdwarf-4 -fno-omit-frame-pointer -m64 -Wall -c -O0 -ffunction-sections -fdata-sections -fPIC -gdwarf-4 -fno-omit-frame-pointer -m64 -Wall -D_GNU_SOURCE -D_REENTRANT -Iinclude -Iinclude -DJEMALLOC_NO_PRIVATE_NAMESPACE -o src/mutex.sym.o src/mutex.c
[INFO] [stderr]   cc -std=gnu11 -Wall -Wextra -Wsign-compare -Wundef -Wno-format-zero-length -Wpointer-arith -Wno-missing-braces -Wno-missing-field-initializers -Wno-missing-attributes -pipe -g3 -fvisibility=hidden -Wimplicit-fallthrough -O3 -funroll-loops -O0 -ffunction-sections -fdata-sections -fPIC -gdwarf-4 -fno-omit-frame-pointer -m64 -Wall -c -O0 -ffunction-sections -fdata-sections -fPIC -gdwarf-4 -fno-omit-frame-pointer -m64 -Wall -D_GNU_SOURCE -D_REENTRANT -Iinclude -Iinclude -DJEMALLOC_NO_PRIVATE_NAMESPACE -o src/nstime.sym.o src/nstime.c
[INFO] [stderr]   cc -std=gnu11 -Wall -Wextra -Wsign-compare -Wundef -Wno-format-zero-length -Wpointer-arith -Wno-missing-braces -Wno-missing-field-initializers -Wno-missing-attributes -pipe -g3 -fvisibility=hidden -Wimplicit-fallthrough -O3 -funroll-loops -O0 -ffunction-sections -fdata-sections -fPIC -gdwarf-4 -fno-omit-frame-pointer -m64 -Wall -c -O0 -ffunction-sections -fdata-sections -fPIC -gdwarf-4 -fno-omit-frame-pointer -m64 -Wall -D_GNU_SOURCE -D_REENTRANT -Iinclude -Iinclude -DJEMALLOC_NO_PRIVATE_NAMESPACE -o src/pa.sym.o src/pa.c
[INFO] [stderr]   cc -std=gnu11 -Wall -Wextra -Wsign-compare -Wundef -Wno-format-zero-length -Wpointer-arith -Wno-missing-braces -Wno-missing-field-initializers -Wno-missing-attributes -pipe -g3 -fvisibility=hidden -Wimplicit-fallthrough -O3 -funroll-loops -O0 -ffunction-sections -fdata-sections -fPIC -gdwarf-4 -fno-omit-frame-pointer -m64 -Wall -c -O0 -ffunction-sections -fdata-sections -fPIC -gdwarf-4 -fno-omit-frame-pointer -m64 -Wall -D_GNU_SOURCE -D_REENTRANT -Iinclude -Iinclude -DJEMALLOC_NO_PRIVATE_NAMESPACE -o src/pa_extra.sym.o src/pa_extra.c
[INFO] [stderr]   cc -std=gnu11 -Wall -Wextra -Wsign-compare -Wundef -Wno-format-zero-length -Wpointer-arith -Wno-missing-braces -Wno-missing-field-initializers -Wno-missing-attributes -pipe -g3 -fvisibility=hidden -Wimplicit-fallthrough -O3 -funroll-loops -O0 -ffunction-sections -fdata-sections -fPIC -gdwarf-4 -fno-omit-frame-pointer -m64 -Wall -c -O0 -ffunction-sections -fdata-sections -fPIC -gdwarf-4 -fno-omit-frame-pointer -m64 -Wall -D_GNU_SOURCE -D_REENTRANT -Iinclude -Iinclude -DJEMALLOC_NO_PRIVATE_NAMESPACE -o src/pai.sym.o src/pai.c
[INFO] [stderr]   cc -std=gnu11 -Wall -Wextra -Wsign-compare -Wundef -Wno-format-zero-length -Wpointer-arith -Wno-missing-braces -Wno-missing-field-initializers -Wno-missing-attributes -pipe -g3 -fvisibility=hidden -Wimplicit-fallthrough -O3 -funroll-loops -O0 -ffunction-sections -fdata-sections -fPIC -gdwarf-4 -fno-omit-frame-pointer -m64 -Wall -c -O0 -ffunction-sections -fdata-sections -fPIC -gdwarf-4 -fno-omit-frame-pointer -m64 -Wall -D_GNU_SOURCE -D_REENTRANT -Iinclude -Iinclude -DJEMALLOC_NO_PRIVATE_NAMESPACE -o src/pac.sym.o src/pac.c
[INFO] [stderr]   cc -std=gnu11 -Wall -Wextra -Wsign-compare -Wundef -Wno-format-zero-length -Wpointer-arith -Wno-missing-braces -Wno-missing-field-initializers -Wno-missing-attributes -pipe -g3 -fvisibility=hidden -Wimplicit-fallthrough -O3 -funroll-loops -O0 -ffunction-sections -fdata-sections -fPIC -gdwarf-4 -fno-omit-frame-pointer -m64 -Wall -c -O0 -ffunction-sections -fdata-sections -fPIC -gdwarf-4 -fno-omit-frame-pointer -m64 -Wall -D_GNU_SOURCE -D_REENTRANT -Iinclude -Iinclude -DJEMALLOC_NO_PRIVATE_NAMESPACE -o src/pages.sym.o src/pages.c
[INFO] [stderr]   cc -std=gnu11 -Wall -Wextra -Wsign-compare -Wundef -Wno-format-zero-length -Wpointer-arith -Wno-missing-braces -Wno-missing-field-initializers -Wno-missing-attributes -pipe -g3 -fvisibility=hidden -Wimplicit-fallthrough -O3 -funroll-loops -O0 -ffunction-sections -fdata-sections -fPIC -gdwarf-4 -fno-omit-frame-pointer -m64 -Wall -c -O0 -ffunction-sections -fdata-sections -fPIC -gdwarf-4 -fno-omit-frame-pointer -m64 -Wall -D_GNU_SOURCE -D_REENTRANT -Iinclude -Iinclude -DJEMALLOC_NO_PRIVATE_NAMESPACE -o src/peak_event.sym.o src/peak_event.c
[INFO] [stderr]   cc -std=gnu11 -Wall -Wextra -Wsign-compare -Wundef -Wno-format-zero-length -Wpointer-arith -Wno-missing-braces -Wno-missing-field-initializers -Wno-missing-attributes -pipe -g3 -fvisibility=hidden -Wimplicit-fallthrough -O3 -funroll-loops -O0 -ffunction-sections -fdata-sections -fPIC -gdwarf-4 -fno-omit-frame-pointer -m64 -Wall -c -O0 -ffunction-sections -fdata-sections -fPIC -gdwarf-4 -fno-omit-frame-pointer -m64 -Wall -D_GNU_SOURCE -D_REENTRANT -Iinclude -Iinclude -DJEMALLOC_NO_PRIVATE_NAMESPACE -o src/prof.sym.o src/prof.c
[INFO] [stderr]   cc -std=gnu11 -Wall -Wextra -Wsign-compare -Wundef -Wno-format-zero-length -Wpointer-arith -Wno-missing-braces -Wno-missing-field-initializers -Wno-missing-attributes -pipe -g3 -fvisibility=hidden -Wimplicit-fallthrough -O3 -funroll-loops -O0 -ffunction-sections -fdata-sections -fPIC -gdwarf-4 -fno-omit-frame-pointer -m64 -Wall -c -O0 -ffunction-sections -fdata-sections -fPIC -gdwarf-4 -fno-omit-frame-pointer -m64 -Wall -D_GNU_SOURCE -D_REENTRANT -Iinclude -Iinclude -DJEMALLOC_NO_PRIVATE_NAMESPACE -o src/prof_data.sym.o src/prof_data.c
[INFO] [stderr] 
[INFO] [stderr]   --- stderr
[INFO] [stderr]   {standard input}: Assembler messages:
[INFO] [stderr]   {standard input}:33698: Warning: end of file in string; '"' inserted
[INFO] [stderr]   cc: fatal error: Killed signal terminated program cc1
[INFO] [stderr]   compilation terminated.
[INFO] [stderr]   make: *** [Makefile:479: src/jemalloc.sym.o] Error 1
[INFO] [stderr]   make: *** Waiting for unfinished jobs....
[INFO] [stderr]   thread 'main' panicked at 'command did not execute successfully: cd "/opt/rustwide/target/debug/build/tikv-jemalloc-sys-b96ffba9abe29767/out/build" && "make" "-j" "8"
[INFO] [stderr]   expected success, got: exit status: 2', /opt/rustwide/cargo-home/registry/src/github.com-1ecc6299db9ec823/tikv-jemalloc-sys-0.5.2+5.3.0-patched/build.rs:330:9
[INFO] [stderr]   stack backtrace:
[INFO] [stderr]      0:     0x555a9373001a - std::backtrace_rs::backtrace::libunwind::trace::ha9053a9a07ca49cb
[INFO] [stderr]                                  at /rustc/84c898d65adf2f39a5a98507f1fe0ce10a2b8dbc/library/std/src/../../backtrace/src/backtrace/libunwind.rs:93:5
[INFO] [stderr]      1:     0x555a9373001a - std::backtrace_rs::backtrace::trace_unsynchronized::h9c2852a457ad564e
[INFO] [stderr]                                  at /rustc/84c898d65adf2f39a5a98507f1fe0ce10a2b8dbc/library/std/src/../../backtrace/src/backtrace/mod.rs:66:5
[INFO] [stderr]      2:     0x555a9373001a - std::sys_common::backtrace::_print_fmt::h457936fbfaa0070f
[INFO] [stderr]                                  at /rustc/84c898d65adf2f39a5a98507f1fe0ce10a2b8dbc/library/std/src/sys_common/backtrace.rs:65:5
[INFO] [stderr]      3:     0x555a9373001a - <std::sys_common::backtrace::_print::DisplayBacktrace as core::fmt::Display>::fmt::h5779d7bf7f70cb0c
[INFO] [stderr]                                  at /rustc/84c898d65adf2f39a5a98507f1fe0ce10a2b8dbc/library/std/src/sys_common/backtrace.rs:44:22
[INFO] [stderr]      4:     0x555a9375080e - core::fmt::write::h5a4baaff1bcd3eb5
[INFO] [stderr]                                  at /rustc/84c898d65adf2f39a5a98507f1fe0ce10a2b8dbc/library/core/src/fmt/mod.rs:1232:17
[INFO] [stderr]      5:     0x555a9372cfd5 - std::io::Write::write_fmt::h4bc1f301cb9e9cce
[INFO] [stderr]                                  at /rustc/84c898d65adf2f39a5a98507f1fe0ce10a2b8dbc/library/std/src/io/mod.rs:1684:15
[INFO] [stderr]      6:     0x555a9372fde5 - std::sys_common::backtrace::_print::h5fcdc36060f177e8
[INFO] [stderr]                                  at /rustc/84c898d65adf2f39a5a98507f1fe0ce10a2b8dbc/library/std/src/sys_common/backtrace.rs:47:5
[INFO] [stderr]      7:     0x555a9372fde5 - std::sys_common::backtrace::print::h54ca9458b876c8bf
[INFO] [stderr]                                  at /rustc/84c898d65adf2f39a5a98507f1fe0ce10a2b8dbc/library/std/src/sys_common/backtrace.rs:34:9
[INFO] [stderr]      8:     0x555a937317bf - std::panicking::default_hook::{{closure}}::hbe471161c7664ed6
[INFO] [stderr]                                  at /rustc/84c898d65adf2f39a5a98507f1fe0ce10a2b8dbc/library/std/src/panicking.rs:271:22
[INFO] [stderr]      9:     0x555a937314fb - std::panicking::default_hook::ha3500da57aa4ac4f
[INFO] [stderr]                                  at /rustc/84c898d65adf2f39a5a98507f1fe0ce10a2b8dbc/library/std/src/panicking.rs:290:9
[INFO] [stderr]     10:     0x555a93731d68 - std::panicking::rust_panic_with_hook::h50c09d000dc561d2
[INFO] [stderr]                                  at /rustc/84c898d65adf2f39a5a98507f1fe0ce10a2b8dbc/library/std/src/panicking.rs:692:13
[INFO] [stderr]     11:     0x555a93731c69 - std::panicking::begin_panic_handler::{{closure}}::h9e2b2176e00e0d9c
[INFO] [stderr]                                  at /rustc/84c898d65adf2f39a5a98507f1fe0ce10a2b8dbc/library/std/src/panicking.rs:583:13
[INFO] [stderr]     12:     0x555a93730486 - std::sys_common::backtrace::__rust_end_short_backtrace::h5739b8e512c09d02
[INFO] [stderr]                                  at /rustc/84c898d65adf2f39a5a98507f1fe0ce10a2b8dbc/library/std/src/sys_common/backtrace.rs:150:18
[INFO] [stderr]     13:     0x555a93731972 - rust_begin_unwind
[INFO] [stderr]                                  at /rustc/84c898d65adf2f39a5a98507f1fe0ce10a2b8dbc/library/std/src/panicking.rs:579:5
[INFO] [stderr]     14:     0x555a936b7833 - core::panicking::panic_fmt::hf33a1475b4dc5c3e
[INFO] [stderr]                                  at /rustc/84c898d65adf2f39a5a98507f1fe0ce10a2b8dbc/library/core/src/panicking.rs:64:14
[INFO] [stderr]     15:     0x555a936bc30a - build_script_build::execute::h2988d7c5453c1f02
[INFO] [stderr]     16:     0x555a936bc056 - build_script_build::run::ha8c7c9d35a83306b
[INFO] [stderr]     17:     0x555a936badce - build_script_build::main::h9959d65effc43458
[INFO] [stderr]     18:     0x555a936bffd3 - core::ops::function::FnOnce::call_once::hc43059c9311608ad
[INFO] [stderr]     19:     0x555a936c6689 - std::sys_common::backtrace::__rust_begin_short_backtrace::h6ddd6aa61cfcc953
[INFO] [stderr]     20:     0x555a936bf269 - std::rt::lang_start::{{closure}}::h2342ccb218802b51
[INFO] [stderr]     21:     0x555a937293ec - core::ops::function::impls::<impl core::ops::function::FnOnce<A> for &F>::call_once::hd6efcd3bec896f2c
[INFO] [stderr]                                  at /rustc/84c898d65adf2f39a5a98507f1fe0ce10a2b8dbc/library/core/src/ops/function.rs:287:13
[INFO] [stderr]     22:     0x555a937293ec - std::panicking::try::do_call::hce04e543bb1f4cbb
[INFO] [stderr]                                  at /rustc/84c898d65adf2f39a5a98507f1fe0ce10a2b8dbc/library/std/src/panicking.rs:487:40
[INFO] [stderr]     23:     0x555a937293ec - std::panicking::try::h3342dd4e1f680968
[INFO] [stderr]                                  at /rustc/84c898d65adf2f39a5a98507f1fe0ce10a2b8dbc/library/std/src/panicking.rs:451:19
[INFO] [stderr]     24:     0x555a937293ec - std::panic::catch_unwind::h148ce1e59ac0cee7
[INFO] [stderr]                                  at /rustc/84c898d65adf2f39a5a98507f1fe0ce10a2b8dbc/library/std/src/panic.rs:140:14
[INFO] [stderr]     25:     0x555a937293ec - std::rt::lang_start_internal::{{closure}}::h25f9dda2057a67fe
[INFO] [stderr]                                  at /rustc/84c898d65adf2f39a5a98507f1fe0ce10a2b8dbc/library/std/src/rt.rs:148:48
[INFO] [stderr]     26:     0x555a937293ec - std::panicking::try::do_call::h7caaaeaf9401650b
[INFO] [stderr]                                  at /rustc/84c898d65adf2f39a5a98507f1fe0ce10a2b8dbc/library/std/src/panicking.rs:487:40
[INFO] [stderr]     27:     0x555a937293ec - std::panicking::try::he7d15285746cbbc2
[INFO] [stderr]                                  at /rustc/84c898d65adf2f39a5a98507f1fe0ce10a2b8dbc/library/std/src/panicking.rs:451:19
[INFO] [stderr]     28:     0x555a937293ec - std::panic::catch_unwind::h89fb4f50c0301fe0
[INFO] [stderr]                                  at /rustc/84c898d65adf2f39a5a98507f1fe0ce10a2b8dbc/library/std/src/panic.rs:140:14
[INFO] [stderr]     29:     0x555a937293ec - std::rt::lang_start_internal::h078acd489417d3c1
[INFO] [stderr]                                  at /rustc/84c898d65adf2f39a5a98507f1fe0ce10a2b8dbc/library/std/src/rt.rs:148:20
[INFO] [stderr]     30:     0x555a936bf247 - std::rt::lang_start::h81625b78a25361e9
[INFO] [stderr]     31:     0x555a936bca85 - main
[INFO] [stderr]     32:     0x7fb377e9ad90 - <unknown>
[INFO] [stderr]     33:     0x7fb377e9ae40 - __libc_start_main
[INFO] [stderr]     34:     0x555a936b7db5 - _start
[INFO] [stderr]     35:                0x0 - <unknown>
[INFO] [stderr] warning: build failed, waiting for other jobs to finish...
[INFO] [stderr] The following warnings were emitted during compilation:
[INFO] [stderr] 
[INFO] [stderr] warning: c++: fatal error: Killed signal terminated program cc1plus
[INFO] [stderr] warning: compilation terminated.
[INFO] [stderr] warning: c++: fatal error: Killed signal terminated program cc1plus
[INFO] [stderr] warning: compilation terminated.
[INFO] [stderr] warning: c++: fatal error: Killed signal terminated program cc1plus
[INFO] [stderr] warning: compilation terminated.
[INFO] [stderr] warning: c++: fatal error: Killed signal terminated program cc1plus
[INFO] [stderr] warning: compilation terminated.
[INFO] [stderr] 
[INFO] [stderr] error: failed to run custom build command for `wasm-opt-sys v0.110.2`
[INFO] [stderr] note: To improve backtraces for build dependencies, set the CARGO_PROFILE_DEV_BUILD_OVERRIDE_DEBUG=true environment variable to enable debug information generation.
[INFO] [stderr] 
[INFO] [stderr] Caused by:
[INFO] [stderr]   process didn't exit successfully: `/opt/rustwide/target/debug/build/wasm-opt-sys-96ccf9f90f5e73df/build-script-build` (exit status: 1)
[INFO] [stderr]   --- stdout
[INFO] [stderr]   TARGET = Some("x86_64-unknown-linux-gnu")
[INFO] [stderr]   HOST = Some("x86_64-unknown-linux-gnu")
[INFO] [stderr]   cargo:rerun-if-env-changed=CXX_x86_64-unknown-linux-gnu
[INFO] [stderr]   CXX_x86_64-unknown-linux-gnu = None
[INFO] [stderr]   cargo:rerun-if-env-changed=CXX_x86_64_unknown_linux_gnu
[INFO] [stderr]   CXX_x86_64_unknown_linux_gnu = None
[INFO] [stderr]   cargo:rerun-if-env-changed=HOST_CXX
[INFO] [stderr]   HOST_CXX = None
[INFO] [stderr]   cargo:rerun-if-env-changed=CXX
[INFO] [stderr]   CXX = None
[INFO] [stderr]   cargo:rerun-if-env-changed=CXXFLAGS_x86_64-unknown-linux-gnu
[INFO] [stderr]   CXXFLAGS_x86_64-unknown-linux-gnu = None
[INFO] [stderr]   cargo:rerun-if-env-changed=CXXFLAGS_x86_64_unknown_linux_gnu
[INFO] [stderr]   CXXFLAGS_x86_64_unknown_linux_gnu = None
[INFO] [stderr]   cargo:rerun-if-env-changed=HOST_CXXFLAGS
[INFO] [stderr]   HOST_CXXFLAGS = None
[INFO] [stderr]   cargo:rerun-if-env-changed=CXXFLAGS
[INFO] [stderr]   CXXFLAGS = None
[INFO] [stderr]   cargo:rerun-if-env-changed=CRATE_CC_NO_DEFAULTS
[INFO] [stderr]   CRATE_CC_NO_DEFAULTS = None
[INFO] [stderr]   CARGO_CFG_TARGET_FEATURE = Some("fxsr,sse,sse2")
[INFO] [stderr]   cargo:CXXBRIDGE_PREFIX=wasm-opt-sys
[INFO] [stderr]   cargo:CXXBRIDGE_LINKS=binaryen
[INFO] [stderr]   cargo:CXXBRIDGE_DIR0=/opt/rustwide/target/debug/build/wasm-opt-sys-2d4fb59d0a5a6f41/out/cxxbridge/include
[INFO] [stderr]   cargo:CXXBRIDGE_DIR1=/opt/rustwide/target/debug/build/wasm-opt-sys-2d4fb59d0a5a6f41/out/cxxbridge/crate
[INFO] [stderr]   cargo:CXXBRIDGE_DIR2=/opt/rustwide/cargo-home/registry/src/github.com-1ecc6299db9ec823/wasm-opt-sys-0.110.2/binaryen/src
[INFO] [stderr]   cargo:CXXBRIDGE_DIR3=/opt/rustwide/cargo-home/registry/src/github.com-1ecc6299db9ec823/wasm-opt-sys-0.110.2/binaryen/src/tools
[INFO] [stderr]   cargo:CXXBRIDGE_DIR4=/opt/rustwide/target/debug/build/wasm-opt-sys-2d4fb59d0a5a6f41/out
[INFO] [stderr]   TARGET = Some("x86_64-unknown-linux-gnu")
[INFO] [stderr]   OPT_LEVEL = Some("0")
[INFO] [stderr]   HOST = Some("x86_64-unknown-linux-gnu")
[INFO] [stderr]   cargo:rerun-if-env-changed=CXX_x86_64-unknown-linux-gnu
[INFO] [stderr]   CXX_x86_64-unknown-linux-gnu = None
[INFO] [stderr]   cargo:rerun-if-env-changed=CXX_x86_64_unknown_linux_gnu
[INFO] [stderr]   CXX_x86_64_unknown_linux_gnu = None
[INFO] [stderr]   cargo:rerun-if-env-changed=HOST_CXX
[INFO] [stderr]   HOST_CXX = None
[INFO] [stderr]   cargo:rerun-if-env-changed=CXX
[INFO] [stderr]   CXX = None
[INFO] [stderr]   cargo:rerun-if-env-changed=CXXFLAGS_x86_64-unknown-linux-gnu
[INFO] [stderr]   CXXFLAGS_x86_64-unknown-linux-gnu = None
[INFO] [stderr]   cargo:rerun-if-env-changed=CXXFLAGS_x86_64_unknown_linux_gnu
[INFO] [stderr]   CXXFLAGS_x86_64_unknown_linux_gnu = None
[INFO] [stderr]   cargo:rerun-if-env-changed=HOST_CXXFLAGS
[INFO] [stderr]   HOST_CXXFLAGS = None
[INFO] [stderr]   cargo:rerun-if-env-changed=CXXFLAGS
[INFO] [stderr]   CXXFLAGS = None
[INFO] [stderr]   cargo:rerun-if-env-changed=CRATE_CC_NO_DEFAULTS
[INFO] [stderr]   CRATE_CC_NO_DEFAULTS = None
[INFO] [stderr]   DEBUG = Some("false")
[INFO] [stderr]   CARGO_CFG_TARGET_FEATURE = Some("fxsr,sse,sse2")
[INFO] [stderr]   running: "c++" "-O0" "-ffunction-sections" "-fdata-sections" "-fPIC" "-m64" "-I" "/opt/rustwide/target/debug/build/wasm-opt-sys-2d4fb59d0a5a6f41/out/cxxbridge/include" "-I" "/opt/rustwide/target/debug/build/wasm-opt-sys-2d4fb59d0a5a6f41/out/cxxbridge/crate" "-I" "/opt/rustwide/cargo-home/registry/src/github.com-1ecc6299db9ec823/wasm-opt-sys-0.110.2/binaryen/src" "-I" "/opt/rustwide/cargo-home/registry/src/github.com-1ecc6299db9ec823/wasm-opt-sys-0.110.2/binaryen/src/tools" "-I" "/opt/rustwide/target/debug/build/wasm-opt-sys-2d4fb59d0a5a6f41/out" "-Wall" "-Wextra" "-std=c++17" "-Wno-unused-parameter" "-DTHROW_ON_FATAL" "-o" "/opt/rustwide/target/debug/build/wasm-opt-sys-2d4fb59d0a5a6f41/out/cxxbridge/sources/wasm-opt-sys/src/lib.rs.o" "-c" "/opt/rustwide/target/debug/build/wasm-opt-sys-2d4fb59d0a5a6f41/out/cxxbridge/sources/wasm-opt-sys/src/lib.rs.cc"
[INFO] [stderr]   exit status: 0
[INFO] [stderr]   running: "c++" "-O0" "-ffunction-sections" "-fdata-sections" "-fPIC" "-m64" "-I" "/opt/rustwide/target/debug/build/wasm-opt-sys-2d4fb59d0a5a6f41/out/cxxbridge/include" "-I" "/opt/rustwide/target/debug/build/wasm-opt-sys-2d4fb59d0a5a6f41/out/cxxbridge/crate" "-I" "/opt/rustwide/cargo-home/registry/src/github.com-1ecc6299db9ec823/wasm-opt-sys-0.110.2/binaryen/src" "-I" "/opt/rustwide/cargo-home/registry/src/github.com-1ecc6299db9ec823/wasm-opt-sys-0.110.2/binaryen/src/tools" "-I" "/opt/rustwide/target/debug/build/wasm-opt-sys-2d4fb59d0a5a6f41/out" "-Wall" "-Wextra" "-std=c++17" "-Wno-unused-parameter" "-DTHROW_ON_FATAL" "-o" "/opt/rustwide/target/debug/build/wasm-opt-sys-2d4fb59d0a5a6f41/out/wasm-opt-main-shim.o" "-c" "/opt/rustwide/cargo-home/registry/src/github.com-1ecc6299db9ec823/wasm-opt-sys-0.110.2/src/wasm-opt-main-shim.cpp"
[INFO] [stderr]   exit status: 0
[INFO] [stderr]   running: "c++" "-O0" "-ffunction-sections" "-fdata-sections" "-fPIC" "-m64" "-I" "/opt/rustwide/target/debug/build/wasm-opt-sys-2d4fb59d0a5a6f41/out/cxxbridge/include" "-I" "/opt/rustwide/target/debug/build/wasm-opt-sys-2d4fb59d0a5a6f41/out/cxxbridge/crate" "-I" "/opt/rustwide/cargo-home/registry/src/github.com-1ecc6299db9ec823/wasm-opt-sys-0.110.2/binaryen/src" "-I" "/opt/rustwide/cargo-home/registry/src/github.com-1ecc6299db9ec823/wasm-opt-sys-0.110.2/binaryen/src/tools" "-I" "/opt/rustwide/target/debug/build/wasm-opt-sys-2d4fb59d0a5a6f41/out" "-Wall" "-Wextra" "-std=c++17" "-Wno-unused-parameter" "-DTHROW_ON_FATAL" "-o" "/opt/rustwide/target/debug/build/wasm-opt-sys-2d4fb59d0a5a6f41/out/literal.o" "-c" "/opt/rustwide/cargo-home/registry/src/github.com-1ecc6299db9ec823/wasm-opt-sys-0.110.2/binaryen/src/wasm/literal.cpp"
[INFO] [stderr]   running: "c++" "-O0" "-ffunction-sections" "-fdata-sections" "-fPIC" "-m64" "-I" "/opt/rustwide/target/debug/build/wasm-opt-sys-2d4fb59d0a5a6f41/out/cxxbridge/include" "-I" "/opt/rustwide/target/debug/build/wasm-opt-sys-2d4fb59d0a5a6f41/out/cxxbridge/crate" "-I" "/opt/rustwide/cargo-home/registry/src/github.com-1ecc6299db9ec823/wasm-opt-sys-0.110.2/binaryen/src" "-I" "/opt/rustwide/cargo-home/registry/src/github.com-1ecc6299db9ec823/wasm-opt-sys-0.110.2/binaryen/src/tools" "-I" "/opt/rustwide/target/debug/build/wasm-opt-sys-2d4fb59d0a5a6f41/out" "-Wall" "-Wextra" "-std=c++17" "-Wno-unused-parameter" "-DTHROW_ON_FATAL" "-o" "/opt/rustwide/target/debug/build/wasm-opt-sys-2d4fb59d0a5a6f41/out/parsing.o" "-c" "/opt/rustwide/cargo-home/registry/src/github.com-1ecc6299db9ec823/wasm-opt-sys-0.110.2/binaryen/src/wasm/parsing.cpp"
[INFO] [stderr]   running: "c++" "-O0" "-ffunction-sections" "-fdata-sections" "-fPIC" "-m64" "-I" "/opt/rustwide/target/debug/build/wasm-opt-sys-2d4fb59d0a5a6f41/out/cxxbridge/include" "-I" "/opt/rustwide/target/debug/build/wasm-opt-sys-2d4fb59d0a5a6f41/out/cxxbridge/crate" "-I" "/opt/rustwide/cargo-home/registry/src/github.com-1ecc6299db9ec823/wasm-opt-sys-0.110.2/binaryen/src" "-I" "/opt/rustwide/cargo-home/registry/src/github.com-1ecc6299db9ec823/wasm-opt-sys-0.110.2/binaryen/src/tools" "-I" "/opt/rustwide/target/debug/build/wasm-opt-sys-2d4fb59d0a5a6f41/out" "-Wall" "-Wextra" "-std=c++17" "-Wno-unused-parameter" "-DTHROW_ON_FATAL" "-o" "/opt/rustwide/target/debug/build/wasm-opt-sys-2d4fb59d0a5a6f41/out/wasm-binary.o" "-c" "/opt/rustwide/cargo-home/registry/src/github.com-1ecc6299db9ec823/wasm-opt-sys-0.110.2/binaryen/src/wasm/wasm-binary.cpp"
[INFO] [stderr]   exit status: 0
[INFO] [stderr]   running: "c++" "-O0" "-ffunction-sections" "-fdata-sections" "-fPIC" "-m64" "-I" "/opt/rustwide/target/debug/build/wasm-opt-sys-2d4fb59d0a5a6f41/out/cxxbridge/include" "-I" "/opt/rustwide/target/debug/build/wasm-opt-sys-2d4fb59d0a5a6f41/out/cxxbridge/crate" "-I" "/opt/rustwide/cargo-home/registry/src/github.com-1ecc6299db9ec823/wasm-opt-sys-0.110.2/binaryen/src" "-I" "/opt/rustwide/cargo-home/registry/src/github.com-1ecc6299db9ec823/wasm-opt-sys-0.110.2/binaryen/src/tools" "-I" "/opt/rustwide/target/debug/build/wasm-opt-sys-2d4fb59d0a5a6f41/out" "-Wall" "-Wextra" "-std=c++17" "-Wno-unused-parameter" "-DTHROW_ON_FATAL" "-o" "/opt/rustwide/target/debug/build/wasm-opt-sys-2d4fb59d0a5a6f41/out/wasm-debug.o" "-c" "/opt/rustwide/cargo-home/registry/src/github.com-1ecc6299db9ec823/wasm-opt-sys-0.110.2/binaryen/src/wasm/wasm-debug.cpp"
[INFO] [stderr]   running: "c++" "-O0" "-ffunction-sections" "-fdata-sections" "-fPIC" "-m64" "-I" "/opt/rustwide/target/debug/build/wasm-opt-sys-2d4fb59d0a5a6f41/out/cxxbridge/include" "-I" "/opt/rustwide/target/debug/build/wasm-opt-sys-2d4fb59d0a5a6f41/out/cxxbridge/crate" "-I" "/opt/rustwide/cargo-home/registry/src/github.com-1ecc6299db9ec823/wasm-opt-sys-0.110.2/binaryen/src" "-I" "/opt/rustwide/cargo-home/registry/src/github.com-1ecc6299db9ec823/wasm-opt-sys-0.110.2/binaryen/src/tools" "-I" "/opt/rustwide/target/debug/build/wasm-opt-sys-2d4fb59d0a5a6f41/out" "-Wall" "-Wextra" "-std=c++17" "-Wno-unused-parameter" "-DTHROW_ON_FATAL" "-o" "/opt/rustwide/target/debug/build/wasm-opt-sys-2d4fb59d0a5a6f41/out/wasm-emscripten.o" "-c" "/opt/rustwide/cargo-home/registry/src/github.com-1ecc6299db9ec823/wasm-opt-sys-0.110.2/binaryen/src/wasm/wasm-emscripten.cpp"
[INFO] [stderr]   exit status: 0
[INFO] [stderr]   running: "c++" "-O0" "-ffunction-sections" "-fdata-sections" "-fPIC" "-m64" "-I" "/opt/rustwide/target/debug/build/wasm-opt-sys-2d4fb59d0a5a6f41/out/cxxbridge/include" "-I" "/opt/rustwide/target/debug/build/wasm-opt-sys-2d4fb59d0a5a6f41/out/cxxbridge/crate" "-I" "/opt/rustwide/cargo-home/registry/src/github.com-1ecc6299db9ec823/wasm-opt-sys-0.110.2/binaryen/src" "-I" "/opt/rustwide/cargo-home/registry/src/github.com-1ecc6299db9ec823/wasm-opt-sys-0.110.2/binaryen/src/tools" "-I" "/opt/rustwide/target/debug/build/wasm-opt-sys-2d4fb59d0a5a6f41/out" "-Wall" "-Wextra" "-std=c++17" "-Wno-unused-parameter" "-DTHROW_ON_FATAL" "-o" "/opt/rustwide/target/debug/build/wasm-opt-sys-2d4fb59d0a5a6f41/out/wasm-interpreter.o" "-c" "/opt/rustwide/cargo-home/registry/src/github.com-1ecc6299db9ec823/wasm-opt-sys-0.110.2/binaryen/src/wasm/wasm-interpreter.cpp"
[INFO] [stderr]   running: "c++" "-O0" "-ffunction-sections" "-fdata-sections" "-fPIC" "-m64" "-I" "/opt/rustwide/target/debug/build/wasm-opt-sys-2d4fb59d0a5a6f41/out/cxxbridge/include" "-I" "/opt/rustwide/target/debug/build/wasm-opt-sys-2d4fb59d0a5a6f41/out/cxxbridge/crate" "-I" "/opt/rustwide/cargo-home/registry/src/github.com-1ecc6299db9ec823/wasm-opt-sys-0.110.2/binaryen/src" "-I" "/opt/rustwide/cargo-home/registry/src/github.com-1ecc6299db9ec823/wasm-opt-sys-0.110.2/binaryen/src/tools" "-I" "/opt/rustwide/target/debug/build/wasm-opt-sys-2d4fb59d0a5a6f41/out" "-Wall" "-Wextra" "-std=c++17" "-Wno-unused-parameter" "-DTHROW_ON_FATAL" "-o" "/opt/rustwide/target/debug/build/wasm-opt-sys-2d4fb59d0a5a6f41/out/wasm-io.o" "-c" "/opt/rustwide/cargo-home/registry/src/github.com-1ecc6299db9ec823/wasm-opt-sys-0.110.2/binaryen/src/wasm/wasm-io.cpp"
[INFO] [stderr]   exit status: 0
[INFO] [stderr]   running: "c++" "-O0" "-ffunction-sections" "-fdata-sections" "-fPIC" "-m64" "-I" "/opt/rustwide/target/debug/build/wasm-opt-sys-2d4fb59d0a5a6f41/out/cxxbridge/include" "-I" "/opt/rustwide/target/debug/build/wasm-opt-sys-2d4fb59d0a5a6f41/out/cxxbridge/crate" "-I" "/opt/rustwide/cargo-home/registry/src/github.com-1ecc6299db9ec823/wasm-opt-sys-0.110.2/binaryen/src" "-I" "/opt/rustwide/cargo-home/registry/src/github.com-1ecc6299db9ec823/wasm-opt-sys-0.110.2/binaryen/src/tools" "-I" "/opt/rustwide/target/debug/build/wasm-opt-sys-2d4fb59d0a5a6f41/out" "-Wall" "-Wextra" "-std=c++17" "-Wno-unused-parameter" "-DTHROW_ON_FATAL" "-o" "/opt/rustwide/target/debug/build/wasm-opt-sys-2d4fb59d0a5a6f41/out/wasm-stack.o" "-c" "/opt/rustwide/cargo-home/registry/src/github.com-1ecc6299db9ec823/wasm-opt-sys-0.110.2/binaryen/src/wasm/wasm-stack.cpp"
[INFO] [stderr]   running: "c++" "-O0" "-ffunction-sections" "-fdata-sections" "-fPIC" "-m64" "-I" "/opt/rustwide/target/debug/build/wasm-opt-sys-2d4fb59d0a5a6f41/out/cxxbridge/include" "-I" "/opt/rustwide/target/debug/build/wasm-opt-sys-2d4fb59d0a5a6f41/out/cxxbridge/crate" "-I" "/opt/rustwide/cargo-home/registry/src/github.com-1ecc6299db9ec823/wasm-opt-sys-0.110.2/binaryen/src" "-I" "/opt/rustwide/cargo-home/registry/src/github.com-1ecc6299db9ec823/wasm-opt-sys-0.110.2/binaryen/src/tools" "-I" "/opt/rustwide/target/debug/build/wasm-opt-sys-2d4fb59d0a5a6f41/out" "-Wall" "-Wextra" "-std=c++17" "-Wno-unused-parameter" "-DTHROW_ON_FATAL" "-o" "/opt/rustwide/target/debug/build/wasm-opt-sys-2d4fb59d0a5a6f41/out/wasm-s-parser.o" "-c" "/opt/rustwide/cargo-home/registry/src/github.com-1ecc6299db9ec823/wasm-opt-sys-0.110.2/binaryen/src/wasm/wasm-s-parser.cpp"
[INFO] [stderr]   running: "c++" "-O0" "-ffunction-sections" "-fdata-sections" "-fPIC" "-m64" "-I" "/opt/rustwide/target/debug/build/wasm-opt-sys-2d4fb59d0a5a6f41/out/cxxbridge/include" "-I" "/opt/rustwide/target/debug/build/wasm-opt-sys-2d4fb59d0a5a6f41/out/cxxbridge/crate" "-I" "/opt/rustwide/cargo-home/registry/src/github.com-1ecc6299db9ec823/wasm-opt-sys-0.110.2/binaryen/src" "-I" "/opt/rustwide/cargo-home/registry/src/github.com-1ecc6299db9ec823/wasm-opt-sys-0.110.2/binaryen/src/tools" "-I" "/opt/rustwide/target/debug/build/wasm-opt-sys-2d4fb59d0a5a6f41/out" "-Wall" "-Wextra" "-std=c++17" "-Wno-unused-parameter" "-DTHROW_ON_FATAL" "-o" "/opt/rustwide/target/debug/build/wasm-opt-sys-2d4fb59d0a5a6f41/out/wasm-type.o" "-c" "/opt/rustwide/cargo-home/registry/src/github.com-1ecc6299db9ec823/wasm-opt-sys-0.110.2/binaryen/src/wasm/wasm-type.cpp"
[INFO] [stderr]   cargo:warning=c++: fatal error: Killed signal terminated program cc1plus
[INFO] [stderr]   cargo:warning=compilation terminated.
[INFO] [stderr]   exit status: 1
[INFO] [stderr]   running: "c++" "-O0" "-ffunction-sections" "-fdata-sections" "-fPIC" "-m64" "-I" "/opt/rustwide/target/debug/build/wasm-opt-sys-2d4fb59d0a5a6f41/out/cxxbridge/include" "-I" "/opt/rustwide/target/debug/build/wasm-opt-sys-2d4fb59d0a5a6f41/out/cxxbridge/crate" "-I" "/opt/rustwide/cargo-home/registry/src/github.com-1ecc6299db9ec823/wasm-opt-sys-0.110.2/binaryen/src" "-I" "/opt/rustwide/cargo-home/registry/src/github.com-1ecc6299db9ec823/wasm-opt-sys-0.110.2/binaryen/src/tools" "-I" "/opt/rustwide/target/debug/build/wasm-opt-sys-2d4fb59d0a5a6f41/out" "-Wall" "-Wextra" "-std=c++17" "-Wno-unused-parameter" "-DTHROW_ON_FATAL" "-o" "/opt/rustwide/target/debug/build/wasm-opt-sys-2d4fb59d0a5a6f41/out/wasm-validator.o" "-c" "/opt/rustwide/cargo-home/registry/src/github.com-1ecc6299db9ec823/wasm-opt-sys-0.110.2/binaryen/src/wasm/wasm-validator.cpp"
[INFO] [stderr]   cargo:warning=c++: fatal error: Killed signal terminated program cc1plus
[INFO] [stderr]   cargo:warning=compilation terminated.
[INFO] [stderr]   exit status: 1
[INFO] [stderr]   cargo:warning=c++: fatal error: Killed signal terminated program cc1plus
[INFO] [stderr]   cargo:warning=compilation terminated.
[INFO] [stderr]   exit status: 1
[INFO] [stderr]   cargo:warning=c++: fatal error: Killed signal terminated program cc1plus
[INFO] [stderr]   cargo:warning=compilation terminated.
[INFO] [stderr]   exit status: 1
[INFO] [stderr]   exit status: 0
[INFO] [stderr]   exit status: 0
[INFO] [stderr]   exit status: 0
[INFO] [stderr]   exit status: 0
[INFO] [stderr] 
[INFO] [stderr]   --- stderr
[INFO] [stderr] 
[INFO] [stderr]   CXX include path:
[INFO] [stderr]     /opt/rustwide/target/debug/build/wasm-opt-sys-2d4fb59d0a5a6f41/out/cxxbridge/include
[INFO] [stderr]     /opt/rustwide/target/debug/build/wasm-opt-sys-2d4fb59d0a5a6f41/out/cxxbridge/crate
[INFO] [stderr]     /opt/rustwide/cargo-home/registry/src/github.com-1ecc6299db9ec823/wasm-opt-sys-0.110.2/binaryen/src
[INFO] [stderr]     /opt/rustwide/cargo-home/registry/src/github.com-1ecc6299db9ec823/wasm-opt-sys-0.110.2/binaryen/src/tools
[INFO] [stderr]     /opt/rustwide/target/debug/build/wasm-opt-sys-2d4fb59d0a5a6f41/out
[INFO] [stderr] 
[INFO] [stderr] 
[INFO] [stderr]   error occurred: Command "c++" "-O0" "-ffunction-sections" "-fdata-sections" "-fPIC" "-m64" "-I" "/opt/rustwide/target/debug/build/wasm-opt-sys-2d4fb59d0a5a6f41/out/cxxbridge/include" "-I" "/opt/rustwide/target/debug/build/wasm-opt-sys-2d4fb59d0a5a6f41/out/cxxbridge/crate" "-I" "/opt/rustwide/cargo-home/registry/src/github.com-1ecc6299db9ec823/wasm-opt-sys-0.110.2/binaryen/src" "-I" "/opt/rustwide/cargo-home/registry/src/github.com-1ecc6299db9ec823/wasm-opt-sys-0.110.2/binaryen/src/tools" "-I" "/opt/rustwide/target/debug/build/wasm-opt-sys-2d4fb59d0a5a6f41/out" "-Wall" "-Wextra" "-std=c++17" "-Wno-unused-parameter" "-DTHROW_ON_FATAL" "-o" "/opt/rustwide/target/debug/build/wasm-opt-sys-2d4fb59d0a5a6f41/out/wasm-binary.o" "-c" "/opt/rustwide/cargo-home/registry/src/github.com-1ecc6299db9ec823/wasm-opt-sys-0.110.2/binaryen/src/wasm/wasm-binary.cpp" with args "c++" did not execute successfully (status code exit status: 1).
[INFO] [stderr] 
[INFO] [stderr] 
[INFO] running `Command { std: "docker" "inspect" "d97d61319164ab7d15e6b32b2a8f6e681cf42158d26eecdda010d51a80e08047", kill_on_drop: false }`
[INFO] running `Command { std: "docker" "rm" "-f" "d97d61319164ab7d15e6b32b2a8f6e681cf42158d26eecdda010d51a80e08047", kill_on_drop: false }`
[INFO] [stdout] d97d61319164ab7d15e6b32b2a8f6e681cf42158d26eecdda010d51a80e08047
