[INFO] cloning repository https://github.com/gobanos/cargo-aoc
[INFO] running `Command { std: "git" "-c" "credential.helper=" "-c" "credential.helper=/workspace/cargo-home/bin/git-credential-null" "clone" "--bare" "https://github.com/gobanos/cargo-aoc" "/workspace/cache/git-repos/https%3A%2F%2Fgithub.com%2Fgobanos%2Fcargo-aoc", kill_on_drop: false }`
[INFO] [stderr] Cloning into bare repository '/workspace/cache/git-repos/https%3A%2F%2Fgithub.com%2Fgobanos%2Fcargo-aoc'...
[INFO] running `Command { std: "git" "rev-parse" "HEAD", kill_on_drop: false }`
[INFO] [stdout] 247b0029576736587a45e43867bdd3b929a04856
[INFO] documenting gobanos/cargo-aoc against beta-2023-04-20 for beta-1.70-rustdoc-1
[INFO] running `Command { std: "git" "clone" "/workspace/cache/git-repos/https%3A%2F%2Fgithub.com%2Fgobanos%2Fcargo-aoc" "/workspace/builds/worker-0-tc2/source", kill_on_drop: false }`
[INFO] [stderr] Cloning into '/workspace/builds/worker-0-tc2/source'...
[INFO] [stderr] done.
[INFO] validating manifest of git repo https://github.com/gobanos/cargo-aoc on toolchain beta-2023-04-20
[INFO] running `Command { std: CARGO_HOME="/workspace/cargo-home" RUSTUP_HOME="/workspace/rustup-home" "/workspace/cargo-home/bin/cargo" "+beta-2023-04-20" "metadata" "--manifest-path" "Cargo.toml" "--no-deps", kill_on_drop: false }`
[INFO] started tweaking git repo https://github.com/gobanos/cargo-aoc
[INFO] finished tweaking git repo https://github.com/gobanos/cargo-aoc
[INFO] tweaked toml for git repo https://github.com/gobanos/cargo-aoc written to /workspace/builds/worker-0-tc2/source/Cargo.toml
[INFO] crate git repo https://github.com/gobanos/cargo-aoc already has a lockfile, it will not be regenerated
[INFO] running `Command { std: CARGO_HOME="/workspace/cargo-home" RUSTUP_HOME="/workspace/rustup-home" "/workspace/cargo-home/bin/cargo" "+beta-2023-04-20" "fetch" "--manifest-path" "Cargo.toml", kill_on_drop: false }`
[INFO] running `Command { std: "docker" "create" "-v" "/var/lib/crater-agent-workspace/builds/worker-0-tc2/target:/opt/rustwide/target:rw,Z" "-v" "/var/lib/crater-agent-workspace/builds/worker-0-tc2/source:/opt/rustwide/workdir:ro,Z" "-v" "/var/lib/crater-agent-workspace/cargo-home:/opt/rustwide/cargo-home:ro,Z" "-v" "/var/lib/crater-agent-workspace/rustup-home:/opt/rustwide/rustup-home:ro,Z" "-e" "SOURCE_DIR=/opt/rustwide/workdir" "-e" "CARGO_TARGET_DIR=/opt/rustwide/target" "-e" "CARGO_HOME=/opt/rustwide/cargo-home" "-e" "RUSTUP_HOME=/opt/rustwide/rustup-home" "-w" "/opt/rustwide/workdir" "-m" "1610612736" "--user" "0:0" "--network" "none" "ghcr.io/rust-lang/crates-build-env/linux@sha256:5ff2268d62e97bff2cde7d5815dd6ed5b47097566f13b8d0ca110b04b60e07ed" "/opt/rustwide/cargo-home/bin/cargo" "+beta-2023-04-20" "metadata" "--no-deps" "--format-version=1", kill_on_drop: false }`
[INFO] [stdout] 410d7172d149de86ed95f397c201fcc190939e286c9889133b468e7b7de46865
[INFO] running `Command { std: "docker" "start" "-a" "410d7172d149de86ed95f397c201fcc190939e286c9889133b468e7b7de46865", kill_on_drop: false }`
[INFO] running `Command { std: "docker" "inspect" "410d7172d149de86ed95f397c201fcc190939e286c9889133b468e7b7de46865", kill_on_drop: false }`
[INFO] running `Command { std: "docker" "rm" "-f" "410d7172d149de86ed95f397c201fcc190939e286c9889133b468e7b7de46865", kill_on_drop: false }`
[INFO] [stdout] 410d7172d149de86ed95f397c201fcc190939e286c9889133b468e7b7de46865
[INFO] running `Command { std: "docker" "create" "-v" "/var/lib/crater-agent-workspace/builds/worker-0-tc2/target:/opt/rustwide/target:rw,Z" "-v" "/var/lib/crater-agent-workspace/builds/worker-0-tc2/source:/opt/rustwide/workdir:ro,Z" "-v" "/var/lib/crater-agent-workspace/cargo-home:/opt/rustwide/cargo-home:ro,Z" "-v" "/var/lib/crater-agent-workspace/rustup-home:/opt/rustwide/rustup-home:ro,Z" "-e" "SOURCE_DIR=/opt/rustwide/workdir" "-e" "CARGO_TARGET_DIR=/opt/rustwide/target" "-e" "CARGO_INCREMENTAL=0" "-e" "RUST_BACKTRACE=full" "-e" "RUSTFLAGS=--cap-lints=warn" "-e" "RUSTDOCFLAGS=--cap-lints=warn" "-e" "CARGO_HOME=/opt/rustwide/cargo-home" "-e" "RUSTUP_HOME=/opt/rustwide/rustup-home" "-w" "/opt/rustwide/workdir" "-m" "1610612736" "--user" "0:0" "--network" "none" "ghcr.io/rust-lang/crates-build-env/linux@sha256:5ff2268d62e97bff2cde7d5815dd6ed5b47097566f13b8d0ca110b04b60e07ed" "/opt/rustwide/cargo-home/bin/cargo" "+beta-2023-04-20" "doc" "--frozen" "--no-deps" "--document-private-items" "--message-format=json", kill_on_drop: false }`
[INFO] [stdout] a8433e5cca565254bf62f207694403be38bf6bda78e79c3863758b4ed3959b42
[INFO] running `Command { std: "docker" "start" "-a" "a8433e5cca565254bf62f207694403be38bf6bda78e79c3863758b4ed3959b42", kill_on_drop: false }`
[INFO] [stderr]    Compiling autocfg v1.1.0
[INFO] [stderr]    Compiling libc v0.2.140
[INFO] [stderr]    Compiling proc-macro2 v1.0.53
[INFO] [stderr]    Compiling quote v1.0.26
[INFO] [stderr]    Compiling unicode-ident v1.0.8
[INFO] [stderr]     Checking cfg-if v1.0.0
[INFO] [stderr]    Compiling serde v1.0.158
[INFO] [stderr]    Compiling log v0.4.17
[INFO] [stderr]    Compiling syn v1.0.109
[INFO] [stderr]     Checking itoa v1.0.6
[INFO] [stderr]    Compiling pkg-config v0.3.26
[INFO] [stderr]    Compiling memchr v2.5.0
[INFO] [stderr]     Checking once_cell v1.17.1
[INFO] [stderr]     Checking pin-project-lite v0.2.9
[INFO] [stderr]    Compiling cc v1.0.79
[INFO] [stderr]    Compiling futures-core v0.3.27
[INFO] [stderr]     Checking bytes v1.4.0
[INFO] [stderr]    Compiling serde_json v1.0.94
[INFO] [stderr]    Compiling tokio v1.26.0
[INFO] [stderr]    Compiling serde_derive v1.0.158
[INFO] [stderr]    Compiling siphasher v0.3.10
[INFO] [stderr]    Compiling phf_shared v0.11.1
[INFO] [stderr]    Compiling syn v2.0.10
[INFO] [stderr]    Compiling slab v0.4.8
[INFO] [stderr]    Compiling rand_core v0.6.4
[INFO] [stderr]     Checking fnv v1.0.7
[INFO] [stderr]    Compiling futures-task v0.3.27
[INFO] [stderr]     Checking num_cpus v1.15.0
[INFO] [stderr]     Checking socket2 v0.4.9
[INFO] [stderr]     Checking mio v0.8.6
[INFO] [stderr]    Compiling rand v0.8.5
[INFO] [stderr]    Compiling openssl-sys v0.9.83
[INFO] [stderr]     Checking tracing-core v0.1.30
[INFO] [stderr]    Compiling num-traits v0.2.15
[INFO] [stderr]    Compiling indexmap v1.9.3
[INFO] [stderr]     Checking foreign-types-shared v0.1.1
[INFO] [stderr]    Compiling futures-util v0.3.27
[INFO] [stderr]    Compiling openssl v0.10.48
[INFO] [stderr]    Compiling regex-syntax v0.6.29
[INFO] [stderr]     Checking tinyvec_macros v0.1.1
[INFO] [stderr]     Checking bitflags v1.3.2
[INFO] [stderr]     Checking ryu v1.0.13
[INFO] [stderr]     Checking tinyvec v1.6.0
[INFO] [stderr]     Checking foreign-types v0.3.2
[INFO] [stderr]     Checking tracing v0.1.37
[INFO] [stderr]    Compiling phf_generator v0.11.1
[INFO] [stderr]    Compiling regex v1.7.3
[INFO] [stderr]     Checking http v0.2.9
[INFO] [stderr]    Compiling num-integer v0.1.45
[INFO] [stderr]     Checking pin-utils v0.1.0
[INFO] [stderr]    Compiling httparse v1.8.0
[INFO] [stderr]     Checking futures-sink v0.3.27
[INFO] [stderr]     Checking percent-encoding v2.2.0
[INFO] [stderr]     Checking hashbrown v0.12.3
[INFO] [stderr]    Compiling native-tls v0.2.11
[INFO] [stderr]     Checking futures-io v0.3.27
[INFO] [stderr]    Compiling futures-channel v0.3.27
[INFO] [stderr]     Checking form_urlencoded v1.1.0
[INFO] [stderr]    Compiling parse-zoneinfo v0.3.0
[INFO] [stderr]     Checking tokio-util v0.7.7
[INFO] [stderr]    Compiling phf_codegen v0.11.1
[INFO] [stderr]     Checking unicode-normalization v0.1.22
[INFO] [stderr]    Compiling phf v0.11.1
[INFO] [stderr]     Checking try-lock v0.2.4
[INFO] [stderr]     Checking openssl-probe v0.1.5
[INFO] [stderr]     Checking unicode-bidi v0.3.13
[INFO] [stderr]     Checking want v0.3.0
[INFO] [stderr]    Compiling chrono-tz-build v0.1.0
[INFO] [stderr]     Checking idna v0.3.0
[INFO] [stderr]     Checking http-body v0.4.5
[INFO] [stderr]     Checking time v0.1.45
[INFO] [stderr]     Checking dirs-sys v0.3.7
[INFO] [stderr]     Checking httpdate v1.0.2
[INFO] [stderr]     Checking tower-service v0.3.2
[INFO] [stderr]     Checking iana-time-zone v0.1.54
[INFO] [stderr]     Checking chrono v0.4.24
[INFO] [stderr]     Checking url v2.3.1
[INFO] [stderr]    Compiling chrono-tz v0.8.1
[INFO] [stderr]     Checking unicode-width v0.1.10
[INFO] [stderr]     Checking textwrap v0.11.0
[INFO] [stderr]     Checking h2 v0.3.16
[INFO] [stderr]    Compiling openssl-macros v0.1.0
[INFO] [stderr]     Checking dirs v4.0.0
[INFO] [stderr]     Checking serde_urlencoded v0.7.1
[INFO] [stderr]     Checking atty v0.2.14
[INFO] [stderr]     Checking encoding_rs v0.8.32
[INFO] [stderr]     Checking base64 v0.21.0
[INFO] [stderr]     Checking mime v0.3.17
[INFO] [stderr]     Checking ansi_term v0.12.1
[INFO] [stderr]     Checking fixedbitset v0.1.9
[INFO] [stderr]     Checking strsim v0.8.0
[INFO] [stderr]     Checking ordermap v0.3.5
[INFO] [stderr]     Checking ipnet v2.7.1
[INFO] [stderr]     Checking vec_map v0.8.2
[INFO] [stderr]     Checking clap v2.34.0
[INFO] [stderr]     Checking petgraph v0.4.13
[INFO] [stderr]     Checking webbrowser v0.8.8
[INFO] [stderr]     Checking directories v4.0.1
[INFO] [stderr]     Checking hyper v0.14.25
[INFO] [stderr]     Checking toml v0.5.11
[INFO] [stderr]     Checking aoc-runner-internal v0.1.0
[INFO] [stderr]     Checking aoc-runner v0.3.0 (/opt/rustwide/workdir/aoc-runner)
[INFO] [stderr]  Documenting aoc-runner-internal v0.1.0 (/opt/rustwide/workdir/aoc-runner-internal)
[INFO] [stderr]  Documenting aoc-runner v0.3.0 (/opt/rustwide/workdir/aoc-runner)
[INFO] [stderr]     Checking tokio-native-tls v0.3.1
[INFO] [stderr]    Compiling aoc-runner-derive v0.3.0 (/opt/rustwide/workdir/aoc-runner-derive)
[INFO] [stderr]     Checking hyper-tls v0.5.0
[INFO] [stderr]     Checking reqwest v0.11.15
[INFO] [stderr]  Documenting aoc-runner-derive v0.3.0 (/opt/rustwide/workdir/aoc-runner-derive)
[INFO] [stderr]  Documenting advent-of-code-2018 v0.2.0 (/opt/rustwide/workdir/examples)
[INFO] [stdout] error: proc macro panicked
[INFO] [stdout]   --> examples/aoc-2018/lib.rs:12:1
[INFO] [stdout]    |
[INFO] [stdout] 12 | aoc_lib! { year = 2018 }
[INFO] [stdout]    | ^^^^^^^^^^^^^^^^^^^^^^^^
[INFO] [stdout]    |
[INFO] [stdout]    = help: message: failed to write infos from lib: Os { code: 30, kind: ReadOnlyFilesystem, message: "Read-only file system" }
[INFO] [stdout] 
[INFO] [stdout] 
[INFO] [stdout] error[E0432]: unresolved import `crate`
[INFO] [stdout]   --> examples/aoc-2018/day1.rs:11:1
[INFO] [stdout]    |
[INFO] [stdout] 11 | #[aoc(day1, part1)]
[INFO] [stdout]    | ^^^^^^^^^^^^^^^^^^^ no `Factory` in the root
[INFO] [stdout]    |
[INFO] [stdout]    = note: this error originates in the attribute macro `aoc` (in Nightly builds, run with -Z macro-backtrace for more info)
[INFO] [stdout] 
[INFO] [stdout] 
[INFO] [stdout] error[E0432]: unresolved import `crate`
[INFO] [stdout]   --> examples/aoc-2018/day1.rs:16:1
[INFO] [stdout]    |
[INFO] [stdout] 16 | #[aoc(day1, part2)]
[INFO] [stdout]    | ^^^^^^^^^^^^^^^^^^^ no `Factory` in the root
[INFO] [stdout]    |
[INFO] [stdout]    = note: this error originates in the attribute macro `aoc` (in Nightly builds, run with -Z macro-backtrace for more info)
[INFO] [stdout] 
[INFO] [stdout] 
[INFO] [stdout] error[E0432]: unresolved import `crate`
[INFO] [stdout]   --> examples/aoc-2018/day1.rs:35:1
[INFO] [stdout]    |
[INFO] [stdout] 35 | #[aoc(day1, part2, Fnv)]
[INFO] [stdout]    | ^^^^^^^^^^^^^^^^^^^^^^^^ no `Factory` in the root
[INFO] [stdout]    |
[INFO] [stdout]    = note: this error originates in the attribute macro `aoc` (in Nightly builds, run with -Z macro-backtrace for more info)
[INFO] [stdout] 
[INFO] [stdout] 
[INFO] [stdout] error[E0432]: unresolved import `crate`
[INFO] [stdout]  --> examples/aoc-2018/day2.rs:5:1
[INFO] [stdout]   |
[INFO] [stdout] 5 | #[aoc(day2, part1)]
[INFO] [stdout]   | ^^^^^^^^^^^^^^^^^^^ no `Factory` in the root
[INFO] [stdout]   |
[INFO] [stdout]   = note: this error originates in the attribute macro `aoc` (in Nightly builds, run with -Z macro-backtrace for more info)
[INFO] [stdout] 
[INFO] [stdout] 
[INFO] [stdout] error[E0432]: unresolved import `crate`
[INFO] [stdout]   --> examples/aoc-2018/day2.rs:29:1
[INFO] [stdout]    |
[INFO] [stdout] 29 | #[aoc(day2, part1, Fnv)]
[INFO] [stdout]    | ^^^^^^^^^^^^^^^^^^^^^^^^ no `Factory` in the root
[INFO] [stdout]    |
[INFO] [stdout]    = note: this error originates in the attribute macro `aoc` (in Nightly builds, run with -Z macro-backtrace for more info)
[INFO] [stdout] 
[INFO] [stdout] 
[INFO] [stdout] error[E0432]: unresolved import `crate`
[INFO] [stdout]   --> examples/aoc-2018/day2.rs:54:1
[INFO] [stdout]    |
[INFO] [stdout] 54 | #[aoc(day2, part2)]
[INFO] [stdout]    | ^^^^^^^^^^^^^^^^^^^ no `Factory` in the root
[INFO] [stdout]    |
[INFO] [stdout]    = note: this error originates in the attribute macro `aoc` (in Nightly builds, run with -Z macro-backtrace for more info)
[INFO] [stdout] 
[INFO] [stdout] 
[INFO] [stdout] error[E0432]: unresolved import `crate`
[INFO] [stdout]   --> examples/aoc-2018/day3.rs:78:1
[INFO] [stdout]    |
[INFO] [stdout] 78 | #[aoc(day3, part1)]
[INFO] [stdout]    | ^^^^^^^^^^^^^^^^^^^ no `Factory` in the root
[INFO] [stdout]    |
[INFO] [stdout]    = note: this error originates in the attribute macro `aoc` (in Nightly builds, run with -Z macro-backtrace for more info)
[INFO] [stdout] 
[INFO] [stdout] 
[INFO] [stdout] error[E0432]: unresolved import `crate`
[INFO] [stdout]   --> examples/aoc-2018/day3.rs:97:1
[INFO] [stdout]    |
[INFO] [stdout] 97 | #[aoc(day3, part2)]
[INFO] [stdout]    | ^^^^^^^^^^^^^^^^^^^ no `Factory` in the root
[INFO] [stdout]    |
[INFO] [stdout]    = note: this error originates in the attribute macro `aoc` (in Nightly builds, run with -Z macro-backtrace for more info)
[INFO] [stdout] 
[INFO] [stdout] 
[INFO] [stdout] error[E0432]: unresolved import `crate`
[INFO] [stdout]    --> examples/aoc-2018/day4.rs:130:1
[INFO] [stdout]     |
[INFO] [stdout] 130 | #[aoc(day4, part1)]
[INFO] [stdout]     | ^^^^^^^^^^^^^^^^^^^ no `Factory` in the root
[INFO] [stdout]     |
[INFO] [stdout]     = note: this error originates in the attribute macro `aoc` (in Nightly builds, run with -Z macro-backtrace for more info)
[INFO] [stdout] 
[INFO] [stdout] 
[INFO] [stdout] error[E0432]: unresolved import `crate`
[INFO] [stdout]    --> examples/aoc-2018/day4.rs:155:1
[INFO] [stdout]     |
[INFO] [stdout] 155 | #[aoc(day4, part2)]
[INFO] [stdout]     | ^^^^^^^^^^^^^^^^^^^ no `Factory` in the root
[INFO] [stdout]     |
[INFO] [stdout]     = note: this error originates in the attribute macro `aoc` (in Nightly builds, run with -Z macro-backtrace for more info)
[INFO] [stdout] 
[INFO] [stdout] 
[INFO] [stdout] error[E0432]: unresolved import `crate`
[INFO] [stdout]   --> examples/aoc-2018/day5.rs:12:1
[INFO] [stdout]    |
[INFO] [stdout] 12 | #[aoc(day5, part1)]
[INFO] [stdout]    | ^^^^^^^^^^^^^^^^^^^ no `Factory` in the root
[INFO] [stdout]    |
[INFO] [stdout]    = note: this error originates in the attribute macro `aoc` (in Nightly builds, run with -Z macro-backtrace for more info)
[INFO] [stdout] 
[INFO] [stdout] 
[INFO] [stdout] error[E0432]: unresolved import `crate`
[INFO] [stdout]   --> examples/aoc-2018/day5.rs:17:1
[INFO] [stdout]    |
[INFO] [stdout] 17 | #[aoc(day5, part2)]
[INFO] [stdout]    | ^^^^^^^^^^^^^^^^^^^ no `Factory` in the root
[INFO] [stdout]    |
[INFO] [stdout]    = note: this error originates in the attribute macro `aoc` (in Nightly builds, run with -Z macro-backtrace for more info)
[INFO] [stdout] 
[INFO] [stdout] 
[INFO] [stdout] error[E0432]: unresolved import `crate`
[INFO] [stdout]   --> examples/aoc-2018/day5.rs:24:1
[INFO] [stdout]    |
[INFO] [stdout] 24 | #[aoc(day5, part1, Stack)]
[INFO] [stdout]    | ^^^^^^^^^^^^^^^^^^^^^^^^^^ no `Factory` in the root
[INFO] [stdout]    |
[INFO] [stdout]    = note: this error originates in the attribute macro `aoc` (in Nightly builds, run with -Z macro-backtrace for more info)
[INFO] [stdout] 
[INFO] [stdout] 
[INFO] [stdout] error[E0432]: unresolved import `crate`
[INFO] [stdout]   --> examples/aoc-2018/day5.rs:29:1
[INFO] [stdout]    |
[INFO] [stdout] 29 | #[aoc(day5, part2, Stack)]
[INFO] [stdout]    | ^^^^^^^^^^^^^^^^^^^^^^^^^^ no `Factory` in the root
[INFO] [stdout]    |
[INFO] [stdout]    = note: this error originates in the attribute macro `aoc` (in Nightly builds, run with -Z macro-backtrace for more info)
[INFO] [stdout] 
[INFO] [stdout] 
[INFO] [stdout] error[E0432]: unresolved import `crate`
[INFO] [stdout]   --> examples/aoc-2018/day6.rs:62:1
[INFO] [stdout]    |
[INFO] [stdout] 62 | #[aoc(day6, part1)]
[INFO] [stdout]    | ^^^^^^^^^^^^^^^^^^^ no `Factory` in the root
[INFO] [stdout]    |
[INFO] [stdout]    = note: this error originates in the attribute macro `aoc` (in Nightly builds, run with -Z macro-backtrace for more info)
[INFO] [stdout] 
[INFO] [stdout] 
[INFO] [stdout] error[E0432]: unresolved import `crate`
[INFO] [stdout]    --> examples/aoc-2018/day6.rs:117:1
[INFO] [stdout]     |
[INFO] [stdout] 117 | #[aoc(day6, part2)]
[INFO] [stdout]     | ^^^^^^^^^^^^^^^^^^^ no `Factory` in the root
[INFO] [stdout]     |
[INFO] [stdout]     = note: this error originates in the attribute macro `aoc` (in Nightly builds, run with -Z macro-backtrace for more info)
[INFO] [stdout] 
[INFO] [stdout] 
[INFO] [stdout] error[E0432]: unresolved import `crate`
[INFO] [stdout]   --> examples/aoc-2018/day7.rs:69:1
[INFO] [stdout]    |
[INFO] [stdout] 69 | #[aoc(day7, part1)]
[INFO] [stdout]    | ^^^^^^^^^^^^^^^^^^^ no `Factory` in the root
[INFO] [stdout]    |
[INFO] [stdout]    = note: this error originates in the attribute macro `aoc` (in Nightly builds, run with -Z macro-backtrace for more info)
[INFO] [stdout] 
[INFO] [stdout] 
[INFO] [stdout] error[E0432]: unresolved import `crate`
[INFO] [stdout]   --> examples/aoc-2018/day7.rs:87:1
[INFO] [stdout]    |
[INFO] [stdout] 87 | #[aoc(day7, part2)]
[INFO] [stdout]    | ^^^^^^^^^^^^^^^^^^^ no `Factory` in the root
[INFO] [stdout]    |
[INFO] [stdout]    = note: this error originates in the attribute macro `aoc` (in Nightly builds, run with -Z macro-backtrace for more info)
[INFO] [stdout] 
[INFO] [stdout] 
[INFO] [stdout] error[E0432]: unresolved import `crate`
[INFO] [stdout]   --> examples/aoc-2018/day8.rs:55:1
[INFO] [stdout]    |
[INFO] [stdout] 55 | #[aoc(day8, part1)]
[INFO] [stdout]    | ^^^^^^^^^^^^^^^^^^^ no `Factory` in the root
[INFO] [stdout]    |
[INFO] [stdout]    = note: this error originates in the attribute macro `aoc` (in Nightly builds, run with -Z macro-backtrace for more info)
[INFO] [stdout] 
[INFO] [stdout] 
[INFO] [stdout] error[E0432]: unresolved import `crate`
[INFO] [stdout]   --> examples/aoc-2018/day8.rs:60:1
[INFO] [stdout]    |
[INFO] [stdout] 60 | #[aoc(day8, part2)]
[INFO] [stdout]    | ^^^^^^^^^^^^^^^^^^^ no `Factory` in the root
[INFO] [stdout]    |
[INFO] [stdout]    = note: this error originates in the attribute macro `aoc` (in Nightly builds, run with -Z macro-backtrace for more info)
[INFO] [stdout] 
[INFO] [stdout] 
[INFO] [stdout] error: aborting due to 21 previous errors
[INFO] [stdout] 
[INFO] [stdout] 
[INFO] [stdout] For more information about this error, try `rustc --explain E0432`.
[INFO] [stdout] 
[INFO] [stderr] error: could not document `advent-of-code-2018`
[INFO] [stderr] 
[INFO] [stderr] Caused by:
[INFO] [stderr]   process didn't exit successfully: `rustdoc --edition=2018 --crate-type lib --crate-name advent_of_code_2018 examples/aoc-2018/lib.rs -o /opt/rustwide/target/doc --error-format=json --json=diagnostic-rendered-ansi,artifacts,future-incompat --document-private-items -C metadata=bb1d9c1fc27f1733 -L dependency=/opt/rustwide/target/debug/deps --extern aoc_runner=/opt/rustwide/target/debug/deps/libaoc_runner-d93299bd006baa23.rmeta --extern aoc_runner_derive=/opt/rustwide/target/debug/deps/libaoc_runner_derive-ec015c32654eb738.so --extern chrono=/opt/rustwide/target/debug/deps/libchrono-d54a2d03a8d367dc.rmeta --extern fnv=/opt/rustwide/target/debug/deps/libfnv-dd37fcbf4810fcb5.rmeta --extern petgraph=/opt/rustwide/target/debug/deps/libpetgraph-0e235f168d1a0b09.rmeta --cap-lints=warn --crate-version 0.2.0` (exit status: 1)
[INFO] [stderr] warning: build failed, waiting for other jobs to finish...
[INFO] running `Command { std: "docker" "inspect" "a8433e5cca565254bf62f207694403be38bf6bda78e79c3863758b4ed3959b42", kill_on_drop: false }`
[INFO] running `Command { std: "docker" "rm" "-f" "a8433e5cca565254bf62f207694403be38bf6bda78e79c3863758b4ed3959b42", kill_on_drop: false }`
[INFO] [stdout] a8433e5cca565254bf62f207694403be38bf6bda78e79c3863758b4ed3959b42
