[INFO] cloning repository https://github.com/gnunicorn/gather
[INFO] running `Command { std: "git" "-c" "credential.helper=" "-c" "credential.helper=/workspace/cargo-home/bin/git-credential-null" "clone" "--bare" "https://github.com/gnunicorn/gather" "/workspace/cache/git-repos/https%3A%2F%2Fgithub.com%2Fgnunicorn%2Fgather", kill_on_drop: false }`
[INFO] [stderr] Cloning into bare repository '/workspace/cache/git-repos/https%3A%2F%2Fgithub.com%2Fgnunicorn%2Fgather'...
[INFO] running `Command { std: "git" "rev-parse" "HEAD", kill_on_drop: false }`
[INFO] [stdout] a8b4c8ac31bd6fcbf3b9892371414714a600cbcf
[INFO] documenting gnunicorn/gather against 1.69.0 for beta-1.70-rustdoc-1
[INFO] running `Command { std: "git" "clone" "/workspace/cache/git-repos/https%3A%2F%2Fgithub.com%2Fgnunicorn%2Fgather" "/workspace/builds/worker-0-tc1/source", kill_on_drop: false }`
[INFO] [stderr] Cloning into '/workspace/builds/worker-0-tc1/source'...
[INFO] [stderr] done.
[INFO] validating manifest of git repo https://github.com/gnunicorn/gather on toolchain 1.69.0
[INFO] running `Command { std: CARGO_HOME="/workspace/cargo-home" RUSTUP_HOME="/workspace/rustup-home" "/workspace/cargo-home/bin/cargo" "+1.69.0" "metadata" "--manifest-path" "Cargo.toml" "--no-deps", kill_on_drop: false }`
[INFO] started tweaking git repo https://github.com/gnunicorn/gather
[INFO] finished tweaking git repo https://github.com/gnunicorn/gather
[INFO] tweaked toml for git repo https://github.com/gnunicorn/gather written to /workspace/builds/worker-0-tc1/source/Cargo.toml
[INFO] crate git repo https://github.com/gnunicorn/gather already has a lockfile, it will not be regenerated
[INFO] running `Command { std: CARGO_HOME="/workspace/cargo-home" RUSTUP_HOME="/workspace/rustup-home" "/workspace/cargo-home/bin/cargo" "+1.69.0" "fetch" "--manifest-path" "Cargo.toml", kill_on_drop: false }`
[INFO] [stderr]  Downloading crates ...
[INFO] [stderr]   Downloaded environmental v1.0.2
[INFO] [stderr]   Downloaded malloc_size_of_derive v0.1.1
[INFO] [stderr]   Downloaded parity-scale-codec-derive v1.0.3
[INFO] [stderr]   Downloaded uint v0.8.2
[INFO] [stderr]   Downloaded unsigned-varint v0.2.3
[INFO] [stderr]   Downloaded yamux v0.2.2
[INFO] [stderr]   Downloaded nohash-hasher v0.1.2
[INFO] [stderr]   Downloaded parity-scale-codec v1.0.6
[INFO] [stderr]   Downloaded multibase v0.6.0
[INFO] [stderr]   Downloaded ed25519-dalek v0.9.1
[INFO] [stderr]   Downloaded ahash v0.2.17
[INFO] [stderr]   Downloaded merlin v1.2.1
[INFO] [stderr]   Downloaded ed25519-dalek v1.0.0-pre.2
[INFO] [stderr]   Downloaded futures-timer v0.4.0
[INFO] [stderr]   Downloaded wasm-bindgen-macro v0.2.53
[INFO] [stderr]   Downloaded wasm-bindgen-macro-support v0.2.53
[INFO] [stderr]   Downloaded wasm-bindgen-shared v0.2.53
[INFO] [stderr]   Downloaded arc-swap v0.4.3
[INFO] [stderr]   Downloaded wasm-bindgen v0.2.53
[INFO] [stderr]   Downloaded jsonrpc-derive v13.2.0
[INFO] [stderr]   Downloaded jsonrpc-server-utils v13.2.0
[INFO] [stderr]   Downloaded jsonrpc-pubsub v13.2.0
[INFO] [stderr]   Downloaded jsonrpc-core v13.2.0
[INFO] [stderr]   Downloaded handlebars v2.0.2
[INFO] [stderr]   Downloaded jsonrpc-client-transports v13.2.0
[INFO] [stderr]   Downloaded lettre_email v0.9.2
[INFO] [stderr]   Downloaded sha1 v0.5.0
[INFO] [stderr]   Downloaded parity-util-mem v0.2.1
[INFO] [stderr]   Downloaded primitive-types v0.5.1
[INFO] [stderr]   Downloaded substrate-wasm-builder-runner v1.0.4
[INFO] [stderr]   Downloaded finality-grandpa v0.9.1
[INFO] [stderr]   Downloaded parity-wasm v0.40.3
[INFO] [stderr]   Downloaded aio-limited v0.1.1
[INFO] [stderr]   Downloaded cid v0.3.1
[INFO] [stderr]   Downloaded structopt-derive v0.3.3
[INFO] [stderr]   Downloaded libsecp256k1 v0.3.2
[INFO] [stderr]   Downloaded ipnet v2.0.1
[INFO] [stderr]   Downloaded tokio-threadpool v0.1.16
[INFO] [stderr]   Downloaded wasm-bindgen-backend v0.2.53
[INFO] [stderr]   Downloaded subtle v2.2.1
[INFO] [stderr]   Downloaded zeroize v0.10.1
[INFO] [stderr]   Downloaded memoffset v0.5.2
[INFO] [stderr]   Downloaded structopt v0.3.3
[INFO] [stderr]   Downloaded jsonrpc-http-server v13.2.0
[INFO] [stderr]   Downloaded jsonrpc-core-client v13.2.0
[INFO] [stderr]   Downloaded jsonrpc-ws-server v13.2.0
[INFO] [stderr]   Downloaded sysinfo v0.9.5
[INFO] [stderr]   Downloaded wasmi-validation v0.2.0
[INFO] [stderr]   Downloaded integer-encoding v1.0.7
[INFO] [stderr]   Downloaded rpassword v4.0.1
[INFO] [stderr]   Downloaded wasm-bindgen-webidl v0.2.53
[INFO] [stderr]   Downloaded multihash v0.8.0
[INFO] [stderr]   Downloaded web-sys v0.3.30
[INFO] [stderr]   Downloaded js-sys v0.3.30
[INFO] [stderr]   Downloaded static_assertions v1.0.0
[INFO] [stderr]   Downloaded smallvec v0.6.12
[INFO] [stderr]   Downloaded wasmi v0.5.1
[INFO] running `Command { std: "docker" "create" "-v" "/var/lib/crater-agent-workspace/builds/worker-0-tc1/target:/opt/rustwide/target:rw,Z" "-v" "/var/lib/crater-agent-workspace/builds/worker-0-tc1/source:/opt/rustwide/workdir:ro,Z" "-v" "/var/lib/crater-agent-workspace/cargo-home:/opt/rustwide/cargo-home:ro,Z" "-v" "/var/lib/crater-agent-workspace/rustup-home:/opt/rustwide/rustup-home:ro,Z" "-e" "SOURCE_DIR=/opt/rustwide/workdir" "-e" "CARGO_TARGET_DIR=/opt/rustwide/target" "-e" "CARGO_HOME=/opt/rustwide/cargo-home" "-e" "RUSTUP_HOME=/opt/rustwide/rustup-home" "-w" "/opt/rustwide/workdir" "-m" "1610612736" "--user" "0:0" "--network" "none" "ghcr.io/rust-lang/crates-build-env/linux@sha256:5ff2268d62e97bff2cde7d5815dd6ed5b47097566f13b8d0ca110b04b60e07ed" "/opt/rustwide/cargo-home/bin/cargo" "+1.69.0" "metadata" "--no-deps" "--format-version=1", kill_on_drop: false }`
[INFO] [stdout] 0fcc9f74e4464a0b523e285645490bf1027c0dc9870591d5b599441a2e1a4a9a
[INFO] running `Command { std: "docker" "start" "-a" "0fcc9f74e4464a0b523e285645490bf1027c0dc9870591d5b599441a2e1a4a9a", kill_on_drop: false }`
[INFO] running `Command { std: "docker" "inspect" "0fcc9f74e4464a0b523e285645490bf1027c0dc9870591d5b599441a2e1a4a9a", kill_on_drop: false }`
[INFO] running `Command { std: "docker" "rm" "-f" "0fcc9f74e4464a0b523e285645490bf1027c0dc9870591d5b599441a2e1a4a9a", kill_on_drop: false }`
[INFO] [stdout] 0fcc9f74e4464a0b523e285645490bf1027c0dc9870591d5b599441a2e1a4a9a
[INFO] running `Command { std: "docker" "create" "-v" "/var/lib/crater-agent-workspace/builds/worker-0-tc1/target:/opt/rustwide/target:rw,Z" "-v" "/var/lib/crater-agent-workspace/builds/worker-0-tc1/source:/opt/rustwide/workdir:ro,Z" "-v" "/var/lib/crater-agent-workspace/cargo-home:/opt/rustwide/cargo-home:ro,Z" "-v" "/var/lib/crater-agent-workspace/rustup-home:/opt/rustwide/rustup-home:ro,Z" "-e" "SOURCE_DIR=/opt/rustwide/workdir" "-e" "CARGO_TARGET_DIR=/opt/rustwide/target" "-e" "CARGO_INCREMENTAL=0" "-e" "RUST_BACKTRACE=full" "-e" "RUSTFLAGS=--cap-lints=warn" "-e" "RUSTDOCFLAGS=--cap-lints=warn" "-e" "CARGO_HOME=/opt/rustwide/cargo-home" "-e" "RUSTUP_HOME=/opt/rustwide/rustup-home" "-w" "/opt/rustwide/workdir" "-m" "1610612736" "--user" "0:0" "--network" "none" "ghcr.io/rust-lang/crates-build-env/linux@sha256:5ff2268d62e97bff2cde7d5815dd6ed5b47097566f13b8d0ca110b04b60e07ed" "/opt/rustwide/cargo-home/bin/cargo" "+1.69.0" "doc" "--frozen" "--no-deps" "--document-private-items" "--message-format=json", kill_on_drop: false }`
[INFO] [stdout] b276126f64f523dc60d785cb81ba9999f471ca8c6393ec1bd9d5147533005cf3
[INFO] running `Command { std: "docker" "start" "-a" "b276126f64f523dc60d785cb81ba9999f471ca8c6393ec1bd9d5147533005cf3", kill_on_drop: false }`
[INFO] [stderr]    Compiling libc v0.2.65
[INFO] [stderr]    Compiling log v0.4.8
[INFO] [stderr]    Compiling proc-macro2 v1.0.6
[INFO] [stderr]    Compiling unicode-xid v0.2.0
[INFO] [stderr]    Compiling syn v1.0.7
[INFO] [stderr]     Checking cfg-if v0.1.10
[INFO] [stderr]    Compiling byteorder v1.3.2
[INFO] [stderr]    Compiling autocfg v0.1.7
[INFO] [stderr]    Compiling semver-parser v0.7.0
[INFO] [stderr]    Compiling typenum v1.11.2
[INFO] [stderr]    Compiling semver v0.9.0
[INFO] [stderr]    Compiling serde v1.0.102
[INFO] [stderr]     Checking rand_core v0.4.2
[INFO] [stderr]    Compiling rustc_version v0.2.3
[INFO] [stderr]     Checking smallvec v0.6.12
[INFO] [stderr]     Checking rand_core v0.3.1
[INFO] [stderr]    Compiling jobserver v0.1.17
[INFO] [stderr]    Compiling num_cpus v1.11.0
[INFO] [stderr]    Compiling quote v1.0.2
[INFO] [stderr]    Compiling proc-macro2 v0.4.30
[INFO] [stderr]    Compiling unicode-xid v0.1.0
[INFO] [stderr]     Checking nodrop v0.1.14
[INFO] [stderr]    Compiling cc v1.0.46
[INFO] [stderr]     Checking scopeguard v1.0.0
[INFO] [stderr]     Checking generic-array v0.12.3
[INFO] [stderr]    Compiling syn v0.15.44
[INFO] [stderr]    Compiling failure_derive v0.1.6
[INFO] [stderr]    Compiling rand_pcg v0.1.2
[INFO] [stderr]    Compiling rand_chacha v0.1.1
[INFO] [stderr]     Checking rand_os v0.1.3
[INFO] [stderr]    Compiling rand v0.6.5
[INFO] [stderr]     Checking futures v0.1.29
[INFO] [stderr]     Checking rand_hc v0.1.0
[INFO] [stderr]     Checking rand_xorshift v0.1.1
[INFO] [stderr]     Checking rand_isaac v0.1.1
[INFO] [stderr]    Compiling quote v0.6.13
[INFO] [stderr]     Checking rand_jitter v0.1.4
[INFO] [stderr]     Checking digest v0.8.1
[INFO] [stderr]     Checking fake-simd v0.1.2
[INFO] [stderr]    Compiling backtrace-sys v0.1.32
[INFO] [stderr]     Checking opaque-debug v0.2.3
[INFO] [stderr]     Checking byte-tools v0.3.1
[INFO] [stderr]    Compiling clear_on_drop v0.2.3
[INFO] [stderr]     Checking block-padding v0.1.4
[INFO] [stderr]    Compiling memchr v2.2.1
[INFO] [stderr]     Checking rustc-demangle v0.1.16
[INFO] [stderr]     Checking block-buffer v0.7.3
[INFO] [stderr]    Compiling arrayvec v0.4.12
[INFO] [stderr]     Checking subtle v1.0.0
[INFO] [stderr]     Checking crypto-mac v0.7.0
[INFO] [stderr]    Compiling subtle v2.2.1
[INFO] [stderr]     Checking arrayref v0.3.5
[INFO] [stderr]     Checking sha2 v0.8.0
[INFO] [stderr]    Compiling parking_lot_core v0.6.2
[INFO] [stderr]    Compiling parking_lot v0.9.0
[INFO] [stderr]     Checking iovec v0.1.4
[INFO] [stderr]     Checking keccak v0.1.0
[INFO] [stderr]     Checking lock_api v0.3.1
[INFO] [stderr]     Checking constant_time_eq v0.1.4
[INFO] [stderr]     Checking either v1.5.3
[INFO] [stderr]    Compiling getrandom v0.1.13
[INFO] [stderr]    Compiling num-traits v0.2.8
[INFO] [stderr]     Checking bytes v0.4.12
[INFO] [stderr]    Compiling curve25519-dalek v1.2.3
[INFO] [stderr]     Checking slab v0.4.2
[INFO] [stderr]     Checking crossbeam-utils v0.6.6
[INFO] [stderr]    Compiling num-integer v0.1.41
[INFO] [stderr]     Checking tokio-io v0.1.12
[INFO] [stderr]    Compiling crunchy v0.2.2
[INFO] [stderr]     Checking tokio-executor v0.1.8
[INFO] [stderr]     Checking fnv v1.0.6
[INFO] [stderr]     Checking ppv-lite86 v0.2.6
[INFO] [stderr]     Checking tokio-codec v0.1.1
[INFO] [stderr]     Checking rand_core v0.5.1
[INFO] [stderr]     Checking thread_local v0.3.6
[INFO] [stderr]     Checking scopeguard v0.3.3
[INFO] [stderr]     Checking stable_deref_trait v1.1.1
[INFO] [stderr]     Checking hmac v0.7.1
[INFO] [stderr]     Checking rustc-hex v2.0.1
[INFO] [stderr]     Checking owning_ref v0.4.0
[INFO] [stderr]     Checking c2-chacha v0.2.3
[INFO] [stderr]     Checking aho-corasick v0.7.6
[INFO] [stderr]     Checking rand v0.5.6
[INFO] [stderr]     Checking lock_api v0.1.5
[INFO] [stderr]    Compiling synstructure v0.12.1
[INFO] [stderr]     Checking rand_chacha v0.2.1
[INFO] [stderr]     Checking byte-slice-cast v0.3.2
[INFO] [stderr]     Checking bitvec v0.14.0
[INFO] [stderr]     Checking rand v0.7.2
[INFO] [stderr]     Checking static_assertions v1.0.0
[INFO] [stderr]     Checking regex-syntax v0.6.12
[INFO] [stderr]     Checking uint v0.8.2
[INFO] [stderr]    Compiling parking_lot_core v0.4.0
[INFO] [stderr]    Compiling synstructure v0.10.2
[INFO] [stderr]    Compiling sr-std v2.0.0 (https://github.com/paritytech/substrate.git#17aab52a)
[INFO] [stderr]    Compiling num-bigint v0.2.3
[INFO] [stderr]     Checking unicode-bidi v0.3.4
[INFO] [stderr]     Checking unicode-normalization v0.1.8
[INFO] [stderr]    Compiling num-rational v0.2.2
[INFO] [stderr]     Checking parking_lot v0.7.1
[INFO] [stderr]     Checking regex v1.3.1
[INFO] [stderr]     Checking tokio-timer v0.2.11
[INFO] [stderr]     Checking parity-wasm v0.40.3
[INFO] [stderr]     Checking hash-db v0.15.2
[INFO] [stderr]     Checking static_assertions v0.2.5
[INFO] [stderr]    Compiling heapsize v0.4.2
[INFO] [stderr]     Checking fixed-hash v0.4.0
[INFO] [stderr]     Checking tiny-keccak v1.5.0
[INFO] [stderr]    Compiling serde_derive v1.0.102
[INFO] [stderr]    Compiling proc-macro-hack v0.5.11
[INFO] [stderr]    Compiling substrate-debug-derive v2.0.0 (https://github.com/paritytech/substrate.git#17aab52a)
[INFO] [stderr]     Checking merlin v1.2.1
[INFO] [stderr]     Checking pbkdf2 v0.3.0
[INFO] [stderr]    Compiling ring v0.14.6
[INFO] [stderr]     Checking wasmi-validation v0.2.0
[INFO] [stderr]    Compiling zeroize_derive v0.9.3
[INFO] [stderr]     Checking memory_units v0.3.0
[INFO] [stderr]     Checking once_cell v0.1.8
[INFO] [stderr]     Checking wasmi v0.5.1
[INFO] [stderr]     Checking hmac-drbg v0.2.0
[INFO] [stderr]     Checking hashbrown v0.1.8
[INFO] [stderr]    Compiling hashbrown v0.6.3
[INFO] [stderr]    Compiling const-random-macro v0.1.6
[INFO] [stderr]     Checking zeroize v0.9.3
[INFO] [stderr]     Checking environmental v1.0.2
[INFO] [stderr]     Checking libsecp256k1 v0.3.2
[INFO] [stderr]     Checking elastic-array v0.10.2
[INFO] [stderr]     Checking twox-hash v1.5.0
[INFO] [stderr]     Checking hash256-std-hasher v0.15.2
[INFO] [stderr]     Checking blake2-rfc v0.2.18
[INFO] [stderr]     Checking generic-array v0.8.3
[INFO] [stderr]     Checking rand v0.4.6
[INFO] [stderr]     Checking byte-tools v0.2.0
[INFO] [stderr]     Checking const-random v0.1.6
[INFO] [stderr]     Checking untrusted v0.6.2
[INFO] [stderr]     Checking base58 v0.1.0
[INFO] [stderr]     Checking zeroize v0.10.1
[INFO] [stderr]     Checking ahash v0.2.17
[INFO] [stderr]     Checking hex v0.3.2
[INFO] [stderr]     Checking spin v0.5.2
[INFO] [stderr]     Checking quick-error v1.2.2
[INFO] [stderr]     Checking itoa v0.4.4
[INFO] [stderr]    Compiling malloc_size_of_derive v0.1.1
[INFO] [stderr]     Checking idna v0.1.5
[INFO] [stderr]     Checking sha-1 v0.8.1
[INFO] [stderr]     Checking percent-encoding v1.0.1
[INFO] [stderr]     Checking digest v0.6.2
[INFO] [stderr]     Checking trie-db v0.15.2
[INFO] [stderr]     Checking crypto-mac v0.4.0
[INFO] [stderr]     Checking trie-root v0.15.2
[INFO] [stderr]     Checking unsigned-varint v0.2.3
[INFO] [stderr]     Checking url v1.7.2
[INFO] [stderr]    Compiling parking_lot_core v0.5.0
[INFO] [stderr]     Checking hmac v0.4.2
[INFO] [stderr]     Checking parity-util-mem v0.2.1
[INFO] [stderr]     Checking block-buffer v0.2.0
[INFO] [stderr]     Checking memory-db v0.15.2
[INFO] [stderr]     Checking sha3 v0.8.2
[INFO] [stderr]     Checking blake2 v0.8.1
[INFO] [stderr]    Compiling sr-io v2.0.0 (https://github.com/paritytech/substrate.git#17aab52a)
[INFO] [stderr]    Compiling parking_lot v0.8.0
[INFO] [stderr]     Checking void v1.0.2
[INFO] [stderr]    Compiling protobuf v2.8.1
[INFO] [stderr]    Compiling lazy_static v1.4.0
[INFO] [stderr]     Checking parity-multihash v0.1.3
[INFO] [stderr]     Checking sha2 v0.6.0
[INFO] [stderr]     Checking hmac-drbg v0.1.2
[INFO] [stderr]    Compiling asn1_der_derive v0.1.2
[INFO] [stderr]     Checking lock_api v0.2.0
[INFO] [stderr]     Checking net2 v0.2.33
[INFO] [stderr]     Checking data-encoding v2.1.2
[INFO] [stderr]     Checking bs58 v0.2.5
[INFO] [stderr]     Checking libsecp256k1 v0.2.2
[INFO] [stderr]     Checking mio v0.6.19
[INFO] [stderr]     Checking multistream-select v0.5.1
[INFO] [stderr]     Checking wasm-timer v0.1.3
[INFO] [stderr]     Checking rw-stream-sink v0.1.2
[INFO] [stderr]    Compiling paste-impl v0.1.6
[INFO] [stderr]     Checking asn1_der v0.6.3
[INFO] [stderr]    Compiling memoffset v0.5.2
[INFO] [stderr]    Compiling ryu v1.0.2
[INFO] [stderr]    Compiling pkg-config v0.3.16
[INFO] [stderr]     Checking integer-sqrt v0.1.2
[INFO] [stderr]    Compiling impl-trait-for-tuples v0.1.3
[INFO] [stderr]     Checking tokio-sync v0.1.7
[INFO] [stderr]     Checking paste v0.1.6
[INFO] [stderr]     Checking crossbeam-epoch v0.7.2
[INFO] [stderr]     Checking crossbeam-queue v0.1.2
[INFO] [stderr]     Checking crossbeam-deque v0.7.1
[INFO] [stderr]     Checking tokio-reactor v0.1.10
[INFO] [stderr]     Checking mio-uds v0.6.7
[INFO] [stderr]     Checking tokio-threadpool v0.1.16
[INFO] [stderr]     Checking tokio-tcp v0.1.3
[INFO] [stderr]     Checking tokio-uds v0.2.5
[INFO] [stderr]     Checking tokio-udp v0.1.5
[INFO] [stderr]    Compiling httparse v1.3.4
[INFO] [stderr]     Checking tokio-fs v0.1.6
[INFO] [stderr]     Checking tokio-current-thread v0.1.6
[INFO] [stderr]    Compiling wasm-bindgen-shared v0.2.53
[INFO] [stderr]     Checking tokio v0.1.22
[INFO] [stderr]     Checking http v0.1.19
[INFO] [stderr]     Checking base64 v0.10.1
[INFO] [stderr]    Compiling bumpalo v2.6.0
[INFO] [stderr]    Compiling libz-sys v1.0.25
[INFO] [stderr]    Compiling wasm-bindgen-backend v0.2.53
[INFO] [stderr]     Checking futures-cpupool v0.1.8
[INFO] [stderr]     Checking time v0.1.42
[INFO] [stderr]    Compiling crc32fast v1.2.0
[INFO] [stderr]     Checking impl-serde v0.2.3
[INFO] [stderr]    Compiling toml v0.5.5
[INFO] [stderr]     Checking substrate-primitives-storage v2.0.0 (https://github.com/paritytech/substrate.git#17aab52a)
[INFO] [stderr]     Checking parity-multiaddr v0.5.0
[INFO] [stderr]     Checking serde_json v1.0.41
[INFO] [stderr]     Checking futures-sink-preview v0.3.0-alpha.19
[INFO] [stderr]     Checking futures-core-preview v0.3.0-alpha.19
[INFO] [stderr]     Checking block-cipher-trait v0.6.2
[INFO] [stderr]     Checking adler32 v1.0.4
[INFO] [stderr]     Checking futures-channel-preview v0.3.0-alpha.19
[INFO] [stderr]    Compiling wasm-bindgen v0.2.53
[INFO] [stderr]     Checking pin-utils v0.1.0-alpha.4
[INFO] [stderr]     Checking futures-io-preview v0.3.0-alpha.19
[INFO] [stderr]     Checking miniz_oxide v0.3.5
[INFO] [stderr]     Checking futures-util-preview v0.3.0-alpha.19
[INFO] [stderr]    Compiling wasm-bindgen-macro-support v0.2.53
[INFO] [stderr]    Compiling proc-macro-crate v0.1.4
[INFO] [stderr]     Checking webpki v0.19.1
[INFO] [stderr]     Checking flate2 v1.0.12
[INFO] [stderr]     Checking sct v0.5.0
[INFO] [stderr]     Checking rand v0.3.23
[INFO] [stderr]     Checking stream-cipher v0.3.2
[INFO] [stderr]    Compiling snow v0.5.2
[INFO] [stderr]    Compiling parity-scale-codec-derive v1.0.3
[INFO] [stderr]    Compiling sr-api-macros v2.0.0 (https://github.com/paritytech/substrate.git#17aab52a)
[INFO] [stderr]    Compiling unicode-segmentation v1.5.0
[INFO] [stderr]     Checking ctr v0.3.2
[INFO] [stderr]     Checking rustls v0.15.2
[INFO] [stderr]    Compiling wasm-bindgen-macro v0.2.53
[INFO] [stderr]     Checking aes-soft v0.3.3
[INFO] [stderr]     Checking static_slice v0.0.3
[INFO] [stderr]     Checking futures-executor-preview v0.3.0-alpha.19
[INFO] [stderr]    Compiling heck v0.3.1
[INFO] [stderr]     Checking byteorder v0.5.3
[INFO] [stderr]    Compiling slog v2.5.2
[INFO] [stderr]     Checking sha1 v0.6.0
[INFO] [stderr]     Checking c_linked_list v1.1.1
[INFO] [stderr]     Checking nohash-hasher v0.1.2
[INFO] [stderr]     Checking get_if_addrs v0.5.3
[INFO] [stderr]     Checking soketto v0.2.3
[INFO] [stderr]     Checking yamux v0.2.2
[INFO] [stderr]     Checking cuckoofilter v0.3.2
[INFO] [stderr]     Checking futures-preview v0.3.0-alpha.19
[INFO] [stderr]     Checking aes-ctr v0.3.0
[INFO] [stderr]    Compiling derive_more v0.15.0
[INFO] [stderr]     Checking webpki-roots v0.16.0
[INFO] [stderr]     Checking twofish v0.2.0
[INFO] [stderr]     Checking chrono v0.4.9
[INFO] [stderr]     Checking erased-serde v0.3.9
[INFO] [stderr]     Checking tokio-dns-unofficial v0.4.0
[INFO] [stderr]     Checking tokio-rustls v0.10.0-alpha.4
[INFO] [stderr]     Checking dns-parser v0.8.0
[INFO] [stderr]     Checking js-sys v0.3.30
[INFO] [stderr]     Checking aio-limited v0.1.1
[INFO] [stderr]     Checking x25519-dalek v0.5.2
[INFO] [stderr]     Checking parity-scale-codec v1.0.6
[INFO] [stderr]     Checking ipnet v2.0.1
[INFO] [stderr]     Checking parity-send-wrapper v0.1.0
[INFO] [stderr]    Compiling libp2p-core-derive v0.12.0
[INFO] [stderr]     Checking linked-hash-map v0.5.2
[INFO] [stderr]    Compiling strum_macros v0.15.0
[INFO] [stderr]     Checking strum v0.15.0
[INFO] [stderr]     Checking parity-bytes v0.1.0 (https://github.com/paritytech/parity-common?rev=b0317f649ab2c665b7987b8475878fc4d2e1f81d#b0317f64)
[INFO] [stderr]    Compiling version_check v0.1.5
[INFO] [stderr]     Checking kvdb v0.1.0 (https://github.com/paritytech/parity-common?rev=b0317f649ab2c665b7987b8475878fc4d2e1f81d#b0317f64)
[INFO] [stderr]     Checking lru-cache v0.1.2
[INFO] [stderr]     Checking futures-timer v0.4.0
[INFO] [stderr]     Checking crossbeam-channel v0.3.9
[INFO] [stderr]     Checking take_mut v0.2.2
[INFO] [stderr]     Checking arc-swap v0.4.3
[INFO] [stderr]     Checking slog-async v2.3.0 (https://github.com/paritytech/slog-async#107848e7)
[INFO] [stderr]     Checking slog-scope v4.3.0
[INFO] [stderr]     Checking slog-json v2.3.0
[INFO] [stderr]     Checking substrate-serializer v2.0.0 (https://github.com/paritytech/substrate.git#17aab52a)
[INFO] [stderr]     Checking impl-codec v0.4.2
[INFO] [stderr]     Checking sr-arithmetic v2.0.0 (https://github.com/paritytech/substrate.git#17aab52a)
[INFO] [stderr]     Checking wasm-bindgen-futures v0.3.27
[INFO] [stderr]     Checking substrate-wasm-interface v2.0.0 (https://github.com/paritytech/substrate.git#17aab52a)
[INFO] [stderr]     Checking primitive-types v0.5.1
[INFO] [stderr]    Compiling hex-literal-impl v0.2.1
[INFO] [stderr]    Compiling srml-support-procedural-tools-derive v2.0.0 (https://github.com/paritytech/substrate.git#17aab52a)
[INFO] [stderr]    Compiling nom v4.2.3
[INFO] [stderr]    Compiling safe-mix v1.0.0
[INFO] [stderr]     Checking once_cell v0.2.4
[INFO] [stderr]     Checking hex-literal v0.2.1
[INFO] [stderr]     Checking bitmask v0.5.0
[INFO] [stderr]    Compiling openssl-sys v0.9.52
[INFO] [stderr]    Compiling bitflags v1.2.1
[INFO] [stderr]    Compiling glob v0.2.11
[INFO] [stderr]     Checking jsonrpc-core v13.2.0
[INFO] [stderr]     Checking substrate-externalities v2.0.0 (https://github.com/paritytech/substrate.git#17aab52a)
[INFO] [stderr]    Compiling libloading v0.5.2
[INFO] [stderr]    Compiling atty v0.2.13
[INFO] [stderr]    Compiling unicode-width v0.1.6
[INFO] [stderr]    Compiling srml-support-procedural-tools v2.0.0 (https://github.com/paritytech/substrate.git#17aab52a)
[INFO] [stderr]    Compiling openssl v0.10.25
[INFO] [stderr]    Compiling humantime v1.3.0
[INFO] [stderr]    Compiling textwrap v0.11.0
[INFO] [stderr]    Compiling clang-sys v0.26.4
[INFO] [stderr] The following warnings were emitted during compilation:
[INFO] [stderr] 
[INFO] [stderr] warning: build/expando.c:4:24: error: pasting "RUST_VERSION_OPENSSL_" and "(" does not give a valid preprocessing token
[INFO] [stderr] warning:     4 | #define VERSION2(n, v) RUST_VERSION_##n##_##v
[INFO] [stderr] warning:       |                        ^~~~~~~~~~~~~
[INFO] [stderr] warning: build/expando.c:5:23: note: in expansion of macro 'VERSION2'
[INFO] [stderr] warning:     5 | #define VERSION(n, v) VERSION2(n, v)
[INFO] [stderr] warning:       |                       ^~~~~~~~
[INFO] [stderr] warning: build/expando.c:10:1: note: in expansion of macro 'VERSION'
[INFO] [stderr] warning:    10 | VERSION(OPENSSL, OPENSSL_VERSION_NUMBER)
[INFO] [stderr] warning:       | ^~~~~~~
[INFO] [stderr] 
[INFO] [stderr] error: failed to run custom build command for `openssl-sys v0.9.52`
[INFO] [stderr] note: To improve backtraces for build dependencies, set the CARGO_PROFILE_DEV_BUILD_OVERRIDE_DEBUG=true environment variable to enable debug information generation.
[INFO] [stderr] 
[INFO] [stderr] Caused by:
[INFO] [stderr]   process didn't exit successfully: `/opt/rustwide/target/debug/build/openssl-sys-6ac066cb70c0d7b3/build-script-main` (exit status: 101)
[INFO] [stderr]   --- stdout
[INFO] [stderr]   cargo:rustc-cfg=const_fn
[INFO] [stderr]   cargo:rerun-if-env-changed=X86_64_UNKNOWN_LINUX_GNU_OPENSSL_LIB_DIR
[INFO] [stderr]   X86_64_UNKNOWN_LINUX_GNU_OPENSSL_LIB_DIR unset
[INFO] [stderr]   cargo:rerun-if-env-changed=OPENSSL_LIB_DIR
[INFO] [stderr]   OPENSSL_LIB_DIR unset
[INFO] [stderr]   cargo:rerun-if-env-changed=X86_64_UNKNOWN_LINUX_GNU_OPENSSL_INCLUDE_DIR
[INFO] [stderr]   X86_64_UNKNOWN_LINUX_GNU_OPENSSL_INCLUDE_DIR unset
[INFO] [stderr]   cargo:rerun-if-env-changed=OPENSSL_INCLUDE_DIR
[INFO] [stderr]   OPENSSL_INCLUDE_DIR unset
[INFO] [stderr]   cargo:rerun-if-env-changed=X86_64_UNKNOWN_LINUX_GNU_OPENSSL_DIR
[INFO] [stderr]   X86_64_UNKNOWN_LINUX_GNU_OPENSSL_DIR unset
[INFO] [stderr]   cargo:rerun-if-env-changed=OPENSSL_DIR
[INFO] [stderr]   OPENSSL_DIR unset
[INFO] [stderr]   cargo:rustc-link-lib=ssl
[INFO] [stderr]   cargo:rustc-link-lib=crypto
[INFO] [stderr]   OPT_LEVEL = Some("0")
[INFO] [stderr]   TARGET = Some("x86_64-unknown-linux-gnu")
[INFO] [stderr]   HOST = Some("x86_64-unknown-linux-gnu")
[INFO] [stderr]   CC_x86_64-unknown-linux-gnu = None
[INFO] [stderr]   CC_x86_64_unknown_linux_gnu = None
[INFO] [stderr]   HOST_CC = None
[INFO] [stderr]   CC = None
[INFO] [stderr]   CFLAGS_x86_64-unknown-linux-gnu = None
[INFO] [stderr]   CFLAGS_x86_64_unknown_linux_gnu = None
[INFO] [stderr]   HOST_CFLAGS = None
[INFO] [stderr]   CFLAGS = None
[INFO] [stderr]   CRATE_CC_NO_DEFAULTS = None
[INFO] [stderr]   DEBUG = Some("true")
[INFO] [stderr]   CARGO_CFG_TARGET_FEATURE = Some("fxsr,sse,sse2")
[INFO] [stderr]   running: "cc" "-O0" "-ffunction-sections" "-fdata-sections" "-fPIC" "-g" "-fno-omit-frame-pointer" "-m64" "-I" "/usr/include" "-Wall" "-Wextra" "-E" "build/expando.c"
[INFO] [stderr]   cargo:warning=build/expando.c:4:24: error: pasting "RUST_VERSION_OPENSSL_" and "(" does not give a valid preprocessing token
[INFO] [stderr]   cargo:warning=    4 | #define VERSION2(n, v) RUST_VERSION_##n##_##v
[INFO] [stderr]   cargo:warning=      |                        ^~~~~~~~~~~~~
[INFO] [stderr]   cargo:warning=build/expando.c:5:23: note: in expansion of macro 'VERSION2'
[INFO] [stderr]   cargo:warning=    5 | #define VERSION(n, v) VERSION2(n, v)
[INFO] [stderr]   cargo:warning=      |                       ^~~~~~~~
[INFO] [stderr]   cargo:warning=build/expando.c:10:1: note: in expansion of macro 'VERSION'
[INFO] [stderr]   cargo:warning=   10 | VERSION(OPENSSL, OPENSSL_VERSION_NUMBER)
[INFO] [stderr]   cargo:warning=      | ^~~~~~~
[INFO] [stderr]   exit status: 1
[INFO] [stderr] 
[INFO] [stderr]   --- stderr
[INFO] [stderr]   thread 'main' panicked at '
[INFO] [stderr]   Header expansion error:
[INFO] [stderr]   Error { kind: ToolExecError, message: "Command \"cc\" \"-O0\" \"-ffunction-sections\" \"-fdata-sections\" \"-fPIC\" \"-g\" \"-fno-omit-frame-pointer\" \"-m64\" \"-I\" \"/usr/include\" \"-Wall\" \"-Wextra\" \"-E\" \"build/expando.c\" with args \"cc\" did not execute successfully (status code exit status: 1)." }
[INFO] [stderr] 
[INFO] [stderr]   Failed to find OpenSSL development headers.
[INFO] [stderr] 
[INFO] [stderr]   You can try fixing this setting the `OPENSSL_DIR` environment variable
[INFO] [stderr]   pointing to your OpenSSL installation or installing OpenSSL headers package
[INFO] [stderr]   specific to your distribution:
[INFO] [stderr] 
[INFO] [stderr]       # On Ubuntu
[INFO] [stderr]       sudo apt-get install libssl-dev
[INFO] [stderr]       # On Arch Linux
[INFO] [stderr]       sudo pacman -S openssl
[INFO] [stderr]       # On Fedora
[INFO] [stderr]       sudo dnf install openssl-devel
[INFO] [stderr] 
[INFO] [stderr]   See rust-openssl README for more information:
[INFO] [stderr] 
[INFO] [stderr]       https://github.com/sfackler/rust-openssl#linux
[INFO] [stderr]   ', /opt/rustwide/cargo-home/registry/src/github.com-1ecc6299db9ec823/openssl-sys-0.9.52/build/main.rs:126:13
[INFO] [stderr]   stack backtrace:
[INFO] [stderr]      0:     0x55d98d2b8c4a - std::backtrace_rs::backtrace::libunwind::trace::ha9053a9a07ca49cb
[INFO] [stderr]                                  at /rustc/84c898d65adf2f39a5a98507f1fe0ce10a2b8dbc/library/std/src/../../backtrace/src/backtrace/libunwind.rs:93:5
[INFO] [stderr]      1:     0x55d98d2b8c4a - std::backtrace_rs::backtrace::trace_unsynchronized::h9c2852a457ad564e
[INFO] [stderr]                                  at /rustc/84c898d65adf2f39a5a98507f1fe0ce10a2b8dbc/library/std/src/../../backtrace/src/backtrace/mod.rs:66:5
[INFO] [stderr]      2:     0x55d98d2b8c4a - std::sys_common::backtrace::_print_fmt::h457936fbfaa0070f
[INFO] [stderr]                                  at /rustc/84c898d65adf2f39a5a98507f1fe0ce10a2b8dbc/library/std/src/sys_common/backtrace.rs:65:5
[INFO] [stderr]      3:     0x55d98d2b8c4a - <std::sys_common::backtrace::_print::DisplayBacktrace as core::fmt::Display>::fmt::h5779d7bf7f70cb0c
[INFO] [stderr]                                  at /rustc/84c898d65adf2f39a5a98507f1fe0ce10a2b8dbc/library/std/src/sys_common/backtrace.rs:44:22
[INFO] [stderr]      4:     0x55d98d2d8d9e - core::fmt::write::h5a4baaff1bcd3eb5
[INFO] [stderr]                                  at /rustc/84c898d65adf2f39a5a98507f1fe0ce10a2b8dbc/library/core/src/fmt/mod.rs:1232:17
[INFO] [stderr]      5:     0x55d98d2b6135 - std::io::Write::write_fmt::h4bc1f301cb9e9cce
[INFO] [stderr]                                  at /rustc/84c898d65adf2f39a5a98507f1fe0ce10a2b8dbc/library/std/src/io/mod.rs:1684:15
[INFO] [stderr]      6:     0x55d98d2b8a15 - std::sys_common::backtrace::_print::h5fcdc36060f177e8
[INFO] [stderr]                                  at /rustc/84c898d65adf2f39a5a98507f1fe0ce10a2b8dbc/library/std/src/sys_common/backtrace.rs:47:5
[INFO] [stderr]      7:     0x55d98d2b8a15 - std::sys_common::backtrace::print::h54ca9458b876c8bf
[INFO] [stderr]                                  at /rustc/84c898d65adf2f39a5a98507f1fe0ce10a2b8dbc/library/std/src/sys_common/backtrace.rs:34:9
[INFO] [stderr]      8:     0x55d98d2ba3ef - std::panicking::default_hook::{{closure}}::hbe471161c7664ed6
[INFO] [stderr]                                  at /rustc/84c898d65adf2f39a5a98507f1fe0ce10a2b8dbc/library/std/src/panicking.rs:271:22
[INFO] [stderr]      9:     0x55d98d2ba12b - std::panicking::default_hook::ha3500da57aa4ac4f
[INFO] [stderr]                                  at /rustc/84c898d65adf2f39a5a98507f1fe0ce10a2b8dbc/library/std/src/panicking.rs:290:9
[INFO] [stderr]     10:     0x55d98d2ba998 - std::panicking::rust_panic_with_hook::h50c09d000dc561d2
[INFO] [stderr]                                  at /rustc/84c898d65adf2f39a5a98507f1fe0ce10a2b8dbc/library/std/src/panicking.rs:692:13
[INFO] [stderr]     11:     0x55d98d2ba899 - std::panicking::begin_panic_handler::{{closure}}::h9e2b2176e00e0d9c
[INFO] [stderr]                                  at /rustc/84c898d65adf2f39a5a98507f1fe0ce10a2b8dbc/library/std/src/panicking.rs:583:13
[INFO] [stderr]     12:     0x55d98d2b90b6 - std::sys_common::backtrace::__rust_end_short_backtrace::h5739b8e512c09d02
[INFO] [stderr]                                  at /rustc/84c898d65adf2f39a5a98507f1fe0ce10a2b8dbc/library/std/src/sys_common/backtrace.rs:150:18
[INFO] [stderr]     13:     0x55d98d2ba5a2 - rust_begin_unwind
[INFO] [stderr]                                  at /rustc/84c898d65adf2f39a5a98507f1fe0ce10a2b8dbc/library/std/src/panicking.rs:579:5
[INFO] [stderr]     14:     0x55d98d2227c3 - core::panicking::panic_fmt::hf33a1475b4dc5c3e
[INFO] [stderr]                                  at /rustc/84c898d65adf2f39a5a98507f1fe0ce10a2b8dbc/library/core/src/panicking.rs:64:14
[INFO] [stderr]     15:     0x55d98d229ad8 - build_script_main::validate_headers::h6e254e8ae7a596d5
[INFO] [stderr]     16:     0x55d98d22ee86 - build_script_main::find::try_pkg_config::h909956ea3963be0a
[INFO] [stderr]     17:     0x55d98d22dc26 - build_script_main::find::find_openssl_dir::h27b05d20a665fbc7
[INFO] [stderr]     18:     0x55d98d22da72 - build_script_main::find::get_openssl::{{closure}}::h49fe57a92f8bb293
[INFO] [stderr]     19:     0x55d98d22c56a - core::option::Option<T>::unwrap_or_else::hccfc8af8331c008a
[INFO] [stderr]     20:     0x55d98d22d770 - build_script_main::find::get_openssl::h6809dba198e36f52
[INFO] [stderr]     21:     0x55d98d228935 - build_script_main::main::hfb0a8275ddefb1ea
[INFO] [stderr]     22:     0x55d98d22f893 - core::ops::function::FnOnce::call_once::hfd55d56cddf6a45b
[INFO] [stderr]     23:     0x55d98d225f99 - std::sys_common::backtrace::__rust_begin_short_backtrace::h2494fae9bb8115ab
[INFO] [stderr]     24:     0x55d98d22c2b9 - std::rt::lang_start::{{closure}}::h7990ad056feb3f01
[INFO] [stderr]     25:     0x55d98d2b2a5c - core::ops::function::impls::<impl core::ops::function::FnOnce<A> for &F>::call_once::hd6efcd3bec896f2c
[INFO] [stderr]                                  at /rustc/84c898d65adf2f39a5a98507f1fe0ce10a2b8dbc/library/core/src/ops/function.rs:287:13
[INFO] [stderr]     26:     0x55d98d2b2a5c - std::panicking::try::do_call::hce04e543bb1f4cbb
[INFO] [stderr]                                  at /rustc/84c898d65adf2f39a5a98507f1fe0ce10a2b8dbc/library/std/src/panicking.rs:487:40
[INFO] [stderr]     27:     0x55d98d2b2a5c - std::panicking::try::h3342dd4e1f680968
[INFO] [stderr]                                  at /rustc/84c898d65adf2f39a5a98507f1fe0ce10a2b8dbc/library/std/src/panicking.rs:451:19
[INFO] [stderr]     28:     0x55d98d2b2a5c - std::panic::catch_unwind::h148ce1e59ac0cee7
[INFO] [stderr]                                  at /rustc/84c898d65adf2f39a5a98507f1fe0ce10a2b8dbc/library/std/src/panic.rs:140:14
[INFO] [stderr]     29:     0x55d98d2b2a5c - std::rt::lang_start_internal::{{closure}}::h25f9dda2057a67fe
[INFO] [stderr]                                  at /rustc/84c898d65adf2f39a5a98507f1fe0ce10a2b8dbc/library/std/src/rt.rs:148:48
[INFO] [stderr]     30:     0x55d98d2b2a5c - std::panicking::try::do_call::h7caaaeaf9401650b
[INFO] [stderr]                                  at /rustc/84c898d65adf2f39a5a98507f1fe0ce10a2b8dbc/library/std/src/panicking.rs:487:40
[INFO] [stderr]     31:     0x55d98d2b2a5c - std::panicking::try::he7d15285746cbbc2
[INFO] [stderr]                                  at /rustc/84c898d65adf2f39a5a98507f1fe0ce10a2b8dbc/library/std/src/panicking.rs:451:19
[INFO] [stderr]     32:     0x55d98d2b2a5c - std::panic::catch_unwind::h89fb4f50c0301fe0
[INFO] [stderr]                                  at /rustc/84c898d65adf2f39a5a98507f1fe0ce10a2b8dbc/library/std/src/panic.rs:140:14
[INFO] [stderr]     33:     0x55d98d2b2a5c - std::rt::lang_start_internal::h078acd489417d3c1
[INFO] [stderr]                                  at /rustc/84c898d65adf2f39a5a98507f1fe0ce10a2b8dbc/library/std/src/rt.rs:148:20
[INFO] [stderr]     34:     0x55d98d22c297 - std::rt::lang_start::heee1e36c8f8d59d8
[INFO] [stderr]     35:     0x55d98d22b905 - main
[INFO] [stderr]     36:     0x7ff3d737dd90 - <unknown>
[INFO] [stderr]     37:     0x7ff3d737de40 - __libc_start_main
[INFO] [stderr]     38:     0x55d98d222d45 - _start
[INFO] [stderr]     39:                0x0 - <unknown>
[INFO] [stderr] warning: build failed, waiting for other jobs to finish...
[INFO] running `Command { std: "docker" "inspect" "b276126f64f523dc60d785cb81ba9999f471ca8c6393ec1bd9d5147533005cf3", kill_on_drop: false }`
[INFO] running `Command { std: "docker" "rm" "-f" "b276126f64f523dc60d785cb81ba9999f471ca8c6393ec1bd9d5147533005cf3", kill_on_drop: false }`
[INFO] [stdout] b276126f64f523dc60d785cb81ba9999f471ca8c6393ec1bd9d5147533005cf3
