[INFO] cloning repository https://github.com/gmforge/mask
[INFO] running `Command { std: "git" "-c" "credential.helper=" "-c" "credential.helper=/workspace/cargo-home/bin/git-credential-null" "clone" "--bare" "https://github.com/gmforge/mask" "/workspace/cache/git-repos/https%3A%2F%2Fgithub.com%2Fgmforge%2Fmask", kill_on_drop: false }`
[INFO] [stderr] Cloning into bare repository '/workspace/cache/git-repos/https%3A%2F%2Fgithub.com%2Fgmforge%2Fmask'...
[INFO] running `Command { std: "git" "rev-parse" "HEAD", kill_on_drop: false }`
[INFO] [stdout] 8237655f3730ba05519fd7961944b201327e284b
[INFO] documenting gmforge/mask against 1.69.0 for beta-1.70-rustdoc-1
[INFO] running `Command { std: "git" "clone" "/workspace/cache/git-repos/https%3A%2F%2Fgithub.com%2Fgmforge%2Fmask" "/workspace/builds/worker-4-tc1/source", kill_on_drop: false }`
[INFO] [stderr] Cloning into '/workspace/builds/worker-4-tc1/source'...
[INFO] [stderr] done.
[INFO] validating manifest of git repo https://github.com/gmforge/mask on toolchain 1.69.0
[INFO] running `Command { std: CARGO_HOME="/workspace/cargo-home" RUSTUP_HOME="/workspace/rustup-home" "/workspace/cargo-home/bin/cargo" "+1.69.0" "metadata" "--manifest-path" "Cargo.toml" "--no-deps", kill_on_drop: false }`
[INFO] started tweaking git repo https://github.com/gmforge/mask
[INFO] finished tweaking git repo https://github.com/gmforge/mask
[INFO] tweaked toml for git repo https://github.com/gmforge/mask written to /workspace/builds/worker-4-tc1/source/Cargo.toml
[INFO] crate git repo https://github.com/gmforge/mask already has a lockfile, it will not be regenerated
[INFO] running `Command { std: CARGO_HOME="/workspace/cargo-home" RUSTUP_HOME="/workspace/rustup-home" "/workspace/cargo-home/bin/cargo" "+1.69.0" "fetch" "--manifest-path" "Cargo.toml", kill_on_drop: false }`
[INFO] [stderr]  Downloading crates ...
[INFO] [stderr]   Downloaded naga v0.6.3
[INFO] [stderr]   Downloaded wgpu-types v0.10.0
[INFO] [stderr]   Downloaded wgpu-hal v0.10.7
[INFO] [stderr]   Downloaded cpp v0.5.6
[INFO] [stderr]   Downloaded cpp_macros v0.5.6
[INFO] [stderr]   Downloaded cpp_build v0.5.6
[INFO] [stderr]   Downloaded wgpu-core v0.10.3
[INFO] [stderr]   Downloaded cpp_common v0.5.6
[INFO] [stderr]   Downloaded wgpu v0.10.1
[INFO] [stderr]   Downloaded rscam v0.5.5
[INFO] [stderr]   Downloaded x11-dl v2.19.0
[INFO] [stderr]   Downloaded if_rust_version v1.0.0
[INFO] [stderr]   Downloaded rustface v0.1.7
[INFO] [stderr]   Downloaded tflite v0.9.6
[INFO] running `Command { std: "docker" "create" "-v" "/var/lib/crater-agent-workspace/builds/worker-4-tc1/target:/opt/rustwide/target:rw,Z" "-v" "/var/lib/crater-agent-workspace/builds/worker-4-tc1/source:/opt/rustwide/workdir:ro,Z" "-v" "/var/lib/crater-agent-workspace/cargo-home:/opt/rustwide/cargo-home:ro,Z" "-v" "/var/lib/crater-agent-workspace/rustup-home:/opt/rustwide/rustup-home:ro,Z" "-e" "SOURCE_DIR=/opt/rustwide/workdir" "-e" "CARGO_TARGET_DIR=/opt/rustwide/target" "-e" "CARGO_HOME=/opt/rustwide/cargo-home" "-e" "RUSTUP_HOME=/opt/rustwide/rustup-home" "-w" "/opt/rustwide/workdir" "-m" "1610612736" "--user" "0:0" "--network" "none" "ghcr.io/rust-lang/crates-build-env/linux@sha256:5ff2268d62e97bff2cde7d5815dd6ed5b47097566f13b8d0ca110b04b60e07ed" "/opt/rustwide/cargo-home/bin/cargo" "+1.69.0" "metadata" "--no-deps" "--format-version=1", kill_on_drop: false }`
[INFO] [stdout] f0767b978553bffaacbecd113004bb69f365bc022a57bdd788bd631c12ce67f0
[INFO] running `Command { std: "docker" "start" "-a" "f0767b978553bffaacbecd113004bb69f365bc022a57bdd788bd631c12ce67f0", kill_on_drop: false }`
[INFO] running `Command { std: "docker" "inspect" "f0767b978553bffaacbecd113004bb69f365bc022a57bdd788bd631c12ce67f0", kill_on_drop: false }`
[INFO] running `Command { std: "docker" "rm" "-f" "f0767b978553bffaacbecd113004bb69f365bc022a57bdd788bd631c12ce67f0", kill_on_drop: false }`
[INFO] [stdout] f0767b978553bffaacbecd113004bb69f365bc022a57bdd788bd631c12ce67f0
[INFO] running `Command { std: "docker" "create" "-v" "/var/lib/crater-agent-workspace/builds/worker-4-tc1/target:/opt/rustwide/target:rw,Z" "-v" "/var/lib/crater-agent-workspace/builds/worker-4-tc1/source:/opt/rustwide/workdir:ro,Z" "-v" "/var/lib/crater-agent-workspace/cargo-home:/opt/rustwide/cargo-home:ro,Z" "-v" "/var/lib/crater-agent-workspace/rustup-home:/opt/rustwide/rustup-home:ro,Z" "-e" "SOURCE_DIR=/opt/rustwide/workdir" "-e" "CARGO_TARGET_DIR=/opt/rustwide/target" "-e" "CARGO_INCREMENTAL=0" "-e" "RUST_BACKTRACE=full" "-e" "RUSTFLAGS=--cap-lints=warn" "-e" "RUSTDOCFLAGS=--cap-lints=warn" "-e" "CARGO_HOME=/opt/rustwide/cargo-home" "-e" "RUSTUP_HOME=/opt/rustwide/rustup-home" "-w" "/opt/rustwide/workdir" "-m" "1610612736" "--user" "0:0" "--network" "none" "ghcr.io/rust-lang/crates-build-env/linux@sha256:5ff2268d62e97bff2cde7d5815dd6ed5b47097566f13b8d0ca110b04b60e07ed" "/opt/rustwide/cargo-home/bin/cargo" "+1.69.0" "doc" "--frozen" "--no-deps" "--document-private-items" "--message-format=json", kill_on_drop: false }`
[INFO] [stdout] b73c5ea6a403292d6bcb6deaa27aeb6d2735024197824f4de54e9da6a7ac4f64
[INFO] running `Command { std: "docker" "start" "-a" "b73c5ea6a403292d6bcb6deaa27aeb6d2735024197824f4de54e9da6a7ac4f64", kill_on_drop: false }`
[INFO] [stderr]     Checking cfg-if v1.0.0
[INFO] [stderr]    Compiling libc v0.2.102
[INFO] [stderr]    Compiling proc-macro2 v1.0.29
[INFO] [stderr]    Compiling unicode-xid v0.2.2
[INFO] [stderr]    Compiling memchr v2.4.1
[INFO] [stderr]     Checking bitflags v1.3.2
[INFO] [stderr]    Compiling log v0.4.14
[INFO] [stderr]    Compiling syn v1.0.76
[INFO] [stderr]    Compiling num-traits v0.2.14
[INFO] [stderr]     Checking scopeguard v1.1.0
[INFO] [stderr]    Compiling crossbeam-utils v0.8.5
[INFO] [stderr]    Compiling version_check v0.9.3
[INFO] [stderr]     Checking libloading v0.7.0
[INFO] [stderr]    Compiling memoffset v0.6.4
[INFO] [stderr]    Compiling crossbeam-epoch v0.9.5
[INFO] [stderr]    Compiling pkg-config v0.3.19
[INFO] [stderr]     Checking smallvec v1.6.1
[INFO] [stderr]    Compiling quote v1.0.9
[INFO] [stderr]    Compiling xml-rs v0.8.4
[INFO] [stderr]     Checking crossbeam-deque v0.8.1
[INFO] [stderr]    Compiling aho-corasick v0.7.18
[INFO] [stderr]     Checking crossbeam-channel v0.5.1
[INFO] [stderr]     Checking byteorder v1.4.3
[INFO] [stderr]    Compiling wayland-sys v0.28.6
[INFO] [stderr]    Compiling num-integer v0.1.44
[INFO] [stderr]    Compiling rayon-core v1.9.1
[INFO] [stderr]    Compiling wayland-scanner v0.28.6
[INFO] [stderr]    Compiling lazy_static v1.4.0
[INFO] [stderr]    Compiling glob v0.3.0
[INFO] [stderr]    Compiling nom v5.1.2
[INFO] [stderr]     Checking dlib v0.5.0
[INFO] [stderr]    Compiling indexmap v1.7.0
[INFO] [stderr]    Compiling parking_lot_core v0.8.5
[INFO] [stderr]    Compiling regex-syntax v0.6.25
[INFO] [stderr]    Compiling atty v0.2.14
[INFO] [stderr]     Checking num_cpus v1.13.0
[INFO] [stderr]    Compiling clang-sys v1.2.2
[INFO] [stderr]     Checking nix v0.20.0
[INFO] [stderr]    Compiling nom v7.0.0
[INFO] [stderr]     Checking instant v0.1.11
[INFO] [stderr]    Compiling rayon v1.5.1
[INFO] [stderr]    Compiling num-bigint v0.3.3
[INFO] [stderr]     Checking termcolor v1.1.2
[INFO] [stderr]    Compiling unicode-width v0.1.9
[INFO] [stderr]     Checking once_cell v1.8.0
[INFO] [stderr]    Compiling quick-error v1.2.3
[INFO] [stderr]     Checking either v1.6.1
[INFO] [stderr]     Checking hashbrown v0.11.2
[INFO] [stderr]    Compiling humantime v1.3.0
[INFO] [stderr]    Compiling textwrap v0.11.0
[INFO] [stderr]    Compiling wayland-client v0.28.6
[INFO] [stderr]     Checking lock_api v0.4.5
[INFO] [stderr]    Compiling num-rational v0.3.2
[INFO] [stderr]    Compiling regex v1.5.4
[INFO] [stderr]    Compiling num-iter v0.1.42
[INFO] [stderr]     Checking minimal-lexical v0.1.3
[INFO] [stderr]     Checking ahash v0.4.7
[INFO] [stderr]     Checking scoped-tls v1.0.0
[INFO] [stderr]     Checking bit-vec v0.6.3
[INFO] [stderr]    Compiling nix v0.18.0
[INFO] [stderr]    Compiling khronos-egl v4.1.0
[INFO] [stderr]    Compiling ansi_term v0.11.0
[INFO] [stderr]    Compiling cpp_common v0.5.6
[INFO] [stderr]    Compiling if_rust_version v1.0.0
[INFO] [stderr]    Compiling strsim v0.8.0
[INFO] [stderr]    Compiling vec_map v0.8.2
[INFO] [stderr]     Checking wayland-commons v0.28.6
[INFO] [stderr]     Checking downcast-rs v1.2.0
[INFO] [stderr]    Compiling crossbeam-queue v0.3.2
[INFO] [stderr]     Checking fixedbitset v0.4.0
[INFO] [stderr]     Checking ttf-parser v0.6.2
[INFO] [stderr]    Compiling bindgen v0.55.1
[INFO] [stderr]     Checking petgraph v0.6.0
[INFO] [stderr]    Compiling env_logger v0.7.1
[INFO] [stderr]    Compiling cexpr v0.4.0
[INFO] [stderr]    Compiling clap v2.33.3
[INFO] [stderr]     Checking bit-set v0.5.2
[INFO] [stderr]     Checking codespan-reporting v0.11.1
[INFO] [stderr]     Checking owned_ttf_parser v0.6.0
[INFO] [stderr]     Checking hashbrown v0.9.1
[INFO] [stderr]     Checking parking_lot v0.11.2
[INFO] [stderr]    Compiling wayland-protocols v0.28.6
[INFO] [stderr]    Compiling which v3.1.1
[INFO] [stderr]     Checking fxhash v0.2.1
[INFO] [stderr]     Checking raw-window-handle v0.3.3
[INFO] [stderr]     Checking spirv v0.2.0+1.5.4
[INFO] [stderr]     Checking gpu-descriptor-types v0.1.1
[INFO] [stderr]     Checking gpu-alloc-types v0.2.0
[INFO] [stderr]    Compiling thiserror-impl v1.0.29
[INFO] [stderr]    Compiling miniz_oxide v0.4.4
[INFO] [stderr]    Compiling rustc-hash v1.1.0
[INFO] [stderr]    Compiling peeking_take_while v0.1.2
[INFO] [stderr]     Checking adler32 v1.2.0
[INFO] [stderr]    Compiling cfg-if v0.1.10
[INFO] [stderr]    Compiling cc v1.0.70
[INFO] [stderr]    Compiling crc32fast v1.2.1
[INFO] [stderr]    Compiling lazycell v1.3.0
[INFO] [stderr]    Compiling shlex v0.1.1
[INFO] [stderr]     Checking same-file v1.0.6
[INFO] [stderr]     Checking ab_glyph_rasterizer v0.1.4
[INFO] [stderr]    Compiling maybe-uninit v2.0.0
[INFO] [stderr]    Compiling cfg_aliases v0.1.1
[INFO] [stderr]    Compiling wgpu-core v0.10.3
[INFO] [stderr]     Checking rusttype v0.9.2
[INFO] [stderr]    Compiling cpp_build v0.5.6
[INFO] [stderr]     Checking walkdir v2.3.2
[INFO] [stderr]     Checking xcursor v0.3.4
[INFO] [stderr]     Checking gpu-alloc v0.5.1
[INFO] [stderr]     Checking gpu-descriptor v0.2.1
[INFO] [stderr]     Checking thiserror v1.0.29
[INFO] [stderr]     Checking naga v0.6.3
[INFO] [stderr]    Compiling x11-dl v2.19.0
[INFO] [stderr]     Checking ash v0.33.3+1.2.191
[INFO] [stderr]     Checking wgpu-types v0.10.0
[INFO] [stderr]     Checking libloading v0.6.7
[INFO] [stderr]     Checking renderdoc-sys v0.7.1
[INFO] [stderr]     Checking glow v0.11.0
[INFO] [stderr]     Checking arrayvec v0.7.1
[INFO] [stderr]     Checking weezl v0.1.5
[INFO] [stderr]     Checking adler v1.0.2
[INFO] [stderr]     Checking inplace_it v0.3.3
[INFO] [stderr]     Checking xdg v2.2.0
[INFO] [stderr]    Compiling fs_extra v1.2.0
[INFO] [stderr]     Checking andrew v0.3.1
[INFO] [stderr]     Checking calloop v0.6.5
[INFO] [stderr]    Compiling cpp_macros v0.5.6
[INFO] [stderr]     Checking dlib v0.4.2
[INFO] [stderr]     Checking crossbeam v0.8.1
[INFO] [stderr]     Checking wayland-cursor v0.28.6
[INFO] [stderr]     Checking jpeg-decoder v0.1.22
[INFO] [stderr]     Checking deflate v0.8.6
[INFO] [stderr]     Checking miniz_oxide v0.3.7
[INFO] [stderr]    Compiling bytemuck_derive v1.0.1
[INFO] [stderr]     Checking memmap2 v0.1.0
[INFO] [stderr]     Checking mio v0.7.13
[INFO] [stderr]     Checking num-complex v0.3.1
[INFO] [stderr]    Compiling cgmath v0.18.0
[INFO] [stderr]     Checking profiling v1.0.3
[INFO] [stderr]     Checking color_quant v1.1.0
[INFO] [stderr]    Compiling winit v0.25.0
[INFO] [stderr]    Compiling anyhow v1.0.44
[INFO] [stderr]     Checking copyless v0.1.5
[INFO] [stderr]     Checking cpp v0.5.6
[INFO] [stderr]     Checking gif v0.11.2
[INFO] [stderr]     Checking num v0.3.1
[INFO] [stderr]     Checking mio-misc v1.2.1
[INFO] [stderr]     Checking bytemuck v1.7.2
[INFO] [stderr]     Checking png v0.16.8
[INFO] [stderr]     Checking tiff v0.6.1
[INFO] [stderr]     Checking approx v0.4.0
[INFO] [stderr]     Checking maybe-owned v0.3.4
[INFO] [stderr]     Checking humantime v2.1.0
[INFO] [stderr]     Checking percent-encoding v2.1.0
[INFO] [stderr]     Checking scoped_threadpool v0.1.9
[INFO] [stderr]     Checking image v0.23.14
[INFO] [stderr]     Checking rustface v0.1.7
[INFO] [stderr]     Checking env_logger v0.9.0
[INFO] [stderr]     Checking itertools v0.10.1
[INFO] [stderr]     Checking rscam v0.5.5
[INFO] [stderr]     Checking pollster v0.2.4
[INFO] [stderr]    Compiling tflite v0.9.6
[INFO] [stderr]     Checking wgpu-hal v0.10.7
[INFO] [stderr]     Checking wgpu v0.10.1
[INFO] [stderr] error: failed to run custom build command for `tflite v0.9.6`
[INFO] [stderr] note: To improve backtraces for build dependencies, set the CARGO_PROFILE_DEV_BUILD_OVERRIDE_DEBUG=true environment variable to enable debug information generation.
[INFO] [stderr] 
[INFO] [stderr] Caused by:
[INFO] [stderr]   process didn't exit successfully: `/opt/rustwide/target/debug/build/tflite-7708278a4f104546/build-script-build` (exit status: 101)
[INFO] [stderr]   --- stdout
[INFO] [stderr]   TARGET = Some("x86_64-unknown-linux-gnu")
[INFO] [stderr]   HOST = Some("x86_64-unknown-linux-gnu")
[INFO] [stderr]   CXX_x86_64-unknown-linux-gnu = None
[INFO] [stderr]   CXX_x86_64_unknown_linux_gnu = None
[INFO] [stderr]   HOST_CXX = None
[INFO] [stderr]   CXX = None
[INFO] [stderr]   CXXFLAGS_x86_64-unknown-linux-gnu = None
[INFO] [stderr]   CXXFLAGS_x86_64_unknown_linux_gnu = None
[INFO] [stderr]   HOST_CXXFLAGS = None
[INFO] [stderr]   CXXFLAGS = None
[INFO] [stderr]   CRATE_CC_NO_DEFAULTS = None
[INFO] [stderr]   CARGO_CFG_TARGET_FEATURE = Some("fxsr,sse,sse2")
[INFO] [stderr]   running: "c++" "-O0" "-ffunction-sections" "-fdata-sections" "-fPIC" "-g" "-fno-omit-frame-pointer" "-m64" "-I" "/opt/rustwide/cargo-home/registry/src/github.com-1ecc6299db9ec823/tflite-0.9.6" "-I" "/opt/rustwide/cargo-home/registry/src/github.com-1ecc6299db9ec823/tflite-0.9.6/submodules/tensorflow" "-I" "/opt/rustwide/cargo-home/registry/src/github.com-1ecc6299db9ec823/tflite-0.9.6/submodules/downloads/flatbuffers/include" "-Wall" "-Wextra" "-fPIC" "-std=c++14" "-Wno-sign-compare" "-DGEMMLOWP_ALLOW_SLOW_SCALAR_FALLBACK" "-DFLATBUFFERS_POLYMORPHIC_NATIVETABLE" "-o" "/opt/rustwide/target/debug/build/tflite-99fc42e1e1e92d17/out/rust_cpp/cpp_closures.o" "-c" "/opt/rustwide/target/debug/build/tflite-99fc42e1e1e92d17/out/rust_cpp/cpp_closures.cpp"
[INFO] [stderr]   exit status: 0
[INFO] [stderr]   AR_x86_64-unknown-linux-gnu = None
[INFO] [stderr]   AR_x86_64_unknown_linux_gnu = None
[INFO] [stderr]   HOST_AR = None
[INFO] [stderr]   AR = None
[INFO] [stderr]   running: ZERO_AR_DATE="1" "ar" "cq" "/opt/rustwide/target/debug/build/tflite-99fc42e1e1e92d17/out/librust_cpp_generated.a" "/opt/rustwide/target/debug/build/tflite-99fc42e1e1e92d17/out/rust_cpp/cpp_closures.o"
[INFO] [stderr]   exit status: 0
[INFO] [stderr]   running: "ar" "s" "/opt/rustwide/target/debug/build/tflite-99fc42e1e1e92d17/out/librust_cpp_generated.a"
[INFO] [stderr]   exit status: 0
[INFO] [stderr]   cargo:rustc-link-lib=static=rust_cpp_generated
[INFO] [stderr]   cargo:rustc-link-search=native=/opt/rustwide/target/debug/build/tflite-99fc42e1e1e92d17/out
[INFO] [stderr]   CXXSTDLIB_x86_64-unknown-linux-gnu = None
[INFO] [stderr]   CXXSTDLIB_x86_64_unknown_linux_gnu = None
[INFO] [stderr]   HOST_CXXSTDLIB = None
[INFO] [stderr]   CXXSTDLIB = None
[INFO] [stderr]   cargo:rustc-link-lib=stdc++
[INFO] [stderr]   Moving tflite source
[INFO] [stderr]   Moving source took 149.588847ms
[INFO] [stderr]   Building tflite
[INFO] [stderr]   cargo:rerun-if-env-changed=TFLITE_RS_MAKE_TARGET
[INFO] [stderr]   cargo:rerun-if-env-changed=TFLITE_RS_MAKE_TARGET_ARCH
[INFO] [stderr]   cargo:rerun-if-env-changed=TFLITE_RS_MAKE_TARGET_TOOLCHAIN_PREFIX
[INFO] [stderr]   cargo:rerun-if-env-changed=TFLITE_RS_MAKE_EXTRA_CFLAGS
[INFO] [stderr]   g++ -O3 -DNDEBUG -fPIC --std=c++11 -fPIC -DGEMMLOWP_ALLOW_SLOW_SCALAR_FALLBACK -pthread -I. -I/opt/rustwide/target/debug/build/tflite-99fc42e1e1e92d17/out/tensorflow/tensorflow/lite/tools/make/../../../../../ -I/opt/rustwide/target/debug/build/tflite-99fc42e1e1e92d17/out/tensorflow/tensorflow/lite/tools/make/../../../../../../ -I/opt/rustwide/target/debug/build/tflite-99fc42e1e1e92d17/out/tensorflow/tensorflow/lite/tools/make/downloads/ -I/opt/rustwide/target/debug/build/tflite-99fc42e1e1e92d17/out/tensorflow/tensorflow/lite/tools/make/downloads/eigen -I/opt/rustwide/target/debug/build/tflite-99fc42e1e1e92d17/out/tensorflow/tensorflow/lite/tools/make/downloads/absl -I/opt/rustwide/target/debug/build/tflite-99fc42e1e1e92d17/out/tensorflow/tensorflow/lite/tools/make/downloads/gemmlowp -I/opt/rustwide/target/debug/build/tflite-99fc42e1e1e92d17/out/tensorflow/tensorflow/lite/tools/make/downloads/neon_2_sse -I/opt/rustwide/target/debug/build/tflite-99fc42e1e1e92d17/out/tensorflow/tensorflow/lite/tools/make/downloads/farmhash/src -I/opt/rustwide/target/debug/build/tflite-99fc42e1e1e92d17/out/tensorflow/tensorflow/lite/tools/make/downloads/flatbuffers/include -I -I/usr/local/include -c tensorflow/lite/allocation.cc -o /opt/rustwide/target/debug/build/tflite-99fc42e1e1e92d17/out/tensorflow/tensorflow/lite/tools/make/gen/linux_x86_64/obj/tensorflow/lite/allocation.o
[INFO] [stderr]   g++ -O3 -DNDEBUG -fPIC --std=c++11 -fPIC -DGEMMLOWP_ALLOW_SLOW_SCALAR_FALLBACK -pthread -I. -I/opt/rustwide/target/debug/build/tflite-99fc42e1e1e92d17/out/tensorflow/tensorflow/lite/tools/make/../../../../../ -I/opt/rustwide/target/debug/build/tflite-99fc42e1e1e92d17/out/tensorflow/tensorflow/lite/tools/make/../../../../../../ -I/opt/rustwide/target/debug/build/tflite-99fc42e1e1e92d17/out/tensorflow/tensorflow/lite/tools/make/downloads/ -I/opt/rustwide/target/debug/build/tflite-99fc42e1e1e92d17/out/tensorflow/tensorflow/lite/tools/make/downloads/eigen -I/opt/rustwide/target/debug/build/tflite-99fc42e1e1e92d17/out/tensorflow/tensorflow/lite/tools/make/downloads/absl -I/opt/rustwide/target/debug/build/tflite-99fc42e1e1e92d17/out/tensorflow/tensorflow/lite/tools/make/downloads/gemmlowp -I/opt/rustwide/target/debug/build/tflite-99fc42e1e1e92d17/out/tensorflow/tensorflow/lite/tools/make/downloads/neon_2_sse -I/opt/rustwide/target/debug/build/tflite-99fc42e1e1e92d17/out/tensorflow/tensorflow/lite/tools/make/downloads/farmhash/src -I/opt/rustwide/target/debug/build/tflite-99fc42e1e1e92d17/out/tensorflow/tensorflow/lite/tools/make/downloads/flatbuffers/include -I -I/usr/local/include -c tensorflow/lite/arena_planner.cc -o /opt/rustwide/target/debug/build/tflite-99fc42e1e1e92d17/out/tensorflow/tensorflow/lite/tools/make/gen/linux_x86_64/obj/tensorflow/lite/arena_planner.o
[INFO] [stderr]   gcc -O3 -DNDEBUG -fPIC -fPIC -DGEMMLOWP_ALLOW_SLOW_SCALAR_FALLBACK -pthread     -I. -I/opt/rustwide/target/debug/build/tflite-99fc42e1e1e92d17/out/tensorflow/tensorflow/lite/tools/make/../../../../../ -I/opt/rustwide/target/debug/build/tflite-99fc42e1e1e92d17/out/tensorflow/tensorflow/lite/tools/make/../../../../../../ -I/opt/rustwide/target/debug/build/tflite-99fc42e1e1e92d17/out/tensorflow/tensorflow/lite/tools/make/downloads/ -I/opt/rustwide/target/debug/build/tflite-99fc42e1e1e92d17/out/tensorflow/tensorflow/lite/tools/make/downloads/eigen -I/opt/rustwide/target/debug/build/tflite-99fc42e1e1e92d17/out/tensorflow/tensorflow/lite/tools/make/downloads/absl -I/opt/rustwide/target/debug/build/tflite-99fc42e1e1e92d17/out/tensorflow/tensorflow/lite/tools/make/downloads/gemmlowp -I/opt/rustwide/target/debug/build/tflite-99fc42e1e1e92d17/out/tensorflow/tensorflow/lite/tools/make/downloads/neon_2_sse -I/opt/rustwide/target/debug/build/tflite-99fc42e1e1e92d17/out/tensorflow/tensorflow/lite/tools/make/downloads/farmhash/src -I/opt/rustwide/target/debug/build/tflite-99fc42e1e1e92d17/out/tensorflow/tensorflow/lite/tools/make/downloads/flatbuffers/include -I -I/usr/local/include -c tensorflow/lite/c/c_api_internal.c -o /opt/rustwide/target/debug/build/tflite-99fc42e1e1e92d17/out/tensorflow/tensorflow/lite/tools/make/gen/linux_x86_64/obj/tensorflow/lite/c/c_api_internal.o
[INFO] [stderr]   g++ -O3 -DNDEBUG -fPIC --std=c++11 -fPIC -DGEMMLOWP_ALLOW_SLOW_SCALAR_FALLBACK -pthread -I. -I/opt/rustwide/target/debug/build/tflite-99fc42e1e1e92d17/out/tensorflow/tensorflow/lite/tools/make/../../../../../ -I/opt/rustwide/target/debug/build/tflite-99fc42e1e1e92d17/out/tensorflow/tensorflow/lite/tools/make/../../../../../../ -I/opt/rustwide/target/debug/build/tflite-99fc42e1e1e92d17/out/tensorflow/tensorflow/lite/tools/make/downloads/ -I/opt/rustwide/target/debug/build/tflite-99fc42e1e1e92d17/out/tensorflow/tensorflow/lite/tools/make/downloads/eigen -I/opt/rustwide/target/debug/build/tflite-99fc42e1e1e92d17/out/tensorflow/tensorflow/lite/tools/make/downloads/absl -I/opt/rustwide/target/debug/build/tflite-99fc42e1e1e92d17/out/tensorflow/tensorflow/lite/tools/make/downloads/gemmlowp -I/opt/rustwide/target/debug/build/tflite-99fc42e1e1e92d17/out/tensorflow/tensorflow/lite/tools/make/downloads/neon_2_sse -I/opt/rustwide/target/debug/build/tflite-99fc42e1e1e92d17/out/tensorflow/tensorflow/lite/tools/make/downloads/farmhash/src -I/opt/rustwide/target/debug/build/tflite-99fc42e1e1e92d17/out/tensorflow/tensorflow/lite/tools/make/downloads/flatbuffers/include -I -I/usr/local/include -c tensorflow/lite/core/api/error_reporter.cc -o /opt/rustwide/target/debug/build/tflite-99fc42e1e1e92d17/out/tensorflow/tensorflow/lite/tools/make/gen/linux_x86_64/obj/tensorflow/lite/core/api/error_reporter.o
[INFO] [stderr]   g++ -O3 -DNDEBUG -fPIC --std=c++11 -fPIC -DGEMMLOWP_ALLOW_SLOW_SCALAR_FALLBACK -pthread -I. -I/opt/rustwide/target/debug/build/tflite-99fc42e1e1e92d17/out/tensorflow/tensorflow/lite/tools/make/../../../../../ -I/opt/rustwide/target/debug/build/tflite-99fc42e1e1e92d17/out/tensorflow/tensorflow/lite/tools/make/../../../../../../ -I/opt/rustwide/target/debug/build/tflite-99fc42e1e1e92d17/out/tensorflow/tensorflow/lite/tools/make/downloads/ -I/opt/rustwide/target/debug/build/tflite-99fc42e1e1e92d17/out/tensorflow/tensorflow/lite/tools/make/downloads/eigen -I/opt/rustwide/target/debug/build/tflite-99fc42e1e1e92d17/out/tensorflow/tensorflow/lite/tools/make/downloads/absl -I/opt/rustwide/target/debug/build/tflite-99fc42e1e1e92d17/out/tensorflow/tensorflow/lite/tools/make/downloads/gemmlowp -I/opt/rustwide/target/debug/build/tflite-99fc42e1e1e92d17/out/tensorflow/tensorflow/lite/tools/make/downloads/neon_2_sse -I/opt/rustwide/target/debug/build/tflite-99fc42e1e1e92d17/out/tensorflow/tensorflow/lite/tools/make/downloads/farmhash/src -I/opt/rustwide/target/debug/build/tflite-99fc42e1e1e92d17/out/tensorflow/tensorflow/lite/tools/make/downloads/flatbuffers/include -I -I/usr/local/include -c tensorflow/lite/core/api/flatbuffer_conversions.cc -o /opt/rustwide/target/debug/build/tflite-99fc42e1e1e92d17/out/tensorflow/tensorflow/lite/tools/make/gen/linux_x86_64/obj/tensorflow/lite/core/api/flatbuffer_conversions.o
[INFO] [stderr]   g++ -O3 -DNDEBUG -fPIC --std=c++11 -fPIC -DGEMMLOWP_ALLOW_SLOW_SCALAR_FALLBACK -pthread -I. -I/opt/rustwide/target/debug/build/tflite-99fc42e1e1e92d17/out/tensorflow/tensorflow/lite/tools/make/../../../../../ -I/opt/rustwide/target/debug/build/tflite-99fc42e1e1e92d17/out/tensorflow/tensorflow/lite/tools/make/../../../../../../ -I/opt/rustwide/target/debug/build/tflite-99fc42e1e1e92d17/out/tensorflow/tensorflow/lite/tools/make/downloads/ -I/opt/rustwide/target/debug/build/tflite-99fc42e1e1e92d17/out/tensorflow/tensorflow/lite/tools/make/downloads/eigen -I/opt/rustwide/target/debug/build/tflite-99fc42e1e1e92d17/out/tensorflow/tensorflow/lite/tools/make/downloads/absl -I/opt/rustwide/target/debug/build/tflite-99fc42e1e1e92d17/out/tensorflow/tensorflow/lite/tools/make/downloads/gemmlowp -I/opt/rustwide/target/debug/build/tflite-99fc42e1e1e92d17/out/tensorflow/tensorflow/lite/tools/make/downloads/neon_2_sse -I/opt/rustwide/target/debug/build/tflite-99fc42e1e1e92d17/out/tensorflow/tensorflow/lite/tools/make/downloads/farmhash/src -I/opt/rustwide/target/debug/build/tflite-99fc42e1e1e92d17/out/tensorflow/tensorflow/lite/tools/make/downloads/flatbuffers/include -I -I/usr/local/include -c tensorflow/lite/core/api/op_resolver.cc -o /opt/rustwide/target/debug/build/tflite-99fc42e1e1e92d17/out/tensorflow/tensorflow/lite/tools/make/gen/linux_x86_64/obj/tensorflow/lite/core/api/op_resolver.o
[INFO] [stderr]   g++ -O3 -DNDEBUG -fPIC --std=c++11 -fPIC -DGEMMLOWP_ALLOW_SLOW_SCALAR_FALLBACK -pthread -I. -I/opt/rustwide/target/debug/build/tflite-99fc42e1e1e92d17/out/tensorflow/tensorflow/lite/tools/make/../../../../../ -I/opt/rustwide/target/debug/build/tflite-99fc42e1e1e92d17/out/tensorflow/tensorflow/lite/tools/make/../../../../../../ -I/opt/rustwide/target/debug/build/tflite-99fc42e1e1e92d17/out/tensorflow/tensorflow/lite/tools/make/downloads/ -I/opt/rustwide/target/debug/build/tflite-99fc42e1e1e92d17/out/tensorflow/tensorflow/lite/tools/make/downloads/eigen -I/opt/rustwide/target/debug/build/tflite-99fc42e1e1e92d17/out/tensorflow/tensorflow/lite/tools/make/downloads/absl -I/opt/rustwide/target/debug/build/tflite-99fc42e1e1e92d17/out/tensorflow/tensorflow/lite/tools/make/downloads/gemmlowp -I/opt/rustwide/target/debug/build/tflite-99fc42e1e1e92d17/out/tensorflow/tensorflow/lite/tools/make/downloads/neon_2_sse -I/opt/rustwide/target/debug/build/tflite-99fc42e1e1e92d17/out/tensorflow/tensorflow/lite/tools/make/downloads/farmhash/src -I/opt/rustwide/target/debug/build/tflite-99fc42e1e1e92d17/out/tensorflow/tensorflow/lite/tools/make/downloads/flatbuffers/include -I -I/usr/local/include -c tensorflow/lite/core/subgraph.cc -o /opt/rustwide/target/debug/build/tflite-99fc42e1e1e92d17/out/tensorflow/tensorflow/lite/tools/make/gen/linux_x86_64/obj/tensorflow/lite/core/subgraph.o
[INFO] [stderr]   g++ -O3 -DNDEBUG -fPIC --std=c++11 -fPIC -DGEMMLOWP_ALLOW_SLOW_SCALAR_FALLBACK -pthread -I. -I/opt/rustwide/target/debug/build/tflite-99fc42e1e1e92d17/out/tensorflow/tensorflow/lite/tools/make/../../../../../ -I/opt/rustwide/target/debug/build/tflite-99fc42e1e1e92d17/out/tensorflow/tensorflow/lite/tools/make/../../../../../../ -I/opt/rustwide/target/debug/build/tflite-99fc42e1e1e92d17/out/tensorflow/tensorflow/lite/tools/make/downloads/ -I/opt/rustwide/target/debug/build/tflite-99fc42e1e1e92d17/out/tensorflow/tensorflow/lite/tools/make/downloads/eigen -I/opt/rustwide/target/debug/build/tflite-99fc42e1e1e92d17/out/tensorflow/tensorflow/lite/tools/make/downloads/absl -I/opt/rustwide/target/debug/build/tflite-99fc42e1e1e92d17/out/tensorflow/tensorflow/lite/tools/make/downloads/gemmlowp -I/opt/rustwide/target/debug/build/tflite-99fc42e1e1e92d17/out/tensorflow/tensorflow/lite/tools/make/downloads/neon_2_sse -I/opt/rustwide/target/debug/build/tflite-99fc42e1e1e92d17/out/tensorflow/tensorflow/lite/tools/make/downloads/farmhash/src -I/opt/rustwide/target/debug/build/tflite-99fc42e1e1e92d17/out/tensorflow/tensorflow/lite/tools/make/downloads/flatbuffers/include -I -I/usr/local/include -c tensorflow/lite/experimental/resource_variable/resource_variable.cc -o /opt/rustwide/target/debug/build/tflite-99fc42e1e1e92d17/out/tensorflow/tensorflow/lite/tools/make/gen/linux_x86_64/obj/tensorflow/lite/experimental/resource_variable/*.o
[INFO] [stderr]   g++ -O3 -DNDEBUG -fPIC --std=c++11 -fPIC -DGEMMLOWP_ALLOW_SLOW_SCALAR_FALLBACK -pthread -I. -I/opt/rustwide/target/debug/build/tflite-99fc42e1e1e92d17/out/tensorflow/tensorflow/lite/tools/make/../../../../../ -I/opt/rustwide/target/debug/build/tflite-99fc42e1e1e92d17/out/tensorflow/tensorflow/lite/tools/make/../../../../../../ -I/opt/rustwide/target/debug/build/tflite-99fc42e1e1e92d17/out/tensorflow/tensorflow/lite/tools/make/downloads/ -I/opt/rustwide/target/debug/build/tflite-99fc42e1e1e92d17/out/tensorflow/tensorflow/lite/tools/make/downloads/eigen -I/opt/rustwide/target/debug/build/tflite-99fc42e1e1e92d17/out/tensorflow/tensorflow/lite/tools/make/downloads/absl -I/opt/rustwide/target/debug/build/tflite-99fc42e1e1e92d17/out/tensorflow/tensorflow/lite/tools/make/downloads/gemmlowp -I/opt/rustwide/target/debug/build/tflite-99fc42e1e1e92d17/out/tensorflow/tensorflow/lite/tools/make/downloads/neon_2_sse -I/opt/rustwide/target/debug/build/tflite-99fc42e1e1e92d17/out/tensorflow/tensorflow/lite/tools/make/downloads/farmhash/src -I/opt/rustwide/target/debug/build/tflite-99fc42e1e1e92d17/out/tensorflow/tensorflow/lite/tools/make/downloads/flatbuffers/include -I -I/usr/local/include -c tensorflow/lite/experimental/ruy/allocator.cc -o /opt/rustwide/target/debug/build/tflite-99fc42e1e1e92d17/out/tensorflow/tensorflow/lite/tools/make/gen/linux_x86_64/obj/tensorflow/lite/experimental/ruy/allocator.o
[INFO] [stderr]   g++ -O3 -DNDEBUG -fPIC --std=c++11 -fPIC -DGEMMLOWP_ALLOW_SLOW_SCALAR_FALLBACK -pthread -I. -I/opt/rustwide/target/debug/build/tflite-99fc42e1e1e92d17/out/tensorflow/tensorflow/lite/tools/make/../../../../../ -I/opt/rustwide/target/debug/build/tflite-99fc42e1e1e92d17/out/tensorflow/tensorflow/lite/tools/make/../../../../../../ -I/opt/rustwide/target/debug/build/tflite-99fc42e1e1e92d17/out/tensorflow/tensorflow/lite/tools/make/downloads/ -I/opt/rustwide/target/debug/build/tflite-99fc42e1e1e92d17/out/tensorflow/tensorflow/lite/tools/make/downloads/eigen -I/opt/rustwide/target/debug/build/tflite-99fc42e1e1e92d17/out/tensorflow/tensorflow/lite/tools/make/downloads/absl -I/opt/rustwide/target/debug/build/tflite-99fc42e1e1e92d17/out/tensorflow/tensorflow/lite/tools/make/downloads/gemmlowp -I/opt/rustwide/target/debug/build/tflite-99fc42e1e1e92d17/out/tensorflow/tensorflow/lite/tools/make/downloads/neon_2_sse -I/opt/rustwide/target/debug/build/tflite-99fc42e1e1e92d17/out/tensorflow/tensorflow/lite/tools/make/downloads/farmhash/src -I/opt/rustwide/target/debug/build/tflite-99fc42e1e1e92d17/out/tensorflow/tensorflow/lite/tools/make/downloads/flatbuffers/include -I -I/usr/local/include -c tensorflow/lite/experimental/ruy/block_map.cc -o /opt/rustwide/target/debug/build/tflite-99fc42e1e1e92d17/out/tensorflow/tensorflow/lite/tools/make/gen/linux_x86_64/obj/tensorflow/lite/experimental/ruy/block_map.o
[INFO] [stderr]   g++ -O3 -DNDEBUG -fPIC --std=c++11 -fPIC -DGEMMLOWP_ALLOW_SLOW_SCALAR_FALLBACK -pthread -I. -I/opt/rustwide/target/debug/build/tflite-99fc42e1e1e92d17/out/tensorflow/tensorflow/lite/tools/make/../../../../../ -I/opt/rustwide/target/debug/build/tflite-99fc42e1e1e92d17/out/tensorflow/tensorflow/lite/tools/make/../../../../../../ -I/opt/rustwide/target/debug/build/tflite-99fc42e1e1e92d17/out/tensorflow/tensorflow/lite/tools/make/downloads/ -I/opt/rustwide/target/debug/build/tflite-99fc42e1e1e92d17/out/tensorflow/tensorflow/lite/tools/make/downloads/eigen -I/opt/rustwide/target/debug/build/tflite-99fc42e1e1e92d17/out/tensorflow/tensorflow/lite/tools/make/downloads/absl -I/opt/rustwide/target/debug/build/tflite-99fc42e1e1e92d17/out/tensorflow/tensorflow/lite/tools/make/downloads/gemmlowp -I/opt/rustwide/target/debug/build/tflite-99fc42e1e1e92d17/out/tensorflow/tensorflow/lite/tools/make/downloads/neon_2_sse -I/opt/rustwide/target/debug/build/tflite-99fc42e1e1e92d17/out/tensorflow/tensorflow/lite/tools/make/downloads/farmhash/src -I/opt/rustwide/target/debug/build/tflite-99fc42e1e1e92d17/out/tensorflow/tensorflow/lite/tools/make/downloads/flatbuffers/include -I -I/usr/local/include -c tensorflow/lite/experimental/ruy/blocking_counter.cc -o /opt/rustwide/target/debug/build/tflite-99fc42e1e1e92d17/out/tensorflow/tensorflow/lite/tools/make/gen/linux_x86_64/obj/tensorflow/lite/experimental/ruy/blocking_counter.o
[INFO] [stderr]   g++ -O3 -DNDEBUG -fPIC --std=c++11 -fPIC -DGEMMLOWP_ALLOW_SLOW_SCALAR_FALLBACK -pthread -I. -I/opt/rustwide/target/debug/build/tflite-99fc42e1e1e92d17/out/tensorflow/tensorflow/lite/tools/make/../../../../../ -I/opt/rustwide/target/debug/build/tflite-99fc42e1e1e92d17/out/tensorflow/tensorflow/lite/tools/make/../../../../../../ -I/opt/rustwide/target/debug/build/tflite-99fc42e1e1e92d17/out/tensorflow/tensorflow/lite/tools/make/downloads/ -I/opt/rustwide/target/debug/build/tflite-99fc42e1e1e92d17/out/tensorflow/tensorflow/lite/tools/make/downloads/eigen -I/opt/rustwide/target/debug/build/tflite-99fc42e1e1e92d17/out/tensorflow/tensorflow/lite/tools/make/downloads/absl -I/opt/rustwide/target/debug/build/tflite-99fc42e1e1e92d17/out/tensorflow/tensorflow/lite/tools/make/downloads/gemmlowp -I/opt/rustwide/target/debug/build/tflite-99fc42e1e1e92d17/out/tensorflow/tensorflow/lite/tools/make/downloads/neon_2_sse -I/opt/rustwide/target/debug/build/tflite-99fc42e1e1e92d17/out/tensorflow/tensorflow/lite/tools/make/downloads/farmhash/src -I/opt/rustwide/target/debug/build/tflite-99fc42e1e1e92d17/out/tensorflow/tensorflow/lite/tools/make/downloads/flatbuffers/include -I -I/usr/local/include -c tensorflow/lite/experimental/ruy/context.cc -o /opt/rustwide/target/debug/build/tflite-99fc42e1e1e92d17/out/tensorflow/tensorflow/lite/tools/make/gen/linux_x86_64/obj/tensorflow/lite/experimental/ruy/context.o
[INFO] [stderr]   g++ -O3 -DNDEBUG -fPIC --std=c++11 -fPIC -DGEMMLOWP_ALLOW_SLOW_SCALAR_FALLBACK -pthread -I. -I/opt/rustwide/target/debug/build/tflite-99fc42e1e1e92d17/out/tensorflow/tensorflow/lite/tools/make/../../../../../ -I/opt/rustwide/target/debug/build/tflite-99fc42e1e1e92d17/out/tensorflow/tensorflow/lite/tools/make/../../../../../../ -I/opt/rustwide/target/debug/build/tflite-99fc42e1e1e92d17/out/tensorflow/tensorflow/lite/tools/make/downloads/ -I/opt/rustwide/target/debug/build/tflite-99fc42e1e1e92d17/out/tensorflow/tensorflow/lite/tools/make/downloads/eigen -I/opt/rustwide/target/debug/build/tflite-99fc42e1e1e92d17/out/tensorflow/tensorflow/lite/tools/make/downloads/absl -I/opt/rustwide/target/debug/build/tflite-99fc42e1e1e92d17/out/tensorflow/tensorflow/lite/tools/make/downloads/gemmlowp -I/opt/rustwide/target/debug/build/tflite-99fc42e1e1e92d17/out/tensorflow/tensorflow/lite/tools/make/downloads/neon_2_sse -I/opt/rustwide/target/debug/build/tflite-99fc42e1e1e92d17/out/tensorflow/tensorflow/lite/tools/make/downloads/farmhash/src -I/opt/rustwide/target/debug/build/tflite-99fc42e1e1e92d17/out/tensorflow/tensorflow/lite/tools/make/downloads/flatbuffers/include -I -I/usr/local/include -c tensorflow/lite/experimental/ruy/detect_dotprod.cc -o /opt/rustwide/target/debug/build/tflite-99fc42e1e1e92d17/out/tensorflow/tensorflow/lite/tools/make/gen/linux_x86_64/obj/tensorflow/lite/experimental/ruy/detect_dotprod.o
[INFO] [stderr]   g++ -O3 -DNDEBUG -fPIC --std=c++11 -fPIC -DGEMMLOWP_ALLOW_SLOW_SCALAR_FALLBACK -pthread -I. -I/opt/rustwide/target/debug/build/tflite-99fc42e1e1e92d17/out/tensorflow/tensorflow/lite/tools/make/../../../../../ -I/opt/rustwide/target/debug/build/tflite-99fc42e1e1e92d17/out/tensorflow/tensorflow/lite/tools/make/../../../../../../ -I/opt/rustwide/target/debug/build/tflite-99fc42e1e1e92d17/out/tensorflow/tensorflow/lite/tools/make/downloads/ -I/opt/rustwide/target/debug/build/tflite-99fc42e1e1e92d17/out/tensorflow/tensorflow/lite/tools/make/downloads/eigen -I/opt/rustwide/target/debug/build/tflite-99fc42e1e1e92d17/out/tensorflow/tensorflow/lite/tools/make/downloads/absl -I/opt/rustwide/target/debug/build/tflite-99fc42e1e1e92d17/out/tensorflow/tensorflow/lite/tools/make/downloads/gemmlowp -I/opt/rustwide/target/debug/build/tflite-99fc42e1e1e92d17/out/tensorflow/tensorflow/lite/tools/make/downloads/neon_2_sse -I/opt/rustwide/target/debug/build/tflite-99fc42e1e1e92d17/out/tensorflow/tensorflow/lite/tools/make/downloads/farmhash/src -I/opt/rustwide/target/debug/build/tflite-99fc42e1e1e92d17/out/tensorflow/tensorflow/lite/tools/make/downloads/flatbuffers/include -I -I/usr/local/include -c tensorflow/lite/experimental/ruy/kernel_arm32.cc -o /opt/rustwide/target/debug/build/tflite-99fc42e1e1e92d17/out/tensorflow/tensorflow/lite/tools/make/gen/linux_x86_64/obj/tensorflow/lite/experimental/ruy/kernel_arm32.o
[INFO] [stderr]   g++ -O3 -DNDEBUG -fPIC --std=c++11 -fPIC -DGEMMLOWP_ALLOW_SLOW_SCALAR_FALLBACK -pthread -I. -I/opt/rustwide/target/debug/build/tflite-99fc42e1e1e92d17/out/tensorflow/tensorflow/lite/tools/make/../../../../../ -I/opt/rustwide/target/debug/build/tflite-99fc42e1e1e92d17/out/tensorflow/tensorflow/lite/tools/make/../../../../../../ -I/opt/rustwide/target/debug/build/tflite-99fc42e1e1e92d17/out/tensorflow/tensorflow/lite/tools/make/downloads/ -I/opt/rustwide/target/debug/build/tflite-99fc42e1e1e92d17/out/tensorflow/tensorflow/lite/tools/make/downloads/eigen -I/opt/rustwide/target/debug/build/tflite-99fc42e1e1e92d17/out/tensorflow/tensorflow/lite/tools/make/downloads/absl -I/opt/rustwide/target/debug/build/tflite-99fc42e1e1e92d17/out/tensorflow/tensorflow/lite/tools/make/downloads/gemmlowp -I/opt/rustwide/target/debug/build/tflite-99fc42e1e1e92d17/out/tensorflow/tensorflow/lite/tools/make/downloads/neon_2_sse -I/opt/rustwide/target/debug/build/tflite-99fc42e1e1e92d17/out/tensorflow/tensorflow/lite/tools/make/downloads/farmhash/src -I/opt/rustwide/target/debug/build/tflite-99fc42e1e1e92d17/out/tensorflow/tensorflow/lite/tools/make/downloads/flatbuffers/include -I -I/usr/local/include -c tensorflow/lite/experimental/ruy/kernel_arm64.cc -o /opt/rustwide/target/debug/build/tflite-99fc42e1e1e92d17/out/tensorflow/tensorflow/lite/tools/make/gen/linux_x86_64/obj/tensorflow/lite/experimental/ruy/kernel_arm64.o
[INFO] [stderr]   g++ -O3 -DNDEBUG -fPIC --std=c++11 -fPIC -DGEMMLOWP_ALLOW_SLOW_SCALAR_FALLBACK -pthread -I. -I/opt/rustwide/target/debug/build/tflite-99fc42e1e1e92d17/out/tensorflow/tensorflow/lite/tools/make/../../../../../ -I/opt/rustwide/target/debug/build/tflite-99fc42e1e1e92d17/out/tensorflow/tensorflow/lite/tools/make/../../../../../../ -I/opt/rustwide/target/debug/build/tflite-99fc42e1e1e92d17/out/tensorflow/tensorflow/lite/tools/make/downloads/ -I/opt/rustwide/target/debug/build/tflite-99fc42e1e1e92d17/out/tensorflow/tensorflow/lite/tools/make/downloads/eigen -I/opt/rustwide/target/debug/build/tflite-99fc42e1e1e92d17/out/tensorflow/tensorflow/lite/tools/make/downloads/absl -I/opt/rustwide/target/debug/build/tflite-99fc42e1e1e92d17/out/tensorflow/tensorflow/lite/tools/make/downloads/gemmlowp -I/opt/rustwide/target/debug/build/tflite-99fc42e1e1e92d17/out/tensorflow/tensorflow/lite/tools/make/downloads/neon_2_sse -I/opt/rustwide/target/debug/build/tflite-99fc42e1e1e92d17/out/tensorflow/tensorflow/lite/tools/make/downloads/farmhash/src -I/opt/rustwide/target/debug/build/tflite-99fc42e1e1e92d17/out/tensorflow/tensorflow/lite/tools/make/downloads/flatbuffers/include -I -I/usr/local/include -c tensorflow/lite/experimental/ruy/pack_arm.cc -o /opt/rustwide/target/debug/build/tflite-99fc42e1e1e92d17/out/tensorflow/tensorflow/lite/tools/make/gen/linux_x86_64/obj/tensorflow/lite/experimental/ruy/pack_arm.o
[INFO] [stderr]   g++ -O3 -DNDEBUG -fPIC --std=c++11 -fPIC -DGEMMLOWP_ALLOW_SLOW_SCALAR_FALLBACK -pthread -I. -I/opt/rustwide/target/debug/build/tflite-99fc42e1e1e92d17/out/tensorflow/tensorflow/lite/tools/make/../../../../../ -I/opt/rustwide/target/debug/build/tflite-99fc42e1e1e92d17/out/tensorflow/tensorflow/lite/tools/make/../../../../../../ -I/opt/rustwide/target/debug/build/tflite-99fc42e1e1e92d17/out/tensorflow/tensorflow/lite/tools/make/downloads/ -I/opt/rustwide/target/debug/build/tflite-99fc42e1e1e92d17/out/tensorflow/tensorflow/lite/tools/make/downloads/eigen -I/opt/rustwide/target/debug/build/tflite-99fc42e1e1e92d17/out/tensorflow/tensorflow/lite/tools/make/downloads/absl -I/opt/rustwide/target/debug/build/tflite-99fc42e1e1e92d17/out/tensorflow/tensorflow/lite/tools/make/downloads/gemmlowp -I/opt/rustwide/target/debug/build/tflite-99fc42e1e1e92d17/out/tensorflow/tensorflow/lite/tools/make/downloads/neon_2_sse -I/opt/rustwide/target/debug/build/tflite-99fc42e1e1e92d17/out/tensorflow/tensorflow/lite/tools/make/downloads/farmhash/src -I/opt/rustwide/target/debug/build/tflite-99fc42e1e1e92d17/out/tensorflow/tensorflow/lite/tools/make/downloads/flatbuffers/include -I -I/usr/local/include -c tensorflow/lite/experimental/ruy/pmu.cc -o /opt/rustwide/target/debug/build/tflite-99fc42e1e1e92d17/out/tensorflow/tensorflow/lite/tools/make/gen/linux_x86_64/obj/tensorflow/lite/experimental/ruy/pmu.o
[INFO] [stderr]   g++ -O3 -DNDEBUG -fPIC --std=c++11 -fPIC -DGEMMLOWP_ALLOW_SLOW_SCALAR_FALLBACK -pthread -I. -I/opt/rustwide/target/debug/build/tflite-99fc42e1e1e92d17/out/tensorflow/tensorflow/lite/tools/make/../../../../../ -I/opt/rustwide/target/debug/build/tflite-99fc42e1e1e92d17/out/tensorflow/tensorflow/lite/tools/make/../../../../../../ -I/opt/rustwide/target/debug/build/tflite-99fc42e1e1e92d17/out/tensorflow/tensorflow/lite/tools/make/downloads/ -I/opt/rustwide/target/debug/build/tflite-99fc42e1e1e92d17/out/tensorflow/tensorflow/lite/tools/make/downloads/eigen -I/opt/rustwide/target/debug/build/tflite-99fc42e1e1e92d17/out/tensorflow/tensorflow/lite/tools/make/downloads/absl -I/opt/rustwide/target/debug/build/tflite-99fc42e1e1e92d17/out/tensorflow/tensorflow/lite/tools/make/downloads/gemmlowp -I/opt/rustwide/target/debug/build/tflite-99fc42e1e1e92d17/out/tensorflow/tensorflow/lite/tools/make/downloads/neon_2_sse -I/opt/rustwide/target/debug/build/tflite-99fc42e1e1e92d17/out/tensorflow/tensorflow/lite/tools/make/downloads/farmhash/src -I/opt/rustwide/target/debug/build/tflite-99fc42e1e1e92d17/out/tensorflow/tensorflow/lite/tools/make/downloads/flatbuffers/include -I -I/usr/local/include -c tensorflow/lite/experimental/ruy/thread_pool.cc -o /opt/rustwide/target/debug/build/tflite-99fc42e1e1e92d17/out/tensorflow/tensorflow/lite/tools/make/gen/linux_x86_64/obj/tensorflow/lite/experimental/ruy/thread_pool.o
[INFO] [stderr]   g++ -O3 -DNDEBUG -fPIC --std=c++11 -fPIC -DGEMMLOWP_ALLOW_SLOW_SCALAR_FALLBACK -pthread -I. -I/opt/rustwide/target/debug/build/tflite-99fc42e1e1e92d17/out/tensorflow/tensorflow/lite/tools/make/../../../../../ -I/opt/rustwide/target/debug/build/tflite-99fc42e1e1e92d17/out/tensorflow/tensorflow/lite/tools/make/../../../../../../ -I/opt/rustwide/target/debug/build/tflite-99fc42e1e1e92d17/out/tensorflow/tensorflow/lite/tools/make/downloads/ -I/opt/rustwide/target/debug/build/tflite-99fc42e1e1e92d17/out/tensorflow/tensorflow/lite/tools/make/downloads/eigen -I/opt/rustwide/target/debug/build/tflite-99fc42e1e1e92d17/out/tensorflow/tensorflow/lite/tools/make/downloads/absl -I/opt/rustwide/target/debug/build/tflite-99fc42e1e1e92d17/out/tensorflow/tensorflow/lite/tools/make/downloads/gemmlowp -I/opt/rustwide/target/debug/build/tflite-99fc42e1e1e92d17/out/tensorflow/tensorflow/lite/tools/make/downloads/neon_2_sse -I/opt/rustwide/target/debug/build/tflite-99fc42e1e1e92d17/out/tensorflow/tensorflow/lite/tools/make/downloads/farmhash/src -I/opt/rustwide/target/debug/build/tflite-99fc42e1e1e92d17/out/tensorflow/tensorflow/lite/tools/make/downloads/flatbuffers/include -I -I/usr/local/include -c tensorflow/lite/experimental/ruy/trace.cc -o /opt/rustwide/target/debug/build/tflite-99fc42e1e1e92d17/out/tensorflow/tensorflow/lite/tools/make/gen/linux_x86_64/obj/tensorflow/lite/experimental/ruy/trace.o
[INFO] [stderr]   g++ -O3 -DNDEBUG -fPIC --std=c++11 -fPIC -DGEMMLOWP_ALLOW_SLOW_SCALAR_FALLBACK -pthread -I. -I/opt/rustwide/target/debug/build/tflite-99fc42e1e1e92d17/out/tensorflow/tensorflow/lite/tools/make/../../../../../ -I/opt/rustwide/target/debug/build/tflite-99fc42e1e1e92d17/out/tensorflow/tensorflow/lite/tools/make/../../../../../../ -I/opt/rustwide/target/debug/build/tflite-99fc42e1e1e92d17/out/tensorflow/tensorflow/lite/tools/make/downloads/ -I/opt/rustwide/target/debug/build/tflite-99fc42e1e1e92d17/out/tensorflow/tensorflow/lite/tools/make/downloads/eigen -I/opt/rustwide/target/debug/build/tflite-99fc42e1e1e92d17/out/tensorflow/tensorflow/lite/tools/make/downloads/absl -I/opt/rustwide/target/debug/build/tflite-99fc42e1e1e92d17/out/tensorflow/tensorflow/lite/tools/make/downloads/gemmlowp -I/opt/rustwide/target/debug/build/tflite-99fc42e1e1e92d17/out/tensorflow/tensorflow/lite/tools/make/downloads/neon_2_sse -I/opt/rustwide/target/debug/build/tflite-99fc42e1e1e92d17/out/tensorflow/tensorflow/lite/tools/make/downloads/farmhash/src -I/opt/rustwide/target/debug/build/tflite-99fc42e1e1e92d17/out/tensorflow/tensorflow/lite/tools/make/downloads/flatbuffers/include -I -I/usr/local/include -c tensorflow/lite/experimental/ruy/trmul.cc -o /opt/rustwide/target/debug/build/tflite-99fc42e1e1e92d17/out/tensorflow/tensorflow/lite/tools/make/gen/linux_x86_64/obj/tensorflow/lite/experimental/ruy/trmul.o
[INFO] [stderr]   g++ -O3 -DNDEBUG -fPIC --std=c++11 -fPIC -DGEMMLOWP_ALLOW_SLOW_SCALAR_FALLBACK -pthread -I. -I/opt/rustwide/target/debug/build/tflite-99fc42e1e1e92d17/out/tensorflow/tensorflow/lite/tools/make/../../../../../ -I/opt/rustwide/target/debug/build/tflite-99fc42e1e1e92d17/out/tensorflow/tensorflow/lite/tools/make/../../../../../../ -I/opt/rustwide/target/debug/build/tflite-99fc42e1e1e92d17/out/tensorflow/tensorflow/lite/tools/make/downloads/ -I/opt/rustwide/target/debug/build/tflite-99fc42e1e1e92d17/out/tensorflow/tensorflow/lite/tools/make/downloads/eigen -I/opt/rustwide/target/debug/build/tflite-99fc42e1e1e92d17/out/tensorflow/tensorflow/lite/tools/make/downloads/absl -I/opt/rustwide/target/debug/build/tflite-99fc42e1e1e92d17/out/tensorflow/tensorflow/lite/tools/make/downloads/gemmlowp -I/opt/rustwide/target/debug/build/tflite-99fc42e1e1e92d17/out/tensorflow/tensorflow/lite/tools/make/downloads/neon_2_sse -I/opt/rustwide/target/debug/build/tflite-99fc42e1e1e92d17/out/tensorflow/tensorflow/lite/tools/make/downloads/farmhash/src -I/opt/rustwide/target/debug/build/tflite-99fc42e1e1e92d17/out/tensorflow/tensorflow/lite/tools/make/downloads/flatbuffers/include -I -I/usr/local/include -c tensorflow/lite/experimental/ruy/tune.cc -o /opt/rustwide/target/debug/build/tflite-99fc42e1e1e92d17/out/tensorflow/tensorflow/lite/tools/make/gen/linux_x86_64/obj/tensorflow/lite/experimental/ruy/tune.o
[INFO] [stderr]   g++ -O3 -DNDEBUG -fPIC --std=c++11 -fPIC -DGEMMLOWP_ALLOW_SLOW_SCALAR_FALLBACK -pthread -I. -I/opt/rustwide/target/debug/build/tflite-99fc42e1e1e92d17/out/tensorflow/tensorflow/lite/tools/make/../../../../../ -I/opt/rustwide/target/debug/build/tflite-99fc42e1e1e92d17/out/tensorflow/tensorflow/lite/tools/make/../../../../../../ -I/opt/rustwide/target/debug/build/tflite-99fc42e1e1e92d17/out/tensorflow/tensorflow/lite/tools/make/downloads/ -I/opt/rustwide/target/debug/build/tflite-99fc42e1e1e92d17/out/tensorflow/tensorflow/lite/tools/make/downloads/eigen -I/opt/rustwide/target/debug/build/tflite-99fc42e1e1e92d17/out/tensorflow/tensorflow/lite/tools/make/downloads/absl -I/opt/rustwide/target/debug/build/tflite-99fc42e1e1e92d17/out/tensorflow/tensorflow/lite/tools/make/downloads/gemmlowp -I/opt/rustwide/target/debug/build/tflite-99fc42e1e1e92d17/out/tensorflow/tensorflow/lite/tools/make/downloads/neon_2_sse -I/opt/rustwide/target/debug/build/tflite-99fc42e1e1e92d17/out/tensorflow/tensorflow/lite/tools/make/downloads/farmhash/src -I/opt/rustwide/target/debug/build/tflite-99fc42e1e1e92d17/out/tensorflow/tensorflow/lite/tools/make/downloads/flatbuffers/include -I -I/usr/local/include -c tensorflow/lite/experimental/ruy/wait.cc -o /opt/rustwide/target/debug/build/tflite-99fc42e1e1e92d17/out/tensorflow/tensorflow/lite/tools/make/gen/linux_x86_64/obj/tensorflow/lite/experimental/ruy/wait.o
[INFO] [stderr]   g++ -O3 -DNDEBUG -fPIC --std=c++11 -fPIC -DGEMMLOWP_ALLOW_SLOW_SCALAR_FALLBACK -pthread -I. -I/opt/rustwide/target/debug/build/tflite-99fc42e1e1e92d17/out/tensorflow/tensorflow/lite/tools/make/../../../../../ -I/opt/rustwide/target/debug/build/tflite-99fc42e1e1e92d17/out/tensorflow/tensorflow/lite/tools/make/../../../../../../ -I/opt/rustwide/target/debug/build/tflite-99fc42e1e1e92d17/out/tensorflow/tensorflow/lite/tools/make/downloads/ -I/opt/rustwide/target/debug/build/tflite-99fc42e1e1e92d17/out/tensorflow/tensorflow/lite/tools/make/downloads/eigen -I/opt/rustwide/target/debug/build/tflite-99fc42e1e1e92d17/out/tensorflow/tensorflow/lite/tools/make/downloads/absl -I/opt/rustwide/target/debug/build/tflite-99fc42e1e1e92d17/out/tensorflow/tensorflow/lite/tools/make/downloads/gemmlowp -I/opt/rustwide/target/debug/build/tflite-99fc42e1e1e92d17/out/tensorflow/tensorflow/lite/tools/make/downloads/neon_2_sse -I/opt/rustwide/target/debug/build/tflite-99fc42e1e1e92d17/out/tensorflow/tensorflow/lite/tools/make/downloads/farmhash/src -I/opt/rustwide/target/debug/build/tflite-99fc42e1e1e92d17/out/tensorflow/tensorflow/lite/tools/make/downloads/flatbuffers/include -I -I/usr/local/include -c tensorflow/lite/external_cpu_backend_context.cc -o /opt/rustwide/target/debug/build/tflite-99fc42e1e1e92d17/out/tensorflow/tensorflow/lite/tools/make/gen/linux_x86_64/obj/tensorflow/lite/external_cpu_backend_context.o
[INFO] [stderr]   g++ -O3 -DNDEBUG -fPIC --std=c++11 -fPIC -DGEMMLOWP_ALLOW_SLOW_SCALAR_FALLBACK -pthread -I. -I/opt/rustwide/target/debug/build/tflite-99fc42e1e1e92d17/out/tensorflow/tensorflow/lite/tools/make/../../../../../ -I/opt/rustwide/target/debug/build/tflite-99fc42e1e1e92d17/out/tensorflow/tensorflow/lite/tools/make/../../../../../../ -I/opt/rustwide/target/debug/build/tflite-99fc42e1e1e92d17/out/tensorflow/tensorflow/lite/tools/make/downloads/ -I/opt/rustwide/target/debug/build/tflite-99fc42e1e1e92d17/out/tensorflow/tensorflow/lite/tools/make/downloads/eigen -I/opt/rustwide/target/debug/build/tflite-99fc42e1e1e92d17/out/tensorflow/tensorflow/lite/tools/make/downloads/absl -I/opt/rustwide/target/debug/build/tflite-99fc42e1e1e92d17/out/tensorflow/tensorflow/lite/tools/make/downloads/gemmlowp -I/opt/rustwide/target/debug/build/tflite-99fc42e1e1e92d17/out/tensorflow/tensorflow/lite/tools/make/downloads/neon_2_sse -I/opt/rustwide/target/debug/build/tflite-99fc42e1e1e92d17/out/tensorflow/tensorflow/lite/tools/make/downloads/farmhash/src -I/opt/rustwide/target/debug/build/tflite-99fc42e1e1e92d17/out/tensorflow/tensorflow/lite/tools/make/downloads/flatbuffers/include -I -I/usr/local/include -c tensorflow/lite/graph_info.cc -o /opt/rustwide/target/debug/build/tflite-99fc42e1e1e92d17/out/tensorflow/tensorflow/lite/tools/make/gen/linux_x86_64/obj/tensorflow/lite/graph_info.o
[INFO] [stderr]   g++ -O3 -DNDEBUG -fPIC --std=c++11 -fPIC -DGEMMLOWP_ALLOW_SLOW_SCALAR_FALLBACK -pthread -I. -I/opt/rustwide/target/debug/build/tflite-99fc42e1e1e92d17/out/tensorflow/tensorflow/lite/tools/make/../../../../../ -I/opt/rustwide/target/debug/build/tflite-99fc42e1e1e92d17/out/tensorflow/tensorflow/lite/tools/make/../../../../../../ -I/opt/rustwide/target/debug/build/tflite-99fc42e1e1e92d17/out/tensorflow/tensorflow/lite/tools/make/downloads/ -I/opt/rustwide/target/debug/build/tflite-99fc42e1e1e92d17/out/tensorflow/tensorflow/lite/tools/make/downloads/eigen -I/opt/rustwide/target/debug/build/tflite-99fc42e1e1e92d17/out/tensorflow/tensorflow/lite/tools/make/downloads/absl -I/opt/rustwide/target/debug/build/tflite-99fc42e1e1e92d17/out/tensorflow/tensorflow/lite/tools/make/downloads/gemmlowp -I/opt/rustwide/target/debug/build/tflite-99fc42e1e1e92d17/out/tensorflow/tensorflow/lite/tools/make/downloads/neon_2_sse -I/opt/rustwide/target/debug/build/tflite-99fc42e1e1e92d17/out/tensorflow/tensorflow/lite/tools/make/downloads/farmhash/src -I/opt/rustwide/target/debug/build/tflite-99fc42e1e1e92d17/out/tensorflow/tensorflow/lite/tools/make/downloads/flatbuffers/include -I -I/usr/local/include -c tensorflow/lite/interpreter.cc -o /opt/rustwide/target/debug/build/tflite-99fc42e1e1e92d17/out/tensorflow/tensorflow/lite/tools/make/gen/linux_x86_64/obj/tensorflow/lite/interpreter.o
[INFO] [stderr]   g++ -O3 -DNDEBUG -fPIC --std=c++11 -fPIC -DGEMMLOWP_ALLOW_SLOW_SCALAR_FALLBACK -pthread -I. -I/opt/rustwide/target/debug/build/tflite-99fc42e1e1e92d17/out/tensorflow/tensorflow/lite/tools/make/../../../../../ -I/opt/rustwide/target/debug/build/tflite-99fc42e1e1e92d17/out/tensorflow/tensorflow/lite/tools/make/../../../../../../ -I/opt/rustwide/target/debug/build/tflite-99fc42e1e1e92d17/out/tensorflow/tensorflow/lite/tools/make/downloads/ -I/opt/rustwide/target/debug/build/tflite-99fc42e1e1e92d17/out/tensorflow/tensorflow/lite/tools/make/downloads/eigen -I/opt/rustwide/target/debug/build/tflite-99fc42e1e1e92d17/out/tensorflow/tensorflow/lite/tools/make/downloads/absl -I/opt/rustwide/target/debug/build/tflite-99fc42e1e1e92d17/out/tensorflow/tensorflow/lite/tools/make/downloads/gemmlowp -I/opt/rustwide/target/debug/build/tflite-99fc42e1e1e92d17/out/tensorflow/tensorflow/lite/tools/make/downloads/neon_2_sse -I/opt/rustwide/target/debug/build/tflite-99fc42e1e1e92d17/out/tensorflow/tensorflow/lite/tools/make/downloads/farmhash/src -I/opt/rustwide/target/debug/build/tflite-99fc42e1e1e92d17/out/tensorflow/tensorflow/lite/tools/make/downloads/flatbuffers/include -I -I/usr/local/include -c tensorflow/lite/kernels/activations.cc -o /opt/rustwide/target/debug/build/tflite-99fc42e1e1e92d17/out/tensorflow/tensorflow/lite/tools/make/gen/linux_x86_64/obj/tensorflow/lite/kernels/activations.o
[INFO] [stderr]   g++ -O3 -DNDEBUG -fPIC --std=c++11 -fPIC -DGEMMLOWP_ALLOW_SLOW_SCALAR_FALLBACK -pthread -I. -I/opt/rustwide/target/debug/build/tflite-99fc42e1e1e92d17/out/tensorflow/tensorflow/lite/tools/make/../../../../../ -I/opt/rustwide/target/debug/build/tflite-99fc42e1e1e92d17/out/tensorflow/tensorflow/lite/tools/make/../../../../../../ -I/opt/rustwide/target/debug/build/tflite-99fc42e1e1e92d17/out/tensorflow/tensorflow/lite/tools/make/downloads/ -I/opt/rustwide/target/debug/build/tflite-99fc42e1e1e92d17/out/tensorflow/tensorflow/lite/tools/make/downloads/eigen -I/opt/rustwide/target/debug/build/tflite-99fc42e1e1e92d17/out/tensorflow/tensorflow/lite/tools/make/downloads/absl -I/opt/rustwide/target/debug/build/tflite-99fc42e1e1e92d17/out/tensorflow/tensorflow/lite/tools/make/downloads/gemmlowp -I/opt/rustwide/target/debug/build/tflite-99fc42e1e1e92d17/out/tensorflow/tensorflow/lite/tools/make/downloads/neon_2_sse -I/opt/rustwide/target/debug/build/tflite-99fc42e1e1e92d17/out/tensorflow/tensorflow/lite/tools/make/downloads/farmhash/src -I/opt/rustwide/target/debug/build/tflite-99fc42e1e1e92d17/out/tensorflow/tensorflow/lite/tools/make/downloads/flatbuffers/include -I -I/usr/local/include -c tensorflow/lite/kernels/add.cc -o /opt/rustwide/target/debug/build/tflite-99fc42e1e1e92d17/out/tensorflow/tensorflow/lite/tools/make/gen/linux_x86_64/obj/tensorflow/lite/kernels/add.o
[INFO] [stderr]   g++ -O3 -DNDEBUG -fPIC --std=c++11 -fPIC -DGEMMLOWP_ALLOW_SLOW_SCALAR_FALLBACK -pthread -I. -I/opt/rustwide/target/debug/build/tflite-99fc42e1e1e92d17/out/tensorflow/tensorflow/lite/tools/make/../../../../../ -I/opt/rustwide/target/debug/build/tflite-99fc42e1e1e92d17/out/tensorflow/tensorflow/lite/tools/make/../../../../../../ -I/opt/rustwide/target/debug/build/tflite-99fc42e1e1e92d17/out/tensorflow/tensorflow/lite/tools/make/downloads/ -I/opt/rustwide/target/debug/build/tflite-99fc42e1e1e92d17/out/tensorflow/tensorflow/lite/tools/make/downloads/eigen -I/opt/rustwide/target/debug/build/tflite-99fc42e1e1e92d17/out/tensorflow/tensorflow/lite/tools/make/downloads/absl -I/opt/rustwide/target/debug/build/tflite-99fc42e1e1e92d17/out/tensorflow/tensorflow/lite/tools/make/downloads/gemmlowp -I/opt/rustwide/target/debug/build/tflite-99fc42e1e1e92d17/out/tensorflow/tensorflow/lite/tools/make/downloads/neon_2_sse -I/opt/rustwide/target/debug/build/tflite-99fc42e1e1e92d17/out/tensorflow/tensorflow/lite/tools/make/downloads/farmhash/src -I/opt/rustwide/target/debug/build/tflite-99fc42e1e1e92d17/out/tensorflow/tensorflow/lite/tools/make/downloads/flatbuffers/include -I -I/usr/local/include -c tensorflow/lite/kernels/add_n.cc -o /opt/rustwide/target/debug/build/tflite-99fc42e1e1e92d17/out/tensorflow/tensorflow/lite/tools/make/gen/linux_x86_64/obj/tensorflow/lite/kernels/add_n.o
[INFO] [stderr]   g++ -O3 -DNDEBUG -fPIC --std=c++11 -fPIC -DGEMMLOWP_ALLOW_SLOW_SCALAR_FALLBACK -pthread -I. -I/opt/rustwide/target/debug/build/tflite-99fc42e1e1e92d17/out/tensorflow/tensorflow/lite/tools/make/../../../../../ -I/opt/rustwide/target/debug/build/tflite-99fc42e1e1e92d17/out/tensorflow/tensorflow/lite/tools/make/../../../../../../ -I/opt/rustwide/target/debug/build/tflite-99fc42e1e1e92d17/out/tensorflow/tensorflow/lite/tools/make/downloads/ -I/opt/rustwide/target/debug/build/tflite-99fc42e1e1e92d17/out/tensorflow/tensorflow/lite/tools/make/downloads/eigen -I/opt/rustwide/target/debug/build/tflite-99fc42e1e1e92d17/out/tensorflow/tensorflow/lite/tools/make/downloads/absl -I/opt/rustwide/target/debug/build/tflite-99fc42e1e1e92d17/out/tensorflow/tensorflow/lite/tools/make/downloads/gemmlowp -I/opt/rustwide/target/debug/build/tflite-99fc42e1e1e92d17/out/tensorflow/tensorflow/lite/tools/make/downloads/neon_2_sse -I/opt/rustwide/target/debug/build/tflite-99fc42e1e1e92d17/out/tensorflow/tensorflow/lite/tools/make/downloads/farmhash/src -I/opt/rustwide/target/debug/build/tflite-99fc42e1e1e92d17/out/tensorflow/tensorflow/lite/tools/make/downloads/flatbuffers/include -I -I/usr/local/include -c tensorflow/lite/kernels/arg_min_max.cc -o /opt/rustwide/target/debug/build/tflite-99fc42e1e1e92d17/out/tensorflow/tensorflow/lite/tools/make/gen/linux_x86_64/obj/tensorflow/lite/kernels/arg_min_max.o
[INFO] [stderr]   g++ -O3 -DNDEBUG -fPIC --std=c++11 -fPIC -DGEMMLOWP_ALLOW_SLOW_SCALAR_FALLBACK -pthread -I. -I/opt/rustwide/target/debug/build/tflite-99fc42e1e1e92d17/out/tensorflow/tensorflow/lite/tools/make/../../../../../ -I/opt/rustwide/target/debug/build/tflite-99fc42e1e1e92d17/out/tensorflow/tensorflow/lite/tools/make/../../../../../../ -I/opt/rustwide/target/debug/build/tflite-99fc42e1e1e92d17/out/tensorflow/tensorflow/lite/tools/make/downloads/ -I/opt/rustwide/target/debug/build/tflite-99fc42e1e1e92d17/out/tensorflow/tensorflow/lite/tools/make/downloads/eigen -I/opt/rustwide/target/debug/build/tflite-99fc42e1e1e92d17/out/tensorflow/tensorflow/lite/tools/make/downloads/absl -I/opt/rustwide/target/debug/build/tflite-99fc42e1e1e92d17/out/tensorflow/tensorflow/lite/tools/make/downloads/gemmlowp -I/opt/rustwide/target/debug/build/tflite-99fc42e1e1e92d17/out/tensorflow/tensorflow/lite/tools/make/downloads/neon_2_sse -I/opt/rustwide/target/debug/build/tflite-99fc42e1e1e92d17/out/tensorflow/tensorflow/lite/tools/make/downloads/farmhash/src -I/opt/rustwide/target/debug/build/tflite-99fc42e1e1e92d17/out/tensorflow/tensorflow/lite/tools/make/downloads/flatbuffers/include -I -I/usr/local/include -c tensorflow/lite/kernels/assign_variable.cc -o /opt/rustwide/target/debug/build/tflite-99fc42e1e1e92d17/out/tensorflow/tensorflow/lite/tools/make/gen/linux_x86_64/obj/tensorflow/lite/kernels/assign_variable.o
[INFO] [stderr]   g++ -O3 -DNDEBUG -fPIC --std=c++11 -fPIC -DGEMMLOWP_ALLOW_SLOW_SCALAR_FALLBACK -pthread -I. -I/opt/rustwide/target/debug/build/tflite-99fc42e1e1e92d17/out/tensorflow/tensorflow/lite/tools/make/../../../../../ -I/opt/rustwide/target/debug/build/tflite-99fc42e1e1e92d17/out/tensorflow/tensorflow/lite/tools/make/../../../../../../ -I/opt/rustwide/target/debug/build/tflite-99fc42e1e1e92d17/out/tensorflow/tensorflow/lite/tools/make/downloads/ -I/opt/rustwide/target/debug/build/tflite-99fc42e1e1e92d17/out/tensorflow/tensorflow/lite/tools/make/downloads/eigen -I/opt/rustwide/target/debug/build/tflite-99fc42e1e1e92d17/out/tensorflow/tensorflow/lite/tools/make/downloads/absl -I/opt/rustwide/target/debug/build/tflite-99fc42e1e1e92d17/out/tensorflow/tensorflow/lite/tools/make/downloads/gemmlowp -I/opt/rustwide/target/debug/build/tflite-99fc42e1e1e92d17/out/tensorflow/tensorflow/lite/tools/make/downloads/neon_2_sse -I/opt/rustwide/target/debug/build/tflite-99fc42e1e1e92d17/out/tensorflow/tensorflow/lite/tools/make/downloads/farmhash/src -I/opt/rustwide/target/debug/build/tflite-99fc42e1e1e92d17/out/tensorflow/tensorflow/lite/tools/make/downloads/flatbuffers/include -I -I/usr/local/include -c tensorflow/lite/kernels/audio_spectrogram.cc -o /opt/rustwide/target/debug/build/tflite-99fc42e1e1e92d17/out/tensorflow/tensorflow/lite/tools/make/gen/linux_x86_64/obj/tensorflow/lite/kernels/audio_spectrogram.o
[INFO] [stderr]   g++ -O3 -DNDEBUG -fPIC --std=c++11 -fPIC -DGEMMLOWP_ALLOW_SLOW_SCALAR_FALLBACK -pthread -I. -I/opt/rustwide/target/debug/build/tflite-99fc42e1e1e92d17/out/tensorflow/tensorflow/lite/tools/make/../../../../../ -I/opt/rustwide/target/debug/build/tflite-99fc42e1e1e92d17/out/tensorflow/tensorflow/lite/tools/make/../../../../../../ -I/opt/rustwide/target/debug/build/tflite-99fc42e1e1e92d17/out/tensorflow/tensorflow/lite/tools/make/downloads/ -I/opt/rustwide/target/debug/build/tflite-99fc42e1e1e92d17/out/tensorflow/tensorflow/lite/tools/make/downloads/eigen -I/opt/rustwide/target/debug/build/tflite-99fc42e1e1e92d17/out/tensorflow/tensorflow/lite/tools/make/downloads/absl -I/opt/rustwide/target/debug/build/tflite-99fc42e1e1e92d17/out/tensorflow/tensorflow/lite/tools/make/downloads/gemmlowp -I/opt/rustwide/target/debug/build/tflite-99fc42e1e1e92d17/out/tensorflow/tensorflow/lite/tools/make/downloads/neon_2_sse -I/opt/rustwide/target/debug/build/tflite-99fc42e1e1e92d17/out/tensorflow/tensorflow/lite/tools/make/downloads/farmhash/src -I/opt/rustwide/target/debug/build/tflite-99fc42e1e1e92d17/out/tensorflow/tensorflow/lite/tools/make/downloads/flatbuffers/include -I -I/usr/local/include -c tensorflow/lite/kernels/basic_rnn.cc -o /opt/rustwide/target/debug/build/tflite-99fc42e1e1e92d17/out/tensorflow/tensorflow/lite/tools/make/gen/linux_x86_64/obj/tensorflow/lite/kernels/basic_rnn.o
[INFO] [stderr]   g++ -O3 -DNDEBUG -fPIC --std=c++11 -fPIC -DGEMMLOWP_ALLOW_SLOW_SCALAR_FALLBACK -pthread -I. -I/opt/rustwide/target/debug/build/tflite-99fc42e1e1e92d17/out/tensorflow/tensorflow/lite/tools/make/../../../../../ -I/opt/rustwide/target/debug/build/tflite-99fc42e1e1e92d17/out/tensorflow/tensorflow/lite/tools/make/../../../../../../ -I/opt/rustwide/target/debug/build/tflite-99fc42e1e1e92d17/out/tensorflow/tensorflow/lite/tools/make/downloads/ -I/opt/rustwide/target/debug/build/tflite-99fc42e1e1e92d17/out/tensorflow/tensorflow/lite/tools/make/downloads/eigen -I/opt/rustwide/target/debug/build/tflite-99fc42e1e1e92d17/out/tensorflow/tensorflow/lite/tools/make/downloads/absl -I/opt/rustwide/target/debug/build/tflite-99fc42e1e1e92d17/out/tensorflow/tensorflow/lite/tools/make/downloads/gemmlowp -I/opt/rustwide/target/debug/build/tflite-99fc42e1e1e92d17/out/tensorflow/tensorflow/lite/tools/make/downloads/neon_2_sse -I/opt/rustwide/target/debug/build/tflite-99fc42e1e1e92d17/out/tensorflow/tensorflow/lite/tools/make/downloads/farmhash/src -I/opt/rustwide/target/debug/build/tflite-99fc42e1e1e92d17/out/tensorflow/tensorflow/lite/tools/make/downloads/flatbuffers/include -I -I/usr/local/include -c tensorflow/lite/kernels/batch_to_space_nd.cc -o /opt/rustwide/target/debug/build/tflite-99fc42e1e1e92d17/out/tensorflow/tensorflow/lite/tools/make/gen/linux_x86_64/obj/tensorflow/lite/kernels/batch_to_space_nd.o
[INFO] [stderr]   g++ -O3 -DNDEBUG -fPIC --std=c++11 -fPIC -DGEMMLOWP_ALLOW_SLOW_SCALAR_FALLBACK -pthread -I. -I/opt/rustwide/target/debug/build/tflite-99fc42e1e1e92d17/out/tensorflow/tensorflow/lite/tools/make/../../../../../ -I/opt/rustwide/target/debug/build/tflite-99fc42e1e1e92d17/out/tensorflow/tensorflow/lite/tools/make/../../../../../../ -I/opt/rustwide/target/debug/build/tflite-99fc42e1e1e92d17/out/tensorflow/tensorflow/lite/tools/make/downloads/ -I/opt/rustwide/target/debug/build/tflite-99fc42e1e1e92d17/out/tensorflow/tensorflow/lite/tools/make/downloads/eigen -I/opt/rustwide/target/debug/build/tflite-99fc42e1e1e92d17/out/tensorflow/tensorflow/lite/tools/make/downloads/absl -I/opt/rustwide/target/debug/build/tflite-99fc42e1e1e92d17/out/tensorflow/tensorflow/lite/tools/make/downloads/gemmlowp -I/opt/rustwide/target/debug/build/tflite-99fc42e1e1e92d17/out/tensorflow/tensorflow/lite/tools/make/downloads/neon_2_sse -I/opt/rustwide/target/debug/build/tflite-99fc42e1e1e92d17/out/tensorflow/tensorflow/lite/tools/make/downloads/farmhash/src -I/opt/rustwide/target/debug/build/tflite-99fc42e1e1e92d17/out/tensorflow/tensorflow/lite/tools/make/downloads/flatbuffers/include -I -I/usr/local/include -c tensorflow/lite/kernels/bidirectional_sequence_lstm.cc -o /opt/rustwide/target/debug/build/tflite-99fc42e1e1e92d17/out/tensorflow/tensorflow/lite/tools/make/gen/linux_x86_64/obj/tensorflow/lite/kernels/bidirectional_sequence_lstm.o
[INFO] [stderr]   g++ -O3 -DNDEBUG -fPIC --std=c++11 -fPIC -DGEMMLOWP_ALLOW_SLOW_SCALAR_FALLBACK -pthread -I. -I/opt/rustwide/target/debug/build/tflite-99fc42e1e1e92d17/out/tensorflow/tensorflow/lite/tools/make/../../../../../ -I/opt/rustwide/target/debug/build/tflite-99fc42e1e1e92d17/out/tensorflow/tensorflow/lite/tools/make/../../../../../../ -I/opt/rustwide/target/debug/build/tflite-99fc42e1e1e92d17/out/tensorflow/tensorflow/lite/tools/make/downloads/ -I/opt/rustwide/target/debug/build/tflite-99fc42e1e1e92d17/out/tensorflow/tensorflow/lite/tools/make/downloads/eigen -I/opt/rustwide/target/debug/build/tflite-99fc42e1e1e92d17/out/tensorflow/tensorflow/lite/tools/make/downloads/absl -I/opt/rustwide/target/debug/build/tflite-99fc42e1e1e92d17/out/tensorflow/tensorflow/lite/tools/make/downloads/gemmlowp -I/opt/rustwide/target/debug/build/tflite-99fc42e1e1e92d17/out/tensorflow/tensorflow/lite/tools/make/downloads/neon_2_sse -I/opt/rustwide/target/debug/build/tflite-99fc42e1e1e92d17/out/tensorflow/tensorflow/lite/tools/make/downloads/farmhash/src -I/opt/rustwide/target/debug/build/tflite-99fc42e1e1e92d17/out/tensorflow/tensorflow/lite/tools/make/downloads/flatbuffers/include -I -I/usr/local/include -c tensorflow/lite/kernels/bidirectional_sequence_rnn.cc -o /opt/rustwide/target/debug/build/tflite-99fc42e1e1e92d17/out/tensorflow/tensorflow/lite/tools/make/gen/linux_x86_64/obj/tensorflow/lite/kernels/bidirectional_sequence_rnn.o
[INFO] [stderr]   g++ -O3 -DNDEBUG -fPIC --std=c++11 -fPIC -DGEMMLOWP_ALLOW_SLOW_SCALAR_FALLBACK -pthread -I. -I/opt/rustwide/target/debug/build/tflite-99fc42e1e1e92d17/out/tensorflow/tensorflow/lite/tools/make/../../../../../ -I/opt/rustwide/target/debug/build/tflite-99fc42e1e1e92d17/out/tensorflow/tensorflow/lite/tools/make/../../../../../../ -I/opt/rustwide/target/debug/build/tflite-99fc42e1e1e92d17/out/tensorflow/tensorflow/lite/tools/make/downloads/ -I/opt/rustwide/target/debug/build/tflite-99fc42e1e1e92d17/out/tensorflow/tensorflow/lite/tools/make/downloads/eigen -I/opt/rustwide/target/debug/build/tflite-99fc42e1e1e92d17/out/tensorflow/tensorflow/lite/tools/make/downloads/absl -I/opt/rustwide/target/debug/build/tflite-99fc42e1e1e92d17/out/tensorflow/tensorflow/lite/tools/make/downloads/gemmlowp -I/opt/rustwide/target/debug/build/tflite-99fc42e1e1e92d17/out/tensorflow/tensorflow/lite/tools/make/downloads/neon_2_sse -I/opt/rustwide/target/debug/build/tflite-99fc42e1e1e92d17/out/tensorflow/tensorflow/lite/tools/make/downloads/farmhash/src -I/opt/rustwide/target/debug/build/tflite-99fc42e1e1e92d17/out/tensorflow/tensorflow/lite/tools/make/downloads/flatbuffers/include -I -I/usr/local/include -c tensorflow/lite/kernels/cast.cc -o /opt/rustwide/target/debug/build/tflite-99fc42e1e1e92d17/out/tensorflow/tensorflow/lite/tools/make/gen/linux_x86_64/obj/tensorflow/lite/kernels/cast.o
[INFO] [stderr]   g++ -O3 -DNDEBUG -fPIC --std=c++11 -fPIC -DGEMMLOWP_ALLOW_SLOW_SCALAR_FALLBACK -pthread -I. -I/opt/rustwide/target/debug/build/tflite-99fc42e1e1e92d17/out/tensorflow/tensorflow/lite/tools/make/../../../../../ -I/opt/rustwide/target/debug/build/tflite-99fc42e1e1e92d17/out/tensorflow/tensorflow/lite/tools/make/../../../../../../ -I/opt/rustwide/target/debug/build/tflite-99fc42e1e1e92d17/out/tensorflow/tensorflow/lite/tools/make/downloads/ -I/opt/rustwide/target/debug/build/tflite-99fc42e1e1e92d17/out/tensorflow/tensorflow/lite/tools/make/downloads/eigen -I/opt/rustwide/target/debug/build/tflite-99fc42e1e1e92d17/out/tensorflow/tensorflow/lite/tools/make/downloads/absl -I/opt/rustwide/target/debug/build/tflite-99fc42e1e1e92d17/out/tensorflow/tensorflow/lite/tools/make/downloads/gemmlowp -I/opt/rustwide/target/debug/build/tflite-99fc42e1e1e92d17/out/tensorflow/tensorflow/lite/tools/make/downloads/neon_2_sse -I/opt/rustwide/target/debug/build/tflite-99fc42e1e1e92d17/out/tensorflow/tensorflow/lite/tools/make/downloads/farmhash/src -I/opt/rustwide/target/debug/build/tflite-99fc42e1e1e92d17/out/tensorflow/tensorflow/lite/tools/make/downloads/flatbuffers/include -I -I/usr/local/include -c tensorflow/lite/kernels/ceil.cc -o /opt/rustwide/target/debug/build/tflite-99fc42e1e1e92d17/out/tensorflow/tensorflow/lite/tools/make/gen/linux_x86_64/obj/tensorflow/lite/kernels/ceil.o
[INFO] [stderr]   g++ -O3 -DNDEBUG -fPIC --std=c++11 -fPIC -DGEMMLOWP_ALLOW_SLOW_SCALAR_FALLBACK -pthread -I. -I/opt/rustwide/target/debug/build/tflite-99fc42e1e1e92d17/out/tensorflow/tensorflow/lite/tools/make/../../../../../ -I/opt/rustwide/target/debug/build/tflite-99fc42e1e1e92d17/out/tensorflow/tensorflow/lite/tools/make/../../../../../../ -I/opt/rustwide/target/debug/build/tflite-99fc42e1e1e92d17/out/tensorflow/tensorflow/lite/tools/make/downloads/ -I/opt/rustwide/target/debug/build/tflite-99fc42e1e1e92d17/out/tensorflow/tensorflow/lite/tools/make/downloads/eigen -I/opt/rustwide/target/debug/build/tflite-99fc42e1e1e92d17/out/tensorflow/tensorflow/lite/tools/make/downloads/absl -I/opt/rustwide/target/debug/build/tflite-99fc42e1e1e92d17/out/tensorflow/tensorflow/lite/tools/make/downloads/gemmlowp -I/opt/rustwide/target/debug/build/tflite-99fc42e1e1e92d17/out/tensorflow/tensorflow/lite/tools/make/downloads/neon_2_sse -I/opt/rustwide/target/debug/build/tflite-99fc42e1e1e92d17/out/tensorflow/tensorflow/lite/tools/make/downloads/farmhash/src -I/opt/rustwide/target/debug/build/tflite-99fc42e1e1e92d17/out/tensorflow/tensorflow/lite/tools/make/downloads/flatbuffers/include -I -I/usr/local/include -c tensorflow/lite/kernels/comparisons.cc -o /opt/rustwide/target/debug/build/tflite-99fc42e1e1e92d17/out/tensorflow/tensorflow/lite/tools/make/gen/linux_x86_64/obj/tensorflow/lite/kernels/comparisons.o
[INFO] [stderr] 
[INFO] [stderr]   --- stderr
[INFO] [stderr]   error: 'rustfmt' is not installed for the toolchain '1.69.0-x86_64-unknown-linux-gnu'
[INFO] [stderr]   To install, run `rustup component add rustfmt --toolchain 1.69.0-x86_64-unknown-linux-gnu`
[INFO] [stderr]   Failed to run rustfmt: Internal rustfmt error (non-fatal, continuing)
[INFO] [stderr]   make command = cd "/opt/rustwide/target/debug/build/tflite-99fc42e1e1e92d17/out/tensorflow" && "make" "-j" "8" "BUILD_WITH_NNAPI=false" "-f" "tensorflow/lite/tools/make/Makefile" "TARGET=linux" "TARGET_ARCH=x86_64" "micro" in dir  "/opt/rustwide/target/debug/build/tflite-99fc42e1e1e92d17/out/tensorflow"
[INFO] [stderr]   g++: fatal error: Killed signal terminated program cc1plus
[INFO] [stderr]   compilation terminated.
[INFO] [stderr]   make: *** [tensorflow/lite/tools/make/Makefile:246: /opt/rustwide/target/debug/build/tflite-99fc42e1e1e92d17/out/tensorflow/tensorflow/lite/tools/make/gen/linux_x86_64/obj/tensorflow/lite/kernels/activations.o] Error 1
[INFO] [stderr]   make: *** Waiting for unfinished jobs....
[INFO] [stderr]   g++: fatal error: Killed signal terminated program cc1plus
[INFO] [stderr]   compilation terminated.
[INFO] [stderr]   make: *** [tensorflow/lite/tools/make/Makefile:246: /opt/rustwide/target/debug/build/tflite-99fc42e1e1e92d17/out/tensorflow/tensorflow/lite/tools/make/gen/linux_x86_64/obj/tensorflow/lite/kernels/add.o] Error 1
[INFO] [stderr]   g++: fatal error: Killed signal terminated program cc1plus
[INFO] [stderr]   compilation terminated.
[INFO] [stderr]   make: *** [tensorflow/lite/tools/make/Makefile:246: /opt/rustwide/target/debug/build/tflite-99fc42e1e1e92d17/out/tensorflow/tensorflow/lite/tools/make/gen/linux_x86_64/obj/tensorflow/lite/kernels/arg_min_max.o] Error 1
[INFO] [stderr]   g++: fatal error: Killed signal terminated program cc1plus
[INFO] [stderr]   compilation terminated.
[INFO] [stderr]   make: *** [tensorflow/lite/tools/make/Makefile:246: /opt/rustwide/target/debug/build/tflite-99fc42e1e1e92d17/out/tensorflow/tensorflow/lite/tools/make/gen/linux_x86_64/obj/tensorflow/lite/kernels/audio_spectrogram.o] Error 1
[INFO] [stderr]   thread 'main' panicked at 'Failed to build tensorflow', /opt/rustwide/cargo-home/registry/src/github.com-1ecc6299db9ec823/tflite-0.9.6/build.rs:146:17
[INFO] [stderr]   stack backtrace:
[INFO] [stderr]      0:     0x5643ee87fa3a - std::backtrace_rs::backtrace::libunwind::trace::ha9053a9a07ca49cb
[INFO] [stderr]                                  at /rustc/84c898d65adf2f39a5a98507f1fe0ce10a2b8dbc/library/std/src/../../backtrace/src/backtrace/libunwind.rs:93:5
[INFO] [stderr]      1:     0x5643ee87fa3a - std::backtrace_rs::backtrace::trace_unsynchronized::h9c2852a457ad564e
[INFO] [stderr]                                  at /rustc/84c898d65adf2f39a5a98507f1fe0ce10a2b8dbc/library/std/src/../../backtrace/src/backtrace/mod.rs:66:5
[INFO] [stderr]      2:     0x5643ee87fa3a - std::sys_common::backtrace::_print_fmt::h457936fbfaa0070f
[INFO] [stderr]                                  at /rustc/84c898d65adf2f39a5a98507f1fe0ce10a2b8dbc/library/std/src/sys_common/backtrace.rs:65:5
[INFO] [stderr]      3:     0x5643ee87fa3a - <std::sys_common::backtrace::_print::DisplayBacktrace as core::fmt::Display>::fmt::h5779d7bf7f70cb0c
[INFO] [stderr]                                  at /rustc/84c898d65adf2f39a5a98507f1fe0ce10a2b8dbc/library/std/src/sys_common/backtrace.rs:44:22
[INFO] [stderr]      4:     0x5643ee8a768e - core::fmt::write::h5a4baaff1bcd3eb5
[INFO] [stderr]                                  at /rustc/84c898d65adf2f39a5a98507f1fe0ce10a2b8dbc/library/core/src/fmt/mod.rs:1232:17
[INFO] [stderr]      5:     0x5643ee87c225 - std::io::Write::write_fmt::h4bc1f301cb9e9cce
[INFO] [stderr]                                  at /rustc/84c898d65adf2f39a5a98507f1fe0ce10a2b8dbc/library/std/src/io/mod.rs:1684:15
[INFO] [stderr]      6:     0x5643ee87f805 - std::sys_common::backtrace::_print::h5fcdc36060f177e8
[INFO] [stderr]                                  at /rustc/84c898d65adf2f39a5a98507f1fe0ce10a2b8dbc/library/std/src/sys_common/backtrace.rs:47:5
[INFO] [stderr]      7:     0x5643ee87f805 - std::sys_common::backtrace::print::h54ca9458b876c8bf
[INFO] [stderr]                                  at /rustc/84c898d65adf2f39a5a98507f1fe0ce10a2b8dbc/library/std/src/sys_common/backtrace.rs:34:9
[INFO] [stderr]      8:     0x5643ee88152f - std::panicking::default_hook::{{closure}}::hbe471161c7664ed6
[INFO] [stderr]                                  at /rustc/84c898d65adf2f39a5a98507f1fe0ce10a2b8dbc/library/std/src/panicking.rs:271:22
[INFO] [stderr]      9:     0x5643ee88126b - std::panicking::default_hook::ha3500da57aa4ac4f
[INFO] [stderr]                                  at /rustc/84c898d65adf2f39a5a98507f1fe0ce10a2b8dbc/library/std/src/panicking.rs:290:9
[INFO] [stderr]     10:     0x5643ee881c5d - <alloc::boxed::Box<F,A> as core::ops::function::Fn<Args>>::call::h6507bddc3eebb4a5
[INFO] [stderr]                                  at /rustc/84c898d65adf2f39a5a98507f1fe0ce10a2b8dbc/library/alloc/src/boxed.rs:2001:9
[INFO] [stderr]     11:     0x5643ee881c5d - std::panicking::rust_panic_with_hook::h50c09d000dc561d2
[INFO] [stderr]                                  at /rustc/84c898d65adf2f39a5a98507f1fe0ce10a2b8dbc/library/std/src/panicking.rs:696:13
[INFO] [stderr]     12:     0x5643ee46fa0a - std::panicking::begin_panic::{{closure}}::h538dfa60abccb9a7
[INFO] [stderr]     13:     0x5643ee44f57a - std::sys_common::backtrace::__rust_end_short_backtrace::h9b88bb0bb2493237
[INFO] [stderr]     14:     0x5643ee46f963 - std::panicking::begin_panic::h7d4307178bf20103
[INFO] [stderr]     15:     0x5643ee2d2802 - build_script_build::prepare_tensorflow_library::h9483c08c38c6ab9d
[INFO] [stderr]     16:     0x5643ee2d4268 - build_script_build::main::h9b373d509a744446
[INFO] [stderr]     17:     0x5643ee2d4703 - core::ops::function::FnOnce::call_once::hc80632874e3942aa
[INFO] [stderr]     18:     0x5643ee2d72c9 - std::sys_common::backtrace::__rust_begin_short_backtrace::h410a67f6c07fc7f3
[INFO] [stderr]     19:     0x5643ee2d4509 - std::rt::lang_start::{{closure}}::h1e56813a38dd290e
[INFO] [stderr]     20:     0x5643ee877e4c - core::ops::function::impls::<impl core::ops::function::FnOnce<A> for &F>::call_once::hd6efcd3bec896f2c
[INFO] [stderr]                                  at /rustc/84c898d65adf2f39a5a98507f1fe0ce10a2b8dbc/library/core/src/ops/function.rs:287:13
[INFO] [stderr]     21:     0x5643ee877e4c - std::panicking::try::do_call::hce04e543bb1f4cbb
[INFO] [stderr]                                  at /rustc/84c898d65adf2f39a5a98507f1fe0ce10a2b8dbc/library/std/src/panicking.rs:487:40
[INFO] [stderr]     22:     0x5643ee877e4c - std::panicking::try::h3342dd4e1f680968
[INFO] [stderr]                                  at /rustc/84c898d65adf2f39a5a98507f1fe0ce10a2b8dbc/library/std/src/panicking.rs:451:19
[INFO] [stderr]     23:     0x5643ee877e4c - std::panic::catch_unwind::h148ce1e59ac0cee7
[INFO] [stderr]                                  at /rustc/84c898d65adf2f39a5a98507f1fe0ce10a2b8dbc/library/std/src/panic.rs:140:14
[INFO] [stderr]     24:     0x5643ee877e4c - std::rt::lang_start_internal::{{closure}}::h25f9dda2057a67fe
[INFO] [stderr]                                  at /rustc/84c898d65adf2f39a5a98507f1fe0ce10a2b8dbc/library/std/src/rt.rs:148:48
[INFO] [stderr]     25:     0x5643ee877e4c - std::panicking::try::do_call::h7caaaeaf9401650b
[INFO] [stderr]                                  at /rustc/84c898d65adf2f39a5a98507f1fe0ce10a2b8dbc/library/std/src/panicking.rs:487:40
[INFO] [stderr]     26:     0x5643ee877e4c - std::panicking::try::he7d15285746cbbc2
[INFO] [stderr]                                  at /rustc/84c898d65adf2f39a5a98507f1fe0ce10a2b8dbc/library/std/src/panicking.rs:451:19
[INFO] [stderr]     27:     0x5643ee877e4c - std::panic::catch_unwind::h89fb4f50c0301fe0
[INFO] [stderr]                                  at /rustc/84c898d65adf2f39a5a98507f1fe0ce10a2b8dbc/library/std/src/panic.rs:140:14
[INFO] [stderr]     28:     0x5643ee877e4c - std::rt::lang_start_internal::h078acd489417d3c1
[INFO] [stderr]                                  at /rustc/84c898d65adf2f39a5a98507f1fe0ce10a2b8dbc/library/std/src/rt.rs:148:20
[INFO] [stderr]     29:     0x5643ee2d44e7 - std::rt::lang_start::h0d88aae57adbbb88
[INFO] [stderr]     30:     0x5643ee2d4285 - main
[INFO] [stderr]     31:     0x7f0afaa87d90 - <unknown>
[INFO] [stderr]     32:     0x7f0afaa87e40 - __libc_start_main
[INFO] [stderr]     33:     0x5643ee2cc1b5 - _start
[INFO] [stderr]     34:                0x0 - <unknown>
[INFO] [stderr] warning: build failed, waiting for other jobs to finish...
[INFO] running `Command { std: "docker" "inspect" "b73c5ea6a403292d6bcb6deaa27aeb6d2735024197824f4de54e9da6a7ac4f64", kill_on_drop: false }`
[INFO] running `Command { std: "docker" "rm" "-f" "b73c5ea6a403292d6bcb6deaa27aeb6d2735024197824f4de54e9da6a7ac4f64", kill_on_drop: false }`
[INFO] [stdout] b73c5ea6a403292d6bcb6deaa27aeb6d2735024197824f4de54e9da6a7ac4f64
