[INFO] cloning repository https://github.com/gmaijoe/grin_node
[INFO] running `Command { std: "git" "-c" "credential.helper=" "-c" "credential.helper=/workspace/cargo-home/bin/git-credential-null" "clone" "--bare" "https://github.com/gmaijoe/grin_node" "/workspace/cache/git-repos/https%3A%2F%2Fgithub.com%2Fgmaijoe%2Fgrin_node", kill_on_drop: false }`
[INFO] [stderr] Cloning into bare repository '/workspace/cache/git-repos/https%3A%2F%2Fgithub.com%2Fgmaijoe%2Fgrin_node'...
[INFO] running `Command { std: "git" "rev-parse" "HEAD", kill_on_drop: false }`
[INFO] [stdout] 244b4c5de38186da386360dbcba033e828dbfbec
[INFO] documenting gmaijoe/grin_node against 1.69.0 for beta-1.70-rustdoc-1
[INFO] running `Command { std: "git" "clone" "/workspace/cache/git-repos/https%3A%2F%2Fgithub.com%2Fgmaijoe%2Fgrin_node" "/workspace/builds/worker-7-tc1/source", kill_on_drop: false }`
[INFO] [stderr] Cloning into '/workspace/builds/worker-7-tc1/source'...
[INFO] [stderr] done.
[INFO] validating manifest of git repo https://github.com/gmaijoe/grin_node on toolchain 1.69.0
[INFO] running `Command { std: CARGO_HOME="/workspace/cargo-home" RUSTUP_HOME="/workspace/rustup-home" "/workspace/cargo-home/bin/cargo" "+1.69.0" "metadata" "--manifest-path" "Cargo.toml" "--no-deps", kill_on_drop: false }`
[INFO] started tweaking git repo https://github.com/gmaijoe/grin_node
[INFO] finished tweaking git repo https://github.com/gmaijoe/grin_node
[INFO] tweaked toml for git repo https://github.com/gmaijoe/grin_node written to /workspace/builds/worker-7-tc1/source/Cargo.toml
[INFO] crate git repo https://github.com/gmaijoe/grin_node already has a lockfile, it will not be regenerated
[INFO] running `Command { std: CARGO_HOME="/workspace/cargo-home" RUSTUP_HOME="/workspace/rustup-home" "/workspace/cargo-home/bin/cargo" "+1.69.0" "fetch" "--manifest-path" "Cargo.toml", kill_on_drop: false }`
[INFO] [stderr]  Downloading crates ...
[INFO] [stderr]   Downloaded syn v0.15.22
[INFO] [stderr]   Downloaded tokio-retry v0.1.1
[INFO] [stderr]   Downloaded serde v1.0.81
[INFO] [stderr]   Downloaded serde_derive v1.0.81
[INFO] [stderr]   Downloaded tokio-rustls v0.7.2
[INFO] [stderr]   Downloaded webpki v0.18.1
[INFO] [stderr]   Downloaded log4rs v0.8.1
[INFO] [stderr]   Downloaded hyper-rustls v0.14.0
[INFO] [stderr]   Downloaded enumset_derive v0.2.0
[INFO] [stderr]   Downloaded built v0.3.0
[INFO] [stderr]   Downloaded array-macro v1.0.2
[INFO] [stderr]   Downloaded arc-swap v0.3.6
[INFO] [stderr]   Downloaded crossbeam-deque v0.6.2
[INFO] [stderr]   Downloaded croaring v0.3.7
[INFO] [stderr]   Downloaded croaring-sys v0.3.7
[INFO] [stderr]   Downloaded enum-map v0.4.1
[INFO] [stderr]   Downloaded zip v0.4.2
[INFO] [stderr]   Downloaded libgit2-sys v0.7.10
[INFO] [stderr]   Downloaded grin_secp256k1zkp v0.7.2
[INFO] [stderr]   Downloaded security-framework-sys v0.2.1
[INFO] [stderr]   Downloaded crossbeam-utils v0.6.2
[INFO] [stderr]   Downloaded tar v0.4.20
[INFO] [stderr]   Downloaded reexport-proc-macro v1.0.5
[INFO] [stderr]   Downloaded enumset v0.3.14
[INFO] [stderr]   Downloaded signal-hook v0.1.6
[INFO] [stderr]   Downloaded ct-logs v0.4.0
[INFO] [stderr]   Downloaded webpki-roots v0.15.0
[INFO] [stderr]   Downloaded hyper-staticfile v0.3.0
[INFO] [stderr]   Downloaded sct v0.4.0
[INFO] [stderr]   Downloaded rustls v0.13.1
[INFO] [stderr]   Downloaded jsonrpc-core v8.0.1
[INFO] [stderr]   Downloaded pretty_assertions v0.5.1
[INFO] [stderr]   Downloaded ripemd160 v0.7.0
[INFO] [stderr]   Downloaded prettytable-rs v0.7.0
[INFO] [stderr]   Downloaded openssl v0.10.15
[INFO] [stderr]   Downloaded ncurses v5.97.0
[INFO] [stderr]   Downloaded hyper v0.12.17
[INFO] [stderr]   Downloaded cursive v0.9.2
[INFO] running `Command { std: "docker" "create" "-v" "/var/lib/crater-agent-workspace/builds/worker-7-tc1/target:/opt/rustwide/target:rw,Z" "-v" "/var/lib/crater-agent-workspace/builds/worker-7-tc1/source:/opt/rustwide/workdir:ro,Z" "-v" "/var/lib/crater-agent-workspace/cargo-home:/opt/rustwide/cargo-home:ro,Z" "-v" "/var/lib/crater-agent-workspace/rustup-home:/opt/rustwide/rustup-home:ro,Z" "-e" "SOURCE_DIR=/opt/rustwide/workdir" "-e" "CARGO_TARGET_DIR=/opt/rustwide/target" "-e" "CARGO_HOME=/opt/rustwide/cargo-home" "-e" "RUSTUP_HOME=/opt/rustwide/rustup-home" "-w" "/opt/rustwide/workdir" "-m" "1610612736" "--user" "0:0" "--network" "none" "ghcr.io/rust-lang/crates-build-env/linux@sha256:5ff2268d62e97bff2cde7d5815dd6ed5b47097566f13b8d0ca110b04b60e07ed" "/opt/rustwide/cargo-home/bin/cargo" "+1.69.0" "metadata" "--no-deps" "--format-version=1", kill_on_drop: false }`
[INFO] [stdout] 4a4bffec19767ff30e868ea475d5e7773cf4cd9eee7b48900bfeba033a548097
[INFO] running `Command { std: "docker" "start" "-a" "4a4bffec19767ff30e868ea475d5e7773cf4cd9eee7b48900bfeba033a548097", kill_on_drop: false }`
[INFO] running `Command { std: "docker" "inspect" "4a4bffec19767ff30e868ea475d5e7773cf4cd9eee7b48900bfeba033a548097", kill_on_drop: false }`
[INFO] running `Command { std: "docker" "rm" "-f" "4a4bffec19767ff30e868ea475d5e7773cf4cd9eee7b48900bfeba033a548097", kill_on_drop: false }`
[INFO] [stdout] 4a4bffec19767ff30e868ea475d5e7773cf4cd9eee7b48900bfeba033a548097
[INFO] running `Command { std: "docker" "create" "-v" "/var/lib/crater-agent-workspace/builds/worker-7-tc1/target:/opt/rustwide/target:rw,Z" "-v" "/var/lib/crater-agent-workspace/builds/worker-7-tc1/source:/opt/rustwide/workdir:ro,Z" "-v" "/var/lib/crater-agent-workspace/cargo-home:/opt/rustwide/cargo-home:ro,Z" "-v" "/var/lib/crater-agent-workspace/rustup-home:/opt/rustwide/rustup-home:ro,Z" "-e" "SOURCE_DIR=/opt/rustwide/workdir" "-e" "CARGO_TARGET_DIR=/opt/rustwide/target" "-e" "CARGO_INCREMENTAL=0" "-e" "RUST_BACKTRACE=full" "-e" "RUSTFLAGS=--cap-lints=warn" "-e" "RUSTDOCFLAGS=--cap-lints=warn" "-e" "CARGO_HOME=/opt/rustwide/cargo-home" "-e" "RUSTUP_HOME=/opt/rustwide/rustup-home" "-w" "/opt/rustwide/workdir" "-m" "1610612736" "--user" "0:0" "--network" "none" "ghcr.io/rust-lang/crates-build-env/linux@sha256:5ff2268d62e97bff2cde7d5815dd6ed5b47097566f13b8d0ca110b04b60e07ed" "/opt/rustwide/cargo-home/bin/cargo" "+1.69.0" "doc" "--frozen" "--no-deps" "--document-private-items" "--message-format=json", kill_on_drop: false }`
[INFO] [stdout] 941a54d37931410383ec2f09226bf1a200945a8a1b0a3b3ebafcbf6ede66b291
[INFO] running `Command { std: "docker" "start" "-a" "941a54d37931410383ec2f09226bf1a200945a8a1b0a3b3ebafcbf6ede66b291", kill_on_drop: false }`
[INFO] [stderr]    Compiling libc v0.2.44
[INFO] [stderr]    Compiling serde v1.0.81
[INFO] [stderr]    Compiling cc v1.0.25
[INFO] [stderr]    Compiling semver-parser v0.7.0
[INFO] [stderr]     Checking cfg-if v0.1.6
[INFO] [stderr]    Compiling version_check v0.1.5
[INFO] [stderr]     Checking lazy_static v1.2.0
[INFO] [stderr]     Checking rand_core v0.3.0
[INFO] [stderr]     Checking byteorder v1.2.7
[INFO] [stderr]    Compiling semver v0.9.0
[INFO] [stderr]     Checking rand_core v0.2.2
[INFO] [stderr]     Checking nodrop v0.1.13
[INFO] [stderr]     Checking unreachable v1.0.0
[INFO] [stderr]     Checking futures v0.1.25
[INFO] [stderr]    Compiling rustc_version v0.2.3
[INFO] [stderr]     Checking stable_deref_trait v1.1.1
[INFO] [stderr]    Compiling proc-macro2 v0.4.24
[INFO] [stderr]    Compiling parking_lot_core v0.3.1
[INFO] [stderr]     Checking rand v0.5.5
[INFO] [stderr]    Compiling rand_pcg v0.1.1
[INFO] [stderr]    Compiling rand_chacha v0.1.0
[INFO] [stderr]     Checking owning_ref v0.4.0
[INFO] [stderr]     Checking smallvec v0.6.7
[INFO] [stderr]     Checking lock_api v0.1.5
[INFO] [stderr]     Checking iovec v0.1.2
[INFO] [stderr]    Compiling rand v0.6.1
[INFO] [stderr]     Checking arrayvec v0.4.8
[INFO] [stderr]    Compiling num-integer v0.1.39
[INFO] [stderr]    Compiling memchr v2.1.1
[INFO] [stderr]    Compiling quote v0.6.10
[INFO] [stderr]    Compiling bitflags v1.0.4
[INFO] [stderr]    Compiling build_const v0.2.1
[INFO] [stderr]    Compiling pkg-config v0.3.14
[INFO] [stderr]     Checking crossbeam-utils v0.6.2
[INFO] [stderr]    Compiling crc32fast v1.1.2
[INFO] [stderr]     Checking parking_lot v0.6.4
[INFO] [stderr]    Compiling crc v1.8.1
[INFO] [stderr]    Compiling ryu v0.2.7
[INFO] [stderr]     Checking bytes v0.4.11
[INFO] [stderr]    Compiling syn v0.15.22
[INFO] [stderr]    Compiling miniz-sys v0.1.11
[INFO] [stderr]    Compiling miniz_oxide_c_api v0.2.0
[INFO] [stderr]     Checking itoa v0.4.3
[INFO] [stderr]     Checking tokio-executor v0.1.5
[INFO] [stderr]    Compiling regex v1.1.0
[INFO] [stderr]     Checking slab v0.4.1
[INFO] [stderr]    Compiling typenum v1.10.0
[INFO] [stderr]     Checking net2 v0.2.33
[INFO] [stderr]     Checking time v0.1.40
[INFO] [stderr]     Checking num_cpus v1.8.0
[INFO] [stderr]    Compiling gcc v0.3.55
[INFO] [stderr]     Checking rustc-serialize v0.3.24
[INFO] [stderr]    Compiling glob v0.2.11
[INFO] [stderr]     Checking log v0.4.6
[INFO] [stderr]     Checking tokio-io v0.1.10
[INFO] [stderr]    Compiling clang-sys v0.23.0
[INFO] [stderr]    Compiling libloading v0.5.0
[INFO] [stderr]     Checking fnv v1.0.6
[INFO] [stderr]     Checking lazycell v1.2.1
[INFO] [stderr]    Compiling ucd-util v0.1.3
[INFO] [stderr]     Checking mio v0.6.16
[INFO] [stderr]     Checking crossbeam-epoch v0.6.1
[INFO] [stderr]    Compiling regex-syntax v0.6.4
[INFO] [stderr]    Compiling aho-corasick v0.6.9
[INFO] [stderr]    Compiling atty v0.2.11
[INFO] [stderr]    Compiling memchr v1.0.2
[INFO] [stderr]     Checking rand v0.4.3
[INFO] [stderr]     Checking generic-array v0.9.0
[INFO] [stderr]    Compiling thread_local v0.3.6
[INFO] [stderr]     Checking safemem v0.3.0
[INFO] [stderr]    Compiling quick-error v1.2.2
[INFO] [stderr]    Compiling utf8-ranges v1.0.2
[INFO] [stderr]    Compiling unicode-width v0.1.5
[INFO] [stderr]     Checking base64 v0.9.3
[INFO] [stderr]    Compiling humantime v1.2.0
[INFO] [stderr]    Compiling textwrap v0.10.0
[INFO] [stderr]     Checking miniz_oxide v0.2.0
[INFO] [stderr]    Compiling nom v3.2.1
[INFO] [stderr]    Compiling bzip2-sys v0.1.7
[INFO] [stderr]    Compiling backtrace-sys v0.1.24
[INFO] [stderr]    Compiling proc-macro2 v0.3.5
[INFO] [stderr]    Compiling vec_map v0.8.1
[INFO] [stderr]    Compiling strsim v0.7.0
[INFO] [stderr]    Compiling termcolor v1.0.4
[INFO] [stderr]    Compiling ansi_term v0.11.0
[INFO] [stderr]    Compiling yaml-rust v0.3.5
[INFO] [stderr]    Compiling bindgen v0.37.4
[INFO] [stderr]    Compiling httparse v1.3.3
[INFO] [stderr]    Compiling quote v0.5.2
[INFO] [stderr]    Compiling cexpr v0.2.3
[INFO] [stderr]    Compiling clap v2.32.0
[INFO] [stderr]     Checking serde_json v1.0.33
[INFO] [stderr]     Checking digest v0.7.6
[INFO] [stderr]     Checking tokio-reactor v0.1.7
[INFO] [stderr]    Compiling which v1.0.5
[INFO] [stderr]     Checking rand_hc v0.1.0
[INFO] [stderr]     Checking rand_isaac v0.1.1
[INFO] [stderr]     Checking rand_xorshift v0.1.0
[INFO] [stderr]    Compiling void v1.0.2
[INFO] [stderr]     Checking traitobject v0.1.0
[INFO] [stderr]     Checking byte-tools v0.2.0
[INFO] [stderr]    Compiling env_logger v0.5.13
[INFO] [stderr]    Compiling peeking_take_while v0.1.2
[INFO] [stderr]    Compiling num-bigint v0.2.1
[INFO] [stderr]     Checking linked-hash-map v0.5.1
[INFO] [stderr]     Checking constant_time_eq v0.1.3
[INFO] [stderr]     Checking arrayref v0.3.5
[INFO] [stderr]     Checking block-buffer v0.3.3
[INFO] [stderr]     Checking yaml-rust v0.4.2
[INFO] [stderr]     Checking unsafe-any v0.4.2
[INFO] [stderr]     Checking flate2 v1.0.6
[INFO] [stderr]    Compiling serde_derive v1.0.81
[INFO] [stderr]     Checking crossbeam-deque v0.6.2
[INFO] [stderr]     Checking tokio-codec v0.1.1
[INFO] [stderr]    Compiling grin_secp256k1zkp v0.7.2
[INFO] [stderr]     Checking chrono v0.4.6
[INFO] [stderr]    Compiling ring v0.13.5
[INFO] [stderr]     Checking ordered-float v1.0.1
[INFO] [stderr]     Checking dtoa v0.4.3
[INFO] [stderr]    Compiling num-rational v0.2.1
[INFO] [stderr]    Compiling num-complex v0.2.1
[INFO] [stderr]     Checking odds v0.2.26
[INFO] [stderr]     Checking rustc-demangle v0.1.9
[INFO] [stderr]     Checking backtrace v0.3.9
[INFO] [stderr]     Checking arrayvec v0.3.25
[INFO] [stderr]     Checking serde_yaml v0.8.8
[INFO] [stderr]     Checking serde-value v0.5.3
[INFO] [stderr]     Checking tokio-threadpool v0.1.9
[INFO] [stderr]     Checking bzip2 v0.3.3
[INFO] [stderr]     Checking num-iter v0.1.37
[INFO] [stderr]     Checking typemap v0.3.3
[INFO] [stderr]     Checking crypto-mac v0.6.2
[INFO] [stderr]     Checking mio-uds v0.6.7
[INFO] [stderr]     Checking msdos_time v0.1.6
[INFO] [stderr]     Checking thread-id v3.3.0
[INFO] [stderr]    Compiling unicase v1.4.2
[INFO] [stderr]     Checking log-mdc v0.1.0
[INFO] [stderr]     Checking untrusted v0.6.2
[INFO] [stderr]     Checking crossbeam v0.3.2
[INFO] [stderr]     Checking podio v0.1.6
[INFO] [stderr]     Checking antidote v1.0.0
[INFO] [stderr]    Compiling failure_derive v0.1.3
[INFO] [stderr]     Checking fake-simd v0.1.2
[INFO] [stderr]     Checking same-file v1.0.4
[INFO] [stderr]     Checking zip v0.4.2
[INFO] [stderr]     Checking walkdir v2.2.7
[INFO] [stderr]     Checking sha2 v0.7.1
[INFO] [stderr]     Checking tokio-uds v0.2.4
[INFO] [stderr]     Checking hmac v0.6.3
[INFO] [stderr]     Checking tokio-fs v0.1.4
[INFO] [stderr]     Checking tokio-udp v0.1.3
[INFO] [stderr]     Checking tokio-tcp v0.1.2
[INFO] [stderr]    Compiling synstructure v0.10.1
[INFO] [stderr]    Compiling liblmdb-sys v0.2.2
[INFO] [stderr]     Checking tokio-timer v0.2.8
[INFO] [stderr]     Checking tokio-current-thread v0.1.4
[INFO] [stderr]     Checking tokio v0.1.11
[INFO] [stderr]     Checking log4rs v0.8.1
[INFO] [stderr]     Checking num v0.2.0
[INFO] [stderr]     Checking pbkdf2 v0.2.3
[INFO] [stderr]     Checking ripemd160 v0.7.0
[INFO] [stderr]     Checking blake2-rfc v0.2.18
[INFO] [stderr]     Checking grin_util v0.4.2 (/opt/rustwide/workdir/util)
[INFO] [stderr]     Checking uuid v0.6.5
[INFO] [stderr]    Compiling openssl-sys v0.9.39
[INFO] [stdout] warning: missing documentation for a macro
[INFO] [stdout]   --> util/src/macros.rs:32:1
[INFO] [stdout]    |
[INFO] [stdout] 32 | macro_rules! impl_array_newtype {
[INFO] [stdout]    | ^^^^^^^^^^^^^^^^^^^^^^^^^^^^^^^
[INFO] [stdout]    |
[INFO] [stdout] note: the lint level is defined here
[INFO] [stdout]   --> util/src/lib.rs:22:9
[INFO] [stdout]    |
[INFO] [stdout] 22 | #![warn(missing_docs)]
[INFO] [stdout]    |         ^^^^^^^^^^^^
[INFO] [stdout] 
[INFO] [stdout] 
[INFO] [stdout] warning: missing documentation for a macro
[INFO] [stdout]    --> util/src/macros.rs:168:1
[INFO] [stdout]     |
[INFO] [stdout] 168 | macro_rules! impl_array_newtype_encodable {
[INFO] [stdout]     | ^^^^^^^^^^^^^^^^^^^^^^^^^^^^^^^^^^^^^^^^^
[INFO] [stdout] 
[INFO] [stdout] 
[INFO] [stdout] warning: missing documentation for a macro
[INFO] [stdout]    --> util/src/macros.rs:222:1
[INFO] [stdout]     |
[INFO] [stdout] 222 | macro_rules! impl_array_newtype_show {
[INFO] [stdout]     | ^^^^^^^^^^^^^^^^^^^^^^^^^^^^^^^^^^^^
[INFO] [stdout] 
[INFO] [stdout] 
[INFO] [stdout] warning: missing documentation for a macro
[INFO] [stdout]    --> util/src/macros.rs:233:1
[INFO] [stdout]     |
[INFO] [stdout] 233 | macro_rules! impl_index_newtype {
[INFO] [stdout]     | ^^^^^^^^^^^^^^^^^^^^^^^^^^^^^^^
[INFO] [stdout] 
[INFO] [stdout] 
[INFO] [stdout] warning: 4 warnings emitted
[INFO] [stdout] 
[INFO] [stdout] 
[INFO] [stderr]    Compiling siphasher v0.2.3
[INFO] [stderr]     Checking linked-hash-map v0.4.2
[INFO] [stderr]     Checking failure v0.1.3
[INFO] [stderr]     Checking lru-cache v0.1.1
[INFO] [stderr]    Compiling phf_shared v0.7.23
[INFO] [stderr]     Checking grin_keychain v0.4.2 (/opt/rustwide/workdir/keychain)
[INFO] [stderr] The following warnings were emitted during compilation:
[INFO] [stderr] 
[INFO] [stderr] warning: /opt/rustwide/target/debug/build/openssl-sys-097b3685fa8c5142/out/expando.c:4:24: error: pasting "RUST_VERSION_OPENSSL_" and "(" does not give a valid preprocessing token
[INFO] [stderr] warning:     4 | #define VERSION2(n, v) RUST_VERSION_ ## n ## _ ## v
[INFO] [stderr] warning:       |                        ^~~~~~~~~~~~~
[INFO] [stderr] warning: /opt/rustwide/target/debug/build/openssl-sys-097b3685fa8c5142/out/expando.c:5:23: note: in expansion of macro 'VERSION2'
[INFO] [stderr] warning:     5 | #define VERSION(n, v) VERSION2(n, v)
[INFO] [stderr] warning:       |                       ^~~~~~~~
[INFO] [stderr] warning: /opt/rustwide/target/debug/build/openssl-sys-097b3685fa8c5142/out/expando.c:7:1: note: in expansion of macro 'VERSION'
[INFO] [stderr] warning:     7 | VERSION(OPENSSL, OPENSSL_VERSION_NUMBER)
[INFO] [stderr] warning:       | ^~~~~~~
[INFO] [stderr] 
[INFO] [stderr] error: failed to run custom build command for `openssl-sys v0.9.39`
[INFO] [stderr] note: To improve backtraces for build dependencies, set the CARGO_PROFILE_DEV_BUILD_OVERRIDE_DEBUG=true environment variable to enable debug information generation.
[INFO] [stderr] 
[INFO] [stderr] Caused by:
[INFO] [stderr]   process didn't exit successfully: `/opt/rustwide/target/debug/build/openssl-sys-aeca743484f2b425/build-script-main` (exit status: 101)
[INFO] [stderr]   --- stdout
[INFO] [stderr]   cargo:rerun-if-env-changed=X86_64_UNKNOWN_LINUX_GNU_OPENSSL_LIB_DIR
[INFO] [stderr]   cargo:rerun-if-env-changed=OPENSSL_LIB_DIR
[INFO] [stderr]   cargo:rerun-if-env-changed=X86_64_UNKNOWN_LINUX_GNU_OPENSSL_INCLUDE_DIR
[INFO] [stderr]   cargo:rerun-if-env-changed=OPENSSL_INCLUDE_DIR
[INFO] [stderr]   cargo:rerun-if-env-changed=X86_64_UNKNOWN_LINUX_GNU_OPENSSL_DIR
[INFO] [stderr]   cargo:rerun-if-env-changed=OPENSSL_DIR
[INFO] [stderr]   cargo:rustc-link-lib=ssl
[INFO] [stderr]   cargo:rustc-link-lib=crypto
[INFO] [stderr]   OPT_LEVEL = Some("0")
[INFO] [stderr]   TARGET = Some("x86_64-unknown-linux-gnu")
[INFO] [stderr]   HOST = Some("x86_64-unknown-linux-gnu")
[INFO] [stderr]   CC_x86_64-unknown-linux-gnu = None
[INFO] [stderr]   CC_x86_64_unknown_linux_gnu = None
[INFO] [stderr]   HOST_CC = None
[INFO] [stderr]   CC = None
[INFO] [stderr]   CFLAGS_x86_64-unknown-linux-gnu = None
[INFO] [stderr]   CFLAGS_x86_64_unknown_linux_gnu = None
[INFO] [stderr]   HOST_CFLAGS = None
[INFO] [stderr]   CFLAGS = None
[INFO] [stderr]   DEBUG = Some("false")
[INFO] [stderr]   running: "cc" "-O0" "-ffunction-sections" "-fdata-sections" "-fPIC" "-m64" "-Wall" "-Wextra" "-E" "/opt/rustwide/target/debug/build/openssl-sys-097b3685fa8c5142/out/expando.c"
[INFO] [stderr]   cargo:warning=/opt/rustwide/target/debug/build/openssl-sys-097b3685fa8c5142/out/expando.c:4:24: error: pasting "RUST_VERSION_OPENSSL_" and "(" does not give a valid preprocessing token
[INFO] [stderr]   cargo:warning=    4 | #define VERSION2(n, v) RUST_VERSION_ ## n ## _ ## v
[INFO] [stderr]   cargo:warning=      |                        ^~~~~~~~~~~~~
[INFO] [stderr]   cargo:warning=/opt/rustwide/target/debug/build/openssl-sys-097b3685fa8c5142/out/expando.c:5:23: note: in expansion of macro 'VERSION2'
[INFO] [stderr]   cargo:warning=    5 | #define VERSION(n, v) VERSION2(n, v)
[INFO] [stderr]   cargo:warning=      |                       ^~~~~~~~
[INFO] [stderr]   cargo:warning=/opt/rustwide/target/debug/build/openssl-sys-097b3685fa8c5142/out/expando.c:7:1: note: in expansion of macro 'VERSION'
[INFO] [stderr]   cargo:warning=    7 | VERSION(OPENSSL, OPENSSL_VERSION_NUMBER)
[INFO] [stderr]   cargo:warning=      | ^~~~~~~
[INFO] [stderr]   exit status: 1
[INFO] [stderr] 
[INFO] [stderr]   --- stderr
[INFO] [stderr]   thread 'main' panicked at '
[INFO] [stderr]   Header expansion error:
[INFO] [stderr]   Error { kind: ToolExecError, message: "Command \"cc\" \"-O0\" \"-ffunction-sections\" \"-fdata-sections\" \"-fPIC\" \"-m64\" \"-Wall\" \"-Wextra\" \"-E\" \"/opt/rustwide/target/debug/build/openssl-sys-097b3685fa8c5142/out/expando.c\" with args \"cc\" did not execute successfully (status code exit status: 1)." }
[INFO] [stderr] 
[INFO] [stderr]   Failed to find OpenSSL development headers.
[INFO] [stderr] 
[INFO] [stderr]   You can try fixing this setting the `OPENSSL_DIR` environment variable
[INFO] [stderr]   pointing to your OpenSSL installation or installing OpenSSL headers package
[INFO] [stderr]   specific to your distribution:
[INFO] [stderr] 
[INFO] [stderr]       # On Ubuntu
[INFO] [stderr]       sudo apt-get install libssl-dev
[INFO] [stderr]       # On Arch Linux
[INFO] [stderr]       sudo pacman -S openssl
[INFO] [stderr]       # On Fedora
[INFO] [stderr]       sudo dnf install openssl-devel
[INFO] [stderr] 
[INFO] [stderr]   See rust-openssl README for more information:
[INFO] [stderr] 
[INFO] [stderr]       https://github.com/sfackler/rust-openssl#linux
[INFO] [stderr]   ', /opt/rustwide/cargo-home/registry/src/github.com-1ecc6299db9ec823/openssl-sys-0.9.39/build/main.rs:432:13
[INFO] [stderr]   stack backtrace:
[INFO] [stderr]      0:     0x5636b96f6b9a - std::backtrace_rs::backtrace::libunwind::trace::ha9053a9a07ca49cb
[INFO] [stderr]                                  at /rustc/84c898d65adf2f39a5a98507f1fe0ce10a2b8dbc/library/std/src/../../backtrace/src/backtrace/libunwind.rs:93:5
[INFO] [stderr]      1:     0x5636b96f6b9a - std::backtrace_rs::backtrace::trace_unsynchronized::h9c2852a457ad564e
[INFO] [stderr]                                  at /rustc/84c898d65adf2f39a5a98507f1fe0ce10a2b8dbc/library/std/src/../../backtrace/src/backtrace/mod.rs:66:5
[INFO] [stderr]      2:     0x5636b96f6b9a - std::sys_common::backtrace::_print_fmt::h457936fbfaa0070f
[INFO] [stderr]                                  at /rustc/84c898d65adf2f39a5a98507f1fe0ce10a2b8dbc/library/std/src/sys_common/backtrace.rs:65:5
[INFO] [stderr]      3:     0x5636b96f6b9a - <std::sys_common::backtrace::_print::DisplayBacktrace as core::fmt::Display>::fmt::h5779d7bf7f70cb0c
[INFO] [stderr]                                  at /rustc/84c898d65adf2f39a5a98507f1fe0ce10a2b8dbc/library/std/src/sys_common/backtrace.rs:44:22
[INFO] [stderr]      4:     0x5636b9716cae - core::fmt::write::h5a4baaff1bcd3eb5
[INFO] [stderr]                                  at /rustc/84c898d65adf2f39a5a98507f1fe0ce10a2b8dbc/library/core/src/fmt/mod.rs:1232:17
[INFO] [stderr]      5:     0x5636b96f4075 - std::io::Write::write_fmt::h4bc1f301cb9e9cce
[INFO] [stderr]                                  at /rustc/84c898d65adf2f39a5a98507f1fe0ce10a2b8dbc/library/std/src/io/mod.rs:1684:15
[INFO] [stderr]      6:     0x5636b96f6965 - std::sys_common::backtrace::_print::h5fcdc36060f177e8
[INFO] [stderr]                                  at /rustc/84c898d65adf2f39a5a98507f1fe0ce10a2b8dbc/library/std/src/sys_common/backtrace.rs:47:5
[INFO] [stderr]      7:     0x5636b96f6965 - std::sys_common::backtrace::print::h54ca9458b876c8bf
[INFO] [stderr]                                  at /rustc/84c898d65adf2f39a5a98507f1fe0ce10a2b8dbc/library/std/src/sys_common/backtrace.rs:34:9
[INFO] [stderr]      8:     0x5636b96f833f - std::panicking::default_hook::{{closure}}::hbe471161c7664ed6
[INFO] [stderr]                                  at /rustc/84c898d65adf2f39a5a98507f1fe0ce10a2b8dbc/library/std/src/panicking.rs:271:22
[INFO] [stderr]      9:     0x5636b96f807b - std::panicking::default_hook::ha3500da57aa4ac4f
[INFO] [stderr]                                  at /rustc/84c898d65adf2f39a5a98507f1fe0ce10a2b8dbc/library/std/src/panicking.rs:290:9
[INFO] [stderr]     10:     0x5636b96f88e8 - std::panicking::rust_panic_with_hook::h50c09d000dc561d2
[INFO] [stderr]                                  at /rustc/84c898d65adf2f39a5a98507f1fe0ce10a2b8dbc/library/std/src/panicking.rs:692:13
[INFO] [stderr]     11:     0x5636b96f87e9 - std::panicking::begin_panic_handler::{{closure}}::h9e2b2176e00e0d9c
[INFO] [stderr]                                  at /rustc/84c898d65adf2f39a5a98507f1fe0ce10a2b8dbc/library/std/src/panicking.rs:583:13
[INFO] [stderr]     12:     0x5636b96f7006 - std::sys_common::backtrace::__rust_end_short_backtrace::h5739b8e512c09d02
[INFO] [stderr]                                  at /rustc/84c898d65adf2f39a5a98507f1fe0ce10a2b8dbc/library/std/src/sys_common/backtrace.rs:150:18
[INFO] [stderr]     13:     0x5636b96f84f2 - rust_begin_unwind
[INFO] [stderr]                                  at /rustc/84c898d65adf2f39a5a98507f1fe0ce10a2b8dbc/library/std/src/panicking.rs:579:5
[INFO] [stderr]     14:     0x5636b96727c3 - core::panicking::panic_fmt::hf33a1475b4dc5c3e
[INFO] [stderr]                                  at /rustc/84c898d65adf2f39a5a98507f1fe0ce10a2b8dbc/library/core/src/panicking.rs:64:14
[INFO] [stderr]     15:     0x5636b9679fef - build_script_main::validate_headers::hf974fe3438925004
[INFO] [stderr]     16:     0x5636b96808e0 - build_script_main::imp::try_pkg_config::h097f0b32202923c1
[INFO] [stderr]     17:     0x5636b967f686 - build_script_main::imp::find_openssl_dir::h12a7fc830178fe93
[INFO] [stderr]     18:     0x5636b967f4d2 - build_script_main::imp::get_openssl::{{closure}}::h0f432bd20eb385e5
[INFO] [stderr]     19:     0x5636b967d80a - core::option::Option<T>::unwrap_or_else::h13ca14dea41f0e92
[INFO] [stderr]     20:     0x5636b967f1d0 - build_script_main::imp::get_openssl::h45e2b5aa46042ee0
[INFO] [stderr]     21:     0x5636b9678a60 - build_script_main::main::hd84d9462c97a8682
[INFO] [stderr]     22:     0x5636b967c6d3 - core::ops::function::FnOnce::call_once::he118131429ab8295
[INFO] [stderr]     23:     0x5636b9676a69 - std::sys_common::backtrace::__rust_begin_short_backtrace::hcd336da339ee97ac
[INFO] [stderr]     24:     0x5636b967e129 - std::rt::lang_start::{{closure}}::hfbb615602f7ceb13
[INFO] [stderr]     25:     0x5636b96f0b5c - core::ops::function::impls::<impl core::ops::function::FnOnce<A> for &F>::call_once::hd6efcd3bec896f2c
[INFO] [stderr]                                  at /rustc/84c898d65adf2f39a5a98507f1fe0ce10a2b8dbc/library/core/src/ops/function.rs:287:13
[INFO] [stderr]     26:     0x5636b96f0b5c - std::panicking::try::do_call::hce04e543bb1f4cbb
[INFO] [stderr]                                  at /rustc/84c898d65adf2f39a5a98507f1fe0ce10a2b8dbc/library/std/src/panicking.rs:487:40
[INFO] [stderr]     27:     0x5636b96f0b5c - std::panicking::try::h3342dd4e1f680968
[INFO] [stderr]                                  at /rustc/84c898d65adf2f39a5a98507f1fe0ce10a2b8dbc/library/std/src/panicking.rs:451:19
[INFO] [stderr]     28:     0x5636b96f0b5c - std::panic::catch_unwind::h148ce1e59ac0cee7
[INFO] [stderr]                                  at /rustc/84c898d65adf2f39a5a98507f1fe0ce10a2b8dbc/library/std/src/panic.rs:140:14
[INFO] [stderr]     29:     0x5636b96f0b5c - std::rt::lang_start_internal::{{closure}}::h25f9dda2057a67fe
[INFO] [stderr]                                  at /rustc/84c898d65adf2f39a5a98507f1fe0ce10a2b8dbc/library/std/src/rt.rs:148:48
[INFO] [stderr]     30:     0x5636b96f0b5c - std::panicking::try::do_call::h7caaaeaf9401650b
[INFO] [stderr]                                  at /rustc/84c898d65adf2f39a5a98507f1fe0ce10a2b8dbc/library/std/src/panicking.rs:487:40
[INFO] [stderr]     31:     0x5636b96f0b5c - std::panicking::try::he7d15285746cbbc2
[INFO] [stderr]                                  at /rustc/84c898d65adf2f39a5a98507f1fe0ce10a2b8dbc/library/std/src/panicking.rs:451:19
[INFO] [stderr]     32:     0x5636b96f0b5c - std::panic::catch_unwind::h89fb4f50c0301fe0
[INFO] [stderr]                                  at /rustc/84c898d65adf2f39a5a98507f1fe0ce10a2b8dbc/library/std/src/panic.rs:140:14
[INFO] [stderr]     33:     0x5636b96f0b5c - std::rt::lang_start_internal::h078acd489417d3c1
[INFO] [stderr]                                  at /rustc/84c898d65adf2f39a5a98507f1fe0ce10a2b8dbc/library/std/src/rt.rs:148:20
[INFO] [stderr]     34:     0x5636b967e107 - std::rt::lang_start::he1f778dc17596485
[INFO] [stderr]     35:     0x5636b967bc25 - main
[INFO] [stderr]     36:     0x7f54992fcd90 - <unknown>
[INFO] [stderr]     37:     0x7f54992fce40 - __libc_start_main
[INFO] [stderr]     38:     0x5636b9672d45 - _start
[INFO] [stderr]     39:                0x0 - <unknown>
[INFO] [stderr] warning: build failed, waiting for other jobs to finish...
[INFO] [stdout] warning: unnecessary trailing semicolon
[INFO] [stdout]    --> keychain/src/extkey_bip32.rs:118:91
[INFO] [stdout]     |
[INFO] [stdout] 118 |         self.hmac_sha512 = HmacSha512::new_varkey(seed).expect("HMAC can take key of any size");;
[INFO] [stdout]     |                                                                                                 ^ help: remove this semicolon
[INFO] [stdout]     |
[INFO] [stdout]     = note: `#[warn(redundant_semicolons)]` on by default
[INFO] [stdout] 
[INFO] [stdout] 
[INFO] [stdout] warning: use of deprecated macro `r#try`: use the `?` operator instead
[INFO] [stdout]    --> keychain/src/extkey_bip32.rs:380:13
[INFO] [stdout]     |
[INFO] [stdout] 380 |         let key = r#try!(ExtendedPrivKey::new_master(secp, &mut hasher, &seed));
[INFO] [stdout]     |                   ^^^^^
[INFO] [stdout]     |
[INFO] [stdout]     = note: `#[warn(deprecated)]` on by default
[INFO] [stdout] 
[INFO] [stdout] 
[INFO] [stdout] warning: unnecessary braces around block return value
[INFO] [stdout]   --> keychain/src/mnemonic.rs:28:38
[INFO] [stdout]    |
[INFO] [stdout] 28 |     pub static ref WORDS: Vec<String> = { include_str!("wordlists/en.txt").split_whitespace().map(|s| s.into()).collect() };
[INFO] [stdout]    |                                         ^^                                                                               ^^
[INFO] [stdout]    |
[INFO] [stdout]    = note: `#[warn(unused_braces)]` on by default
[INFO] [stdout] help: remove these braces
[INFO] [stdout]    |
[INFO] [stdout] 28 -     pub static ref WORDS: Vec<String> = { include_str!("wordlists/en.txt").split_whitespace().map(|s| s.into()).collect() };
[INFO] [stdout] 28 +     pub static ref WORDS: Vec<String> = include_str!("wordlists/en.txt").split_whitespace().map(|s| s.into()).collect();
[INFO] [stdout]    |
[INFO] [stdout] 
[INFO] [stdout] 
[INFO] [stdout] warning: use of deprecated macro `r#try`: use the `?` operator instead
[INFO] [stdout]   --> keychain/src/mnemonic.rs:75:30
[INFO] [stdout]    |
[INFO] [stdout] 75 |     let mut indexes: Vec<u16> = r#try!(words.iter().map(|x| search(x)).collect());
[INFO] [stdout]    |                                 ^^^^^
[INFO] [stdout] 
[INFO] [stdout] 
[INFO] [stdout] warning: use of deprecated macro `r#try`: use the `?` operator instead
[INFO] [stdout]    --> keychain/src/mnemonic.rs:158:2
[INFO] [stdout]     |
[INFO] [stdout] 158 |     r#try!(to_entropy(mnemonic));
[INFO] [stdout]     |     ^^^^^
[INFO] [stdout] 
[INFO] [stdout] 
[INFO] [stdout] warning: use of deprecated macro `r#try`: use the `?` operator instead
[INFO] [stdout]    --> keychain/src/types.rs:210:3
[INFO] [stdout]     |
[INFO] [stdout] 210 |         r#try!(write!(f, "{}(", stringify!(Identifier)));
[INFO] [stdout]     |         ^^^^^
[INFO] [stdout] 
[INFO] [stdout] 
[INFO] [stdout] warning: use of deprecated macro `r#try`: use the `?` operator instead
[INFO] [stdout]    --> keychain/src/types.rs:211:3
[INFO] [stdout]     |
[INFO] [stdout] 211 |         r#try!(write!(f, "{}", self.to_hex()));
[INFO] [stdout]     |         ^^^^^
[INFO] [stdout] 
[INFO] [stdout] 
[INFO] [stdout] warning: use of deprecated method `std::error::Error::description`: use the Display impl or to_string()
[INFO] [stdout]    --> keychain/src/extkey_bip32.rs:331:41
[INFO] [stdout]     |
[INFO] [stdout] 331 |             Error::Ecdsa(ref e) => error::Error::description(e),
[INFO] [stdout]     |                                                  ^^^^^^^^^^^
[INFO] [stdout] 
[INFO] [stdout] 
[INFO] [stdout] warning: 8 warnings emitted
[INFO] [stdout] 
[INFO] [stdout] 
[INFO] running `Command { std: "docker" "inspect" "941a54d37931410383ec2f09226bf1a200945a8a1b0a3b3ebafcbf6ede66b291", kill_on_drop: false }`
[INFO] running `Command { std: "docker" "rm" "-f" "941a54d37931410383ec2f09226bf1a200945a8a1b0a3b3ebafcbf6ede66b291", kill_on_drop: false }`
[INFO] [stdout] 941a54d37931410383ec2f09226bf1a200945a8a1b0a3b3ebafcbf6ede66b291
