[INFO] cloning repository https://github.com/garfieldnate/weekend_path_tracer
[INFO] running `Command { std: "git" "-c" "credential.helper=" "-c" "credential.helper=/workspace/cargo-home/bin/git-credential-null" "clone" "--bare" "https://github.com/garfieldnate/weekend_path_tracer" "/workspace/cache/git-repos/https%3A%2F%2Fgithub.com%2Fgarfieldnate%2Fweekend_path_tracer", kill_on_drop: false }`
[INFO] [stderr] Cloning into bare repository '/workspace/cache/git-repos/https%3A%2F%2Fgithub.com%2Fgarfieldnate%2Fweekend_path_tracer'...
[INFO] running `Command { std: "git" "rev-parse" "HEAD", kill_on_drop: false }`
[INFO] [stdout] 48375dddab4a8edc58eee1548e9deb2fd2ca3fc6
[INFO] documenting garfieldnate/weekend_path_tracer against 1.69.0 for beta-1.70-rustdoc-1
[INFO] running `Command { std: "git" "clone" "/workspace/cache/git-repos/https%3A%2F%2Fgithub.com%2Fgarfieldnate%2Fweekend_path_tracer" "/workspace/builds/worker-4-tc1/source", kill_on_drop: false }`
[INFO] [stderr] Cloning into '/workspace/builds/worker-4-tc1/source'...
[INFO] [stderr] done.
[INFO] validating manifest of git repo https://github.com/garfieldnate/weekend_path_tracer on toolchain 1.69.0
[INFO] running `Command { std: CARGO_HOME="/workspace/cargo-home" RUSTUP_HOME="/workspace/rustup-home" "/workspace/cargo-home/bin/cargo" "+1.69.0" "metadata" "--manifest-path" "Cargo.toml" "--no-deps", kill_on_drop: false }`
[INFO] started tweaking git repo https://github.com/garfieldnate/weekend_path_tracer
[INFO] finished tweaking git repo https://github.com/garfieldnate/weekend_path_tracer
[INFO] tweaked toml for git repo https://github.com/garfieldnate/weekend_path_tracer written to /workspace/builds/worker-4-tc1/source/Cargo.toml
[INFO] crate git repo https://github.com/garfieldnate/weekend_path_tracer already has a lockfile, it will not be regenerated
[INFO] running `Command { std: CARGO_HOME="/workspace/cargo-home" RUSTUP_HOME="/workspace/rustup-home" "/workspace/cargo-home/bin/cargo" "+1.69.0" "fetch" "--manifest-path" "Cargo.toml", kill_on_drop: false }`
[INFO] [stderr]  Downloading crates ...
[INFO] [stderr]   Downloaded termios v0.3.2
[INFO] [stderr]   Downloaded minifb v0.16.0
[INFO] [stderr]   Downloaded tiff v0.4.0
[INFO] [stderr]   Downloaded wayland-sys v0.25.0
[INFO] [stderr]   Downloaded xkbcommon-sys v0.7.4
[INFO] [stderr]   Downloaded png v0.16.3
[INFO] [stderr]   Downloaded wayland-cursor v0.25.0
[INFO] [stderr]   Downloaded wayland-commons v0.25.0
[INFO] [stderr]   Downloaded dyn-clone v1.0.1
[INFO] [stderr]   Downloaded terminal_size v0.1.12
[INFO] [stderr]   Downloaded wayland-scanner v0.25.0
[INFO] [stderr]   Downloaded console v0.11.2
[INFO] [stderr]   Downloaded wayland-client v0.25.0
[INFO] [stderr]   Downloaded wayland-protocols v0.25.0
[INFO] [stderr]   Downloaded image v0.23.4
[INFO] running `Command { std: "docker" "create" "-v" "/var/lib/crater-agent-workspace/builds/worker-4-tc1/target:/opt/rustwide/target:rw,Z" "-v" "/var/lib/crater-agent-workspace/builds/worker-4-tc1/source:/opt/rustwide/workdir:ro,Z" "-v" "/var/lib/crater-agent-workspace/cargo-home:/opt/rustwide/cargo-home:ro,Z" "-v" "/var/lib/crater-agent-workspace/rustup-home:/opt/rustwide/rustup-home:ro,Z" "-e" "SOURCE_DIR=/opt/rustwide/workdir" "-e" "CARGO_TARGET_DIR=/opt/rustwide/target" "-e" "CARGO_HOME=/opt/rustwide/cargo-home" "-e" "RUSTUP_HOME=/opt/rustwide/rustup-home" "-w" "/opt/rustwide/workdir" "-m" "1610612736" "--user" "0:0" "--network" "none" "ghcr.io/rust-lang/crates-build-env/linux@sha256:5ff2268d62e97bff2cde7d5815dd6ed5b47097566f13b8d0ca110b04b60e07ed" "/opt/rustwide/cargo-home/bin/cargo" "+1.69.0" "metadata" "--no-deps" "--format-version=1", kill_on_drop: false }`
[INFO] [stdout] 6b8fd6484f5b57cd2c53afea211e193aff493fccf5201fe82f37e0cd343641e0
[INFO] running `Command { std: "docker" "start" "-a" "6b8fd6484f5b57cd2c53afea211e193aff493fccf5201fe82f37e0cd343641e0", kill_on_drop: false }`
[INFO] running `Command { std: "docker" "inspect" "6b8fd6484f5b57cd2c53afea211e193aff493fccf5201fe82f37e0cd343641e0", kill_on_drop: false }`
[INFO] running `Command { std: "docker" "rm" "-f" "6b8fd6484f5b57cd2c53afea211e193aff493fccf5201fe82f37e0cd343641e0", kill_on_drop: false }`
[INFO] [stdout] 6b8fd6484f5b57cd2c53afea211e193aff493fccf5201fe82f37e0cd343641e0
[INFO] running `Command { std: "docker" "create" "-v" "/var/lib/crater-agent-workspace/builds/worker-4-tc1/target:/opt/rustwide/target:rw,Z" "-v" "/var/lib/crater-agent-workspace/builds/worker-4-tc1/source:/opt/rustwide/workdir:ro,Z" "-v" "/var/lib/crater-agent-workspace/cargo-home:/opt/rustwide/cargo-home:ro,Z" "-v" "/var/lib/crater-agent-workspace/rustup-home:/opt/rustwide/rustup-home:ro,Z" "-e" "SOURCE_DIR=/opt/rustwide/workdir" "-e" "CARGO_TARGET_DIR=/opt/rustwide/target" "-e" "CARGO_INCREMENTAL=0" "-e" "RUST_BACKTRACE=full" "-e" "RUSTFLAGS=--cap-lints=warn" "-e" "RUSTDOCFLAGS=--cap-lints=warn" "-e" "CARGO_HOME=/opt/rustwide/cargo-home" "-e" "RUSTUP_HOME=/opt/rustwide/rustup-home" "-w" "/opt/rustwide/workdir" "-m" "1610612736" "--user" "0:0" "--network" "none" "ghcr.io/rust-lang/crates-build-env/linux@sha256:5ff2268d62e97bff2cde7d5815dd6ed5b47097566f13b8d0ca110b04b60e07ed" "/opt/rustwide/cargo-home/bin/cargo" "+1.69.0" "doc" "--frozen" "--no-deps" "--document-private-items" "--message-format=json", kill_on_drop: false }`
[INFO] [stdout] e669a42ddea2724ca6eb601113f8cb4563fd3bc12aff18c6d56d211bb17e60ec
[INFO] running `Command { std: "docker" "start" "-a" "e669a42ddea2724ca6eb601113f8cb4563fd3bc12aff18c6d56d211bb17e60ec", kill_on_drop: false }`
[INFO] [stderr]    Compiling autocfg v1.0.0
[INFO] [stderr]    Compiling libc v0.2.69
[INFO] [stderr]    Compiling proc-macro2 v1.0.10
[INFO] [stderr]    Compiling cc v1.0.52
[INFO] [stderr]    Compiling maybe-uninit v2.0.0
[INFO] [stderr]    Compiling unicode-xid v0.2.0
[INFO] [stderr]    Compiling xml-rs v0.8.3
[INFO] [stderr]    Compiling pkg-config v0.3.17
[INFO] [stderr]    Compiling byteorder v1.3.4
[INFO] [stderr]    Compiling crossbeam-utils v0.7.2
[INFO] [stderr]    Compiling memoffset v0.5.4
[INFO] [stderr]    Compiling crossbeam-epoch v0.8.2
[INFO] [stderr]     Checking scopeguard v1.1.0
[INFO] [stderr]    Compiling nix v0.17.0
[INFO] [stderr]    Compiling quote v1.0.3
[INFO] [stderr]    Compiling getrandom v0.1.14
[INFO] [stderr]    Compiling num-traits v0.2.11
[INFO] [stderr]    Compiling libloading v0.5.2
[INFO] [stderr]    Compiling semver-parser v0.7.0
[INFO] [stderr]    Compiling wayland-scanner v0.25.0
[INFO] [stderr]     Checking void v1.0.2
[INFO] [stderr]     Checking adler32 v1.0.4
[INFO] [stderr]    Compiling rayon-core v1.7.0
[INFO] [stderr]    Compiling semver v0.9.0
[INFO] [stderr]     Checking crossbeam-queue v0.2.1
[INFO] [stderr]     Checking num_cpus v1.13.0
[INFO] [stderr]     Checking dlib v0.4.1
[INFO] [stderr]    Compiling num-integer v0.1.42
[INFO] [stderr]     Checking wayland-sys v0.25.0
[INFO] [stderr]     Checking crossbeam-deque v0.7.3
[INFO] [stderr]     Checking once_cell v1.3.1
[INFO] [stderr]     Checking smallvec v1.4.0
[INFO] [stderr]     Checking rand_core v0.5.1
[INFO] [stderr]    Compiling rustc_version v0.2.3
[INFO] [stderr]    Compiling xkbcommon-sys v0.7.4
[INFO] [stderr]     Checking either v1.5.3
[INFO] [stderr]     Checking downcast-rs v1.1.1
[INFO] [stderr]     Checking ppv-lite86 v0.2.6
[INFO] [stderr]    Compiling crc32fast v1.2.0
[INFO] [stderr]     Checking scoped-tls v1.0.0
[INFO] [stderr]     Checking rayon v1.3.0
[INFO] [stderr]    Compiling cast v0.2.3
[INFO] [stderr]    Compiling x11-dl v2.18.5
[INFO] [stderr]     Checking rand_chacha v0.2.2
[INFO] [stderr]    Compiling num-iter v0.1.40
[INFO] [stderr]    Compiling num-rational v0.2.4
[INFO] [stderr]     Checking regex-syntax v0.6.17
[INFO] [stderr]     Checking lzw v0.10.0
[INFO] [stderr]     Checking rand v0.7.3
[INFO] [stderr]    Compiling wayland-client v0.25.0
[INFO] [stderr]    Compiling wayland-protocols v0.25.0
[INFO] [stderr]     Checking deflate v0.8.4
[INFO] [stderr]     Checking termios v0.3.2
[INFO] [stderr]     Checking terminal_size v0.1.12
[INFO] [stderr]     Checking miniz_oxide v0.3.6
[INFO] [stderr]     Checking inflate v0.4.5
[INFO] [stderr]     Checking regex v1.3.7
[INFO] [stderr]    Compiling minifb v0.16.0
[INFO] [stderr]     Checking color_quant v1.0.1
[INFO] [stderr]     Checking unicode-width v0.1.7
[INFO] [stderr]     Checking remove_dir_all v0.5.2
[INFO] [stderr]     Checking gif v0.10.3
[INFO] [stderr]     Checking tiff v0.4.0
[INFO] [stderr]     Checking wayland-commons v0.25.0
[INFO] [stderr]     Checking jpeg-decoder v0.1.19
[INFO] [stderr]     Checking tempfile v3.1.0
[INFO] [stderr]     Checking console v0.11.2
[INFO] [stderr]     Checking png v0.16.3
[INFO] [stderr]     Checking xkb v0.2.1
[INFO] [stderr]     Checking time v0.1.43
[INFO] [stderr]     Checking raw-window-handle v0.3.3
[INFO] [stderr]     Checking number_prefix v0.3.0
[INFO] [stderr]     Checking bytemuck v1.2.0
[INFO] [stderr]     Checking scoped_threadpool v0.1.9
[INFO] [stderr]     Checking indicatif v0.14.0
[INFO] [stderr]     Checking dyn-clone v1.0.1
[INFO] [stderr]     Checking image v0.23.4
[INFO] [stderr]     Checking wayland-cursor v0.25.0
[INFO] [stderr]  Documenting weekend_path_tracer v0.1.0 (/opt/rustwide/workdir)
[INFO] [stderr]     Checking weekend_path_tracer v0.1.0 (/opt/rustwide/workdir)
[INFO] [stdout] error[E0412]: cannot find type `ImageBuffer` in this scope
[INFO] [stdout]   --> src/texture.rs:82:11
[INFO] [stdout]    |
[INFO] [stdout] 82 |     data: ImageBuffer<Rgb<u8>, Vec<u8>>
[INFO] [stdout]    |           ^^^^^^^^^^^ not found in this scope
[INFO] [stdout]    |
[INFO] [stdout] help: consider importing one of these items
[INFO] [stdout]    |
[INFO] [stdout] 1  | use crate::texture::image::ImageBuffer;
[INFO] [stdout]    |
[INFO] [stdout] 1  | use image::ImageBuffer;
[INFO] [stdout]    |
[INFO] [stdout] 
[INFO] [stdout] 
[INFO] [stdout] error[E0412]: cannot find type `Rgb` in this scope
[INFO] [stdout]   --> src/texture.rs:82:23
[INFO] [stdout]    |
[INFO] [stdout] 82 |     data: ImageBuffer<Rgb<u8>, Vec<u8>>
[INFO] [stdout]    |                       ^^^ not found in this scope
[INFO] [stdout]    |
[INFO] [stdout] help: consider importing one of these items
[INFO] [stdout]    |
[INFO] [stdout] 1  | use crate::texture::image::Rgb;
[INFO] [stdout]    |
[INFO] [stdout] 1  | use image::Rgb;
[INFO] [stdout]    |
[INFO] [stdout] 
[INFO] [stdout] 
[INFO] [stdout] warning: unnecessary parentheses around `if` condition
[INFO] [stdout]    --> src/texture.rs:116:24
[INFO] [stdout]     |
[INFO] [stdout] 116 |             let i = if (i >= width)  {width-1} else {i};
[INFO] [stdout]     |                        ^          ^
[INFO] [stdout]     |
[INFO] [stdout]     = note: `#[warn(unused_parens)]` on by default
[INFO] [stdout] help: remove these parentheses
[INFO] [stdout]     |
[INFO] [stdout] 116 -             let i = if (i >= width)  {width-1} else {i};
[INFO] [stdout] 116 +             let i = if i >= width  {width-1} else {i};
[INFO] [stdout]     |
[INFO] [stdout] 
[INFO] [stdout] 
[INFO] [stdout] warning: unnecessary parentheses around `if` condition
[INFO] [stdout]    --> src/texture.rs:117:24
[INFO] [stdout]     |
[INFO] [stdout] 117 |             let j = if (j >= height) {j = height-1} else {j};
[INFO] [stdout]     |                        ^           ^
[INFO] [stdout]     |
[INFO] [stdout] help: remove these parentheses
[INFO] [stdout]     |
[INFO] [stdout] 117 -             let j = if (j >= height) {j = height-1} else {j};
[INFO] [stdout] 117 +             let j = if j >= height {j = height-1} else {j};
[INFO] [stdout]     |
[INFO] [stdout] 
[INFO] [stdout] 
[INFO] [stdout] error[E0412]: cannot find type `ImageBuffer` in this scope
[INFO] [stdout]   --> src/texture.rs:82:11
[INFO] [stdout]    |
[INFO] [stdout] 82 |     data: ImageBuffer<Rgb<u8>, Vec<u8>>
[INFO] [stdout]    |           ^^^^^^^^^^^ not found in this scope
[INFO] [stdout]    |
[INFO] [stdout] help: consider importing one of these items
[INFO] [stdout]    |
[INFO] [stdout] 1  | use crate::texture::image::ImageBuffer;
[INFO] [stdout]    |
[INFO] [stdout] 1  | use image::ImageBuffer;
[INFO] [stdout]    |
[INFO] [stdout] 
[INFO] [stdout] 
[INFO] [stdout] error[E0412]: cannot find type `Rgb` in this scope
[INFO] [stdout]   --> src/texture.rs:82:23
[INFO] [stdout]    |
[INFO] [stdout] 82 |     data: ImageBuffer<Rgb<u8>, Vec<u8>>
[INFO] [stdout]    |                       ^^^ not found in this scope
[INFO] [stdout]    |
[INFO] [stdout] help: consider importing one of these items
[INFO] [stdout]    |
[INFO] [stdout] 1  | use crate::texture::image::Rgb;
[INFO] [stdout]    |
[INFO] [stdout] 1  | use image::Rgb;
[INFO] [stdout]    |
[INFO] [stdout] 
[INFO] [stdout] 
[INFO] [stdout] error[E0425]: cannot find value `nullptr` in this scope
[INFO] [stdout]    --> src/texture.rs:104:29
[INFO] [stdout]     |
[INFO] [stdout] 104 |             if self.data == nullptr {
[INFO] [stdout]     |                             ^^^^^^^ not found in this scope
[INFO] [stdout] 
[INFO] [stdout] 
[INFO] [stdout] error[E0425]: cannot find value `width` in this scope
[INFO] [stdout]    --> src/texture.rs:112:26
[INFO] [stdout]     |
[INFO] [stdout] 112 |             let i = (u * width) as usize;
[INFO] [stdout]     |                          ^^^^^ not found in this scope
[INFO] [stdout] 
[INFO] [stdout] 
[INFO] [stdout] error[E0425]: cannot find value `height` in this scope
[INFO] [stdout]    --> src/texture.rs:113:26
[INFO] [stdout]     |
[INFO] [stdout] 113 |             let j = (v * height) as usize;
[INFO] [stdout]     |                          ^^^^^^ not found in this scope
[INFO] [stdout] 
[INFO] [stdout] 
[INFO] [stdout] error[E0425]: cannot find value `width` in this scope
[INFO] [stdout]    --> src/texture.rs:116:30
[INFO] [stdout]     |
[INFO] [stdout] 116 |             let i = if (i >= width)  {width-1} else {i};
[INFO] [stdout]     |                              ^^^^^ not found in this scope
[INFO] [stdout] 
[INFO] [stdout] 
[INFO] [stdout] error[E0425]: cannot find value `width` in this scope
[INFO] [stdout]    --> src/texture.rs:116:39
[INFO] [stdout]     |
[INFO] [stdout] 116 |             let i = if (i >= width)  {width-1} else {i};
[INFO] [stdout]     |                                       ^^^^^ not found in this scope
[INFO] [stdout] 
[INFO] [stdout] 
[INFO] [stdout] error[E0425]: cannot find value `height` in this scope
[INFO] [stdout]    --> src/texture.rs:117:30
[INFO] [stdout]     |
[INFO] [stdout] 117 |             let j = if (j >= height) {j = height-1} else {j};
[INFO] [stdout]     |                              ^^^^^^ not found in this scope
[INFO] [stdout] 
[INFO] [stdout] 
[INFO] [stdout] error[E0425]: cannot find value `height` in this scope
[INFO] [stdout]    --> src/texture.rs:117:43
[INFO] [stdout]     |
[INFO] [stdout] 117 |             let j = if (j >= height) {j = height-1} else {j};
[INFO] [stdout]     |                                           ^^^^^^ not found in this scope
[INFO] [stdout] 
[INFO] [stdout] 
[INFO] [stdout] warning: unnecessary parentheses around `if` condition
[INFO] [stdout]    --> src/texture.rs:116:24
[INFO] [stdout]     |
[INFO] [stdout] 116 |             let i = if (i >= width)  {width-1} else {i};
[INFO] [stdout]     |                        ^          ^
[INFO] [stdout]     |
[INFO] [stdout]     = note: `#[warn(unused_parens)]` on by default
[INFO] [stdout] help: remove these parentheses
[INFO] [stdout]     |
[INFO] [stdout] 116 -             let i = if (i >= width)  {width-1} else {i};
[INFO] [stdout] 116 +             let i = if i >= width  {width-1} else {i};
[INFO] [stdout]     |
[INFO] [stdout] 
[INFO] [stdout] 
[INFO] [stdout] warning: unnecessary parentheses around `if` condition
[INFO] [stdout]    --> src/texture.rs:117:24
[INFO] [stdout]     |
[INFO] [stdout] 117 |             let j = if (j >= height) {j = height-1} else {j};
[INFO] [stdout]     |                        ^           ^
[INFO] [stdout]     |
[INFO] [stdout] help: remove these parentheses
[INFO] [stdout]     |
[INFO] [stdout] 117 -             let j = if (j >= height) {j = height-1} else {j};
[INFO] [stdout] 117 +             let j = if j >= height {j = height-1} else {j};
[INFO] [stdout]     |
[INFO] [stdout] 
[INFO] [stdout] 
[INFO] [stdout] error: aborting due to 2 previous errors; 2 warnings emitted
[INFO] [stdout] 
[INFO] [stdout] 
[INFO] [stdout] For more information about this error, try `rustc --explain E0412`.
[INFO] [stdout] 
[INFO] [stderr] error: could not document `weekend_path_tracer`
[INFO] [stderr] 
[INFO] [stderr] Caused by:
[INFO] [stderr]   process didn't exit successfully: `rustdoc --edition=2018 --crate-type lib --crate-name weekend_path_tracer src/lib.rs -o /opt/rustwide/target/doc --error-format=json --json=diagnostic-rendered-ansi,artifacts,future-incompat --document-private-items -C metadata=53065df10068c518 -L dependency=/opt/rustwide/target/debug/deps --extern dyn_clone=/opt/rustwide/target/debug/deps/libdyn_clone-d914ba8e4688d4e0.rmeta --extern image=/opt/rustwide/target/debug/deps/libimage-d39dc954ee010774.rmeta --extern indicatif=/opt/rustwide/target/debug/deps/libindicatif-9221ca0de0a2669c.rmeta --extern minifb=/opt/rustwide/target/debug/deps/libminifb-30caa3b251838e77.rmeta --extern rand=/opt/rustwide/target/debug/deps/librand-a18bb71c2422f248.rmeta --extern rayon=/opt/rustwide/target/debug/deps/librayon-1432d1742c895bdf.rmeta --cap-lints=warn --crate-version 0.1.0` (exit status: 1)
[INFO] [stderr] warning: build failed, waiting for other jobs to finish...
[INFO] [stdout] error[E0308]: mismatched types
[INFO] [stdout]   --> src/texture.rs:86:44
[INFO] [stdout]    |
[INFO] [stdout] 86 |     pub fn new<P: AsRef<Path>>(path: P) -> Self {
[INFO] [stdout]    |            ---                             ^^^^ expected `ImageTexture`, found `()`
[INFO] [stdout]    |            |
[INFO] [stdout]    |            implicitly returns `()` as its body has no tail or `return` expression
[INFO] [stdout] 
[INFO] [stdout] 
[INFO] [stdout] error[E0425]: cannot find function `color` in this scope
[INFO] [stdout]    --> src/texture.rs:105:24
[INFO] [stdout]     |
[INFO] [stdout] 105 |                 return color(0,1,1);
[INFO] [stdout]     |                        ^^^^^ not found in this scope
[INFO] [stdout] 
[INFO] [stdout] 
[INFO] [stdout] error: aborting due to 11 previous errors; 2 warnings emitted
[INFO] [stdout] 
[INFO] [stdout] 
[INFO] [stdout] Some errors have detailed explanations: E0308, E0412, E0425.
[INFO] [stdout] 
[INFO] [stdout] For more information about an error, try `rustc --explain E0308`.
[INFO] [stdout] 
[INFO] [stderr] error: could not compile `weekend_path_tracer` due to 12 previous errors; 2 warnings emitted
[INFO] running `Command { std: "docker" "inspect" "e669a42ddea2724ca6eb601113f8cb4563fd3bc12aff18c6d56d211bb17e60ec", kill_on_drop: false }`
[INFO] running `Command { std: "docker" "rm" "-f" "e669a42ddea2724ca6eb601113f8cb4563fd3bc12aff18c6d56d211bb17e60ec", kill_on_drop: false }`
[INFO] [stdout] e669a42ddea2724ca6eb601113f8cb4563fd3bc12aff18c6d56d211bb17e60ec
