[INFO] cloning repository https://github.com/gamma-delta/wgj_210
[INFO] running `Command { std: "git" "-c" "credential.helper=" "-c" "credential.helper=/workspace/cargo-home/bin/git-credential-null" "clone" "--bare" "https://github.com/gamma-delta/wgj_210" "/workspace/cache/git-repos/https%3A%2F%2Fgithub.com%2Fgamma-delta%2Fwgj_210", kill_on_drop: false }`
[INFO] [stderr] Cloning into bare repository '/workspace/cache/git-repos/https%3A%2F%2Fgithub.com%2Fgamma-delta%2Fwgj_210'...
[INFO] running `Command { std: "git" "rev-parse" "HEAD", kill_on_drop: false }`
[INFO] [stdout] 9ff08dc3c23c4d95fd64d234ba2f1f190f6f1132
[INFO] documenting gamma-delta/wgj_210 against 1.69.0 for beta-1.70-rustdoc-1
[INFO] running `Command { std: "git" "clone" "/workspace/cache/git-repos/https%3A%2F%2Fgithub.com%2Fgamma-delta%2Fwgj_210" "/workspace/builds/worker-2-tc1/source", kill_on_drop: false }`
[INFO] [stderr] Cloning into '/workspace/builds/worker-2-tc1/source'...
[INFO] [stderr] done.
[INFO] validating manifest of git repo https://github.com/gamma-delta/wgj_210 on toolchain 1.69.0
[INFO] running `Command { std: CARGO_HOME="/workspace/cargo-home" RUSTUP_HOME="/workspace/rustup-home" "/workspace/cargo-home/bin/cargo" "+1.69.0" "metadata" "--manifest-path" "Cargo.toml" "--no-deps", kill_on_drop: false }`
[INFO] started tweaking git repo https://github.com/gamma-delta/wgj_210
[INFO] finished tweaking git repo https://github.com/gamma-delta/wgj_210
[INFO] tweaked toml for git repo https://github.com/gamma-delta/wgj_210 written to /workspace/builds/worker-2-tc1/source/Cargo.toml
[INFO] crate git repo https://github.com/gamma-delta/wgj_210 already has a lockfile, it will not be regenerated
[INFO] running `Command { std: CARGO_HOME="/workspace/cargo-home" RUSTUP_HOME="/workspace/rustup-home" "/workspace/cargo-home/bin/cargo" "+1.69.0" "fetch" "--manifest-path" "Cargo.toml", kill_on_drop: false }`
[INFO] [stderr]  Downloading crates ...
[INFO] [stderr]   Downloaded enum-map v1.1.1
[INFO] [stderr]   Downloaded sapp-jsutils v0.1.5
[INFO] [stderr]   Downloaded smithay-clipboard v0.6.4
[INFO] [stderr]   Downloaded quad-wasmnastics v0.2.1
[INFO] [stderr]   Downloaded x11-clipboard v0.5.2
[INFO] [stderr]   Downloaded cogs-gamedev v0.8.0
[INFO] [stderr]   Downloaded enum-map-derive v0.6.0
[INFO] [stderr]   Downloaded smithay-client-toolkit v0.14.0
[INFO] running `Command { std: "docker" "create" "-v" "/var/lib/crater-agent-workspace/builds/worker-2-tc1/target:/opt/rustwide/target:rw,Z" "-v" "/var/lib/crater-agent-workspace/builds/worker-2-tc1/source:/opt/rustwide/workdir:ro,Z" "-v" "/var/lib/crater-agent-workspace/cargo-home:/opt/rustwide/cargo-home:ro,Z" "-v" "/var/lib/crater-agent-workspace/rustup-home:/opt/rustwide/rustup-home:ro,Z" "-e" "SOURCE_DIR=/opt/rustwide/workdir" "-e" "CARGO_TARGET_DIR=/opt/rustwide/target" "-e" "CARGO_HOME=/opt/rustwide/cargo-home" "-e" "RUSTUP_HOME=/opt/rustwide/rustup-home" "-w" "/opt/rustwide/workdir" "-m" "1610612736" "--user" "0:0" "--network" "none" "ghcr.io/rust-lang/crates-build-env/linux@sha256:5ff2268d62e97bff2cde7d5815dd6ed5b47097566f13b8d0ca110b04b60e07ed" "/opt/rustwide/cargo-home/bin/cargo" "+1.69.0" "metadata" "--no-deps" "--format-version=1", kill_on_drop: false }`
[INFO] [stdout] 50a998938e108241d1c3f61ef1365d77896eb26dbcf7ede109b50336f6eb655b
[INFO] running `Command { std: "docker" "start" "-a" "50a998938e108241d1c3f61ef1365d77896eb26dbcf7ede109b50336f6eb655b", kill_on_drop: false }`
[INFO] running `Command { std: "docker" "inspect" "50a998938e108241d1c3f61ef1365d77896eb26dbcf7ede109b50336f6eb655b", kill_on_drop: false }`
[INFO] running `Command { std: "docker" "rm" "-f" "50a998938e108241d1c3f61ef1365d77896eb26dbcf7ede109b50336f6eb655b", kill_on_drop: false }`
[INFO] [stdout] 50a998938e108241d1c3f61ef1365d77896eb26dbcf7ede109b50336f6eb655b
[INFO] running `Command { std: "docker" "create" "-v" "/var/lib/crater-agent-workspace/builds/worker-2-tc1/target:/opt/rustwide/target:rw,Z" "-v" "/var/lib/crater-agent-workspace/builds/worker-2-tc1/source:/opt/rustwide/workdir:ro,Z" "-v" "/var/lib/crater-agent-workspace/cargo-home:/opt/rustwide/cargo-home:ro,Z" "-v" "/var/lib/crater-agent-workspace/rustup-home:/opt/rustwide/rustup-home:ro,Z" "-e" "SOURCE_DIR=/opt/rustwide/workdir" "-e" "CARGO_TARGET_DIR=/opt/rustwide/target" "-e" "CARGO_INCREMENTAL=0" "-e" "RUST_BACKTRACE=full" "-e" "RUSTFLAGS=--cap-lints=warn" "-e" "RUSTDOCFLAGS=--cap-lints=warn" "-e" "CARGO_HOME=/opt/rustwide/cargo-home" "-e" "RUSTUP_HOME=/opt/rustwide/rustup-home" "-w" "/opt/rustwide/workdir" "-m" "1610612736" "--user" "0:0" "--network" "none" "ghcr.io/rust-lang/crates-build-env/linux@sha256:5ff2268d62e97bff2cde7d5815dd6ed5b47097566f13b8d0ca110b04b60e07ed" "/opt/rustwide/cargo-home/bin/cargo" "+1.69.0" "doc" "--frozen" "--no-deps" "--document-private-items" "--message-format=json", kill_on_drop: false }`
[INFO] [stdout] 2e4aec477c25a82cdf22992f306d45e00886714be93e55ae9bf5d2f8666948ce
[INFO] running `Command { std: "docker" "start" "-a" "2e4aec477c25a82cdf22992f306d45e00886714be93e55ae9bf5d2f8666948ce", kill_on_drop: false }`
[INFO] [stderr]    Compiling libc v0.2.98
[INFO] [stderr]    Compiling syn v1.0.73
[INFO] [stderr]     Checking once_cell v1.8.0
[INFO] [stderr]    Compiling wayland-sys v0.28.6
[INFO] [stderr]    Compiling alsa-sys v0.3.1
[INFO] [stderr]     Checking nom v6.1.2
[INFO] [stderr]     Checking instant v0.1.10
[INFO] [stderr]    Compiling miniz_oxide v0.4.4
[INFO] [stderr]    Compiling wayland-scanner v0.28.6
[INFO] [stderr]    Compiling cpal v0.13.3
[INFO] [stderr]    Compiling sapp-linux v0.1.13
[INFO] [stderr]     Checking tinyvec v1.3.0
[INFO] [stderr]     Checking ogg v0.8.0
[INFO] [stderr]    Compiling ahash v0.7.4
[INFO] [stderr]    Compiling anyhow v1.0.42
[INFO] [stderr]     Checking hashbrown v0.9.1
[INFO] [stderr]     Checking ttf-parser v0.12.3
[INFO] [stderr]     Checking hound v3.4.0
[INFO] [stderr]     Checking bytemuck v1.7.0
[INFO] [stderr]     Checking itertools v0.10.1
[INFO] [stderr]     Checking bumpalo v3.7.0
[INFO] [stderr]     Checking image v0.23.14
[INFO] [stderr]    Compiling macroquad_macro v0.1.5
[INFO] [stderr]     Checking glam v0.14.0
[INFO] [stderr]     Checking lewton v0.10.2
[INFO] [stderr]     Checking fontdue v0.5.2
[INFO] [stderr]    Compiling wayland-client v0.28.6
[INFO] [stderr]    Compiling wayland-protocols v0.28.6
[INFO] [stderr]     Checking xcursor v0.3.3
[INFO] [stderr]     Checking nix v0.20.0
[INFO] [stderr]     Checking getrandom v0.2.3
[INFO] [stderr]     Checking parking_lot_core v0.8.3
[INFO] [stderr]     Checking memmap2 v0.2.3
[INFO] [stderr]     Checking dirs-sys v0.3.6
[INFO] [stderr]     Checking flate2 v1.0.20
[INFO] [stderr]     Checking dirs v3.0.2
[INFO] [stderr]     Checking rand_core v0.6.3
[INFO] [stderr]     Checking parking_lot v0.11.1
[INFO] [stderr]    Compiling xcb v0.9.0
[INFO] [stderr]     Checking rand_chacha v0.3.1
[INFO] [stderr]     Checking rand v0.8.4
[INFO] [stderr]     Checking miniquad v0.3.0-alpha.37
[INFO] [stderr]     Checking quad-rand v0.2.1
[INFO] [stderr]     Checking wayland-commons v0.28.6
[INFO] [stderr]     Checking alsa v0.5.0
[INFO] [stderr]    Compiling serde_derive v1.0.126
[INFO] [stderr]    Compiling thiserror-impl v1.0.26
[INFO] [stderr]    Compiling enum-map-derive v0.6.0
[INFO] [stderr]     Checking wayland-cursor v0.28.6
[INFO] [stderr]     Checking enum-map v1.1.1
[INFO] [stderr]     Checking thiserror v1.0.26
[INFO] [stderr]     Checking rodio v0.13.1
[INFO] [stderr]     Checking macroquad v0.3.7
[INFO] [stderr]     Checking serde v1.0.126
[INFO] [stderr]     Checking x11-clipboard v0.5.2
[INFO] [stderr]     Checking bincode v1.3.3
[INFO] [stderr]     Checking toml v0.5.8
[INFO] [stderr]     Checking cogs-gamedev v0.8.0
[INFO] [stderr]     Checking smithay-client-toolkit v0.14.0
[INFO] [stderr]     Checking smithay-clipboard v0.6.4
[INFO] [stderr]     Checking copypasta v0.7.1
[INFO] [stderr]     Checking quad-wasmnastics v0.2.1
[INFO] [stdout] error[E0554]: `#![feature]` may not be used on the stable release channel
[INFO] [stdout]  --> /opt/rustwide/cargo-home/registry/src/github.com-1ecc6299db9ec823/quad-wasmnastics-0.2.1/src/lib.rs:2:1
[INFO] [stdout]   |
[INFO] [stdout] 2 | #![feature(concat_idents)]
[INFO] [stdout]   | ^^^^^^^^^^^^^^^^^^^^^^^^^^
[INFO] [stdout] 
[INFO] [stdout] 
[INFO] [stdout] error[E0554]: `#![feature]` may not be used on the stable release channel
[INFO] [stdout]  --> /opt/rustwide/cargo-home/registry/src/github.com-1ecc6299db9ec823/quad-wasmnastics-0.2.1/src/lib.rs:3:1
[INFO] [stdout]   |
[INFO] [stdout] 3 | #![feature(try_blocks)]
[INFO] [stdout]   | ^^^^^^^^^^^^^^^^^^^^^^^
[INFO] [stdout] 
[INFO] [stdout] 
[INFO] [stdout] error[E0554]: `#![feature]` may not be used on the stable release channel
[INFO] [stdout]  --> /opt/rustwide/cargo-home/registry/src/github.com-1ecc6299db9ec823/quad-wasmnastics-0.2.1/src/lib.rs:2:12
[INFO] [stdout]   |
[INFO] [stdout] 2 | #![feature(concat_idents)]
[INFO] [stdout]   |            ^^^^^^^^^^^^^
[INFO] [stdout] 
[INFO] [stdout] 
[INFO] [stdout] error: aborting due to 3 previous errors
[INFO] [stdout] 
[INFO] [stdout] 
[INFO] [stdout] For more information about this error, try `rustc --explain E0554`.
[INFO] [stdout] 
[INFO] [stderr] error: could not compile `quad-wasmnastics` due to 4 previous errors
[INFO] running `Command { std: "docker" "inspect" "2e4aec477c25a82cdf22992f306d45e00886714be93e55ae9bf5d2f8666948ce", kill_on_drop: false }`
[INFO] running `Command { std: "docker" "rm" "-f" "2e4aec477c25a82cdf22992f306d45e00886714be93e55ae9bf5d2f8666948ce", kill_on_drop: false }`
[INFO] [stdout] 2e4aec477c25a82cdf22992f306d45e00886714be93e55ae9bf5d2f8666948ce
