[INFO] cloning repository https://github.com/fzakaria/advent-of-code-2020
[INFO] running `Command { std: "git" "-c" "credential.helper=" "-c" "credential.helper=/workspace/cargo-home/bin/git-credential-null" "clone" "--bare" "https://github.com/fzakaria/advent-of-code-2020" "/workspace/cache/git-repos/https%3A%2F%2Fgithub.com%2Ffzakaria%2Fadvent-of-code-2020", kill_on_drop: false }`
[INFO] [stderr] Cloning into bare repository '/workspace/cache/git-repos/https%3A%2F%2Fgithub.com%2Ffzakaria%2Fadvent-of-code-2020'...
[INFO] running `Command { std: "git" "rev-parse" "HEAD", kill_on_drop: false }`
[INFO] [stdout] aed7466f21212e687f7a7eb892e32c407f68584e
[INFO] documenting fzakaria/advent-of-code-2020 against beta-2023-04-20 for beta-1.70-rustdoc-1
[INFO] running `Command { std: "git" "clone" "/workspace/cache/git-repos/https%3A%2F%2Fgithub.com%2Ffzakaria%2Fadvent-of-code-2020" "/workspace/builds/worker-3-tc2/source", kill_on_drop: false }`
[INFO] [stderr] Cloning into '/workspace/builds/worker-3-tc2/source'...
[INFO] [stderr] done.
[INFO] validating manifest of git repo https://github.com/fzakaria/advent-of-code-2020 on toolchain beta-2023-04-20
[INFO] running `Command { std: CARGO_HOME="/workspace/cargo-home" RUSTUP_HOME="/workspace/rustup-home" "/workspace/cargo-home/bin/cargo" "+beta-2023-04-20" "metadata" "--manifest-path" "Cargo.toml" "--no-deps", kill_on_drop: false }`
[INFO] started tweaking git repo https://github.com/fzakaria/advent-of-code-2020
[INFO] finished tweaking git repo https://github.com/fzakaria/advent-of-code-2020
[INFO] tweaked toml for git repo https://github.com/fzakaria/advent-of-code-2020 written to /workspace/builds/worker-3-tc2/source/Cargo.toml
[INFO] crate git repo https://github.com/fzakaria/advent-of-code-2020 already has a lockfile, it will not be regenerated
[INFO] running `Command { std: CARGO_HOME="/workspace/cargo-home" RUSTUP_HOME="/workspace/rustup-home" "/workspace/cargo-home/bin/cargo" "+beta-2023-04-20" "fetch" "--manifest-path" "Cargo.toml", kill_on_drop: false }`
[INFO] running `Command { std: "docker" "create" "-v" "/var/lib/crater-agent-workspace/builds/worker-3-tc2/target:/opt/rustwide/target:rw,Z" "-v" "/var/lib/crater-agent-workspace/builds/worker-3-tc2/source:/opt/rustwide/workdir:ro,Z" "-v" "/var/lib/crater-agent-workspace/cargo-home:/opt/rustwide/cargo-home:ro,Z" "-v" "/var/lib/crater-agent-workspace/rustup-home:/opt/rustwide/rustup-home:ro,Z" "-e" "SOURCE_DIR=/opt/rustwide/workdir" "-e" "CARGO_TARGET_DIR=/opt/rustwide/target" "-e" "CARGO_HOME=/opt/rustwide/cargo-home" "-e" "RUSTUP_HOME=/opt/rustwide/rustup-home" "-w" "/opt/rustwide/workdir" "-m" "1610612736" "--user" "0:0" "--network" "none" "ghcr.io/rust-lang/crates-build-env/linux@sha256:5ff2268d62e97bff2cde7d5815dd6ed5b47097566f13b8d0ca110b04b60e07ed" "/opt/rustwide/cargo-home/bin/cargo" "+beta-2023-04-20" "metadata" "--no-deps" "--format-version=1", kill_on_drop: false }`
[INFO] [stdout] 429fc419e6eb486d8a0ef9e1285dcdaf9f0f4a9a543199e3f32c58b1faca2f03
[INFO] running `Command { std: "docker" "start" "-a" "429fc419e6eb486d8a0ef9e1285dcdaf9f0f4a9a543199e3f32c58b1faca2f03", kill_on_drop: false }`
[INFO] running `Command { std: "docker" "inspect" "429fc419e6eb486d8a0ef9e1285dcdaf9f0f4a9a543199e3f32c58b1faca2f03", kill_on_drop: false }`
[INFO] running `Command { std: "docker" "rm" "-f" "429fc419e6eb486d8a0ef9e1285dcdaf9f0f4a9a543199e3f32c58b1faca2f03", kill_on_drop: false }`
[INFO] [stdout] 429fc419e6eb486d8a0ef9e1285dcdaf9f0f4a9a543199e3f32c58b1faca2f03
[INFO] running `Command { std: "docker" "create" "-v" "/var/lib/crater-agent-workspace/builds/worker-3-tc2/target:/opt/rustwide/target:rw,Z" "-v" "/var/lib/crater-agent-workspace/builds/worker-3-tc2/source:/opt/rustwide/workdir:ro,Z" "-v" "/var/lib/crater-agent-workspace/cargo-home:/opt/rustwide/cargo-home:ro,Z" "-v" "/var/lib/crater-agent-workspace/rustup-home:/opt/rustwide/rustup-home:ro,Z" "-e" "SOURCE_DIR=/opt/rustwide/workdir" "-e" "CARGO_TARGET_DIR=/opt/rustwide/target" "-e" "CARGO_INCREMENTAL=0" "-e" "RUST_BACKTRACE=full" "-e" "RUSTFLAGS=--cap-lints=warn" "-e" "RUSTDOCFLAGS=--cap-lints=warn" "-e" "CARGO_HOME=/opt/rustwide/cargo-home" "-e" "RUSTUP_HOME=/opt/rustwide/rustup-home" "-w" "/opt/rustwide/workdir" "-m" "1610612736" "--user" "0:0" "--network" "none" "ghcr.io/rust-lang/crates-build-env/linux@sha256:5ff2268d62e97bff2cde7d5815dd6ed5b47097566f13b8d0ca110b04b60e07ed" "/opt/rustwide/cargo-home/bin/cargo" "+beta-2023-04-20" "doc" "--frozen" "--no-deps" "--document-private-items" "--message-format=json", kill_on_drop: false }`
[INFO] [stdout] 69072b200c78c401a994aee492390fcebd69068246bbd2267e175656fcfbc81f
[INFO] running `Command { std: "docker" "start" "-a" "69072b200c78c401a994aee492390fcebd69068246bbd2267e175656fcfbc81f", kill_on_drop: false }`
[INFO] [stderr]    Compiling num-traits v0.2.14
[INFO] [stderr]    Compiling num-bigint v0.3.1
[INFO] [stderr]    Compiling memchr v2.3.4
[INFO] [stderr]    Compiling num-rational v0.3.2
[INFO] [stderr]    Compiling num-iter v0.1.42
[INFO] [stderr]     Checking regex-syntax v0.6.21
[INFO] [stderr]     Checking thread_local v1.0.1
[INFO] [stderr]     Checking itertools v0.9.0
[INFO] [stderr]     Checking aho-corasick v0.7.15
[INFO] [stderr]     Checking num-integer v0.1.44
[INFO] [stderr]     Checking num-complex v0.3.1
[INFO] [stderr]     Checking regex v1.4.2
[INFO] [stderr]     Checking num v0.3.1
[INFO] [stderr]  Documenting advent-of-code-2020 v0.1.0 (/opt/rustwide/workdir)
[INFO] [stderr]     Checking advent-of-code-2020 v0.1.0 (/opt/rustwide/workdir)
[INFO] [stdout] warning: type alias `Result` is never used
[INFO] [stdout]  --> src/lib.rs:4:6
[INFO] [stdout]   |
[INFO] [stdout] 4 | type Result<T> = std::result::Result<T, UnsolvedError>;
[INFO] [stdout]   |      ^^^^^^
[INFO] [stdout]   |
[INFO] [stdout]   = note: `#[warn(dead_code)]` on by default
[INFO] [stdout] 
[INFO] [stdout] 
[INFO] [stdout] warning: 1 warning emitted
[INFO] [stdout] 
[INFO] [stdout] 
[INFO] [stdout] error[E0554]: `#![feature]` may not be used on the beta release channel
[INFO] [stdout]  --> src/bin/day13.rs:1:12
[INFO] [stdout]   |
[INFO] [stdout] 1 | #![feature(str_split_once)]
[INFO] [stdout]   |            ^^^^^^^^^^^^^^
[INFO] [stdout] 
[INFO] [stdout] 
[INFO] [stdout] warning: unnecessary parentheses around assigned value
[INFO] [stdout]   --> src/bin/day12.rs:79:22
[INFO] [stdout]    |
[INFO] [stdout] 79 |         self.east += (self.waypoint.east * units as i32);
[INFO] [stdout]    |                      ^                                 ^
[INFO] [stdout]    |
[INFO] [stdout]    = note: `#[warn(unused_parens)]` on by default
[INFO] [stdout] help: remove these parentheses
[INFO] [stdout]    |
[INFO] [stdout] 79 -         self.east += (self.waypoint.east * units as i32);
[INFO] [stdout] 79 +         self.east += self.waypoint.east * units as i32;
[INFO] [stdout]    |
[INFO] [stdout] 
[INFO] [stdout] 
[INFO] [stdout] warning: unnecessary parentheses around assigned value
[INFO] [stdout]   --> src/bin/day12.rs:80:23
[INFO] [stdout]    |
[INFO] [stdout] 80 |         self.north += (self.waypoint.north * units as i32);
[INFO] [stdout]    |                       ^                                  ^
[INFO] [stdout]    |
[INFO] [stdout] help: remove these parentheses
[INFO] [stdout]    |
[INFO] [stdout] 80 -         self.north += (self.waypoint.north * units as i32);
[INFO] [stdout] 80 +         self.north += self.waypoint.north * units as i32;
[INFO] [stdout]    |
[INFO] [stdout] 
[INFO] [stdout] 
[INFO] [stdout] error[E0554]: `#![feature]` may not be used on the beta release channel
[INFO] [stdout]  --> src/bin/day18.rs:1:12
[INFO] [stdout]   |
[INFO] [stdout] 1 | #![feature(str_split_once)]
[INFO] [stdout]   |            ^^^^^^^^^^^^^^
[INFO] [stdout] 
[INFO] [stdout] 
[INFO] [stdout] error[E0554]: `#![feature]` may not be used on the beta release channel
[INFO] [stdout]  --> src/bin/day14.rs:1:12
[INFO] [stdout]   |
[INFO] [stdout] 1 | #![feature(str_split_once)]
[INFO] [stdout]   |            ^^^^^^^^^^^^^^
[INFO] [stdout] 
[INFO] [stdout] 
[INFO] [stdout] error[E0554]: `#![feature]` may not be used on the beta release channel
[INFO] [stdout]  --> src/bin/day9.rs:1:12
[INFO] [stdout]   |
[INFO] [stdout] 1 | #![feature(iterator_fold_self)]
[INFO] [stdout]   |            ^^^^^^^^^^^^^^^^^^
[INFO] [stdout] 
[INFO] [stdout] 
[INFO] [stdout] error[E0554]: `#![feature]` may not be used on the beta release channel
[INFO] [stdout]  --> src/bin/day6.rs:1:12
[INFO] [stdout]   |
[INFO] [stdout] 1 | #![feature(iterator_fold_self)]
[INFO] [stdout]   |            ^^^^^^^^^^^^^^^^^^
[INFO] [stdout] 
[INFO] [stdout] 
[INFO] [stdout] error[E0554]: `#![feature]` may not be used on the beta release channel
[INFO] [stdout]  --> src/bin/day15.rs:1:12
[INFO] [stdout]   |
[INFO] [stdout] 1 | #![feature(str_split_once)]
[INFO] [stdout]   |            ^^^^^^^^^^^^^^
[INFO] [stdout] 
[INFO] [stdout] 
[INFO] [stdout] error[E0554]: `#![feature]` may not be used on the beta release channel
[INFO] [stdout]  --> src/bin/day10.rs:1:12
[INFO] [stdout]   |
[INFO] [stdout] 1 | #![feature(iterator_fold_self)]
[INFO] [stdout]   |            ^^^^^^^^^^^^^^^^^^
[INFO] [stdout] 
[INFO] [stdout] 
[INFO] [stdout] error[E0554]: `#![feature]` may not be used on the beta release channel
[INFO] [stdout]  --> src/bin/day8.rs:1:12
[INFO] [stdout]   |
[INFO] [stdout] 1 | #![feature(iterator_fold_self)]
[INFO] [stdout]   |            ^^^^^^^^^^^^^^^^^^
[INFO] [stdout] 
[INFO] [stdout] 
[INFO] [stdout] error[E0554]: `#![feature]` may not be used on the beta release channel
[INFO] [stdout]  --> src/bin/day17.rs:1:12
[INFO] [stdout]   |
[INFO] [stdout] 1 | #![feature(str_split_once)]
[INFO] [stdout]   |            ^^^^^^^^^^^^^^
[INFO] [stdout] 
[INFO] [stdout] 
[INFO] [stdout] error: aborting due to previous error
[INFO] [stdout] 
[INFO] [stdout] 
[INFO] [stdout] For more information about this error, try `rustc --explain E0554`.
[INFO] [stdout] 
[INFO] [stderr] error: could not document `advent-of-code-2020`
[INFO] [stderr] 
[INFO] [stderr] Caused by:
[INFO] [stderr]   process didn't exit successfully: `rustdoc --edition=2018 --crate-type bin --crate-name day13 src/bin/day13.rs -o /opt/rustwide/target/doc --error-format=json --json=diagnostic-rendered-ansi,artifacts,future-incompat --document-private-items '-Arustdoc::private-intra-doc-links' -C metadata=fc193371ee702920 -L dependency=/opt/rustwide/target/debug/deps --extern advent_of_code_2020=/opt/rustwide/target/debug/deps/libadvent_of_code_2020-6abd27dcec7c0ea2.rmeta --extern itertools=/opt/rustwide/target/debug/deps/libitertools-878b88b4202074c2.rmeta --extern lazy_static=/opt/rustwide/target/debug/deps/liblazy_static-701e134f05ff346a.rmeta --extern num=/opt/rustwide/target/debug/deps/libnum-c8a3ad440ad57332.rmeta --extern regex=/opt/rustwide/target/debug/deps/libregex-44e247b9fb45ca3c.rmeta --cap-lints=warn --crate-version 0.1.0` (exit status: 1)
[INFO] [stderr] warning: build failed, waiting for other jobs to finish...
[INFO] [stdout] warning: this URL is not a hyperlink
[INFO] [stdout]   --> src/bin/day18.rs:52:7
[INFO] [stdout]    |
[INFO] [stdout] 52 |     * https://craftinginterpreters.com/parsing-expressions.html
[INFO] [stdout]    |       ^^^^^^^^^^^^^^^^^^^^^^^^^^^^^^^^^^^^^^^^^^^^^^^^^^^^^^^^^ help: use an automatic link instead: `<https://craftinginterpreters.com/parsing-expressions.html>`
[INFO] [stdout]    |
[INFO] [stdout]    = note: bare URLs are not automatically turned into clickable links
[INFO] [stdout]    = note: `#[warn(rustdoc::bare_urls)]` on by default
[INFO] [stdout] 
[INFO] [stdout] 
[INFO] [stdout] error: aborting due to previous error
[INFO] [stdout] 
[INFO] [stdout] 
[INFO] [stdout] For more information about this error, try `rustc --explain E0554`.
[INFO] [stdout] 
[INFO] [stdout] error: aborting due to previous error; 1 warning emitted
[INFO] [stdout] 
[INFO] [stdout] 
[INFO] [stdout] For more information about this error, try `rustc --explain E0554`.
[INFO] [stdout] 
[INFO] [stdout] error: aborting due to previous error
[INFO] [stdout] 
[INFO] [stdout] 
[INFO] [stdout] For more information about this error, try `rustc --explain E0554`.
[INFO] [stdout] 
[INFO] [stdout] error[E0554]: `#![feature]` may not be used on the beta release channel
[INFO] [stdout]  --> src/bin/day16.rs:1:12
[INFO] [stdout]   |
[INFO] [stdout] 1 | #![feature(str_split_once)]
[INFO] [stdout]   |            ^^^^^^^^^^^^^^
[INFO] [stdout] 
[INFO] [stdout] 
[INFO] [stdout] error: aborting due to previous error
[INFO] [stdout] 
[INFO] [stdout] 
[INFO] [stdout] For more information about this error, try `rustc --explain E0554`.
[INFO] [stdout] 
[INFO] [stderr] error: could not document `advent-of-code-2020`
[INFO] [stderr] 
[INFO] [stderr] Caused by:
[INFO] [stderr]   process didn't exit successfully: `rustdoc --edition=2018 --crate-type bin --crate-name day9 src/bin/day9.rs -o /opt/rustwide/target/doc --error-format=json --json=diagnostic-rendered-ansi,artifacts,future-incompat --document-private-items '-Arustdoc::private-intra-doc-links' -C metadata=35d23a8655675e04 -L dependency=/opt/rustwide/target/debug/deps --extern advent_of_code_2020=/opt/rustwide/target/debug/deps/libadvent_of_code_2020-6abd27dcec7c0ea2.rmeta --extern itertools=/opt/rustwide/target/debug/deps/libitertools-878b88b4202074c2.rmeta --extern lazy_static=/opt/rustwide/target/debug/deps/liblazy_static-701e134f05ff346a.rmeta --extern num=/opt/rustwide/target/debug/deps/libnum-c8a3ad440ad57332.rmeta --extern regex=/opt/rustwide/target/debug/deps/libregex-44e247b9fb45ca3c.rmeta --cap-lints=warn --crate-version 0.1.0` (exit status: 1)
[INFO] [stderr] error: could not document `advent-of-code-2020`
[INFO] [stderr] 
[INFO] [stderr] Caused by:
[INFO] [stderr]   process didn't exit successfully: `rustdoc --edition=2018 --crate-type bin --crate-name day18 src/bin/day18.rs -o /opt/rustwide/target/doc --error-format=json --json=diagnostic-rendered-ansi,artifacts,future-incompat --document-private-items '-Arustdoc::private-intra-doc-links' -C metadata=7f9f02e4352cb69f -L dependency=/opt/rustwide/target/debug/deps --extern advent_of_code_2020=/opt/rustwide/target/debug/deps/libadvent_of_code_2020-6abd27dcec7c0ea2.rmeta --extern itertools=/opt/rustwide/target/debug/deps/libitertools-878b88b4202074c2.rmeta --extern lazy_static=/opt/rustwide/target/debug/deps/liblazy_static-701e134f05ff346a.rmeta --extern num=/opt/rustwide/target/debug/deps/libnum-c8a3ad440ad57332.rmeta --extern regex=/opt/rustwide/target/debug/deps/libregex-44e247b9fb45ca3c.rmeta --cap-lints=warn --crate-version 0.1.0` (exit status: 1)
[INFO] [stdout] error: aborting due to previous error
[INFO] [stdout] 
[INFO] [stdout] 
[INFO] [stdout] For more information about this error, try `rustc --explain E0554`.
[INFO] [stdout] 
[INFO] [stderr] error: could not document `advent-of-code-2020`
[INFO] [stderr] 
[INFO] [stderr] Caused by:
[INFO] [stderr]   process didn't exit successfully: `rustdoc --edition=2018 --crate-type bin --crate-name day14 src/bin/day14.rs -o /opt/rustwide/target/doc --error-format=json --json=diagnostic-rendered-ansi,artifacts,future-incompat --document-private-items '-Arustdoc::private-intra-doc-links' -C metadata=d488197189c4f2ef -L dependency=/opt/rustwide/target/debug/deps --extern advent_of_code_2020=/opt/rustwide/target/debug/deps/libadvent_of_code_2020-6abd27dcec7c0ea2.rmeta --extern itertools=/opt/rustwide/target/debug/deps/libitertools-878b88b4202074c2.rmeta --extern lazy_static=/opt/rustwide/target/debug/deps/liblazy_static-701e134f05ff346a.rmeta --extern num=/opt/rustwide/target/debug/deps/libnum-c8a3ad440ad57332.rmeta --extern regex=/opt/rustwide/target/debug/deps/libregex-44e247b9fb45ca3c.rmeta --cap-lints=warn --crate-version 0.1.0` (exit status: 1)
[INFO] [stderr] error: could not document `advent-of-code-2020`
[INFO] [stderr] 
[INFO] [stderr] Caused by:
[INFO] [stderr]   process didn't exit successfully: `rustdoc --edition=2018 --crate-type bin --crate-name day6 src/bin/day6.rs -o /opt/rustwide/target/doc --error-format=json --json=diagnostic-rendered-ansi,artifacts,future-incompat --document-private-items '-Arustdoc::private-intra-doc-links' -C metadata=9f1581100ab92605 -L dependency=/opt/rustwide/target/debug/deps --extern advent_of_code_2020=/opt/rustwide/target/debug/deps/libadvent_of_code_2020-6abd27dcec7c0ea2.rmeta --extern itertools=/opt/rustwide/target/debug/deps/libitertools-878b88b4202074c2.rmeta --extern lazy_static=/opt/rustwide/target/debug/deps/liblazy_static-701e134f05ff346a.rmeta --extern num=/opt/rustwide/target/debug/deps/libnum-c8a3ad440ad57332.rmeta --extern regex=/opt/rustwide/target/debug/deps/libregex-44e247b9fb45ca3c.rmeta --cap-lints=warn --crate-version 0.1.0` (exit status: 1)
[INFO] [stdout] error: aborting due to previous error
[INFO] [stdout] 
[INFO] [stdout] 
[INFO] [stdout] For more information about this error, try `rustc --explain E0554`.
[INFO] [stdout] 
[INFO] [stderr] error: could not document `advent-of-code-2020`
[INFO] [stderr] 
[INFO] [stderr] Caused by:
[INFO] [stderr]   process didn't exit successfully: `rustdoc --edition=2018 --crate-type bin --crate-name day15 src/bin/day15.rs -o /opt/rustwide/target/doc --error-format=json --json=diagnostic-rendered-ansi,artifacts,future-incompat --document-private-items '-Arustdoc::private-intra-doc-links' -C metadata=0804c8e2c016788e -L dependency=/opt/rustwide/target/debug/deps --extern advent_of_code_2020=/opt/rustwide/target/debug/deps/libadvent_of_code_2020-6abd27dcec7c0ea2.rmeta --extern itertools=/opt/rustwide/target/debug/deps/libitertools-878b88b4202074c2.rmeta --extern lazy_static=/opt/rustwide/target/debug/deps/liblazy_static-701e134f05ff346a.rmeta --extern num=/opt/rustwide/target/debug/deps/libnum-c8a3ad440ad57332.rmeta --extern regex=/opt/rustwide/target/debug/deps/libregex-44e247b9fb45ca3c.rmeta --cap-lints=warn --crate-version 0.1.0` (exit status: 1)
[INFO] [stdout] error: aborting due to previous error
[INFO] [stdout] 
[INFO] [stdout] 
[INFO] [stdout] For more information about this error, try `rustc --explain E0554`.
[INFO] [stdout] 
[INFO] [stderr] error: could not document `advent-of-code-2020`
[INFO] [stderr] 
[INFO] [stderr] Caused by:
[INFO] [stderr]   process didn't exit successfully: `rustdoc --edition=2018 --crate-type bin --crate-name day10 src/bin/day10.rs -o /opt/rustwide/target/doc --error-format=json --json=diagnostic-rendered-ansi,artifacts,future-incompat --document-private-items '-Arustdoc::private-intra-doc-links' -C metadata=60010c1d5da0ffff -L dependency=/opt/rustwide/target/debug/deps --extern advent_of_code_2020=/opt/rustwide/target/debug/deps/libadvent_of_code_2020-6abd27dcec7c0ea2.rmeta --extern itertools=/opt/rustwide/target/debug/deps/libitertools-878b88b4202074c2.rmeta --extern lazy_static=/opt/rustwide/target/debug/deps/liblazy_static-701e134f05ff346a.rmeta --extern num=/opt/rustwide/target/debug/deps/libnum-c8a3ad440ad57332.rmeta --extern regex=/opt/rustwide/target/debug/deps/libregex-44e247b9fb45ca3c.rmeta --cap-lints=warn --crate-version 0.1.0` (exit status: 1)
[INFO] [stdout] error: aborting due to previous error
[INFO] [stdout] 
[INFO] [stdout] 
[INFO] [stdout] For more information about this error, try `rustc --explain E0554`.
[INFO] [stdout] 
[INFO] [stderr] error: could not document `advent-of-code-2020`
[INFO] [stderr] 
[INFO] [stderr] Caused by:
[INFO] [stderr]   process didn't exit successfully: `rustdoc --edition=2018 --crate-type bin --crate-name day8 src/bin/day8.rs -o /opt/rustwide/target/doc --error-format=json --json=diagnostic-rendered-ansi,artifacts,future-incompat --document-private-items '-Arustdoc::private-intra-doc-links' -C metadata=856e1f20ea26a61d -L dependency=/opt/rustwide/target/debug/deps --extern advent_of_code_2020=/opt/rustwide/target/debug/deps/libadvent_of_code_2020-6abd27dcec7c0ea2.rmeta --extern itertools=/opt/rustwide/target/debug/deps/libitertools-878b88b4202074c2.rmeta --extern lazy_static=/opt/rustwide/target/debug/deps/liblazy_static-701e134f05ff346a.rmeta --extern num=/opt/rustwide/target/debug/deps/libnum-c8a3ad440ad57332.rmeta --extern regex=/opt/rustwide/target/debug/deps/libregex-44e247b9fb45ca3c.rmeta --cap-lints=warn --crate-version 0.1.0` (exit status: 1)
[INFO] [stderr] error: could not document `advent-of-code-2020`
[INFO] [stderr] 
[INFO] [stderr] Caused by:
[INFO] [stderr]   process didn't exit successfully: `rustdoc --edition=2018 --crate-type bin --crate-name day17 src/bin/day17.rs -o /opt/rustwide/target/doc --error-format=json --json=diagnostic-rendered-ansi,artifacts,future-incompat --document-private-items '-Arustdoc::private-intra-doc-links' -C metadata=8ba78fd847448d15 -L dependency=/opt/rustwide/target/debug/deps --extern advent_of_code_2020=/opt/rustwide/target/debug/deps/libadvent_of_code_2020-6abd27dcec7c0ea2.rmeta --extern itertools=/opt/rustwide/target/debug/deps/libitertools-878b88b4202074c2.rmeta --extern lazy_static=/opt/rustwide/target/debug/deps/liblazy_static-701e134f05ff346a.rmeta --extern num=/opt/rustwide/target/debug/deps/libnum-c8a3ad440ad57332.rmeta --extern regex=/opt/rustwide/target/debug/deps/libregex-44e247b9fb45ca3c.rmeta --cap-lints=warn --crate-version 0.1.0` (exit status: 1)
[INFO] [stdout] error: aborting due to previous error
[INFO] [stdout] 
[INFO] [stdout] 
[INFO] [stdout] For more information about this error, try `rustc --explain E0554`.
[INFO] [stdout] 
[INFO] [stderr] error: could not document `advent-of-code-2020`
[INFO] [stderr] 
[INFO] [stderr] Caused by:
[INFO] [stderr]   process didn't exit successfully: `rustdoc --edition=2018 --crate-type bin --crate-name day16 src/bin/day16.rs -o /opt/rustwide/target/doc --error-format=json --json=diagnostic-rendered-ansi,artifacts,future-incompat --document-private-items '-Arustdoc::private-intra-doc-links' -C metadata=0e4a578e81f9b01e -L dependency=/opt/rustwide/target/debug/deps --extern advent_of_code_2020=/opt/rustwide/target/debug/deps/libadvent_of_code_2020-6abd27dcec7c0ea2.rmeta --extern itertools=/opt/rustwide/target/debug/deps/libitertools-878b88b4202074c2.rmeta --extern lazy_static=/opt/rustwide/target/debug/deps/liblazy_static-701e134f05ff346a.rmeta --extern num=/opt/rustwide/target/debug/deps/libnum-c8a3ad440ad57332.rmeta --extern regex=/opt/rustwide/target/debug/deps/libregex-44e247b9fb45ca3c.rmeta --cap-lints=warn --crate-version 0.1.0` (exit status: 1)
[INFO] [stdout] warning: 2 warnings emitted
[INFO] [stdout] 
[INFO] [stdout] 
[INFO] running `Command { std: "docker" "inspect" "69072b200c78c401a994aee492390fcebd69068246bbd2267e175656fcfbc81f", kill_on_drop: false }`
[INFO] running `Command { std: "docker" "rm" "-f" "69072b200c78c401a994aee492390fcebd69068246bbd2267e175656fcfbc81f", kill_on_drop: false }`
[INFO] [stdout] 69072b200c78c401a994aee492390fcebd69068246bbd2267e175656fcfbc81f
