[INFO] cloning repository https://github.com/funmaker/vrrawprojdump
[INFO] running `Command { std: "git" "-c" "credential.helper=" "-c" "credential.helper=/workspace/cargo-home/bin/git-credential-null" "clone" "--bare" "https://github.com/funmaker/vrrawprojdump" "/workspace/cache/git-repos/https%3A%2F%2Fgithub.com%2Ffunmaker%2Fvrrawprojdump", kill_on_drop: false }`
[INFO] [stderr] Cloning into bare repository '/workspace/cache/git-repos/https%3A%2F%2Fgithub.com%2Ffunmaker%2Fvrrawprojdump'...
[INFO] running `Command { std: "git" "rev-parse" "HEAD", kill_on_drop: false }`
[INFO] [stdout] c75817d334475ee656d99f6dece106609b81422c
[INFO] documenting funmaker/vrrawprojdump against beta-2023-04-20 for beta-1.70-rustdoc-1
[INFO] running `Command { std: "git" "clone" "/workspace/cache/git-repos/https%3A%2F%2Fgithub.com%2Ffunmaker%2Fvrrawprojdump" "/workspace/builds/worker-3-tc2/source", kill_on_drop: false }`
[INFO] [stderr] Cloning into '/workspace/builds/worker-3-tc2/source'...
[INFO] [stderr] done.
[INFO] validating manifest of git repo https://github.com/funmaker/vrrawprojdump on toolchain beta-2023-04-20
[INFO] running `Command { std: CARGO_HOME="/workspace/cargo-home" RUSTUP_HOME="/workspace/rustup-home" "/workspace/cargo-home/bin/cargo" "+beta-2023-04-20" "metadata" "--manifest-path" "Cargo.toml" "--no-deps", kill_on_drop: false }`
[INFO] started tweaking git repo https://github.com/funmaker/vrrawprojdump
[INFO] finished tweaking git repo https://github.com/funmaker/vrrawprojdump
[INFO] tweaked toml for git repo https://github.com/funmaker/vrrawprojdump written to /workspace/builds/worker-3-tc2/source/Cargo.toml
[INFO] crate git repo https://github.com/funmaker/vrrawprojdump already has a lockfile, it will not be regenerated
[INFO] running `Command { std: CARGO_HOME="/workspace/cargo-home" RUSTUP_HOME="/workspace/rustup-home" "/workspace/cargo-home/bin/cargo" "+beta-2023-04-20" "fetch" "--manifest-path" "Cargo.toml", kill_on_drop: false }`
[INFO] [stderr]     Updating crates.io index
[INFO] [stderr]  Downloading crates ...
[INFO] [stderr]   Downloaded openvr v0.6.0
[INFO] [stderr]   Downloaded openvr_sys v2.0.3
[INFO] running `Command { std: "docker" "create" "-v" "/var/lib/crater-agent-workspace/builds/worker-3-tc2/target:/opt/rustwide/target:rw,Z" "-v" "/var/lib/crater-agent-workspace/builds/worker-3-tc2/source:/opt/rustwide/workdir:ro,Z" "-v" "/var/lib/crater-agent-workspace/cargo-home:/opt/rustwide/cargo-home:ro,Z" "-v" "/var/lib/crater-agent-workspace/rustup-home:/opt/rustwide/rustup-home:ro,Z" "-e" "SOURCE_DIR=/opt/rustwide/workdir" "-e" "CARGO_TARGET_DIR=/opt/rustwide/target" "-e" "CARGO_HOME=/opt/rustwide/cargo-home" "-e" "RUSTUP_HOME=/opt/rustwide/rustup-home" "-w" "/opt/rustwide/workdir" "-m" "1610612736" "--user" "0:0" "--network" "none" "ghcr.io/rust-lang/crates-build-env/linux@sha256:5ff2268d62e97bff2cde7d5815dd6ed5b47097566f13b8d0ca110b04b60e07ed" "/opt/rustwide/cargo-home/bin/cargo" "+beta-2023-04-20" "metadata" "--no-deps" "--format-version=1", kill_on_drop: false }`
[INFO] [stdout] 4ccb34ec827ef51604f2b2cd01d5098d798a78a474e4f2b5b36b3b4ed3ef6eeb
[INFO] running `Command { std: "docker" "start" "-a" "4ccb34ec827ef51604f2b2cd01d5098d798a78a474e4f2b5b36b3b4ed3ef6eeb", kill_on_drop: false }`
[INFO] running `Command { std: "docker" "inspect" "4ccb34ec827ef51604f2b2cd01d5098d798a78a474e4f2b5b36b3b4ed3ef6eeb", kill_on_drop: false }`
[INFO] running `Command { std: "docker" "rm" "-f" "4ccb34ec827ef51604f2b2cd01d5098d798a78a474e4f2b5b36b3b4ed3ef6eeb", kill_on_drop: false }`
[INFO] [stdout] 4ccb34ec827ef51604f2b2cd01d5098d798a78a474e4f2b5b36b3b4ed3ef6eeb
[INFO] running `Command { std: "docker" "create" "-v" "/var/lib/crater-agent-workspace/builds/worker-3-tc2/target:/opt/rustwide/target:rw,Z" "-v" "/var/lib/crater-agent-workspace/builds/worker-3-tc2/source:/opt/rustwide/workdir:ro,Z" "-v" "/var/lib/crater-agent-workspace/cargo-home:/opt/rustwide/cargo-home:ro,Z" "-v" "/var/lib/crater-agent-workspace/rustup-home:/opt/rustwide/rustup-home:ro,Z" "-e" "SOURCE_DIR=/opt/rustwide/workdir" "-e" "CARGO_TARGET_DIR=/opt/rustwide/target" "-e" "CARGO_INCREMENTAL=0" "-e" "RUST_BACKTRACE=full" "-e" "RUSTFLAGS=--cap-lints=warn" "-e" "RUSTDOCFLAGS=--cap-lints=warn" "-e" "CARGO_HOME=/opt/rustwide/cargo-home" "-e" "RUSTUP_HOME=/opt/rustwide/rustup-home" "-w" "/opt/rustwide/workdir" "-m" "1610612736" "--user" "0:0" "--network" "none" "ghcr.io/rust-lang/crates-build-env/linux@sha256:5ff2268d62e97bff2cde7d5815dd6ed5b47097566f13b8d0ca110b04b60e07ed" "/opt/rustwide/cargo-home/bin/cargo" "+beta-2023-04-20" "doc" "--frozen" "--no-deps" "--document-private-items" "--message-format=json", kill_on_drop: false }`
[INFO] [stdout] 7b452fffc350ded507fc094367340a2ad8e3c1ed3691288e4faab092027581a5
[INFO] running `Command { std: "docker" "start" "-a" "7b452fffc350ded507fc094367340a2ad8e3c1ed3691288e4faab092027581a5", kill_on_drop: false }`
[INFO] [stderr]    Compiling cc v1.0.70
[INFO] [stderr]    Compiling cmake v0.1.45
[INFO] [stderr]    Compiling openvr_sys v2.0.3
[INFO] [stderr] error: failed to run custom build command for `openvr_sys v2.0.3`
[INFO] [stderr] note: To improve backtraces for build dependencies, set the CARGO_PROFILE_DEV_BUILD_OVERRIDE_DEBUG=true environment variable to enable debug information generation.
[INFO] [stderr] 
[INFO] [stderr] Caused by:
[INFO] [stderr]   process didn't exit successfully: `/opt/rustwide/target/debug/build/openvr_sys-6d96184684147f2f/build-script-build` (exit status: 101)
[INFO] [stderr]   --- stdout
[INFO] [stderr]   running: cd "/opt/rustwide/target/debug/build/openvr_sys-922a68823fa57216/out/build" && CMAKE_PREFIX_PATH="" "cmake" "/opt/rustwide/cargo-home/registry/src/index.crates.io-6f17d22bba15001f/openvr_sys-2.0.3/openvr" "-DCMAKE_INSTALL_PREFIX=/opt/rustwide/target/debug/build/openvr_sys-922a68823fa57216/out" "-DCMAKE_C_FLAGS= -ffunction-sections -fdata-sections -fPIC -m64" "-DCMAKE_C_COMPILER=/usr/bin/cc" "-DCMAKE_CXX_FLAGS= -ffunction-sections -fdata-sections -fPIC -m64" "-DCMAKE_CXX_COMPILER=/usr/bin/c++" "-DCMAKE_ASM_FLAGS= -ffunction-sections -fdata-sections -fPIC -m64" "-DCMAKE_ASM_COMPILER=/usr/bin/cc" "-DCMAKE_BUILD_TYPE=Debug"
[INFO] [stderr]   -- The C compiler identification is GNU 11.3.0
[INFO] [stderr]   -- The CXX compiler identification is GNU 11.3.0
[INFO] [stderr]   -- Detecting C compiler ABI info
[INFO] [stderr]   -- Detecting C compiler ABI info - done
[INFO] [stderr]   -- Check for working C compiler: /usr/bin/cc - skipped
[INFO] [stderr]   -- Detecting C compile features
[INFO] [stderr]   -- Detecting C compile features - done
[INFO] [stderr]   -- Detecting CXX compiler ABI info
[INFO] [stderr]   -- Detecting CXX compiler ABI info - done
[INFO] [stderr]   -- Check for working CXX compiler: /usr/bin/c++ - skipped
[INFO] [stderr]   -- Detecting CXX compile features
[INFO] [stderr]   -- Detecting CXX compile features - done
[INFO] [stderr]   -- Configuring done
[INFO] [stderr]   -- Generating done
[INFO] [stderr]   -- Build files have been written to: /opt/rustwide/target/debug/build/openvr_sys-922a68823fa57216/out/build
[INFO] [stderr]   running: cd "/opt/rustwide/target/debug/build/openvr_sys-922a68823fa57216/out/build" && MAKEFLAGS="-j --jobserver-fds=7,8 --jobserver-auth=7,8" "cmake" "--build" "." "--target" "install" "--config" "Debug" "--"
[INFO] [stderr]   [ 30%] Building CXX object src/CMakeFiles/openvr_api.dir/vrcommon/envvartools_public.cpp.o
[INFO] [stderr]   [ 30%] Building CXX object src/CMakeFiles/openvr_api.dir/vrcommon/strtools_public.cpp.o
[INFO] [stderr]   [ 40%] Building CXX object src/CMakeFiles/openvr_api.dir/jsoncpp.cpp.o
[INFO] [stderr]   [ 40%] Building CXX object src/CMakeFiles/openvr_api.dir/openvr_api_public.cpp.o
[INFO] [stderr]   [ 70%] Building CXX object src/CMakeFiles/openvr_api.dir/vrcommon/dirtools_public.cpp.o
[INFO] [stderr]   [ 70%] Building CXX object src/CMakeFiles/openvr_api.dir/vrcommon/sharedlibtools_public.cpp.o
[INFO] [stderr]   [ 70%] Building CXX object src/CMakeFiles/openvr_api.dir/vrcommon/pathtools_public.cpp.o
[INFO] [stderr]   [ 80%] Building CXX object src/CMakeFiles/openvr_api.dir/vrcommon/vrpathregistry_public.cpp.o
[INFO] [stderr]   [ 90%] Building CXX object src/CMakeFiles/openvr_api.dir/vrcommon/hmderrors_public.cpp.o
[INFO] [stderr]   [100%] Linking CXX static library /opt/rustwide/cargo-home/registry/src/index.crates.io-6f17d22bba15001f/openvr_sys-2.0.3/openvr/bin/linux64/libopenvr_api.a
[INFO] [stderr] 
[INFO] [stderr]   --- stderr
[INFO] [stderr]   CMake Deprecation Warning at CMakeLists.txt:2 (cmake_minimum_required):
[INFO] [stderr]     Compatibility with CMake < 2.8.12 will be removed from a future version of
[INFO] [stderr]     CMake.
[INFO] [stderr] 
[INFO] [stderr]     Update the VERSION argument <min> value or use a ...<max> suffix to tell
[INFO] [stderr]     CMake that the project does not need compatibility with older versions.
[INFO] [stderr] 
[INFO] [stderr] 
[INFO] [stderr]   CMake Warning:
[INFO] [stderr]     Manually-specified variables were not used by the project:
[INFO] [stderr] 
[INFO] [stderr]       CMAKE_ASM_COMPILER
[INFO] [stderr]       CMAKE_ASM_FLAGS
[INFO] [stderr] 
[INFO] [stderr] 
[INFO] [stderr]   /usr/bin/ar: /opt/rustwide/cargo-home/registry/src/index.crates.io-6f17d22bba15001f/openvr_sys-2.0.3/openvr/bin/linux64/libopenvr_api.a: No such file or directory
[INFO] [stderr]   gmake[2]: *** [src/CMakeFiles/openvr_api.dir/build.make:226: /opt/rustwide/cargo-home/registry/src/index.crates.io-6f17d22bba15001f/openvr_sys-2.0.3/openvr/bin/linux64/libopenvr_api.a] Error 1
[INFO] [stderr]   gmake[1]: *** [CMakeFiles/Makefile2:98: src/CMakeFiles/openvr_api.dir/all] Error 2
[INFO] [stderr]   gmake: *** [Makefile:136: all] Error 2
[INFO] [stderr]   thread 'main' panicked at '
[INFO] [stderr]   command did not execute successfully, got: exit status: 2
[INFO] [stderr] 
[INFO] [stderr]   build script failed, must exit now', /opt/rustwide/cargo-home/registry/src/index.crates.io-6f17d22bba15001f/cmake-0.1.45/src/lib.rs:894:5
[INFO] [stderr]   stack backtrace:
[INFO] [stderr]      0:     0x5587f74b532a - std::backtrace_rs::backtrace::libunwind::trace::h2f05d0192276a8f6
[INFO] [stderr]                                  at /rustc/1b7dd2252b99671ce5d1cb9664c5f8636329436d/library/std/src/../../backtrace/src/backtrace/libunwind.rs:93:5
[INFO] [stderr]      1:     0x5587f74b532a - std::backtrace_rs::backtrace::trace_unsynchronized::hedc23dff7a1af150
[INFO] [stderr]                                  at /rustc/1b7dd2252b99671ce5d1cb9664c5f8636329436d/library/std/src/../../backtrace/src/backtrace/mod.rs:66:5
[INFO] [stderr]      2:     0x5587f74b532a - std::sys_common::backtrace::_print_fmt::h17541ef7592f3ce2
[INFO] [stderr]                                  at /rustc/1b7dd2252b99671ce5d1cb9664c5f8636329436d/library/std/src/sys_common/backtrace.rs:65:5
[INFO] [stderr]      3:     0x5587f74b532a - <std::sys_common::backtrace::_print::DisplayBacktrace as core::fmt::Display>::fmt::h20f75df5ab0c0792
[INFO] [stderr]                                  at /rustc/1b7dd2252b99671ce5d1cb9664c5f8636329436d/library/std/src/sys_common/backtrace.rs:44:22
[INFO] [stderr]      4:     0x5587f74d5cbf - core::fmt::write::h78109e6f466b3af6
[INFO] [stderr]                                  at /rustc/1b7dd2252b99671ce5d1cb9664c5f8636329436d/library/core/src/fmt/mod.rs:1254:17
[INFO] [stderr]      5:     0x5587f74b2175 - std::io::Write::write_fmt::hc59e1b02dd273c8a
[INFO] [stderr]                                  at /rustc/1b7dd2252b99671ce5d1cb9664c5f8636329436d/library/std/src/io/mod.rs:1698:15
[INFO] [stderr]      6:     0x5587f74b50f5 - std::sys_common::backtrace::_print::h8dac57a9f8fbf9a5
[INFO] [stderr]                                  at /rustc/1b7dd2252b99671ce5d1cb9664c5f8636329436d/library/std/src/sys_common/backtrace.rs:47:5
[INFO] [stderr]      7:     0x5587f74b50f5 - std::sys_common::backtrace::print::hf9ecbf41d1aa712f
[INFO] [stderr]                                  at /rustc/1b7dd2252b99671ce5d1cb9664c5f8636329436d/library/std/src/sys_common/backtrace.rs:34:9
[INFO] [stderr]      8:     0x5587f74b69be - std::panicking::default_hook::{{closure}}::h04c07acfc84ca028
[INFO] [stderr]                                  at /rustc/1b7dd2252b99671ce5d1cb9664c5f8636329436d/library/std/src/panicking.rs:269:22
[INFO] [stderr]      9:     0x5587f74b6765 - std::panicking::default_hook::h01f6bb23e1eceb2c
[INFO] [stderr]                                  at /rustc/1b7dd2252b99671ce5d1cb9664c5f8636329436d/library/std/src/panicking.rs:288:9
[INFO] [stderr]     10:     0x5587f74b6f1e - std::panicking::rust_panic_with_hook::h2bb3722bbaf2f6df
[INFO] [stderr]                                  at /rustc/1b7dd2252b99671ce5d1cb9664c5f8636329436d/library/std/src/panicking.rs:691:13
[INFO] [stderr]     11:     0x5587f74b6e19 - std::panicking::begin_panic_handler::{{closure}}::h91bc7f36a4be011b
[INFO] [stderr]                                  at /rustc/1b7dd2252b99671ce5d1cb9664c5f8636329436d/library/std/src/panicking.rs:582:13
[INFO] [stderr]     12:     0x5587f74b5796 - std::sys_common::backtrace::__rust_end_short_backtrace::h8b3d3717114f9e59
[INFO] [stderr]                                  at /rustc/1b7dd2252b99671ce5d1cb9664c5f8636329436d/library/std/src/sys_common/backtrace.rs:150:18
[INFO] [stderr]     13:     0x5587f74b6b72 - rust_begin_unwind
[INFO] [stderr]                                  at /rustc/1b7dd2252b99671ce5d1cb9664c5f8636329436d/library/std/src/panicking.rs:578:5
[INFO] [stderr]     14:     0x5587f74467d3 - core::panicking::panic_fmt::hfd368e3fbdabea26
[INFO] [stderr]                                  at /rustc/1b7dd2252b99671ce5d1cb9664c5f8636329436d/library/core/src/panicking.rs:67:14
[INFO] [stderr]     15:     0x5587f744f14f - cmake::fail::h5401dd90e480d63c
[INFO] [stderr]     16:     0x5587f744ebb3 - cmake::run::h0a79bb50f2ab1762
[INFO] [stderr]     17:     0x5587f744ca83 - cmake::Config::build::hcbef02508c2e3ccf
[INFO] [stderr]     18:     0x5587f7447891 - build_script_build::main::h3da1f309072b0082
[INFO] [stderr]     19:     0x5587f7447c03 - core::ops::function::FnOnce::call_once::h9a3c6cd5dd8c2989
[INFO] [stderr]     20:     0x5587f74476f6 - std::sys_common::backtrace::__rust_begin_short_backtrace::h0e991bf6c15284de
[INFO] [stderr]     21:     0x5587f7448289 - std::rt::lang_start::{{closure}}::h4ab4c29e67198b84
[INFO] [stderr]     22:     0x5587f74ae4ee - core::ops::function::impls::<impl core::ops::function::FnOnce<A> for &F>::call_once::h2eb19b8ce4148df4
[INFO] [stderr]                                  at /rustc/1b7dd2252b99671ce5d1cb9664c5f8636329436d/library/core/src/ops/function.rs:287:13
[INFO] [stderr]     23:     0x5587f74ae4ee - std::panicking::try::do_call::h2e900feff5d504c5
[INFO] [stderr]                                  at /rustc/1b7dd2252b99671ce5d1cb9664c5f8636329436d/library/std/src/panicking.rs:485:40
[INFO] [stderr]     24:     0x5587f74ae4ee - std::panicking::try::h8854836cb85aa9f2
[INFO] [stderr]                                  at /rustc/1b7dd2252b99671ce5d1cb9664c5f8636329436d/library/std/src/panicking.rs:449:19
[INFO] [stderr]     25:     0x5587f74ae4ee - std::panic::catch_unwind::h706025dd4c48f64b
[INFO] [stderr]                                  at /rustc/1b7dd2252b99671ce5d1cb9664c5f8636329436d/library/std/src/panic.rs:140:14
[INFO] [stderr]     26:     0x5587f74ae4ee - std::rt::lang_start_internal::{{closure}}::h7be5b97f4a07a91a
[INFO] [stderr]                                  at /rustc/1b7dd2252b99671ce5d1cb9664c5f8636329436d/library/std/src/rt.rs:148:48
[INFO] [stderr]     27:     0x5587f74ae4ee - std::panicking::try::do_call::h59847e9d0a176965
[INFO] [stderr]                                  at /rustc/1b7dd2252b99671ce5d1cb9664c5f8636329436d/library/std/src/panicking.rs:485:40
[INFO] [stderr]     28:     0x5587f74ae4ee - std::panicking::try::h399a918ba8522823
[INFO] [stderr]                                  at /rustc/1b7dd2252b99671ce5d1cb9664c5f8636329436d/library/std/src/panicking.rs:449:19
[INFO] [stderr]     29:     0x5587f74ae4ee - std::panic::catch_unwind::hca7ca6c55b2a2e26
[INFO] [stderr]                                  at /rustc/1b7dd2252b99671ce5d1cb9664c5f8636329436d/library/std/src/panic.rs:140:14
[INFO] [stderr]     30:     0x5587f74ae4ee - std::rt::lang_start_internal::h2c807a81560459eb
[INFO] [stderr]                                  at /rustc/1b7dd2252b99671ce5d1cb9664c5f8636329436d/library/std/src/rt.rs:148:20
[INFO] [stderr]     31:     0x5587f7448267 - std::rt::lang_start::h1419cc8b43a85c72
[INFO] [stderr]     32:     0x5587f7447be5 - main
[INFO] [stderr]     33:     0x7f49346cfd90 - <unknown>
[INFO] [stderr]     34:     0x7f49346cfe40 - __libc_start_main
[INFO] [stderr]     35:     0x5587f7446d55 - _start
[INFO] [stderr]     36:                0x0 - <unknown>
[INFO] running `Command { std: "docker" "inspect" "7b452fffc350ded507fc094367340a2ad8e3c1ed3691288e4faab092027581a5", kill_on_drop: false }`
[INFO] running `Command { std: "docker" "rm" "-f" "7b452fffc350ded507fc094367340a2ad8e3c1ed3691288e4faab092027581a5", kill_on_drop: false }`
[INFO] [stdout] 7b452fffc350ded507fc094367340a2ad8e3c1ed3691288e4faab092027581a5
