[INFO] cloning repository https://github.com/fuchsi/ripalt
[INFO] running `Command { std: "git" "-c" "credential.helper=" "-c" "credential.helper=/workspace/cargo-home/bin/git-credential-null" "clone" "--bare" "https://github.com/fuchsi/ripalt" "/workspace/cache/git-repos/https%3A%2F%2Fgithub.com%2Ffuchsi%2Fripalt", kill_on_drop: false }`
[INFO] [stderr] Cloning into bare repository '/workspace/cache/git-repos/https%3A%2F%2Fgithub.com%2Ffuchsi%2Fripalt'...
[INFO] running `Command { std: "git" "rev-parse" "HEAD", kill_on_drop: false }`
[INFO] [stdout] de5073690cc3ece312211b4686d6968988f28c97
[INFO] documenting fuchsi/ripalt against beta-2023-04-20 for beta-1.70-rustdoc-1
[INFO] running `Command { std: "git" "clone" "/workspace/cache/git-repos/https%3A%2F%2Fgithub.com%2Ffuchsi%2Fripalt" "/workspace/builds/worker-5-tc2/source", kill_on_drop: false }`
[INFO] [stderr] Cloning into '/workspace/builds/worker-5-tc2/source'...
[INFO] [stderr] done.
[INFO] validating manifest of git repo https://github.com/fuchsi/ripalt on toolchain beta-2023-04-20
[INFO] running `Command { std: CARGO_HOME="/workspace/cargo-home" RUSTUP_HOME="/workspace/rustup-home" "/workspace/cargo-home/bin/cargo" "+beta-2023-04-20" "metadata" "--manifest-path" "Cargo.toml" "--no-deps", kill_on_drop: false }`
[INFO] started tweaking git repo https://github.com/fuchsi/ripalt
[INFO] finished tweaking git repo https://github.com/fuchsi/ripalt
[INFO] tweaked toml for git repo https://github.com/fuchsi/ripalt written to /workspace/builds/worker-5-tc2/source/Cargo.toml
[INFO] crate git repo https://github.com/fuchsi/ripalt already has a lockfile, it will not be regenerated
[INFO] running `Command { std: CARGO_HOME="/workspace/cargo-home" RUSTUP_HOME="/workspace/rustup-home" "/workspace/cargo-home/bin/cargo" "+beta-2023-04-20" "fetch" "--manifest-path" "Cargo.toml", kill_on_drop: false }`
[INFO] [stderr]     Updating crates.io index
[INFO] [stderr]  Downloading crates ...
[INFO] [stderr]   Downloaded serde_bencode v0.2.0
[INFO] [stderr]   Downloaded dotenv v0.11.0
[INFO] [stderr]   Downloaded config v0.8.0
[INFO] [stderr]   Downloaded slug v0.1.3
[INFO] [stderr]   Downloaded num-derive v0.2.1
[INFO] [stderr]   Downloaded buf_redux v0.6.3
[INFO] [stderr]   Downloaded resolv-conf v0.6.0
[INFO] [stderr]   Downloaded memoffset v0.1.0
[INFO] [stderr]   Downloaded redis-async v0.0.7
[INFO] [stderr]   Downloaded serde_bytes v0.10.4
[INFO] [stderr]   Downloaded backoff v0.1.2
[INFO] [stderr]   Downloaded actix-redis v0.4.0
[INFO] [stderr]   Downloaded sass-rs v0.2.1
[INFO] [stderr]   Downloaded hostname v0.1.4
[INFO] [stderr]   Downloaded winreg v0.5.0
[INFO] [stderr]   Downloaded crossbeam-epoch v0.2.0
[INFO] [stderr]   Downloaded crossbeam-channel v0.1.2
[INFO] [stderr]   Downloaded multipart v0.14.2
[INFO] [stderr]   Downloaded socket2 v0.3.5
[INFO] [stderr]   Downloaded actix v0.5.6
[INFO] [stderr]   Downloaded http v0.1.5
[INFO] [stderr]   Downloaded pretty_assertions v0.5.1
[INFO] [stderr]   Downloaded tera v0.11.7
[INFO] [stderr]   Downloaded diesel-derive-enum v0.4.3
[INFO] [stderr]   Downloaded diesel v1.2.2
[INFO] [stderr]   Downloaded pest_derive v1.0.7
[INFO] [stderr]   Downloaded regex-syntax v0.6.0
[INFO] [stderr]   Downloaded data-encoding v2.1.1
[INFO] [stderr]   Downloaded actix-web v0.6.4
[INFO] [stderr]   Downloaded sass-sys v0.4.4
[INFO] [stderr]   Downloaded fast_chemail v0.9.5
[INFO] [stderr]   Downloaded ipnetwork v0.12.8
[INFO] [stderr]   Downloaded codepage-437 v0.1.0
[INFO] [stderr]   Downloaded syntex_fmt_macros v0.5.0
[INFO] [stderr]   Downloaded derive-error-chain v0.11.1
[INFO] [stderr]   Downloaded jsonwebtoken v4.0.1
[INFO] [stderr]   Downloaded bigdecimal v0.0.11
[INFO] [stderr]   Downloaded diesel_derives v1.2.0
[INFO] [stderr]   Downloaded csv v1.0.0
[INFO] [stderr]   Downloaded h2 v0.1.6
[INFO] running `Command { std: "docker" "create" "-v" "/var/lib/crater-agent-workspace/builds/worker-5-tc2/target:/opt/rustwide/target:rw,Z" "-v" "/var/lib/crater-agent-workspace/builds/worker-5-tc2/source:/opt/rustwide/workdir:ro,Z" "-v" "/var/lib/crater-agent-workspace/cargo-home:/opt/rustwide/cargo-home:ro,Z" "-v" "/var/lib/crater-agent-workspace/rustup-home:/opt/rustwide/rustup-home:ro,Z" "-e" "SOURCE_DIR=/opt/rustwide/workdir" "-e" "CARGO_TARGET_DIR=/opt/rustwide/target" "-e" "CARGO_HOME=/opt/rustwide/cargo-home" "-e" "RUSTUP_HOME=/opt/rustwide/rustup-home" "-w" "/opt/rustwide/workdir" "-m" "1610612736" "--user" "0:0" "--network" "none" "ghcr.io/rust-lang/crates-build-env/linux@sha256:5ff2268d62e97bff2cde7d5815dd6ed5b47097566f13b8d0ca110b04b60e07ed" "/opt/rustwide/cargo-home/bin/cargo" "+beta-2023-04-20" "metadata" "--no-deps" "--format-version=1", kill_on_drop: false }`
[INFO] [stdout] b4104e063ba6d615397d52feead36139c2658e1b421238b5f1aba3175fd8b85e
[INFO] running `Command { std: "docker" "start" "-a" "b4104e063ba6d615397d52feead36139c2658e1b421238b5f1aba3175fd8b85e", kill_on_drop: false }`
[INFO] running `Command { std: "docker" "inspect" "b4104e063ba6d615397d52feead36139c2658e1b421238b5f1aba3175fd8b85e", kill_on_drop: false }`
[INFO] running `Command { std: "docker" "rm" "-f" "b4104e063ba6d615397d52feead36139c2658e1b421238b5f1aba3175fd8b85e", kill_on_drop: false }`
[INFO] [stdout] b4104e063ba6d615397d52feead36139c2658e1b421238b5f1aba3175fd8b85e
[INFO] running `Command { std: "docker" "create" "-v" "/var/lib/crater-agent-workspace/builds/worker-5-tc2/target:/opt/rustwide/target:rw,Z" "-v" "/var/lib/crater-agent-workspace/builds/worker-5-tc2/source:/opt/rustwide/workdir:ro,Z" "-v" "/var/lib/crater-agent-workspace/cargo-home:/opt/rustwide/cargo-home:ro,Z" "-v" "/var/lib/crater-agent-workspace/rustup-home:/opt/rustwide/rustup-home:ro,Z" "-e" "SOURCE_DIR=/opt/rustwide/workdir" "-e" "CARGO_TARGET_DIR=/opt/rustwide/target" "-e" "CARGO_INCREMENTAL=0" "-e" "RUST_BACKTRACE=full" "-e" "RUSTFLAGS=--cap-lints=warn" "-e" "RUSTDOCFLAGS=--cap-lints=warn" "-e" "CARGO_HOME=/opt/rustwide/cargo-home" "-e" "RUSTUP_HOME=/opt/rustwide/rustup-home" "-w" "/opt/rustwide/workdir" "-m" "1610612736" "--user" "0:0" "--network" "none" "ghcr.io/rust-lang/crates-build-env/linux@sha256:5ff2268d62e97bff2cde7d5815dd6ed5b47097566f13b8d0ca110b04b60e07ed" "/opt/rustwide/cargo-home/bin/cargo" "+beta-2023-04-20" "doc" "--frozen" "--no-deps" "--document-private-items" "--message-format=json", kill_on_drop: false }`
[INFO] [stdout] 63209b6c708a45b5d5838ec96a48f3d2b2026fb81ea8774cc620b022ee158ae7
[INFO] running `Command { std: "docker" "start" "-a" "63209b6c708a45b5d5838ec96a48f3d2b2026fb81ea8774cc620b022ee158ae7", kill_on_drop: false }`
[INFO] [stderr]     Checking libc v0.2.40
[INFO] [stderr]     Checking cfg-if v0.1.3
[INFO] [stderr]    Compiling cc v1.0.15
[INFO] [stderr]     Checking byteorder v1.2.3
[INFO] [stderr]     Checking lazy_static v1.0.0
[INFO] [stderr]    Compiling winapi-build v0.1.1
[INFO] [stderr]    Compiling version_check v0.1.3
[INFO] [stderr]     Checking nodrop v0.1.12
[INFO] [stderr]     Checking scopeguard v0.3.3
[INFO] [stderr]    Compiling num-traits v0.2.4
[INFO] [stderr]     Checking futures v0.1.21
[INFO] [stderr]     Checking memoffset v0.2.1
[INFO] [stderr]     Checking winapi v0.2.8
[INFO] [stderr]    Compiling proc-macro2 v0.3.8
[INFO] [stderr]     Checking log v0.4.1
[INFO] [stderr]     Checking encoding_index_tests v0.1.4
[INFO] [stderr]     Checking slab v0.4.0
[INFO] [stderr]     Checking serde v1.0.55
[INFO] [stderr]     Checking arrayvec v0.4.7
[INFO] [stderr]    Compiling rayon-core v1.4.0
[INFO] [stderr]     Checking lazycell v0.6.0
[INFO] [stderr]    Compiling num-integer v0.1.38
[INFO] [stderr]    Compiling kernel32-sys v0.2.2
[INFO] [stderr]     Checking crossbeam-utils v0.3.2
[INFO] [stderr]     Checking rustc-demangle v0.1.8
[INFO] [stderr]    Compiling unicase v1.4.2
[INFO] [stderr]    Compiling crossbeam-utils v0.2.2
[INFO] [stderr]     Checking crossbeam-epoch v0.4.1
[INFO] [stderr]     Checking rand v0.4.2
[INFO] [stderr]     Checking iovec v0.1.2
[INFO] [stderr]     Checking net2 v0.2.32
[INFO] [stderr]     Checking num_cpus v1.8.0
[INFO] [stderr]     Checking bytes v0.4.7
[INFO] [stderr]    Compiling quote v0.5.2
[INFO] [stderr]    Compiling unicode-xid v0.0.4
[INFO] [stderr]     Checking crossbeam-deque v0.3.1
[INFO] [stderr]     Checking mio v0.6.14
[INFO] [stderr]     Checking memchr v2.0.1
[INFO] [stderr]    Compiling syn v0.13.10
[INFO] [stderr]    Compiling crossbeam-epoch v0.3.1
[INFO] [stderr]    Compiling synom v0.11.3
[INFO] [stderr]     Checking matches v0.1.6
[INFO] [stderr]    Compiling quote v0.3.15
[INFO] [stderr]     Checking lazy_static v0.2.11
[INFO] [stderr]     Checking unicode-bidi v0.3.4
[INFO] [stderr]     Checking time v0.1.40
[INFO] [stderr]    Compiling dbghelp-sys v0.2.0
[INFO] [stderr]     Checking encoding-index-tradchinese v1.20141219.5
[INFO] [stderr]     Checking encoding-index-japanese v1.20141219.5
[INFO] [stderr]    Compiling backtrace-sys v0.1.16
[INFO] [stderr]    Compiling syn v0.11.11
[INFO] [stderr]     Checking tokio-executor v0.1.2
[INFO] [stderr]     Checking tokio-io v0.1.6
[INFO] [stderr]    Compiling crossbeam-deque v0.2.0
[INFO] [stderr]     Checking encoding-index-simpchinese v1.20141219.5
[INFO] [stderr]     Checking encoding-index-korean v1.20141219.5
[INFO] [stderr]     Checking encoding-index-singlebyte v1.20141219.5
[INFO] [stderr]     Checking void v1.0.2
[INFO] [stderr]     Checking ucd-util v0.1.1
[INFO] [stderr]     Checking unicode-normalization v0.1.7
[INFO] [stderr]     Checking tokio-threadpool v0.1.3
[INFO] [stderr]     Checking unreachable v1.0.0
[INFO] [stderr]     Checking tokio-timer v0.2.3
[INFO] [stderr]     Checking percent-encoding v1.0.1
[INFO] [stderr]    Compiling siphasher v0.2.2
[INFO] [stderr]     Checking dtoa v0.4.2
[INFO] [stderr]     Checking encoding v0.2.33
[INFO] [stderr]     Checking tokio-reactor v0.1.1
[INFO] [stderr]     Checking thread_local v0.3.5
[INFO] [stderr]     Checking aho-corasick v0.6.4
[INFO] [stderr]    Compiling backtrace v0.2.3
[INFO] [stderr]    Compiling num-iter v0.1.37
[INFO] [stderr]    Compiling phf_shared v0.7.22
[INFO] [stderr]     Checking scoped-tls v0.1.2
[INFO] [stderr]     Checking safemem v0.2.0
[INFO] [stderr]    Compiling rayon v0.8.2
[INFO] [stderr]     Checking tokio-fs v0.1.0
[INFO] [stderr]     Checking utf8-ranges v1.0.0
[INFO] [stderr]     Checking quick-error v1.2.1
[INFO] [stderr]    Compiling pulldown-cmark v0.1.2
[INFO] [stderr]     Checking tokio-udp v0.1.0
[INFO] [stderr]     Checking tokio-tcp v0.1.0
[INFO] [stderr]     Checking itoa v0.4.1
[INFO] [stderr]    Compiling gcc v0.3.54
[INFO] [stderr]    Compiling semver-parser v0.7.0
[INFO] [stderr]    Compiling phf_generator v0.7.22
[INFO] [stderr]    Compiling unicase v2.1.0
[INFO] [stderr]     Checking tokio v0.1.6
[INFO] [stderr]    Compiling bitflags v0.9.1
[INFO] [stderr]    Compiling same-file v0.1.3
[INFO] [stderr]     Checking bitflags v1.0.3
[INFO] [stderr]    Compiling remove_dir_all v0.5.1
[INFO] [stderr]    Compiling phf_codegen v0.7.22
[INFO] [stderr]    Compiling tempdir v0.3.7
[INFO] [stderr]    Compiling walkdir v1.0.7
[INFO] [stderr]    Compiling pkg-config v0.3.11
[INFO] [stderr]     Checking tokio-core v0.1.17
[INFO] [stderr]     Checking idna v0.1.4
[INFO] [stderr]    Compiling glob v0.2.11
[INFO] [stderr]    Compiling bytecount v0.2.0
[INFO] [stderr]     Checking smallvec v0.6.1
[INFO] [stderr]     Checking stable_deref_trait v1.0.0
[INFO] [stderr]     Checking owning_ref v0.3.3
[INFO] [stderr]     Checking parking_lot_core v0.2.14
[INFO] [stderr]    Compiling mime_guess v2.0.0-alpha.4
[INFO] [stderr]    Compiling miniz-sys v0.1.10
[INFO] [stderr]    Compiling brotli-sys v0.3.2
[INFO] [stderr]    Compiling ring v0.12.1
[INFO] [stderr]     Checking hostname v0.1.4
[INFO] [stderr]    Compiling sass-sys v0.4.4
[INFO] [stderr]    Compiling synstructure v0.6.1
[INFO] [stderr]    Compiling actix_derive v0.2.0
[INFO] [stderr]    Compiling ws2_32-sys v0.2.1
[INFO] [stderr]     Checking url v1.7.0
[INFO] [stderr]     Checking serde_json v1.0.17
[INFO] [stderr]     Checking uuid v0.6.3
[INFO] [stderr]    Compiling proc-macro2 v0.2.3
[INFO] [stderr]     Checking memoffset v0.1.0
[INFO] [stderr]     Checking linked-hash-map v0.4.2
[INFO] [stderr]    Compiling regex v1.0.0
[INFO] [stderr]    Compiling regex v0.2.11
[INFO] [stderr]     Checking untrusted v0.5.1
[INFO] [stderr]     Checking rustc-serialize v0.3.24
[INFO] [stderr]     Checking crossbeam-epoch v0.2.0
[INFO] [stderr] error: failed to run custom build command for `sass-sys v0.4.4`
[INFO] [stderr] note: To improve backtraces for build dependencies, set the CARGO_PROFILE_DEV_BUILD_OVERRIDE_DEBUG=true environment variable to enable debug information generation.
[INFO] [stderr] 
[INFO] [stderr] Caused by:
[INFO] [stderr]   process didn't exit successfully: `/opt/rustwide/target/debug/build/sass-sys-456273c8782fe40f/build-script-build` (exit status: 101)
[INFO] [stderr]   --- stderr
[INFO] [stderr]   fatal: not a git repository (or any parent up to mount point /opt/rustwide)
[INFO] [stderr]   Stopping at filesystem boundary (GIT_DISCOVERY_ACROSS_FILESYSTEM not set).
[INFO] [stderr]   thread 'main' panicked at 'Build error:
[INFO] [stderr]   STDERR:mkdir: cannot create directory 'lib': Read-only file system
[INFO] [stderr]   make: *** [Makefile:231: lib] Error 1
[INFO] [stderr] 
[INFO] [stderr]   STDOUT:mkdir lib
[INFO] [stderr]   ', /opt/rustwide/cargo-home/registry/src/index.crates.io-6f17d22bba15001f/sass-sys-0.4.4/build.rs:50:9
[INFO] [stderr]   stack backtrace:
[INFO] [stderr]      0:     0x559e2147fb7a - std::backtrace_rs::backtrace::libunwind::trace::h2f05d0192276a8f6
[INFO] [stderr]                                  at /rustc/1b7dd2252b99671ce5d1cb9664c5f8636329436d/library/std/src/../../backtrace/src/backtrace/libunwind.rs:93:5
[INFO] [stderr]      1:     0x559e2147fb7a - std::backtrace_rs::backtrace::trace_unsynchronized::hedc23dff7a1af150
[INFO] [stderr]                                  at /rustc/1b7dd2252b99671ce5d1cb9664c5f8636329436d/library/std/src/../../backtrace/src/backtrace/mod.rs:66:5
[INFO] [stderr]      2:     0x559e2147fb7a - std::sys_common::backtrace::_print_fmt::h17541ef7592f3ce2
[INFO] [stderr]                                  at /rustc/1b7dd2252b99671ce5d1cb9664c5f8636329436d/library/std/src/sys_common/backtrace.rs:65:5
[INFO] [stderr]      3:     0x559e2147fb7a - <std::sys_common::backtrace::_print::DisplayBacktrace as core::fmt::Display>::fmt::h20f75df5ab0c0792
[INFO] [stderr]                                  at /rustc/1b7dd2252b99671ce5d1cb9664c5f8636329436d/library/std/src/sys_common/backtrace.rs:44:22
[INFO] [stderr]      4:     0x559e2149ed8f - core::fmt::write::h78109e6f466b3af6
[INFO] [stderr]                                  at /rustc/1b7dd2252b99671ce5d1cb9664c5f8636329436d/library/core/src/fmt/mod.rs:1254:17
[INFO] [stderr]      5:     0x559e2147d065 - std::io::Write::write_fmt::hc59e1b02dd273c8a
[INFO] [stderr]                                  at /rustc/1b7dd2252b99671ce5d1cb9664c5f8636329436d/library/std/src/io/mod.rs:1698:15
[INFO] [stderr]      6:     0x559e2147f945 - std::sys_common::backtrace::_print::h8dac57a9f8fbf9a5
[INFO] [stderr]                                  at /rustc/1b7dd2252b99671ce5d1cb9664c5f8636329436d/library/std/src/sys_common/backtrace.rs:47:5
[INFO] [stderr]      7:     0x559e2147f945 - std::sys_common::backtrace::print::hf9ecbf41d1aa712f
[INFO] [stderr]                                  at /rustc/1b7dd2252b99671ce5d1cb9664c5f8636329436d/library/std/src/sys_common/backtrace.rs:34:9
[INFO] [stderr]      8:     0x559e214810ee - std::panicking::default_hook::{{closure}}::h04c07acfc84ca028
[INFO] [stderr]                                  at /rustc/1b7dd2252b99671ce5d1cb9664c5f8636329436d/library/std/src/panicking.rs:269:22
[INFO] [stderr]      9:     0x559e21480e95 - std::panicking::default_hook::h01f6bb23e1eceb2c
[INFO] [stderr]                                  at /rustc/1b7dd2252b99671ce5d1cb9664c5f8636329436d/library/std/src/panicking.rs:288:9
[INFO] [stderr]     10:     0x559e2148164e - std::panicking::rust_panic_with_hook::h2bb3722bbaf2f6df
[INFO] [stderr]                                  at /rustc/1b7dd2252b99671ce5d1cb9664c5f8636329436d/library/std/src/panicking.rs:691:13
[INFO] [stderr]     11:     0x559e21481549 - std::panicking::begin_panic_handler::{{closure}}::h91bc7f36a4be011b
[INFO] [stderr]                                  at /rustc/1b7dd2252b99671ce5d1cb9664c5f8636329436d/library/std/src/panicking.rs:582:13
[INFO] [stderr]     12:     0x559e2147ffe6 - std::sys_common::backtrace::__rust_end_short_backtrace::h8b3d3717114f9e59
[INFO] [stderr]                                  at /rustc/1b7dd2252b99671ce5d1cb9664c5f8636329436d/library/std/src/sys_common/backtrace.rs:150:18
[INFO] [stderr]     13:     0x559e214812a2 - rust_begin_unwind
[INFO] [stderr]                                  at /rustc/1b7dd2252b99671ce5d1cb9664c5f8636329436d/library/std/src/panicking.rs:578:5
[INFO] [stderr]     14:     0x559e214423c3 - core::panicking::panic_fmt::hfd368e3fbdabea26
[INFO] [stderr]                                  at /rustc/1b7dd2252b99671ce5d1cb9664c5f8636329436d/library/core/src/panicking.rs:67:14
[INFO] [stderr]     15:     0x559e21443293 - build_script_build::compile::h44f8678f56b713fc
[INFO] [stderr]     16:     0x559e21443629 - build_script_build::main::hbedc67f0a5eaefe9
[INFO] [stderr]     17:     0x559e214437d3 - core::ops::function::FnOnce::call_once::hc5b74459bbac8f97
[INFO] [stderr]     18:     0x559e21443896 - std::sys_common::backtrace::__rust_begin_short_backtrace::h1c2621a6d40f21b0
[INFO] [stderr]     19:     0x559e214439d9 - std::rt::lang_start::{{closure}}::hf7f40a38ec606334
[INFO] [stderr]     20:     0x559e2147a6ae - core::ops::function::impls::<impl core::ops::function::FnOnce<A> for &F>::call_once::h2eb19b8ce4148df4
[INFO] [stderr]                                  at /rustc/1b7dd2252b99671ce5d1cb9664c5f8636329436d/library/core/src/ops/function.rs:287:13
[INFO] [stderr]     21:     0x559e2147a6ae - std::panicking::try::do_call::h2e900feff5d504c5
[INFO] [stderr]                                  at /rustc/1b7dd2252b99671ce5d1cb9664c5f8636329436d/library/std/src/panicking.rs:485:40
[INFO] [stderr]     22:     0x559e2147a6ae - std::panicking::try::h8854836cb85aa9f2
[INFO] [stderr]                                  at /rustc/1b7dd2252b99671ce5d1cb9664c5f8636329436d/library/std/src/panicking.rs:449:19
[INFO] [stderr]     23:     0x559e2147a6ae - std::panic::catch_unwind::h706025dd4c48f64b
[INFO] [stderr]                                  at /rustc/1b7dd2252b99671ce5d1cb9664c5f8636329436d/library/std/src/panic.rs:140:14
[INFO] [stderr]     24:     0x559e2147a6ae - std::rt::lang_start_internal::{{closure}}::h7be5b97f4a07a91a
[INFO] [stderr]                                  at /rustc/1b7dd2252b99671ce5d1cb9664c5f8636329436d/library/std/src/rt.rs:148:48
[INFO] [stderr]     25:     0x559e2147a6ae - std::panicking::try::do_call::h59847e9d0a176965
[INFO] [stderr]                                  at /rustc/1b7dd2252b99671ce5d1cb9664c5f8636329436d/library/std/src/panicking.rs:485:40
[INFO] [stderr]     26:     0x559e2147a6ae - std::panicking::try::h399a918ba8522823
[INFO] [stderr]                                  at /rustc/1b7dd2252b99671ce5d1cb9664c5f8636329436d/library/std/src/panicking.rs:449:19
[INFO] [stderr]     27:     0x559e2147a6ae - std::panic::catch_unwind::hca7ca6c55b2a2e26
[INFO] [stderr]                                  at /rustc/1b7dd2252b99671ce5d1cb9664c5f8636329436d/library/std/src/panic.rs:140:14
[INFO] [stderr]     28:     0x559e2147a6ae - std::rt::lang_start_internal::h2c807a81560459eb
[INFO] [stderr]                                  at /rustc/1b7dd2252b99671ce5d1cb9664c5f8636329436d/library/std/src/rt.rs:148:20
[INFO] [stderr]     29:     0x559e214439b7 - std::rt::lang_start::h644bcb60854c78d4
[INFO] [stderr]     30:     0x559e21443775 - main
[INFO] [stderr]     31:     0x7f2b8ea16d90 - <unknown>
[INFO] [stderr]     32:     0x7f2b8ea16e40 - __libc_start_main
[INFO] [stderr]     33:     0x559e21442a45 - _start
[INFO] [stderr]     34:                0x0 - <unknown>
[INFO] [stderr] warning: build failed, waiting for other jobs to finish...
[INFO] [stdout] error[E0713]: borrow may still be in use when destructor runs
[INFO] [stdout]    --> /opt/rustwide/cargo-home/registry/src/index.crates.io-6f17d22bba15001f/url-1.7.0/src/form_urlencoded.rs:261:40
[INFO] [stdout]     |
[INFO] [stdout] 259 | impl<'a> Target for ::UrlQuery<'a> {
[INFO] [stdout]     |      -- lifetime `'a` defined here
[INFO] [stdout] 260 |     fn as_mut_string(&mut self) -> &mut String { &mut self.url.serialization }
[INFO] [stdout] 261 |     fn finish(self) -> &'a mut ::Url { self.url }
[INFO] [stdout]     |                                        ^^^^^^^^ - here, drop of `self` needs exclusive access to `*self.url`, because the type `UrlQuery<'_>` implements the `Drop` trait
[INFO] [stdout]     |                                        |
[INFO] [stdout]     |                                        returning this value requires that `*self.url` is borrowed for `'a`
[INFO] [stdout] 
[INFO] [stdout] 
[INFO] [stdout] error: aborting due to previous error
[INFO] [stdout] 
[INFO] [stdout] 
[INFO] [stdout] For more information about this error, try `rustc --explain E0713`.
[INFO] [stdout] 
[INFO] [stderr] error: could not compile `url` (lib) due to 2 previous errors
[INFO] running `Command { std: "docker" "inspect" "63209b6c708a45b5d5838ec96a48f3d2b2026fb81ea8774cc620b022ee158ae7", kill_on_drop: false }`
[INFO] running `Command { std: "docker" "rm" "-f" "63209b6c708a45b5d5838ec96a48f3d2b2026fb81ea8774cc620b022ee158ae7", kill_on_drop: false }`
[INFO] [stdout] 63209b6c708a45b5d5838ec96a48f3d2b2026fb81ea8774cc620b022ee158ae7
