[INFO] cloning repository https://github.com/fstnetwork/etherinit
[INFO] running `Command { std: "git" "-c" "credential.helper=" "-c" "credential.helper=/workspace/cargo-home/bin/git-credential-null" "clone" "--bare" "https://github.com/fstnetwork/etherinit" "/workspace/cache/git-repos/https%3A%2F%2Fgithub.com%2Ffstnetwork%2Fetherinit", kill_on_drop: false }`
[INFO] [stderr] Cloning into bare repository '/workspace/cache/git-repos/https%3A%2F%2Fgithub.com%2Ffstnetwork%2Fetherinit'...
[INFO] running `Command { std: "git" "rev-parse" "HEAD", kill_on_drop: false }`
[INFO] [stdout] 9201440b12a2b2f2e8c570f25aed259ad0d6ad70
[INFO] documenting fstnetwork/etherinit against 1.69.0 for beta-1.70-rustdoc-1
[INFO] running `Command { std: "git" "clone" "/workspace/cache/git-repos/https%3A%2F%2Fgithub.com%2Ffstnetwork%2Fetherinit" "/workspace/builds/worker-2-tc1/source", kill_on_drop: false }`
[INFO] [stderr] Cloning into '/workspace/builds/worker-2-tc1/source'...
[INFO] [stderr] done.
[INFO] validating manifest of git repo https://github.com/fstnetwork/etherinit on toolchain 1.69.0
[INFO] running `Command { std: CARGO_HOME="/workspace/cargo-home" RUSTUP_HOME="/workspace/rustup-home" "/workspace/cargo-home/bin/cargo" "+1.69.0" "metadata" "--manifest-path" "Cargo.toml" "--no-deps", kill_on_drop: false }`
[INFO] removed /workspace/builds/worker-2-tc1/source/rust-toolchain
[INFO] started tweaking git repo https://github.com/fstnetwork/etherinit
[INFO] finished tweaking git repo https://github.com/fstnetwork/etherinit
[INFO] tweaked toml for git repo https://github.com/fstnetwork/etherinit written to /workspace/builds/worker-2-tc1/source/Cargo.toml
[INFO] crate git repo https://github.com/fstnetwork/etherinit already has a lockfile, it will not be regenerated
[INFO] running `Command { std: CARGO_HOME="/workspace/cargo-home" RUSTUP_HOME="/workspace/rustup-home" "/workspace/cargo-home/bin/cargo" "+1.69.0" "fetch" "--manifest-path" "Cargo.toml", kill_on_drop: false }`
[INFO] [stderr]     Updating git repository `https://github.com/fstnetwork/ethsign`
[INFO] [stderr]     Updating git repository `https://github.com/fstnetwork/hdwallet-rs`
[INFO] [stderr]     Updating git repository `https://github.com/fstnetwork/rust-web3`
[INFO] [stderr]  Downloading crates ...
[INFO] [stderr]   Downloaded tokio-threadpool v0.1.13
[INFO] [stderr]   Downloaded headers-derive v0.1.0
[INFO] [stderr]   Downloaded mime_guess v1.8.6
[INFO] [stderr]   Downloaded headers-core v0.1.0
[INFO] [stderr]   Downloaded headers v0.2.1
[INFO] [stderr]   Downloaded parity-crypto v0.3.0
[INFO] [stderr]   Downloaded handlebars v1.0.5
[INFO] [stderr]   Downloaded memzero v0.1.0
[INFO] [stderr]   Downloaded bech32 v0.3.2
[INFO] [stderr]   Downloaded stream-cipher v0.3.0
[INFO] [stderr]   Downloaded atoi v0.2.3
[INFO] [stderr]   Downloaded fixed-hash v0.3.0
[INFO] [stderr]   Downloaded ethereum-types v0.4.2
[INFO] [stderr]   Downloaded crunchy v0.2.1
[INFO] [stderr]   Downloaded scrypt v0.1.2
[INFO] [stderr]   Downloaded checked v0.5.0
[INFO] [stderr]   Downloaded ethabi v6.1.0
[INFO] [stderr]   Downloaded bitcoin-bech32 v0.5.1
[INFO] [stderr]   Downloaded tokio-process v0.2.3
[INFO] [stderr]   Downloaded tower-web-macros v0.3.5
[INFO] [stderr]   Downloaded tokio-sync v0.1.4
[INFO] [stderr]   Downloaded openssl-sys v0.9.43
[INFO] [stderr]   Downloaded tokio v0.1.18
[INFO] [stderr]   Downloaded websocket v0.22.3
[INFO] [stderr]   Downloaded tower-web v0.3.7
[INFO] [stderr]   Downloaded hyper v0.10.15
[INFO] [stderr]   Downloaded hyper v0.12.27
[INFO] [stderr]   Downloaded ethbloom v0.5.3
[INFO] [stderr]   Downloaded bitcoin v0.13.2
[INFO] [stderr]   Downloaded openssl v0.10.20
[INFO] [stderr]   Downloaded secp256k1 v0.12.2
[INFO] [stderr]   Downloaded secp256k1 v0.9.2
[INFO] [stderr]   Downloaded strason v0.3.4
[INFO] [stderr]   Downloaded ethbloom v0.6.2
[INFO] running `Command { std: "docker" "create" "-v" "/var/lib/crater-agent-workspace/builds/worker-2-tc1/target:/opt/rustwide/target:rw,Z" "-v" "/var/lib/crater-agent-workspace/builds/worker-2-tc1/source:/opt/rustwide/workdir:ro,Z" "-v" "/var/lib/crater-agent-workspace/cargo-home:/opt/rustwide/cargo-home:ro,Z" "-v" "/var/lib/crater-agent-workspace/rustup-home:/opt/rustwide/rustup-home:ro,Z" "-e" "SOURCE_DIR=/opt/rustwide/workdir" "-e" "CARGO_TARGET_DIR=/opt/rustwide/target" "-e" "CARGO_HOME=/opt/rustwide/cargo-home" "-e" "RUSTUP_HOME=/opt/rustwide/rustup-home" "-w" "/opt/rustwide/workdir" "-m" "1610612736" "--user" "0:0" "--network" "none" "ghcr.io/rust-lang/crates-build-env/linux@sha256:5ff2268d62e97bff2cde7d5815dd6ed5b47097566f13b8d0ca110b04b60e07ed" "/opt/rustwide/cargo-home/bin/cargo" "+1.69.0" "metadata" "--no-deps" "--format-version=1", kill_on_drop: false }`
[INFO] [stdout] 4f8949f14c226d3c7f5d8d6eeee39182bd175e4219d484641c544d71b3938bc4
[INFO] running `Command { std: "docker" "start" "-a" "4f8949f14c226d3c7f5d8d6eeee39182bd175e4219d484641c544d71b3938bc4", kill_on_drop: false }`
[INFO] running `Command { std: "docker" "inspect" "4f8949f14c226d3c7f5d8d6eeee39182bd175e4219d484641c544d71b3938bc4", kill_on_drop: false }`
[INFO] running `Command { std: "docker" "rm" "-f" "4f8949f14c226d3c7f5d8d6eeee39182bd175e4219d484641c544d71b3938bc4", kill_on_drop: false }`
[INFO] [stdout] 4f8949f14c226d3c7f5d8d6eeee39182bd175e4219d484641c544d71b3938bc4
[INFO] running `Command { std: "docker" "create" "-v" "/var/lib/crater-agent-workspace/builds/worker-2-tc1/target:/opt/rustwide/target:rw,Z" "-v" "/var/lib/crater-agent-workspace/builds/worker-2-tc1/source:/opt/rustwide/workdir:ro,Z" "-v" "/var/lib/crater-agent-workspace/cargo-home:/opt/rustwide/cargo-home:ro,Z" "-v" "/var/lib/crater-agent-workspace/rustup-home:/opt/rustwide/rustup-home:ro,Z" "-e" "SOURCE_DIR=/opt/rustwide/workdir" "-e" "CARGO_TARGET_DIR=/opt/rustwide/target" "-e" "CARGO_INCREMENTAL=0" "-e" "RUST_BACKTRACE=full" "-e" "RUSTFLAGS=--cap-lints=warn" "-e" "RUSTDOCFLAGS=--cap-lints=warn" "-e" "CARGO_HOME=/opt/rustwide/cargo-home" "-e" "RUSTUP_HOME=/opt/rustwide/rustup-home" "-w" "/opt/rustwide/workdir" "-m" "1610612736" "--user" "0:0" "--network" "none" "ghcr.io/rust-lang/crates-build-env/linux@sha256:5ff2268d62e97bff2cde7d5815dd6ed5b47097566f13b8d0ca110b04b60e07ed" "/opt/rustwide/cargo-home/bin/cargo" "+1.69.0" "doc" "--frozen" "--no-deps" "--document-private-items" "--message-format=json", kill_on_drop: false }`
[INFO] [stdout] b4f8ca344321789dc15d4c35be28498df79974306880d164e0c551b48cd9331f
[INFO] running `Command { std: "docker" "start" "-a" "b4f8ca344321789dc15d4c35be28498df79974306880d164e0c551b48cd9331f", kill_on_drop: false }`
[INFO] [stderr]    Compiling libc v0.2.51
[INFO] [stderr]     Checking cfg-if v0.1.7
[INFO] [stderr]    Compiling byteorder v1.3.1
[INFO] [stderr]    Compiling autocfg v0.1.2
[INFO] [stderr]     Checking lazy_static v1.3.0
[INFO] [stderr]    Compiling typenum v1.10.0
[INFO] [stderr]     Checking rand_core v0.4.0
[INFO] [stderr]    Compiling cc v1.0.26
[INFO] [stderr]    Compiling proc-macro2 v0.4.27
[INFO] [stderr]    Compiling syn v0.15.32
[INFO] [stderr]     Checking nodrop v0.1.13
[INFO] [stderr]     Checking scopeguard v0.3.3
[INFO] [stderr]     Checking futures v0.1.26
[INFO] [stderr]    Compiling arrayvec v0.4.10
[INFO] [stderr]     Checking memoffset v0.2.1
[INFO] [stderr]     Checking smallvec v0.6.9
[INFO] [stderr]     Checking log v0.4.6
[INFO] [stderr]    Compiling serde v1.0.90
[INFO] [stderr]     Checking crossbeam-utils v0.6.5
[INFO] [stderr]    Compiling num-traits v0.2.6
[INFO] [stderr]    Compiling parking_lot_core v0.4.0
[INFO] [stderr]     Checking rand_core v0.3.1
[INFO] [stderr]     Checking rand_jitter v0.1.3
[INFO] [stderr]    Compiling unicase v1.4.2
[INFO] [stderr]     Checking rand_isaac v0.1.1
[INFO] [stderr]    Compiling rand_chacha v0.1.1
[INFO] [stderr]    Compiling rand_pcg v0.1.2
[INFO] [stderr]    Compiling rand v0.6.5
[INFO] [stderr]     Checking rand_hc v0.1.0
[INFO] [stderr]     Checking rand_xorshift v0.1.1
[INFO] [stderr]     Checking stable_deref_trait v1.1.1
[INFO] [stderr]     Checking owning_ref v0.4.0
[INFO] [stderr]     Checking lazycell v1.2.1
[INFO] [stderr]    Compiling crunchy v0.1.6
[INFO] [stderr]     Checking fake-simd v0.1.2
[INFO] [stderr]     Checking itoa v0.4.3
[INFO] [stderr]     Checking lock_api v0.1.5
[INFO] [stderr]    Compiling num-integer v0.1.39
[INFO] [stderr]    Compiling heapsize v0.4.2
[INFO] [stderr]     Checking rustc-hex v2.0.1
[INFO] [stderr]    Compiling pkg-config v0.3.14
[INFO] [stderr]     Checking byte-tools v0.3.1
[INFO] [stderr]     Checking safemem v0.3.0
[INFO] [stderr]    Compiling gcc v0.3.55
[INFO] [stderr]    Compiling quote v0.6.12
[INFO] [stderr]     Checking opaque-debug v0.2.2
[INFO] [stderr]     Checking num_cpus v1.10.0
[INFO] [stderr]     Checking iovec v0.1.2
[INFO] [stderr]     Checking rand_os v0.1.3
[INFO] [stderr]     Checking net2 v0.2.33
[INFO] [stderr]     Checking time v0.1.42
[INFO] [stderr]     Checking rand v0.4.6
[INFO] [stderr]     Checking bytes v0.4.12
[INFO] [stderr]     Checking tokio-executor v0.1.7
[INFO] [stderr]     Checking generic-array v0.12.0
[INFO] [stderr]     Checking tokio-sync v0.1.4
[INFO] [stderr]     Checking mio v0.6.16
[INFO] [stderr]     Checking tiny-keccak v1.4.2
[INFO] [stderr]     Checking bitflags v1.0.4
[INFO] [stderr]     Checking constant_time_eq v0.1.3
[INFO] [stderr]     Checking generic-array v0.8.3
[INFO] [stderr]     Checking base64 v0.9.3
[INFO] [stderr]     Checking block-padding v0.1.3
[INFO] [stderr]     Checking rand v0.5.6
[INFO] [stderr]    Compiling openssl-sys v0.9.43
[INFO] [stderr]     Checking crossbeam-epoch v0.7.1
[INFO] [stderr]     Checking tokio-io v0.1.12
[INFO] [stderr]     Checking digest v0.8.0
[INFO] [stderr]     Checking crossbeam-utils v0.2.2
[INFO] [stderr]    Compiling rayon-core v1.4.1
[INFO] [stderr]     Checking encoding_index_tests v0.1.4
[INFO] [stderr]     Checking byte-tools v0.2.0
[INFO] [stderr]     Checking block-buffer v0.7.3
[INFO] [stderr]    Compiling backtrace-sys v0.1.28
[INFO] [stderr]     Checking crossbeam-queue v0.1.2
[INFO] [stderr]     Checking crossbeam-epoch v0.3.1
[INFO] [stderr]    Compiling ryu v0.2.7
[INFO] [stderr]    Compiling num-iter v0.1.37
[INFO] [stderr]    Compiling httparse v1.3.3
[INFO] [stderr]    Compiling memchr v2.2.0
[INFO] [stderr]     Checking crossbeam-deque v0.7.1
[INFO] [stderr]     Checking http v0.1.17
[INFO] [stderr]     Checking tokio-codec v0.1.1
[INFO] [stderr]     Checking generic-array v0.9.0
[INFO] [stderr]     Checking crossbeam-deque v0.2.0
[INFO] [stderr]     Checking mio-uds v0.6.7
[INFO] [stderr]     Checking tokio-threadpool v0.1.13
[INFO] [stderr] The following warnings were emitted during compilation:
[INFO] [stderr] 
[INFO] [stderr] warning: build/expando.c:4:24: error: pasting "RUST_VERSION_OPENSSL_" and "(" does not give a valid preprocessing token
[INFO] [stderr] warning:     4 | #define VERSION2(n, v) RUST_VERSION_##n##_##v
[INFO] [stderr] warning:       |                        ^~~~~~~~~~~~~
[INFO] [stderr] warning: build/expando.c:5:23: note: in expansion of macro 'VERSION2'
[INFO] [stderr] warning:     5 | #define VERSION(n, v) VERSION2(n, v)
[INFO] [stderr] warning:       |                       ^~~~~~~~
[INFO] [stderr] warning: build/expando.c:10:1: note: in expansion of macro 'VERSION'
[INFO] [stderr] warning:    10 | VERSION(OPENSSL, OPENSSL_VERSION_NUMBER)
[INFO] [stderr] warning:       | ^~~~~~~
[INFO] [stderr] 
[INFO] [stderr] error: failed to run custom build command for `openssl-sys v0.9.43`
[INFO] [stderr] note: To improve backtraces for build dependencies, set the CARGO_PROFILE_DEV_BUILD_OVERRIDE_DEBUG=true environment variable to enable debug information generation.
[INFO] [stderr] 
[INFO] [stderr] Caused by:
[INFO] [stderr]   process didn't exit successfully: `/opt/rustwide/target/debug/build/openssl-sys-3fb8318092ac04d5/build-script-main` (exit status: 101)
[INFO] [stderr]   --- stdout
[INFO] [stderr]   cargo:rustc-cfg=const_fn
[INFO] [stderr]   cargo:rerun-if-env-changed=X86_64_UNKNOWN_LINUX_GNU_OPENSSL_LIB_DIR
[INFO] [stderr]   X86_64_UNKNOWN_LINUX_GNU_OPENSSL_LIB_DIR unset
[INFO] [stderr]   cargo:rerun-if-env-changed=OPENSSL_LIB_DIR
[INFO] [stderr]   OPENSSL_LIB_DIR unset
[INFO] [stderr]   cargo:rerun-if-env-changed=X86_64_UNKNOWN_LINUX_GNU_OPENSSL_INCLUDE_DIR
[INFO] [stderr]   X86_64_UNKNOWN_LINUX_GNU_OPENSSL_INCLUDE_DIR unset
[INFO] [stderr]   cargo:rerun-if-env-changed=OPENSSL_INCLUDE_DIR
[INFO] [stderr]   OPENSSL_INCLUDE_DIR unset
[INFO] [stderr]   cargo:rerun-if-env-changed=X86_64_UNKNOWN_LINUX_GNU_OPENSSL_DIR
[INFO] [stderr]   X86_64_UNKNOWN_LINUX_GNU_OPENSSL_DIR unset
[INFO] [stderr]   cargo:rerun-if-env-changed=OPENSSL_DIR
[INFO] [stderr]   OPENSSL_DIR unset
[INFO] [stderr]   cargo:rustc-link-lib=ssl
[INFO] [stderr]   cargo:rustc-link-lib=crypto
[INFO] [stderr]   OPT_LEVEL = Some("0")
[INFO] [stderr]   TARGET = Some("x86_64-unknown-linux-gnu")
[INFO] [stderr]   HOST = Some("x86_64-unknown-linux-gnu")
[INFO] [stderr]   CC_x86_64-unknown-linux-gnu = None
[INFO] [stderr]   CC_x86_64_unknown_linux_gnu = None
[INFO] [stderr]   HOST_CC = None
[INFO] [stderr]   CC = None
[INFO] [stderr]   CFLAGS_x86_64-unknown-linux-gnu = None
[INFO] [stderr]   CFLAGS_x86_64_unknown_linux_gnu = None
[INFO] [stderr]   HOST_CFLAGS = None
[INFO] [stderr]   CFLAGS = None
[INFO] [stderr]   DEBUG = Some("true")
[INFO] [stderr]   running: "cc" "-O0" "-ffunction-sections" "-fdata-sections" "-fPIC" "-g" "-fno-omit-frame-pointer" "-m64" "-Wall" "-Wextra" "-E" "build/expando.c"
[INFO] [stderr]   cargo:warning=build/expando.c:4:24: error: pasting "RUST_VERSION_OPENSSL_" and "(" does not give a valid preprocessing token
[INFO] [stderr]   cargo:warning=    4 | #define VERSION2(n, v) RUST_VERSION_##n##_##v
[INFO] [stderr]   cargo:warning=      |                        ^~~~~~~~~~~~~
[INFO] [stderr]   cargo:warning=build/expando.c:5:23: note: in expansion of macro 'VERSION2'
[INFO] [stderr]   cargo:warning=    5 | #define VERSION(n, v) VERSION2(n, v)
[INFO] [stderr]   cargo:warning=      |                       ^~~~~~~~
[INFO] [stderr]   cargo:warning=build/expando.c:10:1: note: in expansion of macro 'VERSION'
[INFO] [stderr]   cargo:warning=   10 | VERSION(OPENSSL, OPENSSL_VERSION_NUMBER)
[INFO] [stderr]   cargo:warning=      | ^~~~~~~
[INFO] [stderr]   exit status: 1
[INFO] [stderr] 
[INFO] [stderr]   --- stderr
[INFO] [stderr]   thread 'main' panicked at '
[INFO] [stderr]   Header expansion error:
[INFO] [stderr]   Error { kind: ToolExecError, message: "Command \"cc\" \"-O0\" \"-ffunction-sections\" \"-fdata-sections\" \"-fPIC\" \"-g\" \"-fno-omit-frame-pointer\" \"-m64\" \"-Wall\" \"-Wextra\" \"-E\" \"build/expando.c\" with args \"cc\" did not execute successfully (status code exit status: 1)." }
[INFO] [stderr] 
[INFO] [stderr]   Failed to find OpenSSL development headers.
[INFO] [stderr] 
[INFO] [stderr]   You can try fixing this setting the `OPENSSL_DIR` environment variable
[INFO] [stderr]   pointing to your OpenSSL installation or installing OpenSSL headers package
[INFO] [stderr]   specific to your distribution:
[INFO] [stderr] 
[INFO] [stderr]       # On Ubuntu
[INFO] [stderr]       sudo apt-get install libssl-dev
[INFO] [stderr]       # On Arch Linux
[INFO] [stderr]       sudo pacman -S openssl
[INFO] [stderr]       # On Fedora
[INFO] [stderr]       sudo dnf install openssl-devel
[INFO] [stderr] 
[INFO] [stderr]   See rust-openssl README for more information:
[INFO] [stderr] 
[INFO] [stderr]       https://github.com/sfackler/rust-openssl#linux
[INFO] [stderr]   ', /opt/rustwide/cargo-home/registry/src/github.com-1ecc6299db9ec823/openssl-sys-0.9.43/build/main.rs:126:13
[INFO] [stderr]   stack backtrace:
[INFO] [stderr]      0:     0x559a470547fa - std::backtrace_rs::backtrace::libunwind::trace::ha9053a9a07ca49cb
[INFO] [stderr]                                  at /rustc/84c898d65adf2f39a5a98507f1fe0ce10a2b8dbc/library/std/src/../../backtrace/src/backtrace/libunwind.rs:93:5
[INFO] [stderr]      1:     0x559a470547fa - std::backtrace_rs::backtrace::trace_unsynchronized::h9c2852a457ad564e
[INFO] [stderr]                                  at /rustc/84c898d65adf2f39a5a98507f1fe0ce10a2b8dbc/library/std/src/../../backtrace/src/backtrace/mod.rs:66:5
[INFO] [stderr]      2:     0x559a470547fa - std::sys_common::backtrace::_print_fmt::h457936fbfaa0070f
[INFO] [stderr]                                  at /rustc/84c898d65adf2f39a5a98507f1fe0ce10a2b8dbc/library/std/src/sys_common/backtrace.rs:65:5
[INFO] [stderr]      3:     0x559a470547fa - <std::sys_common::backtrace::_print::DisplayBacktrace as core::fmt::Display>::fmt::h5779d7bf7f70cb0c
[INFO] [stderr]                                  at /rustc/84c898d65adf2f39a5a98507f1fe0ce10a2b8dbc/library/std/src/sys_common/backtrace.rs:44:22
[INFO] [stderr]      4:     0x559a4707490e - core::fmt::write::h5a4baaff1bcd3eb5
[INFO] [stderr]                                  at /rustc/84c898d65adf2f39a5a98507f1fe0ce10a2b8dbc/library/core/src/fmt/mod.rs:1232:17
[INFO] [stderr]      5:     0x559a47051d95 - std::io::Write::write_fmt::h4bc1f301cb9e9cce
[INFO] [stderr]                                  at /rustc/84c898d65adf2f39a5a98507f1fe0ce10a2b8dbc/library/std/src/io/mod.rs:1684:15
[INFO] [stderr]      6:     0x559a470545c5 - std::sys_common::backtrace::_print::h5fcdc36060f177e8
[INFO] [stderr]                                  at /rustc/84c898d65adf2f39a5a98507f1fe0ce10a2b8dbc/library/std/src/sys_common/backtrace.rs:47:5
[INFO] [stderr]      7:     0x559a470545c5 - std::sys_common::backtrace::print::h54ca9458b876c8bf
[INFO] [stderr]                                  at /rustc/84c898d65adf2f39a5a98507f1fe0ce10a2b8dbc/library/std/src/sys_common/backtrace.rs:34:9
[INFO] [stderr]      8:     0x559a47055f9f - std::panicking::default_hook::{{closure}}::hbe471161c7664ed6
[INFO] [stderr]                                  at /rustc/84c898d65adf2f39a5a98507f1fe0ce10a2b8dbc/library/std/src/panicking.rs:271:22
[INFO] [stderr]      9:     0x559a47055cdb - std::panicking::default_hook::ha3500da57aa4ac4f
[INFO] [stderr]                                  at /rustc/84c898d65adf2f39a5a98507f1fe0ce10a2b8dbc/library/std/src/panicking.rs:290:9
[INFO] [stderr]     10:     0x559a47056548 - std::panicking::rust_panic_with_hook::h50c09d000dc561d2
[INFO] [stderr]                                  at /rustc/84c898d65adf2f39a5a98507f1fe0ce10a2b8dbc/library/std/src/panicking.rs:692:13
[INFO] [stderr]     11:     0x559a47056449 - std::panicking::begin_panic_handler::{{closure}}::h9e2b2176e00e0d9c
[INFO] [stderr]                                  at /rustc/84c898d65adf2f39a5a98507f1fe0ce10a2b8dbc/library/std/src/panicking.rs:583:13
[INFO] [stderr]     12:     0x559a47054c66 - std::sys_common::backtrace::__rust_end_short_backtrace::h5739b8e512c09d02
[INFO] [stderr]                                  at /rustc/84c898d65adf2f39a5a98507f1fe0ce10a2b8dbc/library/std/src/sys_common/backtrace.rs:150:18
[INFO] [stderr]     13:     0x559a47056152 - rust_begin_unwind
[INFO] [stderr]                                  at /rustc/84c898d65adf2f39a5a98507f1fe0ce10a2b8dbc/library/std/src/panicking.rs:579:5
[INFO] [stderr]     14:     0x559a46fbc7c3 - core::panicking::panic_fmt::hf33a1475b4dc5c3e
[INFO] [stderr]                                  at /rustc/84c898d65adf2f39a5a98507f1fe0ce10a2b8dbc/library/core/src/panicking.rs:64:14
[INFO] [stderr]     15:     0x559a46fc3d68 - build_script_main::validate_headers::h164133375be61980
[INFO] [stderr]     16:     0x559a46fc7290 - build_script_main::find::try_pkg_config::hdb7ddce0f1d14ad5
[INFO] [stderr]     17:     0x559a46fc6036 - build_script_main::find::find_openssl_dir::h606a3c6c3ed05465
[INFO] [stderr]     18:     0x559a46fc5e82 - build_script_main::find::get_openssl::{{closure}}::h07195ba30546be25
[INFO] [stderr]     19:     0x559a46fc1c3a - core::option::Option<T>::unwrap_or_else::h3019f38901f76bd8
[INFO] [stderr]     20:     0x559a46fc5b80 - build_script_main::find::get_openssl::h8217283df72d30ef
[INFO] [stderr]     21:     0x559a46fc2b65 - build_script_main::main::h867730723b5aff1b
[INFO] [stderr]     22:     0x559a46fc0783 - core::ops::function::FnOnce::call_once::h7beff93383615fd1
[INFO] [stderr]     23:     0x559a46fc7f99 - std::sys_common::backtrace::__rust_begin_short_backtrace::h7a730f613ef3f98d
[INFO] [stderr]     24:     0x559a46fc10e9 - std::rt::lang_start::{{closure}}::h56c9c8e5c9b2567b
[INFO] [stderr]     25:     0x559a4704e94c - core::ops::function::impls::<impl core::ops::function::FnOnce<A> for &F>::call_once::hd6efcd3bec896f2c
[INFO] [stderr]                                  at /rustc/84c898d65adf2f39a5a98507f1fe0ce10a2b8dbc/library/core/src/ops/function.rs:287:13
[INFO] [stderr]     26:     0x559a4704e94c - std::panicking::try::do_call::hce04e543bb1f4cbb
[INFO] [stderr]                                  at /rustc/84c898d65adf2f39a5a98507f1fe0ce10a2b8dbc/library/std/src/panicking.rs:487:40
[INFO] [stderr]     27:     0x559a4704e94c - std::panicking::try::h3342dd4e1f680968
[INFO] [stderr]                                  at /rustc/84c898d65adf2f39a5a98507f1fe0ce10a2b8dbc/library/std/src/panicking.rs:451:19
[INFO] [stderr]     28:     0x559a4704e94c - std::panic::catch_unwind::h148ce1e59ac0cee7
[INFO] [stderr]                                  at /rustc/84c898d65adf2f39a5a98507f1fe0ce10a2b8dbc/library/std/src/panic.rs:140:14
[INFO] [stderr]     29:     0x559a4704e94c - std::rt::lang_start_internal::{{closure}}::h25f9dda2057a67fe
[INFO] [stderr]                                  at /rustc/84c898d65adf2f39a5a98507f1fe0ce10a2b8dbc/library/std/src/rt.rs:148:48
[INFO] [stderr]     30:     0x559a4704e94c - std::panicking::try::do_call::h7caaaeaf9401650b
[INFO] [stderr]                                  at /rustc/84c898d65adf2f39a5a98507f1fe0ce10a2b8dbc/library/std/src/panicking.rs:487:40
[INFO] [stderr]     31:     0x559a4704e94c - std::panicking::try::he7d15285746cbbc2
[INFO] [stderr]                                  at /rustc/84c898d65adf2f39a5a98507f1fe0ce10a2b8dbc/library/std/src/panicking.rs:451:19
[INFO] [stderr]     32:     0x559a4704e94c - std::panic::catch_unwind::h89fb4f50c0301fe0
[INFO] [stderr]                                  at /rustc/84c898d65adf2f39a5a98507f1fe0ce10a2b8dbc/library/std/src/panic.rs:140:14
[INFO] [stderr]     33:     0x559a4704e94c - std::rt::lang_start_internal::h078acd489417d3c1
[INFO] [stderr]                                  at /rustc/84c898d65adf2f39a5a98507f1fe0ce10a2b8dbc/library/std/src/rt.rs:148:20
[INFO] [stderr]     34:     0x559a46fc10c7 - std::rt::lang_start::h5301d7a45463c476
[INFO] [stderr]     35:     0x559a46fc59b5 - main
[INFO] [stderr]     36:     0x7fdff03ccd90 - <unknown>
[INFO] [stderr]     37:     0x7fdff03cce40 - __libc_start_main
[INFO] [stderr]     38:     0x559a46fbcd45 - _start
[INFO] [stderr]     39:                0x0 - <unknown>
[INFO] [stderr] warning: build failed, waiting for other jobs to finish...
[INFO] running `Command { std: "docker" "inspect" "b4f8ca344321789dc15d4c35be28498df79974306880d164e0c551b48cd9331f", kill_on_drop: false }`
[INFO] running `Command { std: "docker" "rm" "-f" "b4f8ca344321789dc15d4c35be28498df79974306880d164e0c551b48cd9331f", kill_on_drop: false }`
[INFO] [stdout] b4f8ca344321789dc15d4c35be28498df79974306880d164e0c551b48cd9331f
