[INFO] cloning repository https://github.com/freddyb/sha1
[INFO] running `Command { std: "git" "-c" "credential.helper=" "-c" "credential.helper=/workspace/cargo-home/bin/git-credential-null" "clone" "--bare" "https://github.com/freddyb/sha1" "/workspace/cache/git-repos/https%3A%2F%2Fgithub.com%2Ffreddyb%2Fsha1", kill_on_drop: false }`
[INFO] [stderr] Cloning into bare repository '/workspace/cache/git-repos/https%3A%2F%2Fgithub.com%2Ffreddyb%2Fsha1'...
[INFO] running `Command { std: "git" "rev-parse" "HEAD", kill_on_drop: false }`
[INFO] [stdout] d4099c710b02168aab87bed4f34180155db3d8f5
[INFO] documenting freddyb/sha1 against beta-2023-04-20 for beta-1.70-rustdoc-1
[INFO] running `Command { std: "git" "clone" "/workspace/cache/git-repos/https%3A%2F%2Fgithub.com%2Ffreddyb%2Fsha1" "/workspace/builds/worker-3-tc2/source", kill_on_drop: false }`
[INFO] [stderr] Cloning into '/workspace/builds/worker-3-tc2/source'...
[INFO] [stderr] done.
[INFO] validating manifest of git repo https://github.com/freddyb/sha1 on toolchain beta-2023-04-20
[INFO] running `Command { std: CARGO_HOME="/workspace/cargo-home" RUSTUP_HOME="/workspace/rustup-home" "/workspace/cargo-home/bin/cargo" "+beta-2023-04-20" "metadata" "--manifest-path" "Cargo.toml" "--no-deps", kill_on_drop: false }`
[INFO] started tweaking git repo https://github.com/freddyb/sha1
[INFO] finished tweaking git repo https://github.com/freddyb/sha1
[INFO] tweaked toml for git repo https://github.com/freddyb/sha1 written to /workspace/builds/worker-3-tc2/source/Cargo.toml
[INFO] crate git repo https://github.com/freddyb/sha1 already has a lockfile, it will not be regenerated
[INFO] running `Command { std: CARGO_HOME="/workspace/cargo-home" RUSTUP_HOME="/workspace/rustup-home" "/workspace/cargo-home/bin/cargo" "+beta-2023-04-20" "fetch" "--manifest-path" "Cargo.toml", kill_on_drop: false }`
[INFO] running `Command { std: "docker" "create" "-v" "/var/lib/crater-agent-workspace/builds/worker-3-tc2/target:/opt/rustwide/target:rw,Z" "-v" "/var/lib/crater-agent-workspace/builds/worker-3-tc2/source:/opt/rustwide/workdir:ro,Z" "-v" "/var/lib/crater-agent-workspace/cargo-home:/opt/rustwide/cargo-home:ro,Z" "-v" "/var/lib/crater-agent-workspace/rustup-home:/opt/rustwide/rustup-home:ro,Z" "-e" "SOURCE_DIR=/opt/rustwide/workdir" "-e" "CARGO_TARGET_DIR=/opt/rustwide/target" "-e" "CARGO_HOME=/opt/rustwide/cargo-home" "-e" "RUSTUP_HOME=/opt/rustwide/rustup-home" "-w" "/opt/rustwide/workdir" "-m" "1610612736" "--user" "0:0" "--network" "none" "ghcr.io/rust-lang/crates-build-env/linux@sha256:5ff2268d62e97bff2cde7d5815dd6ed5b47097566f13b8d0ca110b04b60e07ed" "/opt/rustwide/cargo-home/bin/cargo" "+beta-2023-04-20" "metadata" "--no-deps" "--format-version=1", kill_on_drop: false }`
[INFO] [stdout] a564ec564d93a7aaf56c0611b29715b4b7e402f6212ac211d912cd095c5aa163
[INFO] running `Command { std: "docker" "start" "-a" "a564ec564d93a7aaf56c0611b29715b4b7e402f6212ac211d912cd095c5aa163", kill_on_drop: false }`
[INFO] running `Command { std: "docker" "inspect" "a564ec564d93a7aaf56c0611b29715b4b7e402f6212ac211d912cd095c5aa163", kill_on_drop: false }`
[INFO] running `Command { std: "docker" "rm" "-f" "a564ec564d93a7aaf56c0611b29715b4b7e402f6212ac211d912cd095c5aa163", kill_on_drop: false }`
[INFO] [stdout] a564ec564d93a7aaf56c0611b29715b4b7e402f6212ac211d912cd095c5aa163
[INFO] running `Command { std: "docker" "create" "-v" "/var/lib/crater-agent-workspace/builds/worker-3-tc2/target:/opt/rustwide/target:rw,Z" "-v" "/var/lib/crater-agent-workspace/builds/worker-3-tc2/source:/opt/rustwide/workdir:ro,Z" "-v" "/var/lib/crater-agent-workspace/cargo-home:/opt/rustwide/cargo-home:ro,Z" "-v" "/var/lib/crater-agent-workspace/rustup-home:/opt/rustwide/rustup-home:ro,Z" "-e" "SOURCE_DIR=/opt/rustwide/workdir" "-e" "CARGO_TARGET_DIR=/opt/rustwide/target" "-e" "CARGO_INCREMENTAL=0" "-e" "RUST_BACKTRACE=full" "-e" "RUSTFLAGS=--cap-lints=warn" "-e" "RUSTDOCFLAGS=--cap-lints=warn" "-e" "CARGO_HOME=/opt/rustwide/cargo-home" "-e" "RUSTUP_HOME=/opt/rustwide/rustup-home" "-w" "/opt/rustwide/workdir" "-m" "1610612736" "--user" "0:0" "--network" "none" "ghcr.io/rust-lang/crates-build-env/linux@sha256:5ff2268d62e97bff2cde7d5815dd6ed5b47097566f13b8d0ca110b04b60e07ed" "/opt/rustwide/cargo-home/bin/cargo" "+beta-2023-04-20" "doc" "--frozen" "--no-deps" "--document-private-items" "--message-format=json", kill_on_drop: false }`
[INFO] [stdout] 9520b5bd88358fe320d3d5d8e311ae16efb51fe4ada434cdfe731d7f2f8677ae
[INFO] running `Command { std: "docker" "start" "-a" "9520b5bd88358fe320d3d5d8e311ae16efb51fe4ada434cdfe731d7f2f8677ae", kill_on_drop: false }`
[INFO] [stderr]     Checking num v0.0.5 (https://github.com/rust-lang/num#16787045)
[INFO] [stdout] error: expected identifier, found keyword `mod`
[INFO] [stdout]   --> /opt/rustwide/cargo-home/git/checkouts/num-2d8cb5760e17c6fb/1678704/src/bigint.rs:66:16
[INFO] [stdout]    |
[INFO] [stdout] 66 | use std::str::{mod, FromStr};
[INFO] [stdout]    |                ^^^ expected identifier, found keyword
[INFO] [stdout]    |
[INFO] [stdout] help: escape `mod` to use it as an identifier
[INFO] [stdout]    |
[INFO] [stdout] 66 | use std::str::{r#mod, FromStr};
[INFO] [stdout]    |                ++
[INFO] [stdout] 
[INFO] [stdout] 
[INFO] [stdout] error: expected one of `!`, `(`, `+`, `::`, `;`, `<`, or `]`, found `,`
[INFO] [stdout]   --> /opt/rustwide/cargo-home/git/checkouts/num-2d8cb5760e17c6fb/1678704/src/bigint.rs:80:27
[INFO] [stdout]    |
[INFO] [stdout] 80 | static ZERO_VEC: [BigDigit, ..1] = [ZERO_BIG_DIGIT];
[INFO] [stdout]    |                           ^ expected one of 7 possible tokens
[INFO] [stdout] 
[INFO] [stdout] 
[INFO] [stdout] error: expected one of `!`, `(`, `+`, `::`, `;`, `<`, or `]`, found `,`
[INFO] [stdout]    --> /opt/rustwide/cargo-home/git/checkouts/num-2d8cb5760e17c6fb/1678704/src/complex.rs:208:38
[INFO] [stdout]     |
[INFO] [stdout] 208 |     pub const all_consts : [Complex64, .. 5] = [_0_0i, _1_0i, _1_1i, _neg1_1i, _05_05i];
[INFO] [stdout]     |                                      ^ expected one of 7 possible tokens
[INFO] [stdout] 
[INFO] [stdout] 
[INFO] [stdout] error: macros that expand to items must be delimited with braces or followed by a semicolon
[INFO] [stdout]    --> /opt/rustwide/cargo-home/git/checkouts/num-2d8cb5760e17c6fb/1678704/src/integer.rs:375:22
[INFO] [stdout]     |
[INFO] [stdout] 375 | impl_integer_for_int!(i8,   test_integer_i8)
[INFO] [stdout]     |                      ^^^^^^^^^^^^^^^^^^^^^^^
[INFO] [stdout]     |
[INFO] [stdout] help: change the delimiters to curly braces
[INFO] [stdout]     |
[INFO] [stdout] 375 | impl_integer_for_int!{i8,   test_integer_i8}
[INFO] [stdout]     |                      ~                     ~
[INFO] [stdout] help: add a semicolon
[INFO] [stdout]     |
[INFO] [stdout] 375 | impl_integer_for_int!(i8,   test_integer_i8);
[INFO] [stdout]     |                                             +
[INFO] [stdout] 
[INFO] [stdout] 
[INFO] [stdout] error: macros that expand to items must be delimited with braces or followed by a semicolon
[INFO] [stdout]    --> /opt/rustwide/cargo-home/git/checkouts/num-2d8cb5760e17c6fb/1678704/src/integer.rs:376:22
[INFO] [stdout]     |
[INFO] [stdout] 376 | impl_integer_for_int!(i16,  test_integer_i16)
[INFO] [stdout]     |                      ^^^^^^^^^^^^^^^^^^^^^^^^
[INFO] [stdout]     |
[INFO] [stdout] help: change the delimiters to curly braces
[INFO] [stdout]     |
[INFO] [stdout] 376 | impl_integer_for_int!{i16,  test_integer_i16}
[INFO] [stdout]     |                      ~                      ~
[INFO] [stdout] help: add a semicolon
[INFO] [stdout]     |
[INFO] [stdout] 376 | impl_integer_for_int!(i16,  test_integer_i16);
[INFO] [stdout]     |                                              +
[INFO] [stdout] 
[INFO] [stdout] 
[INFO] [stdout] error: macros that expand to items must be delimited with braces or followed by a semicolon
[INFO] [stdout]    --> /opt/rustwide/cargo-home/git/checkouts/num-2d8cb5760e17c6fb/1678704/src/integer.rs:377:22
[INFO] [stdout]     |
[INFO] [stdout] 377 | impl_integer_for_int!(i32,  test_integer_i32)
[INFO] [stdout]     |                      ^^^^^^^^^^^^^^^^^^^^^^^^
[INFO] [stdout]     |
[INFO] [stdout] help: change the delimiters to curly braces
[INFO] [stdout]     |
[INFO] [stdout] 377 | impl_integer_for_int!{i32,  test_integer_i32}
[INFO] [stdout]     |                      ~                      ~
[INFO] [stdout] help: add a semicolon
[INFO] [stdout]     |
[INFO] [stdout] 377 | impl_integer_for_int!(i32,  test_integer_i32);
[INFO] [stdout]     |                                              +
[INFO] [stdout] 
[INFO] [stdout] 
[INFO] [stdout] error: macros that expand to items must be delimited with braces or followed by a semicolon
[INFO] [stdout]    --> /opt/rustwide/cargo-home/git/checkouts/num-2d8cb5760e17c6fb/1678704/src/integer.rs:378:22
[INFO] [stdout]     |
[INFO] [stdout] 378 | impl_integer_for_int!(i64,  test_integer_i64)
[INFO] [stdout]     |                      ^^^^^^^^^^^^^^^^^^^^^^^^
[INFO] [stdout]     |
[INFO] [stdout] help: change the delimiters to curly braces
[INFO] [stdout]     |
[INFO] [stdout] 378 | impl_integer_for_int!{i64,  test_integer_i64}
[INFO] [stdout]     |                      ~                      ~
[INFO] [stdout] help: add a semicolon
[INFO] [stdout]     |
[INFO] [stdout] 378 | impl_integer_for_int!(i64,  test_integer_i64);
[INFO] [stdout]     |                                              +
[INFO] [stdout] 
[INFO] [stdout] 
[INFO] [stdout] error: macros that expand to items must be delimited with braces or followed by a semicolon
[INFO] [stdout]    --> /opt/rustwide/cargo-home/git/checkouts/num-2d8cb5760e17c6fb/1678704/src/integer.rs:379:22
[INFO] [stdout]     |
[INFO] [stdout] 379 | impl_integer_for_int!(int,  test_integer_int)
[INFO] [stdout]     |                      ^^^^^^^^^^^^^^^^^^^^^^^^
[INFO] [stdout]     |
[INFO] [stdout] help: change the delimiters to curly braces
[INFO] [stdout]     |
[INFO] [stdout] 379 | impl_integer_for_int!{int,  test_integer_int}
[INFO] [stdout]     |                      ~                      ~
[INFO] [stdout] help: add a semicolon
[INFO] [stdout]     |
[INFO] [stdout] 379 | impl_integer_for_int!(int,  test_integer_int);
[INFO] [stdout]     |                                              +
[INFO] [stdout] 
[INFO] [stdout] 
[INFO] [stdout] error: macros that expand to items must be delimited with braces or followed by a semicolon
[INFO] [stdout]    --> /opt/rustwide/cargo-home/git/checkouts/num-2d8cb5760e17c6fb/1678704/src/integer.rs:494:23
[INFO] [stdout]     |
[INFO] [stdout] 494 | impl_integer_for_uint!(u8,   test_integer_u8)
[INFO] [stdout]     |                       ^^^^^^^^^^^^^^^^^^^^^^^
[INFO] [stdout]     |
[INFO] [stdout] help: change the delimiters to curly braces
[INFO] [stdout]     |
[INFO] [stdout] 494 | impl_integer_for_uint!{u8,   test_integer_u8}
[INFO] [stdout]     |                       ~                     ~
[INFO] [stdout] help: add a semicolon
[INFO] [stdout]     |
[INFO] [stdout] 494 | impl_integer_for_uint!(u8,   test_integer_u8);
[INFO] [stdout]     |                                              +
[INFO] [stdout] 
[INFO] [stdout] 
[INFO] [stdout] error: macros that expand to items must be delimited with braces or followed by a semicolon
[INFO] [stdout]    --> /opt/rustwide/cargo-home/git/checkouts/num-2d8cb5760e17c6fb/1678704/src/integer.rs:495:23
[INFO] [stdout]     |
[INFO] [stdout] 495 | impl_integer_for_uint!(u16,  test_integer_u16)
[INFO] [stdout]     |                       ^^^^^^^^^^^^^^^^^^^^^^^^
[INFO] [stdout]     |
[INFO] [stdout] help: change the delimiters to curly braces
[INFO] [stdout]     |
[INFO] [stdout] 495 | impl_integer_for_uint!{u16,  test_integer_u16}
[INFO] [stdout]     |                       ~                      ~
[INFO] [stdout] help: add a semicolon
[INFO] [stdout]     |
[INFO] [stdout] 495 | impl_integer_for_uint!(u16,  test_integer_u16);
[INFO] [stdout]     |                                               +
[INFO] [stdout] 
[INFO] [stdout] 
[INFO] [stdout] error: macros that expand to items must be delimited with braces or followed by a semicolon
[INFO] [stdout]    --> /opt/rustwide/cargo-home/git/checkouts/num-2d8cb5760e17c6fb/1678704/src/integer.rs:496:23
[INFO] [stdout]     |
[INFO] [stdout] 496 | impl_integer_for_uint!(u32,  test_integer_u32)
[INFO] [stdout]     |                       ^^^^^^^^^^^^^^^^^^^^^^^^
[INFO] [stdout]     |
[INFO] [stdout] help: change the delimiters to curly braces
[INFO] [stdout]     |
[INFO] [stdout] 496 | impl_integer_for_uint!{u32,  test_integer_u32}
[INFO] [stdout]     |                       ~                      ~
[INFO] [stdout] help: add a semicolon
[INFO] [stdout]     |
[INFO] [stdout] 496 | impl_integer_for_uint!(u32,  test_integer_u32);
[INFO] [stdout]     |                                               +
[INFO] [stdout] 
[INFO] [stdout] 
[INFO] [stdout] error: macros that expand to items must be delimited with braces or followed by a semicolon
[INFO] [stdout]    --> /opt/rustwide/cargo-home/git/checkouts/num-2d8cb5760e17c6fb/1678704/src/integer.rs:497:23
[INFO] [stdout]     |
[INFO] [stdout] 497 | impl_integer_for_uint!(u64,  test_integer_u64)
[INFO] [stdout]     |                       ^^^^^^^^^^^^^^^^^^^^^^^^
[INFO] [stdout]     |
[INFO] [stdout] help: change the delimiters to curly braces
[INFO] [stdout]     |
[INFO] [stdout] 497 | impl_integer_for_uint!{u64,  test_integer_u64}
[INFO] [stdout]     |                       ~                      ~
[INFO] [stdout] help: add a semicolon
[INFO] [stdout]     |
[INFO] [stdout] 497 | impl_integer_for_uint!(u64,  test_integer_u64);
[INFO] [stdout]     |                                               +
[INFO] [stdout] 
[INFO] [stdout] 
[INFO] [stdout] error: macros that expand to items must be delimited with braces or followed by a semicolon
[INFO] [stdout]    --> /opt/rustwide/cargo-home/git/checkouts/num-2d8cb5760e17c6fb/1678704/src/integer.rs:498:23
[INFO] [stdout]     |
[INFO] [stdout] 498 | impl_integer_for_uint!(uint, test_integer_uint)
[INFO] [stdout]     |                       ^^^^^^^^^^^^^^^^^^^^^^^^^
[INFO] [stdout]     |
[INFO] [stdout] help: change the delimiters to curly braces
[INFO] [stdout]     |
[INFO] [stdout] 498 | impl_integer_for_uint!{uint, test_integer_uint}
[INFO] [stdout]     |                       ~                       ~
[INFO] [stdout] help: add a semicolon
[INFO] [stdout]     |
[INFO] [stdout] 498 | impl_integer_for_uint!(uint, test_integer_uint);
[INFO] [stdout]     |                                                +
[INFO] [stdout] 
[INFO] [stdout] 
[INFO] [stdout] error: macros that expand to items must be delimited with braces or followed by a semicolon
[INFO] [stdout]   --> /opt/rustwide/cargo-home/git/checkouts/num-2d8cb5760e17c6fb/1678704/src/traits.rs:27:24
[INFO] [stdout]    |
[INFO] [stdout] 27 |   macro_rules! trait_impl(
[INFO] [stdout]    |  ________________________^
[INFO] [stdout] 28 | |     ($name:ident for $($t:ty)*) => ($(
[INFO] [stdout] 29 | |         impl $name for $t {}
[INFO] [stdout] 30 | |     )*)
[INFO] [stdout] 31 | | )
[INFO] [stdout]    | |_^
[INFO] [stdout]    |
[INFO] [stdout] help: change the delimiters to curly braces
[INFO] [stdout]    |
[INFO] [stdout] 27 ~ macro_rules! trait_impl{
[INFO] [stdout] 28 |     ($name:ident for $($t:ty)*) => ($(
[INFO] [stdout] 29 |         impl $name for $t {}
[INFO] [stdout] 30 |     )*)
[INFO] [stdout] 31 + }
[INFO] [stdout]    |
[INFO] [stdout] help: add a semicolon
[INFO] [stdout]    |
[INFO] [stdout] 31 | );
[INFO] [stdout]    |  +
[INFO] [stdout] 
[INFO] [stdout] 
[INFO] [stdout] error: macros that expand to items must be delimited with braces or followed by a semicolon
[INFO] [stdout]   --> /opt/rustwide/cargo-home/git/checkouts/num-2d8cb5760e17c6fb/1678704/src/traits.rs:33:12
[INFO] [stdout]    |
[INFO] [stdout] 33 | trait_impl!(Num for uint u8 u16 u32 u64 int i8 i16 i32 i64 f32 f64)
[INFO] [stdout]    |            ^^^^^^^^^^^^^^^^^^^^^^^^^^^^^^^^^^^^^^^^^^^^^^^^^^^^^^^^
[INFO] [stdout]    |
[INFO] [stdout] help: change the delimiters to curly braces
[INFO] [stdout]    |
[INFO] [stdout] 33 | trait_impl!{Num for uint u8 u16 u32 u64 int i8 i16 i32 i64 f32 f64}
[INFO] [stdout]    |            ~                                                      ~
[INFO] [stdout] help: add a semicolon
[INFO] [stdout]    |
[INFO] [stdout] 33 | trait_impl!(Num for uint u8 u16 u32 u64 int i8 i16 i32 i64 f32 f64);
[INFO] [stdout]    |                                                                    +
[INFO] [stdout] 
[INFO] [stdout] 
[INFO] [stdout] error: macros that expand to items must be delimited with braces or followed by a semicolon
[INFO] [stdout]   --> /opt/rustwide/cargo-home/git/checkouts/num-2d8cb5760e17c6fb/1678704/src/traits.rs:65:23
[INFO] [stdout]    |
[INFO] [stdout] 65 |   macro_rules! zero_impl(
[INFO] [stdout]    |  _______________________^
[INFO] [stdout] 66 | |     ($t:ty, $v:expr) => {
[INFO] [stdout] 67 | |         impl Zero for $t {
[INFO] [stdout] 68 | |             #[inline]
[INFO] [stdout] ...  |
[INFO] [stdout] 73 | |     }
[INFO] [stdout] 74 | | )
[INFO] [stdout]    | |_^
[INFO] [stdout]    |
[INFO] [stdout] help: change the delimiters to curly braces
[INFO] [stdout]    |
[INFO] [stdout] 65 ~ macro_rules! zero_impl{
[INFO] [stdout] 66 |     ($t:ty, $v:expr) => {
[INFO] [stdout]  ...
[INFO] [stdout] 73 |     }
[INFO] [stdout] 74 + }
[INFO] [stdout]    |
[INFO] [stdout] help: add a semicolon
[INFO] [stdout]    |
[INFO] [stdout] 74 | );
[INFO] [stdout]    |  +
[INFO] [stdout] 
[INFO] [stdout] 
[INFO] [stdout] error: macros that expand to items must be delimited with braces or followed by a semicolon
[INFO] [stdout]   --> /opt/rustwide/cargo-home/git/checkouts/num-2d8cb5760e17c6fb/1678704/src/traits.rs:76:11
[INFO] [stdout]    |
[INFO] [stdout] 76 | zero_impl!(uint, 0u)
[INFO] [stdout]    |           ^^^^^^^^^^
[INFO] [stdout]    |
[INFO] [stdout] help: change the delimiters to curly braces
[INFO] [stdout]    |
[INFO] [stdout] 76 | zero_impl!{uint, 0u}
[INFO] [stdout]    |           ~        ~
[INFO] [stdout] help: add a semicolon
[INFO] [stdout]    |
[INFO] [stdout] 76 | zero_impl!(uint, 0u);
[INFO] [stdout]    |                     +
[INFO] [stdout] 
[INFO] [stdout] 
[INFO] [stdout] error: macros that expand to items must be delimited with braces or followed by a semicolon
[INFO] [stdout]   --> /opt/rustwide/cargo-home/git/checkouts/num-2d8cb5760e17c6fb/1678704/src/traits.rs:77:11
[INFO] [stdout]    |
[INFO] [stdout] 77 | zero_impl!(u8,   0u8)
[INFO] [stdout]    |           ^^^^^^^^^^^
[INFO] [stdout]    |
[INFO] [stdout] help: change the delimiters to curly braces
[INFO] [stdout]    |
[INFO] [stdout] 77 | zero_impl!{u8,   0u8}
[INFO] [stdout]    |           ~         ~
[INFO] [stdout] help: add a semicolon
[INFO] [stdout]    |
[INFO] [stdout] 77 | zero_impl!(u8,   0u8);
[INFO] [stdout]    |                      +
[INFO] [stdout] 
[INFO] [stdout] 
[INFO] [stdout] error: macros that expand to items must be delimited with braces or followed by a semicolon
[INFO] [stdout]   --> /opt/rustwide/cargo-home/git/checkouts/num-2d8cb5760e17c6fb/1678704/src/traits.rs:78:11
[INFO] [stdout]    |
[INFO] [stdout] 78 | zero_impl!(u16,  0u16)
[INFO] [stdout]    |           ^^^^^^^^^^^^
[INFO] [stdout]    |
[INFO] [stdout] help: change the delimiters to curly braces
[INFO] [stdout]    |
[INFO] [stdout] 78 | zero_impl!{u16,  0u16}
[INFO] [stdout]    |           ~          ~
[INFO] [stdout] help: add a semicolon
[INFO] [stdout]    |
[INFO] [stdout] 78 | zero_impl!(u16,  0u16);
[INFO] [stdout]    |                       +
[INFO] [stdout] 
[INFO] [stdout] 
[INFO] [stdout] error: macros that expand to items must be delimited with braces or followed by a semicolon
[INFO] [stdout]   --> /opt/rustwide/cargo-home/git/checkouts/num-2d8cb5760e17c6fb/1678704/src/traits.rs:79:11
[INFO] [stdout]    |
[INFO] [stdout] 79 | zero_impl!(u32,  0u32)
[INFO] [stdout]    |           ^^^^^^^^^^^^
[INFO] [stdout]    |
[INFO] [stdout] help: change the delimiters to curly braces
[INFO] [stdout]    |
[INFO] [stdout] 79 | zero_impl!{u32,  0u32}
[INFO] [stdout]    |           ~          ~
[INFO] [stdout] help: add a semicolon
[INFO] [stdout]    |
[INFO] [stdout] 79 | zero_impl!(u32,  0u32);
[INFO] [stdout]    |                       +
[INFO] [stdout] 
[INFO] [stdout] 
[INFO] [stdout] error: macros that expand to items must be delimited with braces or followed by a semicolon
[INFO] [stdout]   --> /opt/rustwide/cargo-home/git/checkouts/num-2d8cb5760e17c6fb/1678704/src/traits.rs:80:11
[INFO] [stdout]    |
[INFO] [stdout] 80 | zero_impl!(u64,  0u64)
[INFO] [stdout]    |           ^^^^^^^^^^^^
[INFO] [stdout]    |
[INFO] [stdout] help: change the delimiters to curly braces
[INFO] [stdout]    |
[INFO] [stdout] 80 | zero_impl!{u64,  0u64}
[INFO] [stdout]    |           ~          ~
[INFO] [stdout] help: add a semicolon
[INFO] [stdout]    |
[INFO] [stdout] 80 | zero_impl!(u64,  0u64);
[INFO] [stdout]    |                       +
[INFO] [stdout] 
[INFO] [stdout] 
[INFO] [stdout] error: macros that expand to items must be delimited with braces or followed by a semicolon
[INFO] [stdout]   --> /opt/rustwide/cargo-home/git/checkouts/num-2d8cb5760e17c6fb/1678704/src/traits.rs:82:11
[INFO] [stdout]    |
[INFO] [stdout] 82 | zero_impl!(int, 0i)
[INFO] [stdout]    |           ^^^^^^^^^
[INFO] [stdout]    |
[INFO] [stdout] help: change the delimiters to curly braces
[INFO] [stdout]    |
[INFO] [stdout] 82 | zero_impl!{int, 0i}
[INFO] [stdout]    |           ~       ~
[INFO] [stdout] help: add a semicolon
[INFO] [stdout]    |
[INFO] [stdout] 82 | zero_impl!(int, 0i);
[INFO] [stdout]    |                    +
[INFO] [stdout] 
[INFO] [stdout] 
[INFO] [stdout] error: macros that expand to items must be delimited with braces or followed by a semicolon
[INFO] [stdout]   --> /opt/rustwide/cargo-home/git/checkouts/num-2d8cb5760e17c6fb/1678704/src/traits.rs:83:11
[INFO] [stdout]    |
[INFO] [stdout] 83 | zero_impl!(i8,  0i8)
[INFO] [stdout]    |           ^^^^^^^^^^
[INFO] [stdout]    |
[INFO] [stdout] help: change the delimiters to curly braces
[INFO] [stdout]    |
[INFO] [stdout] 83 | zero_impl!{i8,  0i8}
[INFO] [stdout]    |           ~        ~
[INFO] [stdout] help: add a semicolon
[INFO] [stdout]    |
[INFO] [stdout] 83 | zero_impl!(i8,  0i8);
[INFO] [stdout]    |                     +
[INFO] [stdout] 
[INFO] [stdout] 
[INFO] [stdout] error: macros that expand to items must be delimited with braces or followed by a semicolon
[INFO] [stdout]   --> /opt/rustwide/cargo-home/git/checkouts/num-2d8cb5760e17c6fb/1678704/src/traits.rs:84:11
[INFO] [stdout]    |
[INFO] [stdout] 84 | zero_impl!(i16, 0i16)
[INFO] [stdout]    |           ^^^^^^^^^^^
[INFO] [stdout]    |
[INFO] [stdout] help: change the delimiters to curly braces
[INFO] [stdout]    |
[INFO] [stdout] 84 | zero_impl!{i16, 0i16}
[INFO] [stdout]    |           ~         ~
[INFO] [stdout] help: add a semicolon
[INFO] [stdout]    |
[INFO] [stdout] 84 | zero_impl!(i16, 0i16);
[INFO] [stdout]    |                      +
[INFO] [stdout] 
[INFO] [stdout] 
[INFO] [stdout] error: macros that expand to items must be delimited with braces or followed by a semicolon
[INFO] [stdout]   --> /opt/rustwide/cargo-home/git/checkouts/num-2d8cb5760e17c6fb/1678704/src/traits.rs:85:11
[INFO] [stdout]    |
[INFO] [stdout] 85 | zero_impl!(i32, 0i32)
[INFO] [stdout]    |           ^^^^^^^^^^^
[INFO] [stdout]    |
[INFO] [stdout] help: change the delimiters to curly braces
[INFO] [stdout]    |
[INFO] [stdout] 85 | zero_impl!{i32, 0i32}
[INFO] [stdout]    |           ~         ~
[INFO] [stdout] help: add a semicolon
[INFO] [stdout]    |
[INFO] [stdout] 85 | zero_impl!(i32, 0i32);
[INFO] [stdout]    |                      +
[INFO] [stdout] 
[INFO] [stdout] 
[INFO] [stdout] error: macros that expand to items must be delimited with braces or followed by a semicolon
[INFO] [stdout]   --> /opt/rustwide/cargo-home/git/checkouts/num-2d8cb5760e17c6fb/1678704/src/traits.rs:86:11
[INFO] [stdout]    |
[INFO] [stdout] 86 | zero_impl!(i64, 0i64)
[INFO] [stdout]    |           ^^^^^^^^^^^
[INFO] [stdout]    |
[INFO] [stdout] help: change the delimiters to curly braces
[INFO] [stdout]    |
[INFO] [stdout] 86 | zero_impl!{i64, 0i64}
[INFO] [stdout]    |           ~         ~
[INFO] [stdout] help: add a semicolon
[INFO] [stdout]    |
[INFO] [stdout] 86 | zero_impl!(i64, 0i64);
[INFO] [stdout]    |                      +
[INFO] [stdout] 
[INFO] [stdout] 
[INFO] [stdout] error: macros that expand to items must be delimited with braces or followed by a semicolon
[INFO] [stdout]   --> /opt/rustwide/cargo-home/git/checkouts/num-2d8cb5760e17c6fb/1678704/src/traits.rs:88:11
[INFO] [stdout]    |
[INFO] [stdout] 88 | zero_impl!(f32, 0.0f32)
[INFO] [stdout]    |           ^^^^^^^^^^^^^
[INFO] [stdout]    |
[INFO] [stdout] help: change the delimiters to curly braces
[INFO] [stdout]    |
[INFO] [stdout] 88 | zero_impl!{f32, 0.0f32}
[INFO] [stdout]    |           ~           ~
[INFO] [stdout] help: add a semicolon
[INFO] [stdout]    |
[INFO] [stdout] 88 | zero_impl!(f32, 0.0f32);
[INFO] [stdout]    |                        +
[INFO] [stdout] 
[INFO] [stdout] 
[INFO] [stdout] error: macros that expand to items must be delimited with braces or followed by a semicolon
[INFO] [stdout]   --> /opt/rustwide/cargo-home/git/checkouts/num-2d8cb5760e17c6fb/1678704/src/traits.rs:89:11
[INFO] [stdout]    |
[INFO] [stdout] 89 | zero_impl!(f64, 0.0f64)
[INFO] [stdout]    |           ^^^^^^^^^^^^^
[INFO] [stdout]    |
[INFO] [stdout] help: change the delimiters to curly braces
[INFO] [stdout]    |
[INFO] [stdout] 89 | zero_impl!{f64, 0.0f64}
[INFO] [stdout]    |           ~           ~
[INFO] [stdout] help: add a semicolon
[INFO] [stdout]    |
[INFO] [stdout] 89 | zero_impl!(f64, 0.0f64);
[INFO] [stdout]    |                        +
[INFO] [stdout] 
[INFO] [stdout] 
[INFO] [stdout] error: macros that expand to items must be delimited with braces or followed by a semicolon
[INFO] [stdout]    --> /opt/rustwide/cargo-home/git/checkouts/num-2d8cb5760e17c6fb/1678704/src/traits.rs:111:22
[INFO] [stdout]     |
[INFO] [stdout] 111 |   macro_rules! one_impl(
[INFO] [stdout]     |  ______________________^
[INFO] [stdout] 112 | |     ($t:ty, $v:expr) => {
[INFO] [stdout] 113 | |         impl One for $t {
[INFO] [stdout] 114 | |             #[inline]
[INFO] [stdout] ...   |
[INFO] [stdout] 117 | |     }
[INFO] [stdout] 118 | | )
[INFO] [stdout]     | |_^
[INFO] [stdout]     |
[INFO] [stdout] help: change the delimiters to curly braces
[INFO] [stdout]     |
[INFO] [stdout] 111 ~ macro_rules! one_impl{
[INFO] [stdout] 112 |     ($t:ty, $v:expr) => {
[INFO] [stdout]   ...
[INFO] [stdout] 117 |     }
[INFO] [stdout] 118 + }
[INFO] [stdout]     |
[INFO] [stdout] help: add a semicolon
[INFO] [stdout]     |
[INFO] [stdout] 118 | );
[INFO] [stdout]     |  +
[INFO] [stdout] 
[INFO] [stdout] 
[INFO] [stdout] error: macros that expand to items must be delimited with braces or followed by a semicolon
[INFO] [stdout]    --> /opt/rustwide/cargo-home/git/checkouts/num-2d8cb5760e17c6fb/1678704/src/traits.rs:120:10
[INFO] [stdout]     |
[INFO] [stdout] 120 | one_impl!(uint, 1u)
[INFO] [stdout]     |          ^^^^^^^^^^
[INFO] [stdout]     |
[INFO] [stdout] help: change the delimiters to curly braces
[INFO] [stdout]     |
[INFO] [stdout] 120 | one_impl!{uint, 1u}
[INFO] [stdout]     |          ~        ~
[INFO] [stdout] help: add a semicolon
[INFO] [stdout]     |
[INFO] [stdout] 120 | one_impl!(uint, 1u);
[INFO] [stdout]     |                    +
[INFO] [stdout] 
[INFO] [stdout] 
[INFO] [stdout] error: macros that expand to items must be delimited with braces or followed by a semicolon
[INFO] [stdout]    --> /opt/rustwide/cargo-home/git/checkouts/num-2d8cb5760e17c6fb/1678704/src/traits.rs:121:10
[INFO] [stdout]     |
[INFO] [stdout] 121 | one_impl!(u8,  1u8)
[INFO] [stdout]     |          ^^^^^^^^^^
[INFO] [stdout]     |
[INFO] [stdout] help: change the delimiters to curly braces
[INFO] [stdout]     |
[INFO] [stdout] 121 | one_impl!{u8,  1u8}
[INFO] [stdout]     |          ~        ~
[INFO] [stdout] help: add a semicolon
[INFO] [stdout]     |
[INFO] [stdout] 121 | one_impl!(u8,  1u8);
[INFO] [stdout]     |                    +
[INFO] [stdout] 
[INFO] [stdout] 
[INFO] [stdout] error: macros that expand to items must be delimited with braces or followed by a semicolon
[INFO] [stdout]    --> /opt/rustwide/cargo-home/git/checkouts/num-2d8cb5760e17c6fb/1678704/src/traits.rs:122:10
[INFO] [stdout]     |
[INFO] [stdout] 122 | one_impl!(u16, 1u16)
[INFO] [stdout]     |          ^^^^^^^^^^^
[INFO] [stdout]     |
[INFO] [stdout] help: change the delimiters to curly braces
[INFO] [stdout]     |
[INFO] [stdout] 122 | one_impl!{u16, 1u16}
[INFO] [stdout]     |          ~         ~
[INFO] [stdout] help: add a semicolon
[INFO] [stdout]     |
[INFO] [stdout] 122 | one_impl!(u16, 1u16);
[INFO] [stdout]     |                     +
[INFO] [stdout] 
[INFO] [stdout] 
[INFO] [stdout] error: macros that expand to items must be delimited with braces or followed by a semicolon
[INFO] [stdout]    --> /opt/rustwide/cargo-home/git/checkouts/num-2d8cb5760e17c6fb/1678704/src/traits.rs:123:10
[INFO] [stdout]     |
[INFO] [stdout] 123 | one_impl!(u32, 1u32)
[INFO] [stdout]     |          ^^^^^^^^^^^
[INFO] [stdout]     |
[INFO] [stdout] help: change the delimiters to curly braces
[INFO] [stdout]     |
[INFO] [stdout] 123 | one_impl!{u32, 1u32}
[INFO] [stdout]     |          ~         ~
[INFO] [stdout] help: add a semicolon
[INFO] [stdout]     |
[INFO] [stdout] 123 | one_impl!(u32, 1u32);
[INFO] [stdout]     |                     +
[INFO] [stdout] 
[INFO] [stdout] 
[INFO] [stdout] error: macros that expand to items must be delimited with braces or followed by a semicolon
[INFO] [stdout]    --> /opt/rustwide/cargo-home/git/checkouts/num-2d8cb5760e17c6fb/1678704/src/traits.rs:124:10
[INFO] [stdout]     |
[INFO] [stdout] 124 | one_impl!(u64, 1u64)
[INFO] [stdout]     |          ^^^^^^^^^^^
[INFO] [stdout]     |
[INFO] [stdout] help: change the delimiters to curly braces
[INFO] [stdout]     |
[INFO] [stdout] 124 | one_impl!{u64, 1u64}
[INFO] [stdout]     |          ~         ~
[INFO] [stdout] help: add a semicolon
[INFO] [stdout]     |
[INFO] [stdout] 124 | one_impl!(u64, 1u64);
[INFO] [stdout]     |                     +
[INFO] [stdout] 
[INFO] [stdout] 
[INFO] [stdout] error: macros that expand to items must be delimited with braces or followed by a semicolon
[INFO] [stdout]    --> /opt/rustwide/cargo-home/git/checkouts/num-2d8cb5760e17c6fb/1678704/src/traits.rs:126:10
[INFO] [stdout]     |
[INFO] [stdout] 126 | one_impl!(int, 1i)
[INFO] [stdout]     |          ^^^^^^^^^
[INFO] [stdout]     |
[INFO] [stdout] help: change the delimiters to curly braces
[INFO] [stdout]     |
[INFO] [stdout] 126 | one_impl!{int, 1i}
[INFO] [stdout]     |          ~       ~
[INFO] [stdout] help: add a semicolon
[INFO] [stdout]     |
[INFO] [stdout] 126 | one_impl!(int, 1i);
[INFO] [stdout]     |                   +
[INFO] [stdout] 
[INFO] [stdout] 
[INFO] [stdout] error: macros that expand to items must be delimited with braces or followed by a semicolon
[INFO] [stdout]    --> /opt/rustwide/cargo-home/git/checkouts/num-2d8cb5760e17c6fb/1678704/src/traits.rs:127:10
[INFO] [stdout]     |
[INFO] [stdout] 127 | one_impl!(i8,  1i8)
[INFO] [stdout]     |          ^^^^^^^^^^
[INFO] [stdout]     |
[INFO] [stdout] help: change the delimiters to curly braces
[INFO] [stdout]     |
[INFO] [stdout] 127 | one_impl!{i8,  1i8}
[INFO] [stdout]     |          ~        ~
[INFO] [stdout] help: add a semicolon
[INFO] [stdout]     |
[INFO] [stdout] 127 | one_impl!(i8,  1i8);
[INFO] [stdout]     |                    +
[INFO] [stdout] 
[INFO] [stdout] 
[INFO] [stdout] error: macros that expand to items must be delimited with braces or followed by a semicolon
[INFO] [stdout]    --> /opt/rustwide/cargo-home/git/checkouts/num-2d8cb5760e17c6fb/1678704/src/traits.rs:128:10
[INFO] [stdout]     |
[INFO] [stdout] 128 | one_impl!(i16, 1i16)
[INFO] [stdout]     |          ^^^^^^^^^^^
[INFO] [stdout]     |
[INFO] [stdout] help: change the delimiters to curly braces
[INFO] [stdout]     |
[INFO] [stdout] 128 | one_impl!{i16, 1i16}
[INFO] [stdout]     |          ~         ~
[INFO] [stdout] help: add a semicolon
[INFO] [stdout]     |
[INFO] [stdout] 128 | one_impl!(i16, 1i16);
[INFO] [stdout]     |                     +
[INFO] [stdout] 
[INFO] [stdout] 
[INFO] [stdout] error: macros that expand to items must be delimited with braces or followed by a semicolon
[INFO] [stdout]    --> /opt/rustwide/cargo-home/git/checkouts/num-2d8cb5760e17c6fb/1678704/src/traits.rs:129:10
[INFO] [stdout]     |
[INFO] [stdout] 129 | one_impl!(i32, 1i32)
[INFO] [stdout]     |          ^^^^^^^^^^^
[INFO] [stdout]     |
[INFO] [stdout] help: change the delimiters to curly braces
[INFO] [stdout]     |
[INFO] [stdout] 129 | one_impl!{i32, 1i32}
[INFO] [stdout]     |          ~         ~
[INFO] [stdout] help: add a semicolon
[INFO] [stdout]     |
[INFO] [stdout] 129 | one_impl!(i32, 1i32);
[INFO] [stdout]     |                     +
[INFO] [stdout] 
[INFO] [stdout] 
[INFO] [stdout] error: macros that expand to items must be delimited with braces or followed by a semicolon
[INFO] [stdout]    --> /opt/rustwide/cargo-home/git/checkouts/num-2d8cb5760e17c6fb/1678704/src/traits.rs:130:10
[INFO] [stdout]     |
[INFO] [stdout] 130 | one_impl!(i64, 1i64)
[INFO] [stdout]     |          ^^^^^^^^^^^
[INFO] [stdout]     |
[INFO] [stdout] help: change the delimiters to curly braces
[INFO] [stdout]     |
[INFO] [stdout] 130 | one_impl!{i64, 1i64}
[INFO] [stdout]     |          ~         ~
[INFO] [stdout] help: add a semicolon
[INFO] [stdout]     |
[INFO] [stdout] 130 | one_impl!(i64, 1i64);
[INFO] [stdout]     |                     +
[INFO] [stdout] 
[INFO] [stdout] 
[INFO] [stdout] error: macros that expand to items must be delimited with braces or followed by a semicolon
[INFO] [stdout]    --> /opt/rustwide/cargo-home/git/checkouts/num-2d8cb5760e17c6fb/1678704/src/traits.rs:132:10
[INFO] [stdout]     |
[INFO] [stdout] 132 | one_impl!(f32, 1.0f32)
[INFO] [stdout]     |          ^^^^^^^^^^^^^
[INFO] [stdout]     |
[INFO] [stdout] help: change the delimiters to curly braces
[INFO] [stdout]     |
[INFO] [stdout] 132 | one_impl!{f32, 1.0f32}
[INFO] [stdout]     |          ~           ~
[INFO] [stdout] help: add a semicolon
[INFO] [stdout]     |
[INFO] [stdout] 132 | one_impl!(f32, 1.0f32);
[INFO] [stdout]     |                       +
[INFO] [stdout] 
[INFO] [stdout] 
[INFO] [stdout] error: macros that expand to items must be delimited with braces or followed by a semicolon
[INFO] [stdout]    --> /opt/rustwide/cargo-home/git/checkouts/num-2d8cb5760e17c6fb/1678704/src/traits.rs:133:10
[INFO] [stdout]     |
[INFO] [stdout] 133 | one_impl!(f64, 1.0f64)
[INFO] [stdout]     |          ^^^^^^^^^^^^^
[INFO] [stdout]     |
[INFO] [stdout] help: change the delimiters to curly braces
[INFO] [stdout]     |
[INFO] [stdout] 133 | one_impl!{f64, 1.0f64}
[INFO] [stdout]     |          ~           ~
[INFO] [stdout] help: add a semicolon
[INFO] [stdout]     |
[INFO] [stdout] 133 | one_impl!(f64, 1.0f64);
[INFO] [stdout]     |                       +
[INFO] [stdout] 
[INFO] [stdout] 
[INFO] [stdout] error: macros that expand to items must be delimited with braces or followed by a semicolon
[INFO] [stdout]    --> /opt/rustwide/cargo-home/git/checkouts/num-2d8cb5760e17c6fb/1678704/src/traits.rs:172:25
[INFO] [stdout]     |
[INFO] [stdout] 172 |   macro_rules! signed_impl(
[INFO] [stdout]     |  _________________________^
[INFO] [stdout] 173 | |     ($($t:ty)*) => ($(
[INFO] [stdout] 174 | |         impl Signed for $t {
[INFO] [stdout] 175 | |             #[inline]
[INFO] [stdout] ...   |
[INFO] [stdout] 200 | |     )*)
[INFO] [stdout] 201 | | )
[INFO] [stdout]     | |_^
[INFO] [stdout]     |
[INFO] [stdout] help: change the delimiters to curly braces
[INFO] [stdout]     |
[INFO] [stdout] 172 ~ macro_rules! signed_impl{
[INFO] [stdout] 173 |     ($($t:ty)*) => ($(
[INFO] [stdout]   ...
[INFO] [stdout] 200 |     )*)
[INFO] [stdout] 201 + }
[INFO] [stdout]     |
[INFO] [stdout] help: add a semicolon
[INFO] [stdout]     |
[INFO] [stdout] 201 | );
[INFO] [stdout]     |  +
[INFO] [stdout] 
[INFO] [stdout] 
[INFO] [stdout] error: macros that expand to items must be delimited with braces or followed by a semicolon
[INFO] [stdout]    --> /opt/rustwide/cargo-home/git/checkouts/num-2d8cb5760e17c6fb/1678704/src/traits.rs:203:13
[INFO] [stdout]     |
[INFO] [stdout] 203 | signed_impl!(int i8 i16 i32 i64)
[INFO] [stdout]     |             ^^^^^^^^^^^^^^^^^^^^
[INFO] [stdout]     |
[INFO] [stdout] help: change the delimiters to curly braces
[INFO] [stdout]     |
[INFO] [stdout] 203 | signed_impl!{int i8 i16 i32 i64}
[INFO] [stdout]     |             ~                  ~
[INFO] [stdout] help: add a semicolon
[INFO] [stdout]     |
[INFO] [stdout] 203 | signed_impl!(int i8 i16 i32 i64);
[INFO] [stdout]     |                                 +
[INFO] [stdout] 
[INFO] [stdout] 
[INFO] [stdout] error: macros that expand to items must be delimited with braces or followed by a semicolon
[INFO] [stdout]    --> /opt/rustwide/cargo-home/git/checkouts/num-2d8cb5760e17c6fb/1678704/src/traits.rs:205:31
[INFO] [stdout]     |
[INFO] [stdout] 205 |   macro_rules! signed_float_impl(
[INFO] [stdout]     |  _______________________________^
[INFO] [stdout] 206 | |     ($t:ty, $nan:expr, $inf:expr, $neg_inf:expr, $fabs:path, $fcopysign:path, $fdim:ident) => {
[INFO] [stdout] 207 | |         impl Signed for $t {
[INFO] [stdout] 208 | |             /// Computes the absolute value. Returns `NAN` if the number is `NAN`.
[INFO] [stdout] ...   |
[INFO] [stdout] 243 | |     }
[INFO] [stdout] 244 | | )
[INFO] [stdout]     | |_^
[INFO] [stdout]     |
[INFO] [stdout] help: change the delimiters to curly braces
[INFO] [stdout]     |
[INFO] [stdout] 205 ~ macro_rules! signed_float_impl{
[INFO] [stdout] 206 |     ($t:ty, $nan:expr, $inf:expr, $neg_inf:expr, $fabs:path, $fcopysign:path, $fdim:ident) => {
[INFO] [stdout]   ...
[INFO] [stdout] 243 |     }
[INFO] [stdout] 244 + }
[INFO] [stdout]     |
[INFO] [stdout] help: add a semicolon
[INFO] [stdout]     |
[INFO] [stdout] 244 | );
[INFO] [stdout]     |  +
[INFO] [stdout] 
[INFO] [stdout] 
[INFO] [stdout] error: macros that expand to items must be delimited with braces or followed by a semicolon
[INFO] [stdout]    --> /opt/rustwide/cargo-home/git/checkouts/num-2d8cb5760e17c6fb/1678704/src/traits.rs:246:19
[INFO] [stdout]     |
[INFO] [stdout] 246 |   signed_float_impl!(f32, f32::NAN, f32::INFINITY, f32::NEG_INFINITY,
[INFO] [stdout]     |  ___________________^
[INFO] [stdout] 247 | |                    intrinsics::fabsf32, intrinsics::copysignf32, fdimf)
[INFO] [stdout]     | |_______________________________________________________________________^
[INFO] [stdout]     |
[INFO] [stdout] help: change the delimiters to curly braces
[INFO] [stdout]     |
[INFO] [stdout] 246 ~ signed_float_impl!{f32, f32::NAN, f32::INFINITY, f32::NEG_INFINITY,
[INFO] [stdout] 247 ~                    intrinsics::fabsf32, intrinsics::copysignf32, fdimf}
[INFO] [stdout]     |
[INFO] [stdout] help: add a semicolon
[INFO] [stdout]     |
[INFO] [stdout] 247 |                    intrinsics::fabsf32, intrinsics::copysignf32, fdimf);
[INFO] [stdout]     |                                                                        +
[INFO] [stdout] 
[INFO] [stdout] 
[INFO] [stdout] error: macros that expand to items must be delimited with braces or followed by a semicolon
[INFO] [stdout]    --> /opt/rustwide/cargo-home/git/checkouts/num-2d8cb5760e17c6fb/1678704/src/traits.rs:248:19
[INFO] [stdout]     |
[INFO] [stdout] 248 |   signed_float_impl!(f64, f64::NAN, f64::INFINITY, f64::NEG_INFINITY,
[INFO] [stdout]     |  ___________________^
[INFO] [stdout] 249 | |                    intrinsics::fabsf64, intrinsics::copysignf64, fdim)
[INFO] [stdout]     | |______________________________________________________________________^
[INFO] [stdout]     |
[INFO] [stdout] help: change the delimiters to curly braces
[INFO] [stdout]     |
[INFO] [stdout] 248 ~ signed_float_impl!{f64, f64::NAN, f64::INFINITY, f64::NEG_INFINITY,
[INFO] [stdout] 249 ~                    intrinsics::fabsf64, intrinsics::copysignf64, fdim}
[INFO] [stdout]     |
[INFO] [stdout] help: add a semicolon
[INFO] [stdout]     |
[INFO] [stdout] 249 |                    intrinsics::fabsf64, intrinsics::copysignf64, fdim);
[INFO] [stdout]     |                                                                       +
[INFO] [stdout] 
[INFO] [stdout] 
[INFO] [stdout] error: macros that expand to items must be delimited with braces or followed by a semicolon
[INFO] [stdout]    --> /opt/rustwide/cargo-home/git/checkouts/num-2d8cb5760e17c6fb/1678704/src/traits.rs:254:12
[INFO] [stdout]     |
[INFO] [stdout] 254 | trait_impl!(Unsigned for uint u8 u16 u32 u64)
[INFO] [stdout]     |            ^^^^^^^^^^^^^^^^^^^^^^^^^^^^^^^^^^
[INFO] [stdout]     |
[INFO] [stdout] help: change the delimiters to curly braces
[INFO] [stdout]     |
[INFO] [stdout] 254 | trait_impl!{Unsigned for uint u8 u16 u32 u64}
[INFO] [stdout]     |            ~                                ~
[INFO] [stdout] help: add a semicolon
[INFO] [stdout]     |
[INFO] [stdout] 254 | trait_impl!(Unsigned for uint u8 u16 u32 u64);
[INFO] [stdout]     |                                              +
[INFO] [stdout] 
[INFO] [stdout] 
[INFO] [stdout] error: macros that expand to items must be delimited with braces or followed by a semicolon
[INFO] [stdout]    --> /opt/rustwide/cargo-home/git/checkouts/num-2d8cb5760e17c6fb/1678704/src/traits.rs:265:26
[INFO] [stdout]     |
[INFO] [stdout] 265 |   macro_rules! bounded_impl(
[INFO] [stdout]     |  __________________________^
[INFO] [stdout] 266 | |     ($t:ty, $min:expr, $max:expr) => {
[INFO] [stdout] 267 | |         impl Bounded for $t {
[INFO] [stdout] 268 | |             #[inline]
[INFO] [stdout] ...   |
[INFO] [stdout] 274 | |     }
[INFO] [stdout] 275 | | )
[INFO] [stdout]     | |_^
[INFO] [stdout]     |
[INFO] [stdout] help: change the delimiters to curly braces
[INFO] [stdout]     |
[INFO] [stdout] 265 ~ macro_rules! bounded_impl{
[INFO] [stdout] 266 |     ($t:ty, $min:expr, $max:expr) => {
[INFO] [stdout]   ...
[INFO] [stdout] 274 |     }
[INFO] [stdout] 275 + }
[INFO] [stdout]     |
[INFO] [stdout] help: add a semicolon
[INFO] [stdout]     |
[INFO] [stdout] 275 | );
[INFO] [stdout]     |  +
[INFO] [stdout] 
[INFO] [stdout] 
[INFO] [stdout] error: macros that expand to items must be delimited with braces or followed by a semicolon
[INFO] [stdout]    --> /opt/rustwide/cargo-home/git/checkouts/num-2d8cb5760e17c6fb/1678704/src/traits.rs:277:14
[INFO] [stdout]     |
[INFO] [stdout] 277 | bounded_impl!(uint, uint::MIN, uint::MAX)
[INFO] [stdout]     |              ^^^^^^^^^^^^^^^^^^^^^^^^^^^^
[INFO] [stdout]     |
[INFO] [stdout] help: change the delimiters to curly braces
[INFO] [stdout]     |
[INFO] [stdout] 277 | bounded_impl!{uint, uint::MIN, uint::MAX}
[INFO] [stdout]     |              ~                          ~
[INFO] [stdout] help: add a semicolon
[INFO] [stdout]     |
[INFO] [stdout] 277 | bounded_impl!(uint, uint::MIN, uint::MAX);
[INFO] [stdout]     |                                          +
[INFO] [stdout] 
[INFO] [stdout] 
[INFO] [stdout] error: macros that expand to items must be delimited with braces or followed by a semicolon
[INFO] [stdout]    --> /opt/rustwide/cargo-home/git/checkouts/num-2d8cb5760e17c6fb/1678704/src/traits.rs:278:14
[INFO] [stdout]     |
[INFO] [stdout] 278 | bounded_impl!(u8, u8::MIN, u8::MAX)
[INFO] [stdout]     |              ^^^^^^^^^^^^^^^^^^^^^^
[INFO] [stdout]     |
[INFO] [stdout] help: change the delimiters to curly braces
[INFO] [stdout]     |
[INFO] [stdout] 278 | bounded_impl!{u8, u8::MIN, u8::MAX}
[INFO] [stdout]     |              ~                    ~
[INFO] [stdout] help: add a semicolon
[INFO] [stdout]     |
[INFO] [stdout] 278 | bounded_impl!(u8, u8::MIN, u8::MAX);
[INFO] [stdout]     |                                    +
[INFO] [stdout] 
[INFO] [stdout] 
[INFO] [stdout] error: macros that expand to items must be delimited with braces or followed by a semicolon
[INFO] [stdout]    --> /opt/rustwide/cargo-home/git/checkouts/num-2d8cb5760e17c6fb/1678704/src/traits.rs:279:14
[INFO] [stdout]     |
[INFO] [stdout] 279 | bounded_impl!(u16, u16::MIN, u16::MAX)
[INFO] [stdout]     |              ^^^^^^^^^^^^^^^^^^^^^^^^^
[INFO] [stdout]     |
[INFO] [stdout] help: change the delimiters to curly braces
[INFO] [stdout]     |
[INFO] [stdout] 279 | bounded_impl!{u16, u16::MIN, u16::MAX}
[INFO] [stdout]     |              ~                       ~
[INFO] [stdout] help: add a semicolon
[INFO] [stdout]     |
[INFO] [stdout] 279 | bounded_impl!(u16, u16::MIN, u16::MAX);
[INFO] [stdout]     |                                       +
[INFO] [stdout] 
[INFO] [stdout] 
[INFO] [stdout] error: macros that expand to items must be delimited with braces or followed by a semicolon
[INFO] [stdout]    --> /opt/rustwide/cargo-home/git/checkouts/num-2d8cb5760e17c6fb/1678704/src/traits.rs:280:14
[INFO] [stdout]     |
[INFO] [stdout] 280 | bounded_impl!(u32, u32::MIN, u32::MAX)
[INFO] [stdout]     |              ^^^^^^^^^^^^^^^^^^^^^^^^^
[INFO] [stdout]     |
[INFO] [stdout] help: change the delimiters to curly braces
[INFO] [stdout]     |
[INFO] [stdout] 280 | bounded_impl!{u32, u32::MIN, u32::MAX}
[INFO] [stdout]     |              ~                       ~
[INFO] [stdout] help: add a semicolon
[INFO] [stdout]     |
[INFO] [stdout] 280 | bounded_impl!(u32, u32::MIN, u32::MAX);
[INFO] [stdout]     |                                       +
[INFO] [stdout] 
[INFO] [stdout] 
[INFO] [stdout] error: macros that expand to items must be delimited with braces or followed by a semicolon
[INFO] [stdout]    --> /opt/rustwide/cargo-home/git/checkouts/num-2d8cb5760e17c6fb/1678704/src/traits.rs:281:14
[INFO] [stdout]     |
[INFO] [stdout] 281 | bounded_impl!(u64, u64::MIN, u64::MAX)
[INFO] [stdout]     |              ^^^^^^^^^^^^^^^^^^^^^^^^^
[INFO] [stdout]     |
[INFO] [stdout] help: change the delimiters to curly braces
[INFO] [stdout]     |
[INFO] [stdout] 281 | bounded_impl!{u64, u64::MIN, u64::MAX}
[INFO] [stdout]     |              ~                       ~
[INFO] [stdout] help: add a semicolon
[INFO] [stdout]     |
[INFO] [stdout] 281 | bounded_impl!(u64, u64::MIN, u64::MAX);
[INFO] [stdout]     |                                       +
[INFO] [stdout] 
[INFO] [stdout] 
[INFO] [stdout] error: macros that expand to items must be delimited with braces or followed by a semicolon
[INFO] [stdout]    --> /opt/rustwide/cargo-home/git/checkouts/num-2d8cb5760e17c6fb/1678704/src/traits.rs:283:14
[INFO] [stdout]     |
[INFO] [stdout] 283 | bounded_impl!(int, int::MIN, int::MAX)
[INFO] [stdout]     |              ^^^^^^^^^^^^^^^^^^^^^^^^^
[INFO] [stdout]     |
[INFO] [stdout] help: change the delimiters to curly braces
[INFO] [stdout]     |
[INFO] [stdout] 283 | bounded_impl!{int, int::MIN, int::MAX}
[INFO] [stdout]     |              ~                       ~
[INFO] [stdout] help: add a semicolon
[INFO] [stdout]     |
[INFO] [stdout] 283 | bounded_impl!(int, int::MIN, int::MAX);
[INFO] [stdout]     |                                       +
[INFO] [stdout] 
[INFO] [stdout] 
[INFO] [stdout] error: macros that expand to items must be delimited with braces or followed by a semicolon
[INFO] [stdout]    --> /opt/rustwide/cargo-home/git/checkouts/num-2d8cb5760e17c6fb/1678704/src/traits.rs:284:14
[INFO] [stdout]     |
[INFO] [stdout] 284 | bounded_impl!(i8, i8::MIN, i8::MAX)
[INFO] [stdout]     |              ^^^^^^^^^^^^^^^^^^^^^^
[INFO] [stdout]     |
[INFO] [stdout] help: change the delimiters to curly braces
[INFO] [stdout]     |
[INFO] [stdout] 284 | bounded_impl!{i8, i8::MIN, i8::MAX}
[INFO] [stdout]     |              ~                    ~
[INFO] [stdout] help: add a semicolon
[INFO] [stdout]     |
[INFO] [stdout] 284 | bounded_impl!(i8, i8::MIN, i8::MAX);
[INFO] [stdout]     |                                    +
[INFO] [stdout] 
[INFO] [stdout] 
[INFO] [stdout] error: macros that expand to items must be delimited with braces or followed by a semicolon
[INFO] [stdout]    --> /opt/rustwide/cargo-home/git/checkouts/num-2d8cb5760e17c6fb/1678704/src/traits.rs:285:14
[INFO] [stdout]     |
[INFO] [stdout] 285 | bounded_impl!(i16, i16::MIN, i16::MAX)
[INFO] [stdout]     |              ^^^^^^^^^^^^^^^^^^^^^^^^^
[INFO] [stdout]     |
[INFO] [stdout] help: change the delimiters to curly braces
[INFO] [stdout]     |
[INFO] [stdout] 285 | bounded_impl!{i16, i16::MIN, i16::MAX}
[INFO] [stdout]     |              ~                       ~
[INFO] [stdout] help: add a semicolon
[INFO] [stdout]     |
[INFO] [stdout] 285 | bounded_impl!(i16, i16::MIN, i16::MAX);
[INFO] [stdout]     |                                       +
[INFO] [stdout] 
[INFO] [stdout] 
[INFO] [stdout] error: macros that expand to items must be delimited with braces or followed by a semicolon
[INFO] [stdout]    --> /opt/rustwide/cargo-home/git/checkouts/num-2d8cb5760e17c6fb/1678704/src/traits.rs:286:14
[INFO] [stdout]     |
[INFO] [stdout] 286 | bounded_impl!(i32, i32::MIN, i32::MAX)
[INFO] [stdout]     |              ^^^^^^^^^^^^^^^^^^^^^^^^^
[INFO] [stdout]     |
[INFO] [stdout] help: change the delimiters to curly braces
[INFO] [stdout]     |
[INFO] [stdout] 286 | bounded_impl!{i32, i32::MIN, i32::MAX}
[INFO] [stdout]     |              ~                       ~
[INFO] [stdout] help: add a semicolon
[INFO] [stdout]     |
[INFO] [stdout] 286 | bounded_impl!(i32, i32::MIN, i32::MAX);
[INFO] [stdout]     |                                       +
[INFO] [stdout] 
[INFO] [stdout] 
[INFO] [stdout] error: macros that expand to items must be delimited with braces or followed by a semicolon
[INFO] [stdout]    --> /opt/rustwide/cargo-home/git/checkouts/num-2d8cb5760e17c6fb/1678704/src/traits.rs:287:14
[INFO] [stdout]     |
[INFO] [stdout] 287 | bounded_impl!(i64, i64::MIN, i64::MAX)
[INFO] [stdout]     |              ^^^^^^^^^^^^^^^^^^^^^^^^^
[INFO] [stdout]     |
[INFO] [stdout] help: change the delimiters to curly braces
[INFO] [stdout]     |
[INFO] [stdout] 287 | bounded_impl!{i64, i64::MIN, i64::MAX}
[INFO] [stdout]     |              ~                       ~
[INFO] [stdout] help: add a semicolon
[INFO] [stdout]     |
[INFO] [stdout] 287 | bounded_impl!(i64, i64::MIN, i64::MAX);
[INFO] [stdout]     |                                       +
[INFO] [stdout] 
[INFO] [stdout] 
[INFO] [stdout] error: macros that expand to items must be delimited with braces or followed by a semicolon
[INFO] [stdout]    --> /opt/rustwide/cargo-home/git/checkouts/num-2d8cb5760e17c6fb/1678704/src/traits.rs:289:14
[INFO] [stdout]     |
[INFO] [stdout] 289 | bounded_impl!(f32, f32::MIN_VALUE, f32::MAX_VALUE)
[INFO] [stdout]     |              ^^^^^^^^^^^^^^^^^^^^^^^^^^^^^^^^^^^^^
[INFO] [stdout]     |
[INFO] [stdout] help: change the delimiters to curly braces
[INFO] [stdout]     |
[INFO] [stdout] 289 | bounded_impl!{f32, f32::MIN_VALUE, f32::MAX_VALUE}
[INFO] [stdout]     |              ~                                   ~
[INFO] [stdout] help: add a semicolon
[INFO] [stdout]     |
[INFO] [stdout] 289 | bounded_impl!(f32, f32::MIN_VALUE, f32::MAX_VALUE);
[INFO] [stdout]     |                                                   +
[INFO] [stdout] 
[INFO] [stdout] 
[INFO] [stdout] error: macros that expand to items must be delimited with braces or followed by a semicolon
[INFO] [stdout]    --> /opt/rustwide/cargo-home/git/checkouts/num-2d8cb5760e17c6fb/1678704/src/traits.rs:290:14
[INFO] [stdout]     |
[INFO] [stdout] 290 | bounded_impl!(f64, f64::MIN_VALUE, f64::MAX_VALUE)
[INFO] [stdout]     |              ^^^^^^^^^^^^^^^^^^^^^^^^^^^^^^^^^^^^^
[INFO] [stdout]     |
[INFO] [stdout] help: change the delimiters to curly braces
[INFO] [stdout]     |
[INFO] [stdout] 290 | bounded_impl!{f64, f64::MIN_VALUE, f64::MAX_VALUE}
[INFO] [stdout]     |              ~                                   ~
[INFO] [stdout] help: add a semicolon
[INFO] [stdout]     |
[INFO] [stdout] 290 | bounded_impl!(f64, f64::MIN_VALUE, f64::MAX_VALUE);
[INFO] [stdout]     |                                                   +
[INFO] [stdout] 
[INFO] [stdout] 
[INFO] [stdout] error: macros that expand to items must be delimited with braces or followed by a semicolon
[INFO] [stdout]    --> /opt/rustwide/cargo-home/git/checkouts/num-2d8cb5760e17c6fb/1678704/src/traits.rs:343:26
[INFO] [stdout]     |
[INFO] [stdout] 343 |   macro_rules! checked_impl(
[INFO] [stdout]     |  __________________________^
[INFO] [stdout] 344 | |     ($trait_name:ident, $method:ident, $t:ty, $op:path) => {
[INFO] [stdout] 345 | |         impl $trait_name for $t {
[INFO] [stdout] 346 | |             #[inline]
[INFO] [stdout] ...   |
[INFO] [stdout] 354 | |     }
[INFO] [stdout] 355 | | )
[INFO] [stdout]     | |_^
[INFO] [stdout]     |
[INFO] [stdout] help: change the delimiters to curly braces
[INFO] [stdout]     |
[INFO] [stdout] 343 ~ macro_rules! checked_impl{
[INFO] [stdout] 344 |     ($trait_name:ident, $method:ident, $t:ty, $op:path) => {
[INFO] [stdout]   ...
[INFO] [stdout] 354 |     }
[INFO] [stdout] 355 + }
[INFO] [stdout]     |
[INFO] [stdout] help: add a semicolon
[INFO] [stdout]     |
[INFO] [stdout] 355 | );
[INFO] [stdout]     |  +
[INFO] [stdout] 
[INFO] [stdout] 
[INFO] [stdout] error: macros that expand to items must be delimited with braces or followed by a semicolon
[INFO] [stdout]    --> /opt/rustwide/cargo-home/git/checkouts/num-2d8cb5760e17c6fb/1678704/src/traits.rs:356:31
[INFO] [stdout]     |
[INFO] [stdout] 356 |   macro_rules! checked_cast_impl(
[INFO] [stdout]     |  _______________________________^
[INFO] [stdout] 357 | |     ($trait_name:ident, $method:ident, $t:ty, $cast:ty, $op:path) => {
[INFO] [stdout] 358 | |         impl $trait_name for $t {
[INFO] [stdout] 359 | |             #[inline]
[INFO] [stdout] ...   |
[INFO] [stdout] 367 | |     }
[INFO] [stdout] 368 | | )
[INFO] [stdout]     | |_^
[INFO] [stdout]     |
[INFO] [stdout] help: change the delimiters to curly braces
[INFO] [stdout]     |
[INFO] [stdout] 356 ~ macro_rules! checked_cast_impl{
[INFO] [stdout] 357 |     ($trait_name:ident, $method:ident, $t:ty, $cast:ty, $op:path) => {
[INFO] [stdout]   ...
[INFO] [stdout] 367 |     }
[INFO] [stdout] 368 + }
[INFO] [stdout]     |
[INFO] [stdout] help: add a semicolon
[INFO] [stdout]     |
[INFO] [stdout] 368 | );
[INFO] [stdout]     |  +
[INFO] [stdout] 
[INFO] [stdout] 
[INFO] [stdout] error: macros that expand to items must be delimited with braces or followed by a semicolon
[INFO] [stdout]    --> /opt/rustwide/cargo-home/git/checkouts/num-2d8cb5760e17c6fb/1678704/src/traits.rs:371:19
[INFO] [stdout]     |
[INFO] [stdout] 371 | checked_cast_impl!(CheckedAdd, checked_add, uint, u32, intrinsics::u32_add_with_overflow)
[INFO] [stdout]     |                   ^^^^^^^^^^^^^^^^^^^^^^^^^^^^^^^^^^^^^^^^^^^^^^^^^^^^^^^^^^^^^^^^^^^^^^^
[INFO] [stdout]     |
[INFO] [stdout] help: change the delimiters to curly braces
[INFO] [stdout]     |
[INFO] [stdout] 371 | checked_cast_impl!{CheckedAdd, checked_add, uint, u32, intrinsics::u32_add_with_overflow}
[INFO] [stdout]     |                   ~                                                                     ~
[INFO] [stdout] help: add a semicolon
[INFO] [stdout]     |
[INFO] [stdout] 371 | checked_cast_impl!(CheckedAdd, checked_add, uint, u32, intrinsics::u32_add_with_overflow);
[INFO] [stdout]     |                                                                                          +
[INFO] [stdout] 
[INFO] [stdout] 
[INFO] [stdout] error: macros that expand to items must be delimited with braces or followed by a semicolon
[INFO] [stdout]    --> /opt/rustwide/cargo-home/git/checkouts/num-2d8cb5760e17c6fb/1678704/src/traits.rs:373:19
[INFO] [stdout]     |
[INFO] [stdout] 373 | checked_cast_impl!(CheckedAdd, checked_add, uint, u64, intrinsics::u64_add_with_overflow)
[INFO] [stdout]     |                   ^^^^^^^^^^^^^^^^^^^^^^^^^^^^^^^^^^^^^^^^^^^^^^^^^^^^^^^^^^^^^^^^^^^^^^^
[INFO] [stdout]     |
[INFO] [stdout] help: change the delimiters to curly braces
[INFO] [stdout]     |
[INFO] [stdout] 373 | checked_cast_impl!{CheckedAdd, checked_add, uint, u64, intrinsics::u64_add_with_overflow}
[INFO] [stdout]     |                   ~                                                                     ~
[INFO] [stdout] help: add a semicolon
[INFO] [stdout]     |
[INFO] [stdout] 373 | checked_cast_impl!(CheckedAdd, checked_add, uint, u64, intrinsics::u64_add_with_overflow);
[INFO] [stdout]     |                                                                                          +
[INFO] [stdout] 
[INFO] [stdout] 
[INFO] [stdout] error: macros that expand to items must be delimited with braces or followed by a semicolon
[INFO] [stdout]    --> /opt/rustwide/cargo-home/git/checkouts/num-2d8cb5760e17c6fb/1678704/src/traits.rs:375:14
[INFO] [stdout]     |
[INFO] [stdout] 375 | checked_impl!(CheckedAdd, checked_add, u8,  intrinsics::u8_add_with_overflow)
[INFO] [stdout]     |              ^^^^^^^^^^^^^^^^^^^^^^^^^^^^^^^^^^^^^^^^^^^^^^^^^^^^^^^^^^^^^^^^
[INFO] [stdout]     |
[INFO] [stdout] help: change the delimiters to curly braces
[INFO] [stdout]     |
[INFO] [stdout] 375 | checked_impl!{CheckedAdd, checked_add, u8,  intrinsics::u8_add_with_overflow}
[INFO] [stdout]     |              ~                                                              ~
[INFO] [stdout] help: add a semicolon
[INFO] [stdout]     |
[INFO] [stdout] 375 | checked_impl!(CheckedAdd, checked_add, u8,  intrinsics::u8_add_with_overflow);
[INFO] [stdout]     |                                                                              +
[INFO] [stdout] 
[INFO] [stdout] 
[INFO] [stdout] error: macros that expand to items must be delimited with braces or followed by a semicolon
[INFO] [stdout]    --> /opt/rustwide/cargo-home/git/checkouts/num-2d8cb5760e17c6fb/1678704/src/traits.rs:376:14
[INFO] [stdout]     |
[INFO] [stdout] 376 | checked_impl!(CheckedAdd, checked_add, u16, intrinsics::u16_add_with_overflow)
[INFO] [stdout]     |              ^^^^^^^^^^^^^^^^^^^^^^^^^^^^^^^^^^^^^^^^^^^^^^^^^^^^^^^^^^^^^^^^^
[INFO] [stdout]     |
[INFO] [stdout] help: change the delimiters to curly braces
[INFO] [stdout]     |
[INFO] [stdout] 376 | checked_impl!{CheckedAdd, checked_add, u16, intrinsics::u16_add_with_overflow}
[INFO] [stdout]     |              ~                                                               ~
[INFO] [stdout] help: add a semicolon
[INFO] [stdout]     |
[INFO] [stdout] 376 | checked_impl!(CheckedAdd, checked_add, u16, intrinsics::u16_add_with_overflow);
[INFO] [stdout]     |                                                                               +
[INFO] [stdout] 
[INFO] [stdout] 
[INFO] [stdout] error: macros that expand to items must be delimited with braces or followed by a semicolon
[INFO] [stdout]    --> /opt/rustwide/cargo-home/git/checkouts/num-2d8cb5760e17c6fb/1678704/src/traits.rs:377:14
[INFO] [stdout]     |
[INFO] [stdout] 377 | checked_impl!(CheckedAdd, checked_add, u32, intrinsics::u32_add_with_overflow)
[INFO] [stdout]     |              ^^^^^^^^^^^^^^^^^^^^^^^^^^^^^^^^^^^^^^^^^^^^^^^^^^^^^^^^^^^^^^^^^
[INFO] [stdout]     |
[INFO] [stdout] help: change the delimiters to curly braces
[INFO] [stdout]     |
[INFO] [stdout] 377 | checked_impl!{CheckedAdd, checked_add, u32, intrinsics::u32_add_with_overflow}
[INFO] [stdout]     |              ~                                                               ~
[INFO] [stdout] help: add a semicolon
[INFO] [stdout]     |
[INFO] [stdout] 377 | checked_impl!(CheckedAdd, checked_add, u32, intrinsics::u32_add_with_overflow);
[INFO] [stdout]     |                                                                               +
[INFO] [stdout] 
[INFO] [stdout] 
[INFO] [stdout] error: macros that expand to items must be delimited with braces or followed by a semicolon
[INFO] [stdout]    --> /opt/rustwide/cargo-home/git/checkouts/num-2d8cb5760e17c6fb/1678704/src/traits.rs:378:14
[INFO] [stdout]     |
[INFO] [stdout] 378 | checked_impl!(CheckedAdd, checked_add, u64, intrinsics::u64_add_with_overflow)
[INFO] [stdout]     |              ^^^^^^^^^^^^^^^^^^^^^^^^^^^^^^^^^^^^^^^^^^^^^^^^^^^^^^^^^^^^^^^^^
[INFO] [stdout]     |
[INFO] [stdout] help: change the delimiters to curly braces
[INFO] [stdout]     |
[INFO] [stdout] 378 | checked_impl!{CheckedAdd, checked_add, u64, intrinsics::u64_add_with_overflow}
[INFO] [stdout]     |              ~                                                               ~
[INFO] [stdout] help: add a semicolon
[INFO] [stdout]     |
[INFO] [stdout] 378 | checked_impl!(CheckedAdd, checked_add, u64, intrinsics::u64_add_with_overflow);
[INFO] [stdout]     |                                                                               +
[INFO] [stdout] 
[INFO] [stdout] 
[INFO] [stdout] error: macros that expand to items must be delimited with braces or followed by a semicolon
[INFO] [stdout]    --> /opt/rustwide/cargo-home/git/checkouts/num-2d8cb5760e17c6fb/1678704/src/traits.rs:381:19
[INFO] [stdout]     |
[INFO] [stdout] 381 | checked_cast_impl!(CheckedAdd, checked_add, int, i32, intrinsics::i32_add_with_overflow)
[INFO] [stdout]     |                   ^^^^^^^^^^^^^^^^^^^^^^^^^^^^^^^^^^^^^^^^^^^^^^^^^^^^^^^^^^^^^^^^^^^^^^
[INFO] [stdout]     |
[INFO] [stdout] help: change the delimiters to curly braces
[INFO] [stdout]     |
[INFO] [stdout] 381 | checked_cast_impl!{CheckedAdd, checked_add, int, i32, intrinsics::i32_add_with_overflow}
[INFO] [stdout]     |                   ~                                                                    ~
[INFO] [stdout] help: add a semicolon
[INFO] [stdout]     |
[INFO] [stdout] 381 | checked_cast_impl!(CheckedAdd, checked_add, int, i32, intrinsics::i32_add_with_overflow);
[INFO] [stdout]     |                                                                                         +
[INFO] [stdout] 
[INFO] [stdout] 
[INFO] [stdout] error: macros that expand to items must be delimited with braces or followed by a semicolon
[INFO] [stdout]    --> /opt/rustwide/cargo-home/git/checkouts/num-2d8cb5760e17c6fb/1678704/src/traits.rs:383:19
[INFO] [stdout]     |
[INFO] [stdout] 383 | checked_cast_impl!(CheckedAdd, checked_add, int, i64, intrinsics::i64_add_with_overflow)
[INFO] [stdout]     |                   ^^^^^^^^^^^^^^^^^^^^^^^^^^^^^^^^^^^^^^^^^^^^^^^^^^^^^^^^^^^^^^^^^^^^^^
[INFO] [stdout]     |
[INFO] [stdout] help: change the delimiters to curly braces
[INFO] [stdout]     |
[INFO] [stdout] 383 | checked_cast_impl!{CheckedAdd, checked_add, int, i64, intrinsics::i64_add_with_overflow}
[INFO] [stdout]     |                   ~                                                                    ~
[INFO] [stdout] help: add a semicolon
[INFO] [stdout]     |
[INFO] [stdout] 383 | checked_cast_impl!(CheckedAdd, checked_add, int, i64, intrinsics::i64_add_with_overflow);
[INFO] [stdout]     |                                                                                         +
[INFO] [stdout] 
[INFO] [stdout] 
[INFO] [stdout] error: macros that expand to items must be delimited with braces or followed by a semicolon
[INFO] [stdout]    --> /opt/rustwide/cargo-home/git/checkouts/num-2d8cb5760e17c6fb/1678704/src/traits.rs:385:14
[INFO] [stdout]     |
[INFO] [stdout] 385 | checked_impl!(CheckedAdd, checked_add, i8,  intrinsics::i8_add_with_overflow)
[INFO] [stdout]     |              ^^^^^^^^^^^^^^^^^^^^^^^^^^^^^^^^^^^^^^^^^^^^^^^^^^^^^^^^^^^^^^^^
[INFO] [stdout]     |
[INFO] [stdout] help: change the delimiters to curly braces
[INFO] [stdout]     |
[INFO] [stdout] 385 | checked_impl!{CheckedAdd, checked_add, i8,  intrinsics::i8_add_with_overflow}
[INFO] [stdout]     |              ~                                                              ~
[INFO] [stdout] help: add a semicolon
[INFO] [stdout]     |
[INFO] [stdout] 385 | checked_impl!(CheckedAdd, checked_add, i8,  intrinsics::i8_add_with_overflow);
[INFO] [stdout]     |                                                                              +
[INFO] [stdout] 
[INFO] [stdout] 
[INFO] [stdout] error: macros that expand to items must be delimited with braces or followed by a semicolon
[INFO] [stdout]    --> /opt/rustwide/cargo-home/git/checkouts/num-2d8cb5760e17c6fb/1678704/src/traits.rs:386:14
[INFO] [stdout]     |
[INFO] [stdout] 386 | checked_impl!(CheckedAdd, checked_add, i16, intrinsics::i16_add_with_overflow)
[INFO] [stdout]     |              ^^^^^^^^^^^^^^^^^^^^^^^^^^^^^^^^^^^^^^^^^^^^^^^^^^^^^^^^^^^^^^^^^
[INFO] [stdout]     |
[INFO] [stdout] help: change the delimiters to curly braces
[INFO] [stdout]     |
[INFO] [stdout] 386 | checked_impl!{CheckedAdd, checked_add, i16, intrinsics::i16_add_with_overflow}
[INFO] [stdout]     |              ~                                                               ~
[INFO] [stdout] help: add a semicolon
[INFO] [stdout]     |
[INFO] [stdout] 386 | checked_impl!(CheckedAdd, checked_add, i16, intrinsics::i16_add_with_overflow);
[INFO] [stdout]     |                                                                               +
[INFO] [stdout] 
[INFO] [stdout] 
[INFO] [stdout] error: macros that expand to items must be delimited with braces or followed by a semicolon
[INFO] [stdout]    --> /opt/rustwide/cargo-home/git/checkouts/num-2d8cb5760e17c6fb/1678704/src/traits.rs:387:14
[INFO] [stdout]     |
[INFO] [stdout] 387 | checked_impl!(CheckedAdd, checked_add, i32, intrinsics::i32_add_with_overflow)
[INFO] [stdout]     |              ^^^^^^^^^^^^^^^^^^^^^^^^^^^^^^^^^^^^^^^^^^^^^^^^^^^^^^^^^^^^^^^^^
[INFO] [stdout]     |
[INFO] [stdout] help: change the delimiters to curly braces
[INFO] [stdout]     |
[INFO] [stdout] 387 | checked_impl!{CheckedAdd, checked_add, i32, intrinsics::i32_add_with_overflow}
[INFO] [stdout]     |              ~                                                               ~
[INFO] [stdout] help: add a semicolon
[INFO] [stdout]     |
[INFO] [stdout] 387 | checked_impl!(CheckedAdd, checked_add, i32, intrinsics::i32_add_with_overflow);
[INFO] [stdout]     |                                                                               +
[INFO] [stdout] 
[INFO] [stdout] 
[INFO] [stdout] error: macros that expand to items must be delimited with braces or followed by a semicolon
[INFO] [stdout]    --> /opt/rustwide/cargo-home/git/checkouts/num-2d8cb5760e17c6fb/1678704/src/traits.rs:388:14
[INFO] [stdout]     |
[INFO] [stdout] 388 | checked_impl!(CheckedAdd, checked_add, i64, intrinsics::i64_add_with_overflow)
[INFO] [stdout]     |              ^^^^^^^^^^^^^^^^^^^^^^^^^^^^^^^^^^^^^^^^^^^^^^^^^^^^^^^^^^^^^^^^^
[INFO] [stdout]     |
[INFO] [stdout] help: change the delimiters to curly braces
[INFO] [stdout]     |
[INFO] [stdout] 388 | checked_impl!{CheckedAdd, checked_add, i64, intrinsics::i64_add_with_overflow}
[INFO] [stdout]     |              ~                                                               ~
[INFO] [stdout] help: add a semicolon
[INFO] [stdout]     |
[INFO] [stdout] 388 | checked_impl!(CheckedAdd, checked_add, i64, intrinsics::i64_add_with_overflow);
[INFO] [stdout]     |                                                                               +
[INFO] [stdout] 
[INFO] [stdout] 
[INFO] [stdout] error: macros that expand to items must be delimited with braces or followed by a semicolon
[INFO] [stdout]    --> /opt/rustwide/cargo-home/git/checkouts/num-2d8cb5760e17c6fb/1678704/src/traits.rs:405:19
[INFO] [stdout]     |
[INFO] [stdout] 405 | checked_cast_impl!(CheckedSub, checked_sub, uint, u32, intrinsics::u32_sub_with_overflow)
[INFO] [stdout]     |                   ^^^^^^^^^^^^^^^^^^^^^^^^^^^^^^^^^^^^^^^^^^^^^^^^^^^^^^^^^^^^^^^^^^^^^^^
[INFO] [stdout]     |
[INFO] [stdout] help: change the delimiters to curly braces
[INFO] [stdout]     |
[INFO] [stdout] 405 | checked_cast_impl!{CheckedSub, checked_sub, uint, u32, intrinsics::u32_sub_with_overflow}
[INFO] [stdout]     |                   ~                                                                     ~
[INFO] [stdout] help: add a semicolon
[INFO] [stdout]     |
[INFO] [stdout] 405 | checked_cast_impl!(CheckedSub, checked_sub, uint, u32, intrinsics::u32_sub_with_overflow);
[INFO] [stdout]     |                                                                                          +
[INFO] [stdout] 
[INFO] [stdout] 
[INFO] [stdout] error: macros that expand to items must be delimited with braces or followed by a semicolon
[INFO] [stdout]    --> /opt/rustwide/cargo-home/git/checkouts/num-2d8cb5760e17c6fb/1678704/src/traits.rs:407:19
[INFO] [stdout]     |
[INFO] [stdout] 407 | checked_cast_impl!(CheckedSub, checked_sub, uint, u64, intrinsics::u64_sub_with_overflow)
[INFO] [stdout]     |                   ^^^^^^^^^^^^^^^^^^^^^^^^^^^^^^^^^^^^^^^^^^^^^^^^^^^^^^^^^^^^^^^^^^^^^^^
[INFO] [stdout]     |
[INFO] [stdout] help: change the delimiters to curly braces
[INFO] [stdout]     |
[INFO] [stdout] 407 | checked_cast_impl!{CheckedSub, checked_sub, uint, u64, intrinsics::u64_sub_with_overflow}
[INFO] [stdout]     |                   ~                                                                     ~
[INFO] [stdout] help: add a semicolon
[INFO] [stdout]     |
[INFO] [stdout] 407 | checked_cast_impl!(CheckedSub, checked_sub, uint, u64, intrinsics::u64_sub_with_overflow);
[INFO] [stdout]     |                                                                                          +
[INFO] [stdout] 
[INFO] [stdout] 
[INFO] [stdout] error: macros that expand to items must be delimited with braces or followed by a semicolon
[INFO] [stdout]    --> /opt/rustwide/cargo-home/git/checkouts/num-2d8cb5760e17c6fb/1678704/src/traits.rs:409:14
[INFO] [stdout]     |
[INFO] [stdout] 409 | checked_impl!(CheckedSub, checked_sub, u8,  intrinsics::u8_sub_with_overflow)
[INFO] [stdout]     |              ^^^^^^^^^^^^^^^^^^^^^^^^^^^^^^^^^^^^^^^^^^^^^^^^^^^^^^^^^^^^^^^^
[INFO] [stdout]     |
[INFO] [stdout] help: change the delimiters to curly braces
[INFO] [stdout]     |
[INFO] [stdout] 409 | checked_impl!{CheckedSub, checked_sub, u8,  intrinsics::u8_sub_with_overflow}
[INFO] [stdout]     |              ~                                                              ~
[INFO] [stdout] help: add a semicolon
[INFO] [stdout]     |
[INFO] [stdout] 409 | checked_impl!(CheckedSub, checked_sub, u8,  intrinsics::u8_sub_with_overflow);
[INFO] [stdout]     |                                                                              +
[INFO] [stdout] 
[INFO] [stdout] 
[INFO] [stdout] error: macros that expand to items must be delimited with braces or followed by a semicolon
[INFO] [stdout]    --> /opt/rustwide/cargo-home/git/checkouts/num-2d8cb5760e17c6fb/1678704/src/traits.rs:410:14
[INFO] [stdout]     |
[INFO] [stdout] 410 | checked_impl!(CheckedSub, checked_sub, u16, intrinsics::u16_sub_with_overflow)
[INFO] [stdout]     |              ^^^^^^^^^^^^^^^^^^^^^^^^^^^^^^^^^^^^^^^^^^^^^^^^^^^^^^^^^^^^^^^^^
[INFO] [stdout]     |
[INFO] [stdout] help: change the delimiters to curly braces
[INFO] [stdout]     |
[INFO] [stdout] 410 | checked_impl!{CheckedSub, checked_sub, u16, intrinsics::u16_sub_with_overflow}
[INFO] [stdout]     |              ~                                                               ~
[INFO] [stdout] help: add a semicolon
[INFO] [stdout]     |
[INFO] [stdout] 410 | checked_impl!(CheckedSub, checked_sub, u16, intrinsics::u16_sub_with_overflow);
[INFO] [stdout]     |                                                                               +
[INFO] [stdout] 
[INFO] [stdout] 
[INFO] [stdout] error: macros that expand to items must be delimited with braces or followed by a semicolon
[INFO] [stdout]    --> /opt/rustwide/cargo-home/git/checkouts/num-2d8cb5760e17c6fb/1678704/src/traits.rs:411:14
[INFO] [stdout]     |
[INFO] [stdout] 411 | checked_impl!(CheckedSub, checked_sub, u32, intrinsics::u32_sub_with_overflow)
[INFO] [stdout]     |              ^^^^^^^^^^^^^^^^^^^^^^^^^^^^^^^^^^^^^^^^^^^^^^^^^^^^^^^^^^^^^^^^^
[INFO] [stdout]     |
[INFO] [stdout] help: change the delimiters to curly braces
[INFO] [stdout]     |
[INFO] [stdout] 411 | checked_impl!{CheckedSub, checked_sub, u32, intrinsics::u32_sub_with_overflow}
[INFO] [stdout]     |              ~                                                               ~
[INFO] [stdout] help: add a semicolon
[INFO] [stdout]     |
[INFO] [stdout] 411 | checked_impl!(CheckedSub, checked_sub, u32, intrinsics::u32_sub_with_overflow);
[INFO] [stdout]     |                                                                               +
[INFO] [stdout] 
[INFO] [stdout] 
[INFO] [stdout] error: macros that expand to items must be delimited with braces or followed by a semicolon
[INFO] [stdout]    --> /opt/rustwide/cargo-home/git/checkouts/num-2d8cb5760e17c6fb/1678704/src/traits.rs:412:14
[INFO] [stdout]     |
[INFO] [stdout] 412 | checked_impl!(CheckedSub, checked_sub, u64, intrinsics::u64_sub_with_overflow)
[INFO] [stdout]     |              ^^^^^^^^^^^^^^^^^^^^^^^^^^^^^^^^^^^^^^^^^^^^^^^^^^^^^^^^^^^^^^^^^
[INFO] [stdout]     |
[INFO] [stdout] help: change the delimiters to curly braces
[INFO] [stdout]     |
[INFO] [stdout] 412 | checked_impl!{CheckedSub, checked_sub, u64, intrinsics::u64_sub_with_overflow}
[INFO] [stdout]     |              ~                                                               ~
[INFO] [stdout] help: add a semicolon
[INFO] [stdout]     |
[INFO] [stdout] 412 | checked_impl!(CheckedSub, checked_sub, u64, intrinsics::u64_sub_with_overflow);
[INFO] [stdout]     |                                                                               +
[INFO] [stdout] 
[INFO] [stdout] 
[INFO] [stdout] error: macros that expand to items must be delimited with braces or followed by a semicolon
[INFO] [stdout]    --> /opt/rustwide/cargo-home/git/checkouts/num-2d8cb5760e17c6fb/1678704/src/traits.rs:415:19
[INFO] [stdout]     |
[INFO] [stdout] 415 | checked_cast_impl!(CheckedSub, checked_sub, int, i32, intrinsics::i32_sub_with_overflow)
[INFO] [stdout]     |                   ^^^^^^^^^^^^^^^^^^^^^^^^^^^^^^^^^^^^^^^^^^^^^^^^^^^^^^^^^^^^^^^^^^^^^^
[INFO] [stdout]     |
[INFO] [stdout] help: change the delimiters to curly braces
[INFO] [stdout]     |
[INFO] [stdout] 415 | checked_cast_impl!{CheckedSub, checked_sub, int, i32, intrinsics::i32_sub_with_overflow}
[INFO] [stdout]     |                   ~                                                                    ~
[INFO] [stdout] help: add a semicolon
[INFO] [stdout]     |
[INFO] [stdout] 415 | checked_cast_impl!(CheckedSub, checked_sub, int, i32, intrinsics::i32_sub_with_overflow);
[INFO] [stdout]     |                                                                                         +
[INFO] [stdout] 
[INFO] [stdout] 
[INFO] [stdout] error: macros that expand to items must be delimited with braces or followed by a semicolon
[INFO] [stdout]    --> /opt/rustwide/cargo-home/git/checkouts/num-2d8cb5760e17c6fb/1678704/src/traits.rs:417:19
[INFO] [stdout]     |
[INFO] [stdout] 417 | checked_cast_impl!(CheckedSub, checked_sub, int, i64, intrinsics::i64_sub_with_overflow)
[INFO] [stdout]     |                   ^^^^^^^^^^^^^^^^^^^^^^^^^^^^^^^^^^^^^^^^^^^^^^^^^^^^^^^^^^^^^^^^^^^^^^
[INFO] [stdout]     |
[INFO] [stdout] help: change the delimiters to curly braces
[INFO] [stdout]     |
[INFO] [stdout] 417 | checked_cast_impl!{CheckedSub, checked_sub, int, i64, intrinsics::i64_sub_with_overflow}
[INFO] [stdout]     |                   ~                                                                    ~
[INFO] [stdout] help: add a semicolon
[INFO] [stdout]     |
[INFO] [stdout] 417 | checked_cast_impl!(CheckedSub, checked_sub, int, i64, intrinsics::i64_sub_with_overflow);
[INFO] [stdout]     |                                                                                         +
[INFO] [stdout] 
[INFO] [stdout] 
[INFO] [stdout] error: macros that expand to items must be delimited with braces or followed by a semicolon
[INFO] [stdout]    --> /opt/rustwide/cargo-home/git/checkouts/num-2d8cb5760e17c6fb/1678704/src/traits.rs:419:14
[INFO] [stdout]     |
[INFO] [stdout] 419 | checked_impl!(CheckedSub, checked_sub, i8,  intrinsics::i8_sub_with_overflow)
[INFO] [stdout]     |              ^^^^^^^^^^^^^^^^^^^^^^^^^^^^^^^^^^^^^^^^^^^^^^^^^^^^^^^^^^^^^^^^
[INFO] [stdout]     |
[INFO] [stdout] help: change the delimiters to curly braces
[INFO] [stdout]     |
[INFO] [stdout] 419 | checked_impl!{CheckedSub, checked_sub, i8,  intrinsics::i8_sub_with_overflow}
[INFO] [stdout]     |              ~                                                              ~
[INFO] [stdout] help: add a semicolon
[INFO] [stdout]     |
[INFO] [stdout] 419 | checked_impl!(CheckedSub, checked_sub, i8,  intrinsics::i8_sub_with_overflow);
[INFO] [stdout]     |                                                                              +
[INFO] [stdout] 
[INFO] [stdout] 
[INFO] [stdout] error: macros that expand to items must be delimited with braces or followed by a semicolon
[INFO] [stdout]    --> /opt/rustwide/cargo-home/git/checkouts/num-2d8cb5760e17c6fb/1678704/src/traits.rs:420:14
[INFO] [stdout]     |
[INFO] [stdout] 420 | checked_impl!(CheckedSub, checked_sub, i16, intrinsics::i16_sub_with_overflow)
[INFO] [stdout]     |              ^^^^^^^^^^^^^^^^^^^^^^^^^^^^^^^^^^^^^^^^^^^^^^^^^^^^^^^^^^^^^^^^^
[INFO] [stdout]     |
[INFO] [stdout] help: change the delimiters to curly braces
[INFO] [stdout]     |
[INFO] [stdout] 420 | checked_impl!{CheckedSub, checked_sub, i16, intrinsics::i16_sub_with_overflow}
[INFO] [stdout]     |              ~                                                               ~
[INFO] [stdout] help: add a semicolon
[INFO] [stdout]     |
[INFO] [stdout] 420 | checked_impl!(CheckedSub, checked_sub, i16, intrinsics::i16_sub_with_overflow);
[INFO] [stdout]     |                                                                               +
[INFO] [stdout] 
[INFO] [stdout] 
[INFO] [stdout] error: macros that expand to items must be delimited with braces or followed by a semicolon
[INFO] [stdout]    --> /opt/rustwide/cargo-home/git/checkouts/num-2d8cb5760e17c6fb/1678704/src/traits.rs:421:14
[INFO] [stdout]     |
[INFO] [stdout] 421 | checked_impl!(CheckedSub, checked_sub, i32, intrinsics::i32_sub_with_overflow)
[INFO] [stdout]     |              ^^^^^^^^^^^^^^^^^^^^^^^^^^^^^^^^^^^^^^^^^^^^^^^^^^^^^^^^^^^^^^^^^
[INFO] [stdout]     |
[INFO] [stdout] help: change the delimiters to curly braces
[INFO] [stdout]     |
[INFO] [stdout] 421 | checked_impl!{CheckedSub, checked_sub, i32, intrinsics::i32_sub_with_overflow}
[INFO] [stdout]     |              ~                                                               ~
[INFO] [stdout] help: add a semicolon
[INFO] [stdout]     |
[INFO] [stdout] 421 | checked_impl!(CheckedSub, checked_sub, i32, intrinsics::i32_sub_with_overflow);
[INFO] [stdout]     |                                                                               +
[INFO] [stdout] 
[INFO] [stdout] 
[INFO] [stdout] error: macros that expand to items must be delimited with braces or followed by a semicolon
[INFO] [stdout]    --> /opt/rustwide/cargo-home/git/checkouts/num-2d8cb5760e17c6fb/1678704/src/traits.rs:422:14
[INFO] [stdout]     |
[INFO] [stdout] 422 | checked_impl!(CheckedSub, checked_sub, i64, intrinsics::i64_sub_with_overflow)
[INFO] [stdout]     |              ^^^^^^^^^^^^^^^^^^^^^^^^^^^^^^^^^^^^^^^^^^^^^^^^^^^^^^^^^^^^^^^^^
[INFO] [stdout]     |
[INFO] [stdout] help: change the delimiters to curly braces
[INFO] [stdout]     |
[INFO] [stdout] 422 | checked_impl!{CheckedSub, checked_sub, i64, intrinsics::i64_sub_with_overflow}
[INFO] [stdout]     |              ~                                                               ~
[INFO] [stdout] help: add a semicolon
[INFO] [stdout]     |
[INFO] [stdout] 422 | checked_impl!(CheckedSub, checked_sub, i64, intrinsics::i64_sub_with_overflow);
[INFO] [stdout]     |                                                                               +
[INFO] [stdout] 
[INFO] [stdout] 
[INFO] [stdout] error: macros that expand to items must be delimited with braces or followed by a semicolon
[INFO] [stdout]    --> /opt/rustwide/cargo-home/git/checkouts/num-2d8cb5760e17c6fb/1678704/src/traits.rs:441:19
[INFO] [stdout]     |
[INFO] [stdout] 441 | checked_cast_impl!(CheckedMul, checked_mul, uint, u32, intrinsics::u32_mul_with_overflow)
[INFO] [stdout]     |                   ^^^^^^^^^^^^^^^^^^^^^^^^^^^^^^^^^^^^^^^^^^^^^^^^^^^^^^^^^^^^^^^^^^^^^^^
[INFO] [stdout]     |
[INFO] [stdout] help: change the delimiters to curly braces
[INFO] [stdout]     |
[INFO] [stdout] 441 | checked_cast_impl!{CheckedMul, checked_mul, uint, u32, intrinsics::u32_mul_with_overflow}
[INFO] [stdout]     |                   ~                                                                     ~
[INFO] [stdout] help: add a semicolon
[INFO] [stdout]     |
[INFO] [stdout] 441 | checked_cast_impl!(CheckedMul, checked_mul, uint, u32, intrinsics::u32_mul_with_overflow);
[INFO] [stdout]     |                                                                                          +
[INFO] [stdout] 
[INFO] [stdout] 
[INFO] [stdout] error: macros that expand to items must be delimited with braces or followed by a semicolon
[INFO] [stdout]    --> /opt/rustwide/cargo-home/git/checkouts/num-2d8cb5760e17c6fb/1678704/src/traits.rs:443:19
[INFO] [stdout]     |
[INFO] [stdout] 443 | checked_cast_impl!(CheckedMul, checked_mul, uint, u64, intrinsics::u64_mul_with_overflow)
[INFO] [stdout]     |                   ^^^^^^^^^^^^^^^^^^^^^^^^^^^^^^^^^^^^^^^^^^^^^^^^^^^^^^^^^^^^^^^^^^^^^^^
[INFO] [stdout]     |
[INFO] [stdout] help: change the delimiters to curly braces
[INFO] [stdout]     |
[INFO] [stdout] 443 | checked_cast_impl!{CheckedMul, checked_mul, uint, u64, intrinsics::u64_mul_with_overflow}
[INFO] [stdout]     |                   ~                                                                     ~
[INFO] [stdout] help: add a semicolon
[INFO] [stdout]     |
[INFO] [stdout] 443 | checked_cast_impl!(CheckedMul, checked_mul, uint, u64, intrinsics::u64_mul_with_overflow);
[INFO] [stdout]     |                                                                                          +
[INFO] [stdout] 
[INFO] [stdout] 
[INFO] [stdout] error: macros that expand to items must be delimited with braces or followed by a semicolon
[INFO] [stdout]    --> /opt/rustwide/cargo-home/git/checkouts/num-2d8cb5760e17c6fb/1678704/src/traits.rs:445:14
[INFO] [stdout]     |
[INFO] [stdout] 445 | checked_impl!(CheckedMul, checked_mul, u8,  intrinsics::u8_mul_with_overflow)
[INFO] [stdout]     |              ^^^^^^^^^^^^^^^^^^^^^^^^^^^^^^^^^^^^^^^^^^^^^^^^^^^^^^^^^^^^^^^^
[INFO] [stdout]     |
[INFO] [stdout] help: change the delimiters to curly braces
[INFO] [stdout]     |
[INFO] [stdout] 445 | checked_impl!{CheckedMul, checked_mul, u8,  intrinsics::u8_mul_with_overflow}
[INFO] [stdout]     |              ~                                                              ~
[INFO] [stdout] help: add a semicolon
[INFO] [stdout]     |
[INFO] [stdout] 445 | checked_impl!(CheckedMul, checked_mul, u8,  intrinsics::u8_mul_with_overflow);
[INFO] [stdout]     |                                                                              +
[INFO] [stdout] 
[INFO] [stdout] 
[INFO] [stdout] error: macros that expand to items must be delimited with braces or followed by a semicolon
[INFO] [stdout]    --> /opt/rustwide/cargo-home/git/checkouts/num-2d8cb5760e17c6fb/1678704/src/traits.rs:446:14
[INFO] [stdout]     |
[INFO] [stdout] 446 | checked_impl!(CheckedMul, checked_mul, u16, intrinsics::u16_mul_with_overflow)
[INFO] [stdout]     |              ^^^^^^^^^^^^^^^^^^^^^^^^^^^^^^^^^^^^^^^^^^^^^^^^^^^^^^^^^^^^^^^^^
[INFO] [stdout]     |
[INFO] [stdout] help: change the delimiters to curly braces
[INFO] [stdout]     |
[INFO] [stdout] 446 | checked_impl!{CheckedMul, checked_mul, u16, intrinsics::u16_mul_with_overflow}
[INFO] [stdout]     |              ~                                                               ~
[INFO] [stdout] help: add a semicolon
[INFO] [stdout]     |
[INFO] [stdout] 446 | checked_impl!(CheckedMul, checked_mul, u16, intrinsics::u16_mul_with_overflow);
[INFO] [stdout]     |                                                                               +
[INFO] [stdout] 
[INFO] [stdout] 
[INFO] [stdout] error: macros that expand to items must be delimited with braces or followed by a semicolon
[INFO] [stdout]    --> /opt/rustwide/cargo-home/git/checkouts/num-2d8cb5760e17c6fb/1678704/src/traits.rs:447:14
[INFO] [stdout]     |
[INFO] [stdout] 447 | checked_impl!(CheckedMul, checked_mul, u32, intrinsics::u32_mul_with_overflow)
[INFO] [stdout]     |              ^^^^^^^^^^^^^^^^^^^^^^^^^^^^^^^^^^^^^^^^^^^^^^^^^^^^^^^^^^^^^^^^^
[INFO] [stdout]     |
[INFO] [stdout] help: change the delimiters to curly braces
[INFO] [stdout]     |
[INFO] [stdout] 447 | checked_impl!{CheckedMul, checked_mul, u32, intrinsics::u32_mul_with_overflow}
[INFO] [stdout]     |              ~                                                               ~
[INFO] [stdout] help: add a semicolon
[INFO] [stdout]     |
[INFO] [stdout] 447 | checked_impl!(CheckedMul, checked_mul, u32, intrinsics::u32_mul_with_overflow);
[INFO] [stdout]     |                                                                               +
[INFO] [stdout] 
[INFO] [stdout] 
[INFO] [stdout] error: macros that expand to items must be delimited with braces or followed by a semicolon
[INFO] [stdout]    --> /opt/rustwide/cargo-home/git/checkouts/num-2d8cb5760e17c6fb/1678704/src/traits.rs:448:14
[INFO] [stdout]     |
[INFO] [stdout] 448 | checked_impl!(CheckedMul, checked_mul, u64, intrinsics::u64_mul_with_overflow)
[INFO] [stdout]     |              ^^^^^^^^^^^^^^^^^^^^^^^^^^^^^^^^^^^^^^^^^^^^^^^^^^^^^^^^^^^^^^^^^
[INFO] [stdout]     |
[INFO] [stdout] help: change the delimiters to curly braces
[INFO] [stdout]     |
[INFO] [stdout] 448 | checked_impl!{CheckedMul, checked_mul, u64, intrinsics::u64_mul_with_overflow}
[INFO] [stdout]     |              ~                                                               ~
[INFO] [stdout] help: add a semicolon
[INFO] [stdout]     |
[INFO] [stdout] 448 | checked_impl!(CheckedMul, checked_mul, u64, intrinsics::u64_mul_with_overflow);
[INFO] [stdout]     |                                                                               +
[INFO] [stdout] 
[INFO] [stdout] 
[INFO] [stdout] error: macros that expand to items must be delimited with braces or followed by a semicolon
[INFO] [stdout]    --> /opt/rustwide/cargo-home/git/checkouts/num-2d8cb5760e17c6fb/1678704/src/traits.rs:451:19
[INFO] [stdout]     |
[INFO] [stdout] 451 | checked_cast_impl!(CheckedMul, checked_mul, int, i32, intrinsics::i32_mul_with_overflow)
[INFO] [stdout]     |                   ^^^^^^^^^^^^^^^^^^^^^^^^^^^^^^^^^^^^^^^^^^^^^^^^^^^^^^^^^^^^^^^^^^^^^^
[INFO] [stdout]     |
[INFO] [stdout] help: change the delimiters to curly braces
[INFO] [stdout]     |
[INFO] [stdout] 451 | checked_cast_impl!{CheckedMul, checked_mul, int, i32, intrinsics::i32_mul_with_overflow}
[INFO] [stdout]     |                   ~                                                                    ~
[INFO] [stdout] help: add a semicolon
[INFO] [stdout]     |
[INFO] [stdout] 451 | checked_cast_impl!(CheckedMul, checked_mul, int, i32, intrinsics::i32_mul_with_overflow);
[INFO] [stdout]     |                                                                                         +
[INFO] [stdout] 
[INFO] [stdout] 
[INFO] [stdout] error: macros that expand to items must be delimited with braces or followed by a semicolon
[INFO] [stdout]    --> /opt/rustwide/cargo-home/git/checkouts/num-2d8cb5760e17c6fb/1678704/src/traits.rs:453:19
[INFO] [stdout]     |
[INFO] [stdout] 453 | checked_cast_impl!(CheckedMul, checked_mul, int, i64, intrinsics::i64_mul_with_overflow)
[INFO] [stdout]     |                   ^^^^^^^^^^^^^^^^^^^^^^^^^^^^^^^^^^^^^^^^^^^^^^^^^^^^^^^^^^^^^^^^^^^^^^
[INFO] [stdout]     |
[INFO] [stdout] help: change the delimiters to curly braces
[INFO] [stdout]     |
[INFO] [stdout] 453 | checked_cast_impl!{CheckedMul, checked_mul, int, i64, intrinsics::i64_mul_with_overflow}
[INFO] [stdout]     |                   ~                                                                    ~
[INFO] [stdout] help: add a semicolon
[INFO] [stdout]     |
[INFO] [stdout] 453 | checked_cast_impl!(CheckedMul, checked_mul, int, i64, intrinsics::i64_mul_with_overflow);
[INFO] [stdout]     |                                                                                         +
[INFO] [stdout] 
[INFO] [stdout] 
[INFO] [stdout] error: macros that expand to items must be delimited with braces or followed by a semicolon
[INFO] [stdout]    --> /opt/rustwide/cargo-home/git/checkouts/num-2d8cb5760e17c6fb/1678704/src/traits.rs:455:14
[INFO] [stdout]     |
[INFO] [stdout] 455 | checked_impl!(CheckedMul, checked_mul, i8,  intrinsics::i8_mul_with_overflow)
[INFO] [stdout]     |              ^^^^^^^^^^^^^^^^^^^^^^^^^^^^^^^^^^^^^^^^^^^^^^^^^^^^^^^^^^^^^^^^
[INFO] [stdout]     |
[INFO] [stdout] help: change the delimiters to curly braces
[INFO] [stdout]     |
[INFO] [stdout] 455 | checked_impl!{CheckedMul, checked_mul, i8,  intrinsics::i8_mul_with_overflow}
[INFO] [stdout]     |              ~                                                              ~
[INFO] [stdout] help: add a semicolon
[INFO] [stdout]     |
[INFO] [stdout] 455 | checked_impl!(CheckedMul, checked_mul, i8,  intrinsics::i8_mul_with_overflow);
[INFO] [stdout]     |                                                                              +
[INFO] [stdout] 
[INFO] [stdout] 
[INFO] [stdout] error: macros that expand to items must be delimited with braces or followed by a semicolon
[INFO] [stdout]    --> /opt/rustwide/cargo-home/git/checkouts/num-2d8cb5760e17c6fb/1678704/src/traits.rs:456:14
[INFO] [stdout]     |
[INFO] [stdout] 456 | checked_impl!(CheckedMul, checked_mul, i16, intrinsics::i16_mul_with_overflow)
[INFO] [stdout]     |              ^^^^^^^^^^^^^^^^^^^^^^^^^^^^^^^^^^^^^^^^^^^^^^^^^^^^^^^^^^^^^^^^^
[INFO] [stdout]     |
[INFO] [stdout] help: change the delimiters to curly braces
[INFO] [stdout]     |
[INFO] [stdout] 456 | checked_impl!{CheckedMul, checked_mul, i16, intrinsics::i16_mul_with_overflow}
[INFO] [stdout]     |              ~                                                               ~
[INFO] [stdout] help: add a semicolon
[INFO] [stdout]     |
[INFO] [stdout] 456 | checked_impl!(CheckedMul, checked_mul, i16, intrinsics::i16_mul_with_overflow);
[INFO] [stdout]     |                                                                               +
[INFO] [stdout] 
[INFO] [stdout] 
[INFO] [stdout] error: macros that expand to items must be delimited with braces or followed by a semicolon
[INFO] [stdout]    --> /opt/rustwide/cargo-home/git/checkouts/num-2d8cb5760e17c6fb/1678704/src/traits.rs:457:14
[INFO] [stdout]     |
[INFO] [stdout] 457 | checked_impl!(CheckedMul, checked_mul, i32, intrinsics::i32_mul_with_overflow)
[INFO] [stdout]     |              ^^^^^^^^^^^^^^^^^^^^^^^^^^^^^^^^^^^^^^^^^^^^^^^^^^^^^^^^^^^^^^^^^
[INFO] [stdout]     |
[INFO] [stdout] help: change the delimiters to curly braces
[INFO] [stdout]     |
[INFO] [stdout] 457 | checked_impl!{CheckedMul, checked_mul, i32, intrinsics::i32_mul_with_overflow}
[INFO] [stdout]     |              ~                                                               ~
[INFO] [stdout] help: add a semicolon
[INFO] [stdout]     |
[INFO] [stdout] 457 | checked_impl!(CheckedMul, checked_mul, i32, intrinsics::i32_mul_with_overflow);
[INFO] [stdout]     |                                                                               +
[INFO] [stdout] 
[INFO] [stdout] 
[INFO] [stdout] error: macros that expand to items must be delimited with braces or followed by a semicolon
[INFO] [stdout]    --> /opt/rustwide/cargo-home/git/checkouts/num-2d8cb5760e17c6fb/1678704/src/traits.rs:458:14
[INFO] [stdout]     |
[INFO] [stdout] 458 | checked_impl!(CheckedMul, checked_mul, i64, intrinsics::i64_mul_with_overflow)
[INFO] [stdout]     |              ^^^^^^^^^^^^^^^^^^^^^^^^^^^^^^^^^^^^^^^^^^^^^^^^^^^^^^^^^^^^^^^^^
[INFO] [stdout]     |
[INFO] [stdout] help: change the delimiters to curly braces
[INFO] [stdout]     |
[INFO] [stdout] 458 | checked_impl!{CheckedMul, checked_mul, i64, intrinsics::i64_mul_with_overflow}
[INFO] [stdout]     |              ~                                                               ~
[INFO] [stdout] help: add a semicolon
[INFO] [stdout]     |
[INFO] [stdout] 458 | checked_impl!(CheckedMul, checked_mul, i64, intrinsics::i64_mul_with_overflow);
[INFO] [stdout]     |                                                                               +
[INFO] [stdout] 
[INFO] [stdout] 
[INFO] [stdout] error: macros that expand to items must be delimited with braces or followed by a semicolon
[INFO] [stdout]    --> /opt/rustwide/cargo-home/git/checkouts/num-2d8cb5760e17c6fb/1678704/src/traits.rs:477:33
[INFO] [stdout]     |
[INFO] [stdout] 477 |   macro_rules! checkeddiv_int_impl(
[INFO] [stdout]     |  _________________________________^
[INFO] [stdout] 478 | |     ($t:ty, $min:expr) => {
[INFO] [stdout] 479 | |         impl CheckedDiv for $t {
[INFO] [stdout] 480 | |             #[inline]
[INFO] [stdout] ...   |
[INFO] [stdout] 489 | |     }
[INFO] [stdout] 490 | | )
[INFO] [stdout]     | |_^
[INFO] [stdout]     |
[INFO] [stdout] help: change the delimiters to curly braces
[INFO] [stdout]     |
[INFO] [stdout] 477 ~ macro_rules! checkeddiv_int_impl{
[INFO] [stdout] 478 |     ($t:ty, $min:expr) => {
[INFO] [stdout]   ...
[INFO] [stdout] 489 |     }
[INFO] [stdout] 490 + }
[INFO] [stdout]     |
[INFO] [stdout] help: add a semicolon
[INFO] [stdout]     |
[INFO] [stdout] 490 | );
[INFO] [stdout]     |  +
[INFO] [stdout] 
[INFO] [stdout] 
[INFO] [stdout] error: macros that expand to items must be delimited with braces or followed by a semicolon
[INFO] [stdout]    --> /opt/rustwide/cargo-home/git/checkouts/num-2d8cb5760e17c6fb/1678704/src/traits.rs:492:21
[INFO] [stdout]     |
[INFO] [stdout] 492 | checkeddiv_int_impl!(int, int::MIN)
[INFO] [stdout]     |                     ^^^^^^^^^^^^^^^
[INFO] [stdout]     |
[INFO] [stdout] help: change the delimiters to curly braces
[INFO] [stdout]     |
[INFO] [stdout] 492 | checkeddiv_int_impl!{int, int::MIN}
[INFO] [stdout]     |                     ~             ~
[INFO] [stdout] help: add a semicolon
[INFO] [stdout]     |
[INFO] [stdout] 492 | checkeddiv_int_impl!(int, int::MIN);
[INFO] [stdout]     |                                    +
[INFO] [stdout] 
[INFO] [stdout] 
[INFO] [stdout] error: macros that expand to items must be delimited with braces or followed by a semicolon
[INFO] [stdout]    --> /opt/rustwide/cargo-home/git/checkouts/num-2d8cb5760e17c6fb/1678704/src/traits.rs:493:21
[INFO] [stdout]     |
[INFO] [stdout] 493 | checkeddiv_int_impl!(i8, i8::MIN)
[INFO] [stdout]     |                     ^^^^^^^^^^^^^
[INFO] [stdout]     |
[INFO] [stdout] help: change the delimiters to curly braces
[INFO] [stdout]     |
[INFO] [stdout] 493 | checkeddiv_int_impl!{i8, i8::MIN}
[INFO] [stdout]     |                     ~           ~
[INFO] [stdout] help: add a semicolon
[INFO] [stdout]     |
[INFO] [stdout] 493 | checkeddiv_int_impl!(i8, i8::MIN);
[INFO] [stdout]     |                                  +
[INFO] [stdout] 
[INFO] [stdout] 
[INFO] [stdout] error: macros that expand to items must be delimited with braces or followed by a semicolon
[INFO] [stdout]    --> /opt/rustwide/cargo-home/git/checkouts/num-2d8cb5760e17c6fb/1678704/src/traits.rs:494:21
[INFO] [stdout]     |
[INFO] [stdout] 494 | checkeddiv_int_impl!(i16, i16::MIN)
[INFO] [stdout]     |                     ^^^^^^^^^^^^^^^
[INFO] [stdout]     |
[INFO] [stdout] help: change the delimiters to curly braces
[INFO] [stdout]     |
[INFO] [stdout] 494 | checkeddiv_int_impl!{i16, i16::MIN}
[INFO] [stdout]     |                     ~             ~
[INFO] [stdout] help: add a semicolon
[INFO] [stdout]     |
[INFO] [stdout] 494 | checkeddiv_int_impl!(i16, i16::MIN);
[INFO] [stdout]     |                                    +
[INFO] [stdout] 
[INFO] [stdout] 
[INFO] [stdout] error: macros that expand to items must be delimited with braces or followed by a semicolon
[INFO] [stdout]    --> /opt/rustwide/cargo-home/git/checkouts/num-2d8cb5760e17c6fb/1678704/src/traits.rs:495:21
[INFO] [stdout]     |
[INFO] [stdout] 495 | checkeddiv_int_impl!(i32, i32::MIN)
[INFO] [stdout]     |                     ^^^^^^^^^^^^^^^
[INFO] [stdout]     |
[INFO] [stdout] help: change the delimiters to curly braces
[INFO] [stdout]     |
[INFO] [stdout] 495 | checkeddiv_int_impl!{i32, i32::MIN}
[INFO] [stdout]     |                     ~             ~
[INFO] [stdout] help: add a semicolon
[INFO] [stdout]     |
[INFO] [stdout] 495 | checkeddiv_int_impl!(i32, i32::MIN);
[INFO] [stdout]     |                                    +
[INFO] [stdout] 
[INFO] [stdout] 
[INFO] [stdout] error: macros that expand to items must be delimited with braces or followed by a semicolon
[INFO] [stdout]    --> /opt/rustwide/cargo-home/git/checkouts/num-2d8cb5760e17c6fb/1678704/src/traits.rs:496:21
[INFO] [stdout]     |
[INFO] [stdout] 496 | checkeddiv_int_impl!(i64, i64::MIN)
[INFO] [stdout]     |                     ^^^^^^^^^^^^^^^
[INFO] [stdout]     |
[INFO] [stdout] help: change the delimiters to curly braces
[INFO] [stdout]     |
[INFO] [stdout] 496 | checkeddiv_int_impl!{i64, i64::MIN}
[INFO] [stdout]     |                     ~             ~
[INFO] [stdout] help: add a semicolon
[INFO] [stdout]     |
[INFO] [stdout] 496 | checkeddiv_int_impl!(i64, i64::MIN);
[INFO] [stdout]     |                                    +
[INFO] [stdout] 
[INFO] [stdout] 
[INFO] [stdout] error: macros that expand to items must be delimited with braces or followed by a semicolon
[INFO] [stdout]    --> /opt/rustwide/cargo-home/git/checkouts/num-2d8cb5760e17c6fb/1678704/src/traits.rs:498:34
[INFO] [stdout]     |
[INFO] [stdout] 498 |   macro_rules! checkeddiv_uint_impl(
[INFO] [stdout]     |  __________________________________^
[INFO] [stdout] 499 | |     ($($t:ty)*) => ($(
[INFO] [stdout] 500 | |         impl CheckedDiv for $t {
[INFO] [stdout] 501 | |             #[inline]
[INFO] [stdout] ...   |
[INFO] [stdout] 510 | |     )*)
[INFO] [stdout] 511 | | )
[INFO] [stdout]     | |_^
[INFO] [stdout]     |
[INFO] [stdout] help: change the delimiters to curly braces
[INFO] [stdout]     |
[INFO] [stdout] 498 ~ macro_rules! checkeddiv_uint_impl{
[INFO] [stdout] 499 |     ($($t:ty)*) => ($(
[INFO] [stdout]   ...
[INFO] [stdout] 510 |     )*)
[INFO] [stdout] 511 + }
[INFO] [stdout]     |
[INFO] [stdout] help: add a semicolon
[INFO] [stdout]     |
[INFO] [stdout] 511 | );
[INFO] [stdout]     |  +
[INFO] [stdout] 
[INFO] [stdout] 
[INFO] [stdout] error: macros that expand to items must be delimited with braces or followed by a semicolon
[INFO] [stdout]    --> /opt/rustwide/cargo-home/git/checkouts/num-2d8cb5760e17c6fb/1678704/src/traits.rs:513:22
[INFO] [stdout]     |
[INFO] [stdout] 513 | checkeddiv_uint_impl!(uint u8 u16 u32 u64)
[INFO] [stdout]     |                      ^^^^^^^^^^^^^^^^^^^^^
[INFO] [stdout]     |
[INFO] [stdout] help: change the delimiters to curly braces
[INFO] [stdout]     |
[INFO] [stdout] 513 | checkeddiv_uint_impl!{uint u8 u16 u32 u64}
[INFO] [stdout]     |                      ~                   ~
[INFO] [stdout] help: add a semicolon
[INFO] [stdout]     |
[INFO] [stdout] 513 | checkeddiv_uint_impl!(uint u8 u16 u32 u64);
[INFO] [stdout]     |                                           +
[INFO] [stdout] 
[INFO] [stdout] 
[INFO] [stdout] error: macros that expand to items must be delimited with braces or followed by a semicolon
[INFO] [stdout]    --> /opt/rustwide/cargo-home/git/checkouts/num-2d8cb5760e17c6fb/1678704/src/rational.rs:225:10
[INFO] [stdout]     |
[INFO] [stdout] 225 | cmp_impl!(impl PartialEq, eq, ne)
[INFO] [stdout]     |          ^^^^^^^^^^^^^^^^^^^^^^^^
[INFO] [stdout]     |
[INFO] [stdout] help: change the delimiters to curly braces
[INFO] [stdout]     |
[INFO] [stdout] 225 | cmp_impl!{impl PartialEq, eq, ne}
[INFO] [stdout]     |          ~                      ~
[INFO] [stdout] help: add a semicolon
[INFO] [stdout]     |
[INFO] [stdout] 225 | cmp_impl!(impl PartialEq, eq, ne);
[INFO] [stdout]     |                                  +
[INFO] [stdout] 
[INFO] [stdout] 
[INFO] [stdout] error: macros that expand to items must be delimited with braces or followed by a semicolon
[INFO] [stdout]    --> /opt/rustwide/cargo-home/git/checkouts/num-2d8cb5760e17c6fb/1678704/src/rational.rs:226:10
[INFO] [stdout]     |
[INFO] [stdout] 226 |   cmp_impl!(impl PartialOrd, lt -> bool, gt -> bool, le -> bool, ge -> bool,
[INFO] [stdout]     |  __________^
[INFO] [stdout] 227 | |           partial_cmp -> Option<cmp::Ordering>)
[INFO] [stdout]     | |_______________________________________________^
[INFO] [stdout]     |
[INFO] [stdout] help: change the delimiters to curly braces
[INFO] [stdout]     |
[INFO] [stdout] 226 ~ cmp_impl!{impl PartialOrd, lt -> bool, gt -> bool, le -> bool, ge -> bool,
[INFO] [stdout] 227 ~           partial_cmp -> Option<cmp::Ordering>}
[INFO] [stdout]     |
[INFO] [stdout] help: add a semicolon
[INFO] [stdout]     |
[INFO] [stdout] 227 |           partial_cmp -> Option<cmp::Ordering>);
[INFO] [stdout]     |                                                +
[INFO] [stdout] 
[INFO] [stdout] 
[INFO] [stdout] error: macros that expand to items must be delimited with braces or followed by a semicolon
[INFO] [stdout]    --> /opt/rustwide/cargo-home/git/checkouts/num-2d8cb5760e17c6fb/1678704/src/rational.rs:228:10
[INFO] [stdout]     |
[INFO] [stdout] 228 | cmp_impl!(impl Eq, )
[INFO] [stdout]     |          ^^^^^^^^^^^
[INFO] [stdout]     |
[INFO] [stdout] help: change the delimiters to curly braces
[INFO] [stdout]     |
[INFO] [stdout] 228 | cmp_impl!{impl Eq, }
[INFO] [stdout]     |          ~         ~
[INFO] [stdout] help: add a semicolon
[INFO] [stdout]     |
[INFO] [stdout] 228 | cmp_impl!(impl Eq, );
[INFO] [stdout]     |                     +
[INFO] [stdout] 
[INFO] [stdout] 
[INFO] [stdout] error: macros that expand to items must be delimited with braces or followed by a semicolon
[INFO] [stdout]    --> /opt/rustwide/cargo-home/git/checkouts/num-2d8cb5760e17c6fb/1678704/src/rational.rs:229:10
[INFO] [stdout]     |
[INFO] [stdout] 229 | cmp_impl!(impl Ord, cmp -> cmp::Ordering)
[INFO] [stdout]     |          ^^^^^^^^^^^^^^^^^^^^^^^^^^^^^^^^
[INFO] [stdout]     |
[INFO] [stdout] help: change the delimiters to curly braces
[INFO] [stdout]     |
[INFO] [stdout] 229 | cmp_impl!{impl Ord, cmp -> cmp::Ordering}
[INFO] [stdout]     |          ~                              ~
[INFO] [stdout] help: add a semicolon
[INFO] [stdout]     |
[INFO] [stdout] 229 | cmp_impl!(impl Ord, cmp -> cmp::Ordering);
[INFO] [stdout]     |                                          +
[INFO] [stdout] 
[INFO] [stdout] 
[INFO] [stdout] error: macros that expand to items must be delimited with braces or followed by a semicolon
[INFO] [stdout]    --> /opt/rustwide/cargo-home/git/checkouts/num-2d8cb5760e17c6fb/1678704/src/rational.rs:265:12
[INFO] [stdout]     |
[INFO] [stdout] 265 | arith_impl!(impl Add, add)
[INFO] [stdout]     |            ^^^^^^^^^^^^^^^
[INFO] [stdout]     |
[INFO] [stdout] help: change the delimiters to curly braces
[INFO] [stdout]     |
[INFO] [stdout] 265 | arith_impl!{impl Add, add}
[INFO] [stdout]     |            ~             ~
[INFO] [stdout] help: add a semicolon
[INFO] [stdout]     |
[INFO] [stdout] 265 | arith_impl!(impl Add, add);
[INFO] [stdout]     |                           +
[INFO] [stdout] 
[INFO] [stdout] 
[INFO] [stdout] error: macros that expand to items must be delimited with braces or followed by a semicolon
[INFO] [stdout]    --> /opt/rustwide/cargo-home/git/checkouts/num-2d8cb5760e17c6fb/1678704/src/rational.rs:268:12
[INFO] [stdout]     |
[INFO] [stdout] 268 | arith_impl!(impl Sub, sub)
[INFO] [stdout]     |            ^^^^^^^^^^^^^^^
[INFO] [stdout]     |
[INFO] [stdout] help: change the delimiters to curly braces
[INFO] [stdout]     |
[INFO] [stdout] 268 | arith_impl!{impl Sub, sub}
[INFO] [stdout]     |            ~             ~
[INFO] [stdout] help: add a semicolon
[INFO] [stdout]     |
[INFO] [stdout] 268 | arith_impl!(impl Sub, sub);
[INFO] [stdout]     |                           +
[INFO] [stdout] 
[INFO] [stdout] 
[INFO] [stdout] error: macros that expand to items must be delimited with braces or followed by a semicolon
[INFO] [stdout]    --> /opt/rustwide/cargo-home/git/checkouts/num-2d8cb5760e17c6fb/1678704/src/rational.rs:271:12
[INFO] [stdout]     |
[INFO] [stdout] 271 | arith_impl!(impl Rem, rem)
[INFO] [stdout]     |            ^^^^^^^^^^^^^^^
[INFO] [stdout]     |
[INFO] [stdout] help: change the delimiters to curly braces
[INFO] [stdout]     |
[INFO] [stdout] 271 | arith_impl!{impl Rem, rem}
[INFO] [stdout]     |            ~             ~
[INFO] [stdout] help: add a semicolon
[INFO] [stdout]     |
[INFO] [stdout] 271 | arith_impl!(impl Rem, rem);
[INFO] [stdout]     |                           +
[INFO] [stdout] 
[INFO] [stdout] 
[INFO] [stdout] error[E0463]: can't find crate for `rand`
[INFO] [stdout]   --> /opt/rustwide/cargo-home/git/checkouts/num-2d8cb5760e17c6fb/1678704/src/lib.rs:60:1
[INFO] [stdout]    |
[INFO] [stdout] 60 | extern crate rand;
[INFO] [stdout]    | ^^^^^^^^^^^^^^^^^^ can't find crate
[INFO] [stdout] 
[INFO] [stdout] 
[INFO] [stdout] error[E0463]: can't find crate for `serialize`
[INFO] [stdout]   --> /opt/rustwide/cargo-home/git/checkouts/num-2d8cb5760e17c6fb/1678704/src/lib.rs:61:1
[INFO] [stdout]    |
[INFO] [stdout] 61 | extern crate serialize;
[INFO] [stdout]    | ^^^^^^^^^^^^^^^^^^^^^^^ can't find crate
[INFO] [stdout] 
[INFO] [stdout] 
[INFO] [stdout] error: macros that expand to items must be delimited with braces or followed by a semicolon
[INFO] [stdout]    --> /opt/rustwide/cargo-home/git/checkouts/num-2d8cb5760e17c6fb/1678704/src/rational.rs:211:18
[INFO] [stdout]     |
[INFO] [stdout] 211 |         cmp_impl!(impl $imp, $($method -> bool),+)
[INFO] [stdout]     |                  ^^^^^^^^^^^^^^^^^^^^^^^^^^^^^^^^^
[INFO] [stdout] ...
[INFO] [stdout] 225 | cmp_impl!(impl PartialEq, eq, ne)
[INFO] [stdout]     | --------------------------------- in this macro invocation
[INFO] [stdout]     |
[INFO] [stdout]     = note: this error originates in the macro `cmp_impl` (in Nightly builds, run with -Z macro-backtrace for more info)
[INFO] [stdout] 
[INFO] [stdout] 
[INFO] [stdout] error[E0432]: unresolved imports `bigint::BigInt`, `bigint::BigUint`
[INFO] [stdout]   --> /opt/rustwide/cargo-home/git/checkouts/num-2d8cb5760e17c6fb/1678704/src/lib.rs:63:18
[INFO] [stdout]    |
[INFO] [stdout] 63 | pub use bigint::{BigInt, BigUint};
[INFO] [stdout]    |                  ^^^^^^  ^^^^^^^ no `BigUint` in `bigint`
[INFO] [stdout]    |                  |
[INFO] [stdout]    |                  no `BigInt` in `bigint`
[INFO] [stdout] 
[INFO] [stdout] 
[INFO] [stdout] error[E0432]: unresolved import `complex::Complex`
[INFO] [stdout]   --> /opt/rustwide/cargo-home/git/checkouts/num-2d8cb5760e17c6fb/1678704/src/lib.rs:65:9
[INFO] [stdout]    |
[INFO] [stdout] 65 | pub use complex::Complex;
[INFO] [stdout]    |         ^^^^^^^^^^^^^^^^ no `Complex` in `complex`
[INFO] [stdout] 
[INFO] [stdout] 
[INFO] [stdout] error[E0432]: unresolved import `std::num::Int`
[INFO] [stdout]   --> /opt/rustwide/cargo-home/git/checkouts/num-2d8cb5760e17c6fb/1678704/src/iter.rs:14:5
[INFO] [stdout]    |
[INFO] [stdout] 14 | use std::num::Int;
[INFO] [stdout]    |     ^^^^^^^^^^^^^ no `Int` in `num`
[INFO] [stdout] 
[INFO] [stdout] 
[INFO] [stdout] error[E0432]: unresolved import `std::uint`
[INFO] [stdout]   --> /opt/rustwide/cargo-home/git/checkouts/num-2d8cb5760e17c6fb/1678704/src/traits.rs:14:11
[INFO] [stdout]    |
[INFO] [stdout] 14 | use std::{uint, u8, u16, u32, u64};
[INFO] [stdout]    |           ^^^^
[INFO] [stdout]    |           |
[INFO] [stdout]    |           no `uint` in the root
[INFO] [stdout]    |           help: a similar name exists in the module: `hint`
[INFO] [stdout] 
[INFO] [stdout] 
[INFO] [stdout] error[E0432]: unresolved import `std::int`
[INFO] [stdout]   --> /opt/rustwide/cargo-home/git/checkouts/num-2d8cb5760e17c6fb/1678704/src/traits.rs:15:11
[INFO] [stdout]    |
[INFO] [stdout] 15 | use std::{int, i8, i16, i32, i64};
[INFO] [stdout]    |           ^^^
[INFO] [stdout]    |           |
[INFO] [stdout]    |           no `int` in the root
[INFO] [stdout]    |           help: a similar name exists in the module: `hint`
[INFO] [stdout] 
[INFO] [stdout] 
[INFO] [stdout] error[E0432]: unresolved imports `std::num::FromStrRadix`, `std::num::Float`
[INFO] [stdout]   --> /opt/rustwide/cargo-home/git/checkouts/num-2d8cb5760e17c6fb/1678704/src/rational.rs:18:16
[INFO] [stdout]    |
[INFO] [stdout] 18 | use std::num::{FromStrRadix, Float};
[INFO] [stdout]    |                ^^^^^^^^^^^^  ^^^^^ no `Float` in `num`
[INFO] [stdout]    |                |
[INFO] [stdout]    |                no `FromStrRadix` in `num`
[INFO] [stdout] 
[INFO] [stdout] 
[INFO] [stdout] error[E0432]: unresolved imports `std::iter::AdditiveIterator`, `std::iter::MultiplicativeIterator`
[INFO] [stdout]   --> /opt/rustwide/cargo-home/git/checkouts/num-2d8cb5760e17c6fb/1678704/src/rational.rs:19:17
[INFO] [stdout]    |
[INFO] [stdout] 19 | use std::iter::{AdditiveIterator, MultiplicativeIterator};
[INFO] [stdout]    |                 ^^^^^^^^^^^^^^^^  ^^^^^^^^^^^^^^^^^^^^^^ no `MultiplicativeIterator` in `iter`
[INFO] [stdout]    |                 |
[INFO] [stdout]    |                 no `AdditiveIterator` in `iter`
[INFO] [stdout] 
[INFO] [stdout] 
[INFO] [stdout] error[E0432]: unresolved imports `bigint::BigInt`, `bigint::BigUint`, `bigint::Sign`
[INFO] [stdout]   --> /opt/rustwide/cargo-home/git/checkouts/num-2d8cb5760e17c6fb/1678704/src/rational.rs:21:14
[INFO] [stdout]    |
[INFO] [stdout] 21 | use bigint::{BigInt, BigUint, Sign};
[INFO] [stdout]    |              ^^^^^^  ^^^^^^^  ^^^^ no `Sign` in `bigint`
[INFO] [stdout]    |              |       |
[INFO] [stdout]    |              |       no `BigUint` in `bigint`
[INFO] [stdout]    |              no `BigInt` in `bigint`
[INFO] [stdout]    |
[INFO] [stdout]    = help: consider importing this unresolved item instead:
[INFO] [stdout]            BigInt
[INFO] [stdout]    = help: consider importing this unresolved item instead:
[INFO] [stdout]            BigUint
[INFO] [stdout] 
[INFO] [stdout] 
[INFO] [stdout] error: cannot find attribute `experimental` in this scope
[INFO] [stdout]   --> /opt/rustwide/cargo-home/git/checkouts/num-2d8cb5760e17c6fb/1678704/src/lib.rs:50:4
[INFO] [stdout]    |
[INFO] [stdout] 50 | #![experimental]
[INFO] [stdout]    |    ^^^^^^^^^^^^
[INFO] [stdout] 
[INFO] [stdout] 
[INFO] [stdout] error: cannot find attribute `license` in this scope
[INFO] [stdout]   --> /opt/rustwide/cargo-home/git/checkouts/num-2d8cb5760e17c6fb/1678704/src/lib.rs:53:4
[INFO] [stdout]    |
[INFO] [stdout] 53 | #![license = "MIT/ASL2"]
[INFO] [stdout]    |    ^^^^^^^
[INFO] [stdout] 
[INFO] [stdout] 
[INFO] [stdout] error: cannot find attribute `deriving` in this scope
[INFO] [stdout]   --> /opt/rustwide/cargo-home/git/checkouts/num-2d8cb5760e17c6fb/1678704/src/iter.rs:17:3
[INFO] [stdout]    |
[INFO] [stdout] 17 | #[deriving(Clone)]
[INFO] [stdout]    |   ^^^^^^^^
[INFO] [stdout] 
[INFO] [stdout] 
[INFO] [stdout] error: cannot find attribute `deriving` in this scope
[INFO] [stdout]    --> /opt/rustwide/cargo-home/git/checkouts/num-2d8cb5760e17c6fb/1678704/src/iter.rs:103:3
[INFO] [stdout]     |
[INFO] [stdout] 103 | #[deriving(Clone)]
[INFO] [stdout]     |   ^^^^^^^^
[INFO] [stdout] 
[INFO] [stdout] 
[INFO] [stdout] error: cannot find attribute `deriving` in this scope
[INFO] [stdout]    --> /opt/rustwide/cargo-home/git/checkouts/num-2d8cb5760e17c6fb/1678704/src/iter.rs:166:3
[INFO] [stdout]     |
[INFO] [stdout] 166 | #[deriving(Clone)]
[INFO] [stdout]     |   ^^^^^^^^
[INFO] [stdout] 
[INFO] [stdout] 
[INFO] [stdout] error: cannot find attribute `deriving` in this scope
[INFO] [stdout]    --> /opt/rustwide/cargo-home/git/checkouts/num-2d8cb5760e17c6fb/1678704/src/iter.rs:199:3
[INFO] [stdout]     |
[INFO] [stdout] 199 | #[deriving(Clone)]
[INFO] [stdout]     |   ^^^^^^^^
[INFO] [stdout] 
[INFO] [stdout] 
[INFO] [stdout] error: cannot find attribute `deriving` in this scope
[INFO] [stdout]   --> /opt/rustwide/cargo-home/git/checkouts/num-2d8cb5760e17c6fb/1678704/src/rational.rs:25:3
[INFO] [stdout]    |
[INFO] [stdout] 25 | #[deriving(Clone, Hash, Encodable, Decodable)]
[INFO] [stdout]    |   ^^^^^^^^
[INFO] [stdout] 
[INFO] [stdout] 
[INFO] [stdout] error[E0405]: cannot find trait `Div` in this scope
[INFO] [stdout]   --> /opt/rustwide/cargo-home/git/checkouts/num-2d8cb5760e17c6fb/1678704/src/integer.rs:16:20
[INFO] [stdout]    |
[INFO] [stdout] 16 |                  + Div<Self, Self>
[INFO] [stdout]    |                    ^^^ not found in this scope
[INFO] [stdout]    |
[INFO] [stdout] help: consider importing this trait
[INFO] [stdout]    |
[INFO] [stdout] 13 + use std::ops::Div;
[INFO] [stdout]    |
[INFO] [stdout] 
[INFO] [stdout] 
[INFO] [stdout] error[E0405]: cannot find trait `Rem` in this scope
[INFO] [stdout]   --> /opt/rustwide/cargo-home/git/checkouts/num-2d8cb5760e17c6fb/1678704/src/integer.rs:17:20
[INFO] [stdout]    |
[INFO] [stdout] 17 |                  + Rem<Self, Self> {
[INFO] [stdout]    |                    ^^^ not found in this scope
[INFO] [stdout]    |
[INFO] [stdout] help: consider importing this trait
[INFO] [stdout]    |
[INFO] [stdout] 13 + use std::ops::Rem;
[INFO] [stdout]    |
[INFO] [stdout] 
[INFO] [stdout] 
[INFO] [stdout] error[E0412]: cannot find type `int` in this scope
[INFO] [stdout]    --> /opt/rustwide/cargo-home/git/checkouts/num-2d8cb5760e17c6fb/1678704/src/integer.rs:379:23
[INFO] [stdout]     |
[INFO] [stdout] 379 | impl_integer_for_int!(int,  test_integer_int)
[INFO] [stdout]     |                       ^^^
[INFO] [stdout]     |                       |
[INFO] [stdout]     |                       not found in this scope
[INFO] [stdout]     |                       help: perhaps you intended to use this type: `i32`
[INFO] [stdout] 
[INFO] [stdout] 
[INFO] [stdout] error[E0412]: cannot find type `uint` in this scope
[INFO] [stdout]    --> /opt/rustwide/cargo-home/git/checkouts/num-2d8cb5760e17c6fb/1678704/src/integer.rs:498:24
[INFO] [stdout]     |
[INFO] [stdout] 498 | impl_integer_for_uint!(uint, test_integer_uint)
[INFO] [stdout]     |                        ^^^^ not found in this scope
[INFO] [stdout] 
[INFO] [stdout] 
[INFO] [stdout] error[E0405]: cannot find trait `Add` in this scope
[INFO] [stdout]   --> /opt/rustwide/cargo-home/git/checkouts/num-2d8cb5760e17c6fb/1678704/src/iter.rs:38:17
[INFO] [stdout]    |
[INFO] [stdout] 38 | pub fn range<A: Add<A, A> + PartialOrd + Clone + One>(start: A, stop: A) -> Range<A> {
[INFO] [stdout]    |                 ^^^ not found in this scope
[INFO] [stdout]    |
[INFO] [stdout] help: consider importing this trait
[INFO] [stdout]    |
[INFO] [stdout] 13 + use std::ops::Add;
[INFO] [stdout]    |
[INFO] [stdout] 
[INFO] [stdout] 
[INFO] [stdout] error[E0405]: cannot find trait `Add` in this scope
[INFO] [stdout]   --> /opt/rustwide/cargo-home/git/checkouts/num-2d8cb5760e17c6fb/1678704/src/iter.rs:43:9
[INFO] [stdout]    |
[INFO] [stdout] 43 | impl<A: Add<A, A> + PartialOrd + Clone + ToPrimitive> Iterator<A> for Range<A> {
[INFO] [stdout]    |         ^^^ not found in this scope
[INFO] [stdout]    |
[INFO] [stdout] help: consider importing this trait
[INFO] [stdout]    |
[INFO] [stdout] 13 + use std::ops::Add;
[INFO] [stdout]    |
[INFO] [stdout] 
[INFO] [stdout] 
[INFO] [stdout] error[E0405]: cannot find trait `ToPrimitive` in this scope
[INFO] [stdout]   --> /opt/rustwide/cargo-home/git/checkouts/num-2d8cb5760e17c6fb/1678704/src/iter.rs:43:42
[INFO] [stdout]    |
[INFO] [stdout] 43 | impl<A: Add<A, A> + PartialOrd + Clone + ToPrimitive> Iterator<A> for Range<A> {
[INFO] [stdout]    |                                          ^^^^^^^^^^^ not found in this scope
[INFO] [stdout] 
[INFO] [stdout] 
[INFO] [stdout] error[E0412]: cannot find type `uint` in this scope
[INFO] [stdout]   --> /opt/rustwide/cargo-home/git/checkouts/num-2d8cb5760e17c6fb/1678704/src/iter.rs:56:29
[INFO] [stdout]    |
[INFO] [stdout] 56 |     fn size_hint(&self) -> (uint, Option<uint>) {
[INFO] [stdout]    |                             ^^^^ not found in this scope
[INFO] [stdout] 
[INFO] [stdout] 
[INFO] [stdout] error[E0412]: cannot find type `uint` in this scope
[INFO] [stdout]   --> /opt/rustwide/cargo-home/git/checkouts/num-2d8cb5760e17c6fb/1678704/src/iter.rs:56:42
[INFO] [stdout]    |
[INFO] [stdout] 56 |     fn size_hint(&self) -> (uint, Option<uint>) {
[INFO] [stdout]    |                                          ^^^^ not found in this scope
[INFO] [stdout]    |
[INFO] [stdout] help: you might be missing a type parameter
[INFO] [stdout]    |
[INFO] [stdout] 43 | impl<A: Add<A, A> + PartialOrd + Clone + ToPrimitive, uint> Iterator<A> for Range<A> {
[INFO] [stdout]    |                                                     ++++++
[INFO] [stdout] 
[INFO] [stdout] 
[INFO] [stdout] error[E0405]: cannot find trait `ToPrimitive` in this scope
[INFO] [stdout]   --> /opt/rustwide/cargo-home/git/checkouts/num-2d8cb5760e17c6fb/1678704/src/iter.rs:90:40
[INFO] [stdout]    |
[INFO] [stdout] 90 | impl<A: Integer + PartialOrd + Clone + ToPrimitive> DoubleEndedIterator<A> for Range<A> {
[INFO] [stdout]    |                                        ^^^^^^^^^^^ not found in this scope
[INFO] [stdout] 
[INFO] [stdout] 
[INFO] [stdout] error[E0405]: cannot find trait `Add` in this scope
[INFO] [stdout]    --> /opt/rustwide/cargo-home/git/checkouts/num-2d8cb5760e17c6fb/1678704/src/iter.rs:111:27
[INFO] [stdout]     |
[INFO] [stdout] 111 | pub fn range_inclusive<A: Add<A, A> + PartialOrd + Clone + One>(start: A, stop: A)
[INFO] [stdout]     |                           ^^^ not found in this scope
[INFO] [stdout]     |
[INFO] [stdout] help: consider importing this trait
[INFO] [stdout]     |
[INFO] [stdout] 13  + use std::ops::Add;
[INFO] [stdout]     |
[INFO] [stdout] 
[INFO] [stdout] 
[INFO] [stdout] error[E0405]: cannot find trait `Add` in this scope
[INFO] [stdout]    --> /opt/rustwide/cargo-home/git/checkouts/num-2d8cb5760e17c6fb/1678704/src/iter.rs:116:9
[INFO] [stdout]     |
[INFO] [stdout] 116 | impl<A: Add<A, A> + PartialOrd + Clone + ToPrimitive> Iterator<A> for RangeInclusive<A> {
[INFO] [stdout]     |         ^^^ not found in this scope
[INFO] [stdout]     |
[INFO] [stdout] help: consider importing this trait
[INFO] [stdout]     |
[INFO] [stdout] 13  + use std::ops::Add;
[INFO] [stdout]     |
[INFO] [stdout] 
[INFO] [stdout] 
[INFO] [stdout] error[E0405]: cannot find trait `ToPrimitive` in this scope
[INFO] [stdout]    --> /opt/rustwide/cargo-home/git/checkouts/num-2d8cb5760e17c6fb/1678704/src/iter.rs:116:42
[INFO] [stdout]     |
[INFO] [stdout] 116 | impl<A: Add<A, A> + PartialOrd + Clone + ToPrimitive> Iterator<A> for RangeInclusive<A> {
[INFO] [stdout]     |                                          ^^^^^^^^^^^ not found in this scope
[INFO] [stdout] 
[INFO] [stdout] 
[INFO] [stdout] error[E0412]: cannot find type `uint` in this scope
[INFO] [stdout]    --> /opt/rustwide/cargo-home/git/checkouts/num-2d8cb5760e17c6fb/1678704/src/iter.rs:133:29
[INFO] [stdout]     |
[INFO] [stdout] 133 |     fn size_hint(&self) -> (uint, Option<uint>) {
[INFO] [stdout]     |                             ^^^^ not found in this scope
[INFO] [stdout] 
[INFO] [stdout] 
[INFO] [stdout] error[E0412]: cannot find type `uint` in this scope
[INFO] [stdout]    --> /opt/rustwide/cargo-home/git/checkouts/num-2d8cb5760e17c6fb/1678704/src/iter.rs:133:42
[INFO] [stdout]     |
[INFO] [stdout] 133 |     fn size_hint(&self) -> (uint, Option<uint>) {
[INFO] [stdout]     |                                          ^^^^ not found in this scope
[INFO] [stdout]     |
[INFO] [stdout] help: you might be missing a type parameter
[INFO] [stdout]     |
[INFO] [stdout] 116 | impl<A: Add<A, A> + PartialOrd + Clone + ToPrimitive, uint> Iterator<A> for RangeInclusive<A> {
[INFO] [stdout]     |                                                     ++++++
[INFO] [stdout] 
[INFO] [stdout] 
[INFO] [stdout] error[E0405]: cannot find trait `Sub` in this scope
[INFO] [stdout]    --> /opt/rustwide/cargo-home/git/checkouts/num-2d8cb5760e17c6fb/1678704/src/iter.rs:148:9
[INFO] [stdout]     |
[INFO] [stdout] 148 | impl<A: Sub<A, A> + Integer + PartialOrd + Clone + ToPrimitive> DoubleEndedIterator<A>
[INFO] [stdout]     |         ^^^ not found in this scope
[INFO] [stdout]     |
[INFO] [stdout] help: consider importing this trait
[INFO] [stdout]     |
[INFO] [stdout] 13  + use std::ops::Sub;
[INFO] [stdout]     |
[INFO] [stdout] 
[INFO] [stdout] 
[INFO] [stdout] error[E0405]: cannot find trait `ToPrimitive` in this scope
[INFO] [stdout]    --> /opt/rustwide/cargo-home/git/checkouts/num-2d8cb5760e17c6fb/1678704/src/iter.rs:148:52
[INFO] [stdout]     |
[INFO] [stdout] 148 | impl<A: Sub<A, A> + Integer + PartialOrd + Clone + ToPrimitive> DoubleEndedIterator<A>
[INFO] [stdout]     |                                                    ^^^^^^^^^^^ not found in this scope
[INFO] [stdout] 
[INFO] [stdout] 
[INFO] [stdout] error[E0405]: cannot find trait `Neg` in this scope
[INFO] [stdout]   --> /opt/rustwide/cargo-home/git/checkouts/num-2d8cb5760e17c6fb/1678704/src/traits.rs:20:16
[INFO] [stdout]    |
[INFO] [stdout] 20 |              + Neg<Self>
[INFO] [stdout]    |                ^^^ not found in this scope
[INFO] [stdout]    |
[INFO] [stdout] help: consider importing this trait
[INFO] [stdout]    |
[INFO] [stdout] 13 + use std::ops::Neg;
[INFO] [stdout]    |
[INFO] [stdout] 
[INFO] [stdout] 
[INFO] [stdout] error[E0405]: cannot find trait `Add` in this scope
[INFO] [stdout]   --> /opt/rustwide/cargo-home/git/checkouts/num-2d8cb5760e17c6fb/1678704/src/traits.rs:21:16
[INFO] [stdout]    |
[INFO] [stdout] 21 |              + Add<Self,Self>
[INFO] [stdout]    |                ^^^ not found in this scope
[INFO] [stdout]    |
[INFO] [stdout] help: consider importing this trait
[INFO] [stdout]    |
[INFO] [stdout] 13 + use std::ops::Add;
[INFO] [stdout]    |
[INFO] [stdout] 
[INFO] [stdout] 
[INFO] [stdout] error[E0405]: cannot find trait `Sub` in this scope
[INFO] [stdout]   --> /opt/rustwide/cargo-home/git/checkouts/num-2d8cb5760e17c6fb/1678704/src/traits.rs:22:16
[INFO] [stdout]    |
[INFO] [stdout] 22 |              + Sub<Self,Self>
[INFO] [stdout]    |                ^^^ not found in this scope
[INFO] [stdout]    |
[INFO] [stdout] help: consider importing this trait
[INFO] [stdout]    |
[INFO] [stdout] 13 + use std::ops::Sub;
[INFO] [stdout]    |
[INFO] [stdout] 
[INFO] [stdout] 
[INFO] [stdout] error[E0405]: cannot find trait `Mul` in this scope
[INFO] [stdout]   --> /opt/rustwide/cargo-home/git/checkouts/num-2d8cb5760e17c6fb/1678704/src/traits.rs:23:16
[INFO] [stdout]    |
[INFO] [stdout] 23 |              + Mul<Self,Self>
[INFO] [stdout]    |                ^^^ not found in this scope
[INFO] [stdout]    |
[INFO] [stdout] help: consider importing this trait
[INFO] [stdout]    |
[INFO] [stdout] 13 + use std::ops::Mul;
[INFO] [stdout]    |
[INFO] [stdout] 
[INFO] [stdout] 
[INFO] [stdout] error[E0405]: cannot find trait `Div` in this scope
[INFO] [stdout]   --> /opt/rustwide/cargo-home/git/checkouts/num-2d8cb5760e17c6fb/1678704/src/traits.rs:24:16
[INFO] [stdout]    |
[INFO] [stdout] 24 |              + Div<Self,Self>
[INFO] [stdout]    |                ^^^ not found in this scope
[INFO] [stdout]    |
[INFO] [stdout] help: consider importing this trait
[INFO] [stdout]    |
[INFO] [stdout] 13 + use std::ops::Div;
[INFO] [stdout]    |
[INFO] [stdout] 
[INFO] [stdout] 
[INFO] [stdout] error[E0405]: cannot find trait `Rem` in this scope
[INFO] [stdout]   --> /opt/rustwide/cargo-home/git/checkouts/num-2d8cb5760e17c6fb/1678704/src/traits.rs:25:16
[INFO] [stdout]    |
[INFO] [stdout] 25 |              + Rem<Self,Self> {}
[INFO] [stdout]    |                ^^^ not found in this scope
[INFO] [stdout]    |
[INFO] [stdout] help: consider importing this trait
[INFO] [stdout]    |
[INFO] [stdout] 13 + use std::ops::Rem;
[INFO] [stdout]    |
[INFO] [stdout] 
[INFO] [stdout] 
[INFO] [stdout] error[E0405]: cannot find trait `Add` in this scope
[INFO] [stdout]   --> /opt/rustwide/cargo-home/git/checkouts/num-2d8cb5760e17c6fb/1678704/src/traits.rs:42:17
[INFO] [stdout]    |
[INFO] [stdout] 42 | pub trait Zero: Add<Self, Self> {
[INFO] [stdout]    |                 ^^^ not found in this scope
[INFO] [stdout]    |
[INFO] [stdout] help: consider importing this trait
[INFO] [stdout]    |
[INFO] [stdout] 13 + use std::ops::Add;
[INFO] [stdout]    |
[INFO] [stdout] 
[INFO] [stdout] 
[INFO] [stdout] error[E0405]: cannot find trait `Mul` in this scope
[INFO] [stdout]   --> /opt/rustwide/cargo-home/git/checkouts/num-2d8cb5760e17c6fb/1678704/src/traits.rs:92:16
[INFO] [stdout]    |
[INFO] [stdout] 92 | pub trait One: Mul<Self, Self> {
[INFO] [stdout]    |                ^^^ not found in this scope
[INFO] [stdout]    |
[INFO] [stdout] help: consider importing this trait
[INFO] [stdout]    |
[INFO] [stdout] 13 + use std::ops::Mul;
[INFO] [stdout]    |
[INFO] [stdout] 
[INFO] [stdout] 
[INFO] [stdout] error[E0405]: cannot find trait `Neg` in this scope
[INFO] [stdout]    --> /opt/rustwide/cargo-home/git/checkouts/num-2d8cb5760e17c6fb/1678704/src/traits.rs:136:25
[INFO] [stdout]     |
[INFO] [stdout] 136 | pub trait Signed: Num + Neg<Self> {
[INFO] [stdout]     |                         ^^^ not found in this scope
[INFO] [stdout]     |
[INFO] [stdout] help: consider importing this trait
[INFO] [stdout]     |
[INFO] [stdout] 13  + use std::ops::Neg;
[INFO] [stdout]     |
[INFO] [stdout] 
[INFO] [stdout] 
[INFO] [stdout] error[E0405]: cannot find trait `Add` in this scope
[INFO] [stdout]    --> /opt/rustwide/cargo-home/git/checkouts/num-2d8cb5760e17c6fb/1678704/src/traits.rs:330:23
[INFO] [stdout]     |
[INFO] [stdout] 330 | pub trait CheckedAdd: Add<Self, Self> {
[INFO] [stdout]     |                       ^^^ not found in this scope
[INFO] [stdout]     |
[INFO] [stdout] help: consider importing this trait
[INFO] [stdout]     |
[INFO] [stdout] 13  + use std::ops::Add;
[INFO] [stdout]     |
[INFO] [stdout] 
[INFO] [stdout] 
[INFO] [stdout] error[E0425]: cannot find function `u8_add_with_overflow` in module `intrinsics`
[INFO] [stdout]    --> /opt/rustwide/cargo-home/git/checkouts/num-2d8cb5760e17c6fb/1678704/src/traits.rs:375:57
[INFO] [stdout]     |
[INFO] [stdout] 375 | checked_impl!(CheckedAdd, checked_add, u8,  intrinsics::u8_add_with_overflow)
[INFO] [stdout]     |                                                         ^^^^^^^^^^^^^^^^^^^^ help: a function with a similar name exists: `add_with_overflow`
[INFO] [stdout]    --> /rustc/1b7dd2252b99671ce5d1cb9664c5f8636329436d/library/core/src/intrinsics.rs:2029:5
[INFO] [stdout]     |
[INFO] [stdout]     = note: similarly named function `add_with_overflow` defined here
[INFO] [stdout] 
[INFO] [stdout] 
[INFO] [stdout] error[E0425]: cannot find function `u16_add_with_overflow` in module `intrinsics`
[INFO] [stdout]    --> /opt/rustwide/cargo-home/git/checkouts/num-2d8cb5760e17c6fb/1678704/src/traits.rs:376:57
[INFO] [stdout]     |
[INFO] [stdout] 376 | checked_impl!(CheckedAdd, checked_add, u16, intrinsics::u16_add_with_overflow)
[INFO] [stdout]     |                                                         ^^^^^^^^^^^^^^^^^^^^^ help: a function with a similar name exists: `add_with_overflow`
[INFO] [stdout]    --> /rustc/1b7dd2252b99671ce5d1cb9664c5f8636329436d/library/core/src/intrinsics.rs:2029:5
[INFO] [stdout]     |
[INFO] [stdout]     = note: similarly named function `add_with_overflow` defined here
[INFO] [stdout] 
[INFO] [stdout] 
[INFO] [stdout] error[E0425]: cannot find function `u32_add_with_overflow` in module `intrinsics`
[INFO] [stdout]    --> /opt/rustwide/cargo-home/git/checkouts/num-2d8cb5760e17c6fb/1678704/src/traits.rs:377:57
[INFO] [stdout]     |
[INFO] [stdout] 377 | checked_impl!(CheckedAdd, checked_add, u32, intrinsics::u32_add_with_overflow)
[INFO] [stdout]     |                                                         ^^^^^^^^^^^^^^^^^^^^^ help: a function with a similar name exists: `add_with_overflow`
[INFO] [stdout]    --> /rustc/1b7dd2252b99671ce5d1cb9664c5f8636329436d/library/core/src/intrinsics.rs:2029:5
[INFO] [stdout]     |
[INFO] [stdout]     = note: similarly named function `add_with_overflow` defined here
[INFO] [stdout] 
[INFO] [stdout] 
[INFO] [stdout] error[E0425]: cannot find function `u64_add_with_overflow` in module `intrinsics`
[INFO] [stdout]    --> /opt/rustwide/cargo-home/git/checkouts/num-2d8cb5760e17c6fb/1678704/src/traits.rs:378:57
[INFO] [stdout]     |
[INFO] [stdout] 378 | checked_impl!(CheckedAdd, checked_add, u64, intrinsics::u64_add_with_overflow)
[INFO] [stdout]     |                                                         ^^^^^^^^^^^^^^^^^^^^^ help: a function with a similar name exists: `add_with_overflow`
[INFO] [stdout]    --> /rustc/1b7dd2252b99671ce5d1cb9664c5f8636329436d/library/core/src/intrinsics.rs:2029:5
[INFO] [stdout]     |
[INFO] [stdout]     = note: similarly named function `add_with_overflow` defined here
[INFO] [stdout] 
[INFO] [stdout] 
[INFO] [stdout] error[E0425]: cannot find function `i8_add_with_overflow` in module `intrinsics`
[INFO] [stdout]    --> /opt/rustwide/cargo-home/git/checkouts/num-2d8cb5760e17c6fb/1678704/src/traits.rs:385:57
[INFO] [stdout]     |
[INFO] [stdout] 385 | checked_impl!(CheckedAdd, checked_add, i8,  intrinsics::i8_add_with_overflow)
[INFO] [stdout]     |                                                         ^^^^^^^^^^^^^^^^^^^^ help: a function with a similar name exists: `add_with_overflow`
[INFO] [stdout]    --> /rustc/1b7dd2252b99671ce5d1cb9664c5f8636329436d/library/core/src/intrinsics.rs:2029:5
[INFO] [stdout]     |
[INFO] [stdout]     = note: similarly named function `add_with_overflow` defined here
[INFO] [stdout] 
[INFO] [stdout] 
[INFO] [stdout] error[E0425]: cannot find function `i16_add_with_overflow` in module `intrinsics`
[INFO] [stdout]    --> /opt/rustwide/cargo-home/git/checkouts/num-2d8cb5760e17c6fb/1678704/src/traits.rs:386:57
[INFO] [stdout]     |
[INFO] [stdout] 386 | checked_impl!(CheckedAdd, checked_add, i16, intrinsics::i16_add_with_overflow)
[INFO] [stdout]     |                                                         ^^^^^^^^^^^^^^^^^^^^^ help: a function with a similar name exists: `add_with_overflow`
[INFO] [stdout]    --> /rustc/1b7dd2252b99671ce5d1cb9664c5f8636329436d/library/core/src/intrinsics.rs:2029:5
[INFO] [stdout]     |
[INFO] [stdout]     = note: similarly named function `add_with_overflow` defined here
[INFO] [stdout] 
[INFO] [stdout] 
[INFO] [stdout] error[E0425]: cannot find function `i32_add_with_overflow` in module `intrinsics`
[INFO] [stdout]    --> /opt/rustwide/cargo-home/git/checkouts/num-2d8cb5760e17c6fb/1678704/src/traits.rs:387:57
[INFO] [stdout]     |
[INFO] [stdout] 387 | checked_impl!(CheckedAdd, checked_add, i32, intrinsics::i32_add_with_overflow)
[INFO] [stdout]     |                                                         ^^^^^^^^^^^^^^^^^^^^^ help: a function with a similar name exists: `add_with_overflow`
[INFO] [stdout]    --> /rustc/1b7dd2252b99671ce5d1cb9664c5f8636329436d/library/core/src/intrinsics.rs:2029:5
[INFO] [stdout]     |
[INFO] [stdout]     = note: similarly named function `add_with_overflow` defined here
[INFO] [stdout] 
[INFO] [stdout] 
[INFO] [stdout] error[E0425]: cannot find function `i64_add_with_overflow` in module `intrinsics`
[INFO] [stdout]    --> /opt/rustwide/cargo-home/git/checkouts/num-2d8cb5760e17c6fb/1678704/src/traits.rs:388:57
[INFO] [stdout]     |
[INFO] [stdout] 388 | checked_impl!(CheckedAdd, checked_add, i64, intrinsics::i64_add_with_overflow)
[INFO] [stdout]     |                                                         ^^^^^^^^^^^^^^^^^^^^^ help: a function with a similar name exists: `add_with_overflow`
[INFO] [stdout]    --> /rustc/1b7dd2252b99671ce5d1cb9664c5f8636329436d/library/core/src/intrinsics.rs:2029:5
[INFO] [stdout]     |
[INFO] [stdout]     = note: similarly named function `add_with_overflow` defined here
[INFO] [stdout] 
[INFO] [stdout] 
[INFO] [stdout] error[E0405]: cannot find trait `Sub` in this scope
[INFO] [stdout]    --> /opt/rustwide/cargo-home/git/checkouts/num-2d8cb5760e17c6fb/1678704/src/traits.rs:391:23
[INFO] [stdout]     |
[INFO] [stdout] 391 | pub trait CheckedSub: Sub<Self, Self> {
[INFO] [stdout]     |                       ^^^ not found in this scope
[INFO] [stdout]     |
[INFO] [stdout] help: consider importing this trait
[INFO] [stdout]     |
[INFO] [stdout] 13  + use std::ops::Sub;
[INFO] [stdout]     |
[INFO] [stdout] 
[INFO] [stdout] 
[INFO] [stdout] error[E0425]: cannot find function `u8_sub_with_overflow` in module `intrinsics`
[INFO] [stdout]    --> /opt/rustwide/cargo-home/git/checkouts/num-2d8cb5760e17c6fb/1678704/src/traits.rs:409:57
[INFO] [stdout]     |
[INFO] [stdout] 409 | checked_impl!(CheckedSub, checked_sub, u8,  intrinsics::u8_sub_with_overflow)
[INFO] [stdout]     |                                                         ^^^^^^^^^^^^^^^^^^^^ help: a function with a similar name exists: `sub_with_overflow`
[INFO] [stdout]    --> /rustc/1b7dd2252b99671ce5d1cb9664c5f8636329436d/library/core/src/intrinsics.rs:2044:5
[INFO] [stdout]     |
[INFO] [stdout]     = note: similarly named function `sub_with_overflow` defined here
[INFO] [stdout] 
[INFO] [stdout] 
[INFO] [stdout] error[E0425]: cannot find function `u16_sub_with_overflow` in module `intrinsics`
[INFO] [stdout]    --> /opt/rustwide/cargo-home/git/checkouts/num-2d8cb5760e17c6fb/1678704/src/traits.rs:410:57
[INFO] [stdout]     |
[INFO] [stdout] 410 | checked_impl!(CheckedSub, checked_sub, u16, intrinsics::u16_sub_with_overflow)
[INFO] [stdout]     |                                                         ^^^^^^^^^^^^^^^^^^^^^ help: a function with a similar name exists: `sub_with_overflow`
[INFO] [stdout]    --> /rustc/1b7dd2252b99671ce5d1cb9664c5f8636329436d/library/core/src/intrinsics.rs:2044:5
[INFO] [stdout]     |
[INFO] [stdout]     = note: similarly named function `sub_with_overflow` defined here
[INFO] [stdout] 
[INFO] [stdout] 
[INFO] [stdout] error[E0425]: cannot find function `u32_sub_with_overflow` in module `intrinsics`
[INFO] [stdout]    --> /opt/rustwide/cargo-home/git/checkouts/num-2d8cb5760e17c6fb/1678704/src/traits.rs:411:57
[INFO] [stdout]     |
[INFO] [stdout] 411 | checked_impl!(CheckedSub, checked_sub, u32, intrinsics::u32_sub_with_overflow)
[INFO] [stdout]     |                                                         ^^^^^^^^^^^^^^^^^^^^^ help: a function with a similar name exists: `sub_with_overflow`
[INFO] [stdout]    --> /rustc/1b7dd2252b99671ce5d1cb9664c5f8636329436d/library/core/src/intrinsics.rs:2044:5
[INFO] [stdout]     |
[INFO] [stdout]     = note: similarly named function `sub_with_overflow` defined here
[INFO] [stdout] 
[INFO] [stdout] 
[INFO] [stdout] error[E0425]: cannot find function `u64_sub_with_overflow` in module `intrinsics`
[INFO] [stdout]    --> /opt/rustwide/cargo-home/git/checkouts/num-2d8cb5760e17c6fb/1678704/src/traits.rs:412:57
[INFO] [stdout]     |
[INFO] [stdout] 412 | checked_impl!(CheckedSub, checked_sub, u64, intrinsics::u64_sub_with_overflow)
[INFO] [stdout]     |                                                         ^^^^^^^^^^^^^^^^^^^^^ help: a function with a similar name exists: `sub_with_overflow`
[INFO] [stdout]    --> /rustc/1b7dd2252b99671ce5d1cb9664c5f8636329436d/library/core/src/intrinsics.rs:2044:5
[INFO] [stdout]     |
[INFO] [stdout]     = note: similarly named function `sub_with_overflow` defined here
[INFO] [stdout] 
[INFO] [stdout] 
[INFO] [stdout] error[E0425]: cannot find function `i8_sub_with_overflow` in module `intrinsics`
[INFO] [stdout]    --> /opt/rustwide/cargo-home/git/checkouts/num-2d8cb5760e17c6fb/1678704/src/traits.rs:419:57
[INFO] [stdout]     |
[INFO] [stdout] 419 | checked_impl!(CheckedSub, checked_sub, i8,  intrinsics::i8_sub_with_overflow)
[INFO] [stdout]     |                                                         ^^^^^^^^^^^^^^^^^^^^ help: a function with a similar name exists: `sub_with_overflow`
[INFO] [stdout]    --> /rustc/1b7dd2252b99671ce5d1cb9664c5f8636329436d/library/core/src/intrinsics.rs:2044:5
[INFO] [stdout]     |
[INFO] [stdout]     = note: similarly named function `sub_with_overflow` defined here
[INFO] [stdout] 
[INFO] [stdout] 
[INFO] [stdout] error[E0425]: cannot find function `i16_sub_with_overflow` in module `intrinsics`
[INFO] [stdout]    --> /opt/rustwide/cargo-home/git/checkouts/num-2d8cb5760e17c6fb/1678704/src/traits.rs:420:57
[INFO] [stdout]     |
[INFO] [stdout] 420 | checked_impl!(CheckedSub, checked_sub, i16, intrinsics::i16_sub_with_overflow)
[INFO] [stdout]     |                                                         ^^^^^^^^^^^^^^^^^^^^^ help: a function with a similar name exists: `sub_with_overflow`
[INFO] [stdout]    --> /rustc/1b7dd2252b99671ce5d1cb9664c5f8636329436d/library/core/src/intrinsics.rs:2044:5
[INFO] [stdout]     |
[INFO] [stdout]     = note: similarly named function `sub_with_overflow` defined here
[INFO] [stdout] 
[INFO] [stdout] 
[INFO] [stdout] error[E0425]: cannot find function `i32_sub_with_overflow` in module `intrinsics`
[INFO] [stdout]    --> /opt/rustwide/cargo-home/git/checkouts/num-2d8cb5760e17c6fb/1678704/src/traits.rs:421:57
[INFO] [stdout]     |
[INFO] [stdout] 421 | checked_impl!(CheckedSub, checked_sub, i32, intrinsics::i32_sub_with_overflow)
[INFO] [stdout]     |                                                         ^^^^^^^^^^^^^^^^^^^^^ help: a function with a similar name exists: `sub_with_overflow`
[INFO] [stdout]    --> /rustc/1b7dd2252b99671ce5d1cb9664c5f8636329436d/library/core/src/intrinsics.rs:2044:5
[INFO] [stdout]     |
[INFO] [stdout]     = note: similarly named function `sub_with_overflow` defined here
[INFO] [stdout] 
[INFO] [stdout] 
[INFO] [stdout] error[E0425]: cannot find function `i64_sub_with_overflow` in module `intrinsics`
[INFO] [stdout]    --> /opt/rustwide/cargo-home/git/checkouts/num-2d8cb5760e17c6fb/1678704/src/traits.rs:422:57
[INFO] [stdout]     |
[INFO] [stdout] 422 | checked_impl!(CheckedSub, checked_sub, i64, intrinsics::i64_sub_with_overflow)
[INFO] [stdout]     |                                                         ^^^^^^^^^^^^^^^^^^^^^ help: a function with a similar name exists: `sub_with_overflow`
[INFO] [stdout]    --> /rustc/1b7dd2252b99671ce5d1cb9664c5f8636329436d/library/core/src/intrinsics.rs:2044:5
[INFO] [stdout]     |
[INFO] [stdout]     = note: similarly named function `sub_with_overflow` defined here
[INFO] [stdout] 
[INFO] [stdout] 
[INFO] [stdout] error[E0405]: cannot find trait `Mul` in this scope
[INFO] [stdout]    --> /opt/rustwide/cargo-home/git/checkouts/num-2d8cb5760e17c6fb/1678704/src/traits.rs:426:23
[INFO] [stdout]     |
[INFO] [stdout] 426 | pub trait CheckedMul: Mul<Self, Self> {
[INFO] [stdout]     |                       ^^^ not found in this scope
[INFO] [stdout]     |
[INFO] [stdout] help: consider importing this trait
[INFO] [stdout]     |
[INFO] [stdout] 13  + use std::ops::Mul;
[INFO] [stdout]     |
[INFO] [stdout] 
[INFO] [stdout] 
[INFO] [stdout] error[E0425]: cannot find function `u8_mul_with_overflow` in module `intrinsics`
[INFO] [stdout]    --> /opt/rustwide/cargo-home/git/checkouts/num-2d8cb5760e17c6fb/1678704/src/traits.rs:445:57
[INFO] [stdout]     |
[INFO] [stdout] 445 | checked_impl!(CheckedMul, checked_mul, u8,  intrinsics::u8_mul_with_overflow)
[INFO] [stdout]     |                                                         ^^^^^^^^^^^^^^^^^^^^ help: a function with a similar name exists: `mul_with_overflow`
[INFO] [stdout]    --> /rustc/1b7dd2252b99671ce5d1cb9664c5f8636329436d/library/core/src/intrinsics.rs:2059:5
[INFO] [stdout]     |
[INFO] [stdout]     = note: similarly named function `mul_with_overflow` defined here
[INFO] [stdout] 
[INFO] [stdout] 
[INFO] [stdout] error[E0425]: cannot find function `u16_mul_with_overflow` in module `intrinsics`
[INFO] [stdout]    --> /opt/rustwide/cargo-home/git/checkouts/num-2d8cb5760e17c6fb/1678704/src/traits.rs:446:57
[INFO] [stdout]     |
[INFO] [stdout] 446 | checked_impl!(CheckedMul, checked_mul, u16, intrinsics::u16_mul_with_overflow)
[INFO] [stdout]     |                                                         ^^^^^^^^^^^^^^^^^^^^^ help: a function with a similar name exists: `mul_with_overflow`
[INFO] [stdout]    --> /rustc/1b7dd2252b99671ce5d1cb9664c5f8636329436d/library/core/src/intrinsics.rs:2059:5
[INFO] [stdout]     |
[INFO] [stdout]     = note: similarly named function `mul_with_overflow` defined here
[INFO] [stdout] 
[INFO] [stdout] 
[INFO] [stdout] error[E0425]: cannot find function `u32_mul_with_overflow` in module `intrinsics`
[INFO] [stdout]    --> /opt/rustwide/cargo-home/git/checkouts/num-2d8cb5760e17c6fb/1678704/src/traits.rs:447:57
[INFO] [stdout]     |
[INFO] [stdout] 447 | checked_impl!(CheckedMul, checked_mul, u32, intrinsics::u32_mul_with_overflow)
[INFO] [stdout]     |                                                         ^^^^^^^^^^^^^^^^^^^^^ help: a function with a similar name exists: `mul_with_overflow`
[INFO] [stdout]    --> /rustc/1b7dd2252b99671ce5d1cb9664c5f8636329436d/library/core/src/intrinsics.rs:2059:5
[INFO] [stdout]     |
[INFO] [stdout]     = note: similarly named function `mul_with_overflow` defined here
[INFO] [stdout] 
[INFO] [stdout] 
[INFO] [stdout] error[E0425]: cannot find function `u64_mul_with_overflow` in module `intrinsics`
[INFO] [stdout]    --> /opt/rustwide/cargo-home/git/checkouts/num-2d8cb5760e17c6fb/1678704/src/traits.rs:448:57
[INFO] [stdout]     |
[INFO] [stdout] 448 | checked_impl!(CheckedMul, checked_mul, u64, intrinsics::u64_mul_with_overflow)
[INFO] [stdout]     |                                                         ^^^^^^^^^^^^^^^^^^^^^ help: a function with a similar name exists: `mul_with_overflow`
[INFO] [stdout]    --> /rustc/1b7dd2252b99671ce5d1cb9664c5f8636329436d/library/core/src/intrinsics.rs:2059:5
[INFO] [stdout]     |
[INFO] [stdout]     = note: similarly named function `mul_with_overflow` defined here
[INFO] [stdout] 
[INFO] [stdout] 
[INFO] [stdout] error[E0425]: cannot find function `i8_mul_with_overflow` in module `intrinsics`
[INFO] [stdout]    --> /opt/rustwide/cargo-home/git/checkouts/num-2d8cb5760e17c6fb/1678704/src/traits.rs:455:57
[INFO] [stdout]     |
[INFO] [stdout] 455 | checked_impl!(CheckedMul, checked_mul, i8,  intrinsics::i8_mul_with_overflow)
[INFO] [stdout]     |                                                         ^^^^^^^^^^^^^^^^^^^^ help: a function with a similar name exists: `mul_with_overflow`
[INFO] [stdout]    --> /rustc/1b7dd2252b99671ce5d1cb9664c5f8636329436d/library/core/src/intrinsics.rs:2059:5
[INFO] [stdout]     |
[INFO] [stdout]     = note: similarly named function `mul_with_overflow` defined here
[INFO] [stdout] 
[INFO] [stdout] 
[INFO] [stdout] error[E0425]: cannot find function `i16_mul_with_overflow` in module `intrinsics`
[INFO] [stdout]    --> /opt/rustwide/cargo-home/git/checkouts/num-2d8cb5760e17c6fb/1678704/src/traits.rs:456:57
[INFO] [stdout]     |
[INFO] [stdout] 456 | checked_impl!(CheckedMul, checked_mul, i16, intrinsics::i16_mul_with_overflow)
[INFO] [stdout]     |                                                         ^^^^^^^^^^^^^^^^^^^^^ help: a function with a similar name exists: `mul_with_overflow`
[INFO] [stdout]    --> /rustc/1b7dd2252b99671ce5d1cb9664c5f8636329436d/library/core/src/intrinsics.rs:2059:5
[INFO] [stdout]     |
[INFO] [stdout]     = note: similarly named function `mul_with_overflow` defined here
[INFO] [stdout] 
[INFO] [stdout] 
[INFO] [stdout] error[E0425]: cannot find function `i32_mul_with_overflow` in module `intrinsics`
[INFO] [stdout]    --> /opt/rustwide/cargo-home/git/checkouts/num-2d8cb5760e17c6fb/1678704/src/traits.rs:457:57
[INFO] [stdout]     |
[INFO] [stdout] 457 | checked_impl!(CheckedMul, checked_mul, i32, intrinsics::i32_mul_with_overflow)
[INFO] [stdout]     |                                                         ^^^^^^^^^^^^^^^^^^^^^ help: a function with a similar name exists: `mul_with_overflow`
[INFO] [stdout]    --> /rustc/1b7dd2252b99671ce5d1cb9664c5f8636329436d/library/core/src/intrinsics.rs:2059:5
[INFO] [stdout]     |
[INFO] [stdout]     = note: similarly named function `mul_with_overflow` defined here
[INFO] [stdout] 
[INFO] [stdout] 
[INFO] [stdout] error[E0425]: cannot find function `i64_mul_with_overflow` in module `intrinsics`
[INFO] [stdout]    --> /opt/rustwide/cargo-home/git/checkouts/num-2d8cb5760e17c6fb/1678704/src/traits.rs:458:57
[INFO] [stdout]     |
[INFO] [stdout] 458 | checked_impl!(CheckedMul, checked_mul, i64, intrinsics::i64_mul_with_overflow)
[INFO] [stdout]     |                                                         ^^^^^^^^^^^^^^^^^^^^^ help: a function with a similar name exists: `mul_with_overflow`
[INFO] [stdout]    --> /rustc/1b7dd2252b99671ce5d1cb9664c5f8636329436d/library/core/src/intrinsics.rs:2059:5
[INFO] [stdout]     |
[INFO] [stdout]     = note: similarly named function `mul_with_overflow` defined here
[INFO] [stdout] 
[INFO] [stdout] 
[INFO] [stdout] error[E0405]: cannot find trait `Div` in this scope
[INFO] [stdout]    --> /opt/rustwide/cargo-home/git/checkouts/num-2d8cb5760e17c6fb/1678704/src/traits.rs:462:23
[INFO] [stdout]     |
[INFO] [stdout] 462 | pub trait CheckedDiv: Div<Self, Self> {
[INFO] [stdout]     |                       ^^^ not found in this scope
[INFO] [stdout]     |
[INFO] [stdout] help: consider importing this trait
[INFO] [stdout]     |
[INFO] [stdout] 13  + use std::ops::Div;
[INFO] [stdout]     |
[INFO] [stdout] 
[INFO] [stdout] 
[INFO] [stdout] error[E0412]: cannot find type `int` in this scope
[INFO] [stdout]   --> /opt/rustwide/cargo-home/git/checkouts/num-2d8cb5760e17c6fb/1678704/src/rational.rs:33:27
[INFO] [stdout]    |
[INFO] [stdout] 33 | pub type Rational = Ratio<int>;
[INFO] [stdout]    |                           ^^^ not found in this scope
[INFO] [stdout]    |
[INFO] [stdout] help: perhaps you intended to use this type
[INFO] [stdout]    |
[INFO] [stdout] 33 | pub type Rational = Ratio<i32>;
[INFO] [stdout]    |                           ~~~
[INFO] [stdout] help: you might be missing a type parameter
[INFO] [stdout]    |
[INFO] [stdout] 33 | pub type Rational<int> = Ratio<int>;
[INFO] [stdout]    |                  +++++
[INFO] [stdout] 
[INFO] [stdout] 
[INFO] [stdout] error[E0412]: cannot find type `uint` in this scope
[INFO] [stdout]    --> /opt/rustwide/cargo-home/git/checkouts/num-2d8cb5760e17c6fb/1678704/src/rational.rs:192:56
[INFO] [stdout]     |
[INFO] [stdout] 192 |             let denom: BigInt = one << ((-exponent) as uint);
[INFO] [stdout]     |                                                        ^^^^ not found in this scope
[INFO] [stdout] 
[INFO] [stdout] 
[INFO] [stdout] error[E0412]: cannot find type `uint` in this scope
[INFO] [stdout]    --> /opt/rustwide/cargo-home/git/checkouts/num-2d8cb5760e17c6fb/1678704/src/rational.rs:197:43
[INFO] [stdout]     |
[INFO] [stdout] 197 |             numer = numer << (exponent as uint);
[INFO] [stdout]     |                                           ^^^^ not found in this scope
[INFO] [stdout] 
[INFO] [stdout] 
[INFO] [stdout] error[E0405]: cannot find trait `Mul` in this scope
[INFO] [stdout]    --> /opt/rustwide/cargo-home/git/checkouts/num-2d8cb5760e17c6fb/1678704/src/rational.rs:215:17
[INFO] [stdout]     |
[INFO] [stdout] 215 |         impl<T: Mul<T,T> + $imp> $imp for Ratio<T> {
[INFO] [stdout]     |                 ^^^ not found in this scope
[INFO] [stdout] ...
[INFO] [stdout] 225 | cmp_impl!(impl PartialEq, eq, ne)
[INFO] [stdout]     | --------------------------------- in this macro invocation
[INFO] [stdout]     |
[INFO] [stdout]     = note: this error originates in the macro `cmp_impl` (in Nightly builds, run with -Z macro-backtrace for more info)
[INFO] [stdout] help: consider importing this trait
[INFO] [stdout]     |
[INFO] [stdout] 13  + use std::ops::Mul;
[INFO] [stdout]     |
[INFO] [stdout] 
[INFO] [stdout] 
[INFO] [stdout] error[E0405]: cannot find trait `Mul` in this scope
[INFO] [stdout]    --> /opt/rustwide/cargo-home/git/checkouts/num-2d8cb5760e17c6fb/1678704/src/rational.rs:215:17
[INFO] [stdout]     |
[INFO] [stdout] 215 |           impl<T: Mul<T,T> + $imp> $imp for Ratio<T> {
[INFO] [stdout]     |                   ^^^ not found in this scope
[INFO] [stdout] ...
[INFO] [stdout] 226 | / cmp_impl!(impl PartialOrd, lt -> bool, gt -> bool, le -> bool, ge -> bool,
[INFO] [stdout] 227 | |           partial_cmp -> Option<cmp::Ordering>)
[INFO] [stdout]     | |_______________________________________________- in this macro invocation
[INFO] [stdout]     |
[INFO] [stdout]     = note: this error originates in the macro `cmp_impl` (in Nightly builds, run with -Z macro-backtrace for more info)
[INFO] [stdout] help: consider importing this trait
[INFO] [stdout]     |
[INFO] [stdout] 13  + use std::ops::Mul;
[INFO] [stdout]     |
[INFO] [stdout] 
[INFO] [stdout] 
[INFO] [stdout] error[E0405]: cannot find trait `Mul` in this scope
[INFO] [stdout]    --> /opt/rustwide/cargo-home/git/checkouts/num-2d8cb5760e17c6fb/1678704/src/rational.rs:215:17
[INFO] [stdout]     |
[INFO] [stdout] 215 |         impl<T: Mul<T,T> + $imp> $imp for Ratio<T> {
[INFO] [stdout]     |                 ^^^ not found in this scope
[INFO] [stdout] ...
[INFO] [stdout] 228 | cmp_impl!(impl Eq, )
[INFO] [stdout]     | -------------------- in this macro invocation
[INFO] [stdout]     |
[INFO] [stdout]     = note: this error originates in the macro `cmp_impl` (in Nightly builds, run with -Z macro-backtrace for more info)
[INFO] [stdout] help: consider importing this trait
[INFO] [stdout]     |
[INFO] [stdout] 13  + use std::ops::Mul;
[INFO] [stdout]     |
[INFO] [stdout] 
[INFO] [stdout] 
[INFO] [stdout] error[E0405]: cannot find trait `Mul` in this scope
[INFO] [stdout]    --> /opt/rustwide/cargo-home/git/checkouts/num-2d8cb5760e17c6fb/1678704/src/rational.rs:215:17
[INFO] [stdout]     |
[INFO] [stdout] 215 |         impl<T: Mul<T,T> + $imp> $imp for Ratio<T> {
[INFO] [stdout]     |                 ^^^ not found in this scope
[INFO] [stdout] ...
[INFO] [stdout] 229 | cmp_impl!(impl Ord, cmp -> cmp::Ordering)
[INFO] [stdout]     | ----------------------------------------- in this macro invocation
[INFO] [stdout]     |
[INFO] [stdout]     = note: this error originates in the macro `cmp_impl` (in Nightly builds, run with -Z macro-backtrace for more info)
[INFO] [stdout] help: consider importing this trait
[INFO] [stdout]     |
[INFO] [stdout] 13  + use std::ops::Mul;
[INFO] [stdout]     |
[INFO] [stdout] 
[INFO] [stdout] 
[INFO] [stdout] error[E0405]: cannot find trait `Mul` in this scope
[INFO] [stdout]    --> /opt/rustwide/cargo-home/git/checkouts/num-2d8cb5760e17c6fb/1678704/src/rational.rs:234:5
[INFO] [stdout]     |
[INFO] [stdout] 234 |     Mul<Ratio<T>,Ratio<T>> for Ratio<T> {
[INFO] [stdout]     |     ^^^ not found in this scope
[INFO] [stdout]     |
[INFO] [stdout] help: consider importing this trait
[INFO] [stdout]     |
[INFO] [stdout] 13  + use std::ops::Mul;
[INFO] [stdout]     |
[INFO] [stdout] 
[INFO] [stdout] 
[INFO] [stdout] error[E0405]: cannot find trait `Div` in this scope
[INFO] [stdout]    --> /opt/rustwide/cargo-home/git/checkouts/num-2d8cb5760e17c6fb/1678704/src/rational.rs:243:5
[INFO] [stdout]     |
[INFO] [stdout] 243 |     Div<Ratio<T>,Ratio<T>> for Ratio<T> {
[INFO] [stdout]     |     ^^^ not found in this scope
[INFO] [stdout]     |
[INFO] [stdout] help: consider importing this trait
[INFO] [stdout]     |
[INFO] [stdout] 13  + use std::ops::Div;
[INFO] [stdout]     |
[INFO] [stdout] 
[INFO] [stdout] 
[INFO] [stdout] error[E0405]: cannot find trait `Add` in this scope
[INFO] [stdout]    --> /opt/rustwide/cargo-home/git/checkouts/num-2d8cb5760e17c6fb/1678704/src/rational.rs:265:18
[INFO] [stdout]     |
[INFO] [stdout] 265 | arith_impl!(impl Add, add)
[INFO] [stdout]     |                  ^^^ not found in this scope
[INFO] [stdout]     |
[INFO] [stdout] help: consider importing this trait
[INFO] [stdout]     |
[INFO] [stdout] 13  + use std::ops::Add;
[INFO] [stdout]     |
[INFO] [stdout] 
[INFO] [stdout] 
[INFO] [stdout] error[E0405]: cannot find trait `Sub` in this scope
[INFO] [stdout]    --> /opt/rustwide/cargo-home/git/checkouts/num-2d8cb5760e17c6fb/1678704/src/rational.rs:268:18
[INFO] [stdout]     |
[INFO] [stdout] 268 | arith_impl!(impl Sub, sub)
[INFO] [stdout]     |                  ^^^ not found in this scope
[INFO] [stdout]     |
[INFO] [stdout] help: consider importing this trait
[INFO] [stdout]     |
[INFO] [stdout] 13  + use std::ops::Sub;
[INFO] [stdout]     |
[INFO] [stdout] 
[INFO] [stdout] 
[INFO] [stdout] error[E0405]: cannot find trait `Rem` in this scope
[INFO] [stdout]    --> /opt/rustwide/cargo-home/git/checkouts/num-2d8cb5760e17c6fb/1678704/src/rational.rs:271:18
[INFO] [stdout]     |
[INFO] [stdout] 271 | arith_impl!(impl Rem, rem)
[INFO] [stdout]     |                  ^^^ not found in this scope
[INFO] [stdout]     |
[INFO] [stdout] help: consider importing this trait
[INFO] [stdout]     |
[INFO] [stdout] 13  + use std::ops::Rem;
[INFO] [stdout]     |
[INFO] [stdout] 
[INFO] [stdout] 
[INFO] [stdout] error[E0405]: cannot find trait `Neg` in this scope
[INFO] [stdout]    --> /opt/rustwide/cargo-home/git/checkouts/num-2d8cb5760e17c6fb/1678704/src/rational.rs:274:5
[INFO] [stdout]     |
[INFO] [stdout] 274 |     Neg<Ratio<T>> for Ratio<T> {
[INFO] [stdout]     |     ^^^ not found in this scope
[INFO] [stdout]     |
[INFO] [stdout] help: consider importing this trait
[INFO] [stdout]     |
[INFO] [stdout] 13  + use std::ops::Neg;
[INFO] [stdout]     |
[INFO] [stdout] 
[INFO] [stdout] 
[INFO] [stdout] error[E0405]: cannot find trait `Show` in module `fmt`
[INFO] [stdout]    --> /opt/rustwide/cargo-home/git/checkouts/num-2d8cb5760e17c6fb/1678704/src/rational.rs:337:36
[INFO] [stdout]     |
[INFO] [stdout] 337 | impl<T: fmt::Show + Eq + One> fmt::Show for Ratio<T> {
[INFO] [stdout]     |                                    ^^^^ not found in `fmt`
[INFO] [stdout] 
[INFO] [stdout] 
[INFO] [stdout] error[E0405]: cannot find trait `Show` in module `fmt`
[INFO] [stdout]    --> /opt/rustwide/cargo-home/git/checkouts/num-2d8cb5760e17c6fb/1678704/src/rational.rs:337:14
[INFO] [stdout]     |
[INFO] [stdout] 337 | impl<T: fmt::Show + Eq + One> fmt::Show for Ratio<T> {
[INFO] [stdout]     |              ^^^^ not found in `fmt`
[INFO] [stdout] 
[INFO] [stdout] 
[INFO] [stdout] error[E0412]: cannot find type `uint` in this scope
[INFO] [stdout]    --> /opt/rustwide/cargo-home/git/checkouts/num-2d8cb5760e17c6fb/1678704/src/rational.rs:367:39
[INFO] [stdout]     |
[INFO] [stdout] 367 |     fn from_str_radix(s: &str, radix: uint) -> Option<Ratio<T>> {
[INFO] [stdout]     |                                       ^^^^ not found in this scope
[INFO] [stdout] 
[INFO] [stdout] 
[INFO] [stdout] error[E0405]: cannot find trait `Mul` in this scope
[INFO] [stdout]    --> /opt/rustwide/cargo-home/git/checkouts/num-2d8cb5760e17c6fb/1678704/src/lib.rs:128:21
[INFO] [stdout]     |
[INFO] [stdout] 128 | pub fn pow<T: One + Mul<T, T>>(mut base: T, mut exp: uint) -> T {
[INFO] [stdout]     |                     ^^^ not found in this scope
[INFO] [stdout]     |
[INFO] [stdout] help: consider importing this trait
[INFO] [stdout]     |
[INFO] [stdout] 63  + use std::ops::Mul;
[INFO] [stdout]     |
[INFO] [stdout] 
[INFO] [stdout] 
[INFO] [stdout] error[E0412]: cannot find type `uint` in this scope
[INFO] [stdout]    --> /opt/rustwide/cargo-home/git/checkouts/num-2d8cb5760e17c6fb/1678704/src/lib.rs:128:54
[INFO] [stdout]     |
[INFO] [stdout] 128 | pub fn pow<T: One + Mul<T, T>>(mut base: T, mut exp: uint) -> T {
[INFO] [stdout]     |                                                      ^^^^ not found in this scope
[INFO] [stdout] 
[INFO] [stdout] 
[INFO] [stdout] error[E0554]: `#![feature]` may not be used on the beta release channel
[INFO] [stdout]   --> /opt/rustwide/cargo-home/git/checkouts/num-2d8cb5760e17c6fb/1678704/src/lib.rs:45:1
[INFO] [stdout]    |
[INFO] [stdout] 45 | #![feature(macro_rules)]
[INFO] [stdout]    | ^^^^^^^^^^^^^^^^^^^^^^^^ help: remove the attribute
[INFO] [stdout]    |
[INFO] [stdout]    = help: the feature `macro_rules` has been stable since `1.0.0` and no longer requires an attribute to enable
[INFO] [stdout] 
[INFO] [stdout] 
[INFO] [stdout] error[E0554]: `#![feature]` may not be used on the beta release channel
[INFO] [stdout]   --> /opt/rustwide/cargo-home/git/checkouts/num-2d8cb5760e17c6fb/1678704/src/lib.rs:46:1
[INFO] [stdout]    |
[INFO] [stdout] 46 | #![feature(default_type_params)]
[INFO] [stdout]    | ^^^^^^^^^^^^^^^^^^^^^^^^^^^^^^^^ help: remove the attribute
[INFO] [stdout]    |
[INFO] [stdout]    = help: the feature `default_type_params` has been stable since `1.0.0` and no longer requires an attribute to enable
[INFO] [stdout] 
[INFO] [stdout] 
[INFO] [stdout] error[E0554]: `#![feature]` may not be used on the beta release channel
[INFO] [stdout]   --> /opt/rustwide/cargo-home/git/checkouts/num-2d8cb5760e17c6fb/1678704/src/lib.rs:47:1
[INFO] [stdout]    |
[INFO] [stdout] 47 | #![feature(slicing_syntax)]
[INFO] [stdout]    | ^^^^^^^^^^^^^^^^^^^^^^^^^^^ help: remove the attribute
[INFO] [stdout]    |
[INFO] [stdout]    = help: the feature `slicing_syntax` has been stable since `1.0.0` and no longer requires an attribute to enable
[INFO] [stdout] 
[INFO] [stdout] 
[INFO] [stdout] error: invalid suffix `u` for number literal
[INFO] [stdout]   --> /opt/rustwide/cargo-home/git/checkouts/num-2d8cb5760e17c6fb/1678704/src/traits.rs:76:18
[INFO] [stdout]    |
[INFO] [stdout] 76 | zero_impl!(uint, 0u)
[INFO] [stdout]    |                  ^^ invalid suffix `u`
[INFO] [stdout]    |
[INFO] [stdout]    = help: the suffix must be one of the numeric types (`u32`, `isize`, `f32`, etc.)
[INFO] [stdout] 
[INFO] [stdout] 
[INFO] [stdout] error: invalid suffix `i` for number literal
[INFO] [stdout]   --> /opt/rustwide/cargo-home/git/checkouts/num-2d8cb5760e17c6fb/1678704/src/traits.rs:82:17
[INFO] [stdout]    |
[INFO] [stdout] 82 | zero_impl!(int, 0i)
[INFO] [stdout]    |                 ^^ invalid suffix `i`
[INFO] [stdout]    |
[INFO] [stdout]    = help: the suffix must be one of the numeric types (`u32`, `isize`, `f32`, etc.)
[INFO] [stdout] 
[INFO] [stdout] 
[INFO] [stdout] error: invalid suffix `u` for number literal
[INFO] [stdout]    --> /opt/rustwide/cargo-home/git/checkouts/num-2d8cb5760e17c6fb/1678704/src/traits.rs:120:17
[INFO] [stdout]     |
[INFO] [stdout] 120 | one_impl!(uint, 1u)
[INFO] [stdout]     |                 ^^ invalid suffix `u`
[INFO] [stdout]     |
[INFO] [stdout]     = help: the suffix must be one of the numeric types (`u32`, `isize`, `f32`, etc.)
[INFO] [stdout] 
[INFO] [stdout] 
[INFO] [stdout] error: invalid suffix `i` for number literal
[INFO] [stdout]    --> /opt/rustwide/cargo-home/git/checkouts/num-2d8cb5760e17c6fb/1678704/src/traits.rs:126:16
[INFO] [stdout]     |
[INFO] [stdout] 126 | one_impl!(int, 1i)
[INFO] [stdout]     |                ^^ invalid suffix `i`
[INFO] [stdout]     |
[INFO] [stdout]     = help: the suffix must be one of the numeric types (`u32`, `isize`, `f32`, etc.)
[INFO] [stdout] 
[INFO] [stdout] 
[INFO] [stdout] error[E0658]: use of unstable library feature 'core_intrinsics': intrinsics are unlikely to ever be stabilized, instead they should be used through stabilized interfaces in the rest of the standard library
[INFO] [stdout]   --> /opt/rustwide/cargo-home/git/checkouts/num-2d8cb5760e17c6fb/1678704/src/traits.rs:13:5
[INFO] [stdout]    |
[INFO] [stdout] 13 | use std::intrinsics;
[INFO] [stdout]    |     ^^^^^^^^^^^^^^^
[INFO] [stdout] 
[INFO] [stdout] 
[INFO] [stdout] error[E0658]: use of unstable library feature 'core_intrinsics': intrinsics are unlikely to ever be stabilized, instead they should be used through stabilized interfaces in the rest of the standard library
[INFO] [stdout]    --> /opt/rustwide/cargo-home/git/checkouts/num-2d8cb5760e17c6fb/1678704/src/traits.rs:247:20
[INFO] [stdout]     |
[INFO] [stdout] 247 |                    intrinsics::fabsf32, intrinsics::copysignf32, fdimf)
[INFO] [stdout]     |                    ^^^^^^^^^^^^^^^^^^^
[INFO] [stdout] 
[INFO] [stdout] 
[INFO] [stdout] error[E0658]: use of unstable library feature 'core_intrinsics': intrinsics are unlikely to ever be stabilized, instead they should be used through stabilized interfaces in the rest of the standard library
[INFO] [stdout]    --> /opt/rustwide/cargo-home/git/checkouts/num-2d8cb5760e17c6fb/1678704/src/traits.rs:247:41
[INFO] [stdout]     |
[INFO] [stdout] 247 |                    intrinsics::fabsf32, intrinsics::copysignf32, fdimf)
[INFO] [stdout]     |                                         ^^^^^^^^^^^^^^^^^^^^^^^
[INFO] [stdout] 
[INFO] [stdout] 
[INFO] [stdout] error[E0658]: use of unstable library feature 'core_intrinsics': intrinsics are unlikely to ever be stabilized, instead they should be used through stabilized interfaces in the rest of the standard library
[INFO] [stdout]    --> /opt/rustwide/cargo-home/git/checkouts/num-2d8cb5760e17c6fb/1678704/src/traits.rs:249:20
[INFO] [stdout]     |
[INFO] [stdout] 249 |                    intrinsics::fabsf64, intrinsics::copysignf64, fdim)
[INFO] [stdout]     |                    ^^^^^^^^^^^^^^^^^^^
[INFO] [stdout] 
[INFO] [stdout] 
[INFO] [stdout] error[E0658]: use of unstable library feature 'core_intrinsics': intrinsics are unlikely to ever be stabilized, instead they should be used through stabilized interfaces in the rest of the standard library
[INFO] [stdout]    --> /opt/rustwide/cargo-home/git/checkouts/num-2d8cb5760e17c6fb/1678704/src/traits.rs:249:41
[INFO] [stdout]     |
[INFO] [stdout] 249 |                    intrinsics::fabsf64, intrinsics::copysignf64, fdim)
[INFO] [stdout]     |                                         ^^^^^^^^^^^^^^^^^^^^^^^
[INFO] [stdout] 
[INFO] [stdout] 
[INFO] [stdout] error[E0433]: failed to resolve: use of undeclared type `FromPrimitive`
[INFO] [stdout]    --> /opt/rustwide/cargo-home/git/checkouts/num-2d8cb5760e17c6fb/1678704/src/rational.rs:193:34
[INFO] [stdout]     |
[INFO] [stdout] 193 |             let numer: BigUint = FromPrimitive::from_u64(mantissa).unwrap();
[INFO] [stdout]     |                                  ^^^^^^^^^^^^^ use of undeclared type `FromPrimitive`
[INFO] [stdout] 
[INFO] [stdout] 
[INFO] [stdout] error[E0433]: failed to resolve: use of undeclared type `FromPrimitive`
[INFO] [stdout]    --> /opt/rustwide/cargo-home/git/checkouts/num-2d8cb5760e17c6fb/1678704/src/rational.rs:196:38
[INFO] [stdout]     |
[INFO] [stdout] 196 |             let mut numer: BigUint = FromPrimitive::from_u64(mantissa).unwrap();
[INFO] [stdout]     |                                      ^^^^^^^^^^^^^ use of undeclared type `FromPrimitive`
[INFO] [stdout] 
[INFO] [stdout] 
[INFO] [stdout] error: aborting due to 217 previous errors
[INFO] [stdout] 
[INFO] [stdout] 
[INFO] [stdout] Some errors have detailed explanations: E0405, E0412, E0425, E0432, E0433, E0463, E0554, E0658.
[INFO] [stdout] 
[INFO] [stdout] For more information about an error, try `rustc --explain E0405`.
[INFO] [stdout] 
[INFO] [stderr] error: could not compile `num` (lib) due to 218 previous errors
[INFO] running `Command { std: "docker" "inspect" "9520b5bd88358fe320d3d5d8e311ae16efb51fe4ada434cdfe731d7f2f8677ae", kill_on_drop: false }`
[INFO] running `Command { std: "docker" "rm" "-f" "9520b5bd88358fe320d3d5d8e311ae16efb51fe4ada434cdfe731d7f2f8677ae", kill_on_drop: false }`
[INFO] [stdout] 9520b5bd88358fe320d3d5d8e311ae16efb51fe4ada434cdfe731d7f2f8677ae
