[INFO] cloning repository https://github.com/freaktechnik/fis-falsch
[INFO] running `Command { std: "git" "-c" "credential.helper=" "-c" "credential.helper=/workspace/cargo-home/bin/git-credential-null" "clone" "--bare" "https://github.com/freaktechnik/fis-falsch" "/workspace/cache/git-repos/https%3A%2F%2Fgithub.com%2Ffreaktechnik%2Ffis-falsch", kill_on_drop: false }`
[INFO] [stderr] Cloning into bare repository '/workspace/cache/git-repos/https%3A%2F%2Fgithub.com%2Ffreaktechnik%2Ffis-falsch'...
[INFO] running `Command { std: "git" "rev-parse" "HEAD", kill_on_drop: false }`
[INFO] [stdout] e0a0a317a0eddc5a808ad37bdbf5c9021186a27f
[INFO] documenting freaktechnik/fis-falsch against 1.69.0 for beta-1.70-rustdoc-1
[INFO] running `Command { std: "git" "clone" "/workspace/cache/git-repos/https%3A%2F%2Fgithub.com%2Ffreaktechnik%2Ffis-falsch" "/workspace/builds/worker-7-tc1/source", kill_on_drop: false }`
[INFO] [stderr] Cloning into '/workspace/builds/worker-7-tc1/source'...
[INFO] [stderr] done.
[INFO] validating manifest of git repo https://github.com/freaktechnik/fis-falsch on toolchain 1.69.0
[INFO] running `Command { std: CARGO_HOME="/workspace/cargo-home" RUSTUP_HOME="/workspace/rustup-home" "/workspace/cargo-home/bin/cargo" "+1.69.0" "metadata" "--manifest-path" "Cargo.toml" "--no-deps", kill_on_drop: false }`
[INFO] started tweaking git repo https://github.com/freaktechnik/fis-falsch
[INFO] finished tweaking git repo https://github.com/freaktechnik/fis-falsch
[INFO] tweaked toml for git repo https://github.com/freaktechnik/fis-falsch written to /workspace/builds/worker-7-tc1/source/Cargo.toml
[INFO] crate git repo https://github.com/freaktechnik/fis-falsch already has a lockfile, it will not be regenerated
[INFO] running `Command { std: CARGO_HOME="/workspace/cargo-home" RUSTUP_HOME="/workspace/rustup-home" "/workspace/cargo-home/bin/cargo" "+1.69.0" "fetch" "--manifest-path" "Cargo.toml", kill_on_drop: false }`
[INFO] [stderr]  Downloading crates ...
[INFO] [stderr]   Downloaded tokio-rustls v0.8.0
[INFO] [stderr]   Downloaded tokio-signal v0.2.6
[INFO] [stderr]   Downloaded askama_escape v0.1.0
[INFO] [stderr]   Downloaded actix-net v0.2.6
[INFO] [stderr]   Downloaded arc-swap v0.3.4
[INFO] [stderr]   Downloaded signal-hook v0.1.5
[INFO] [stderr]   Downloaded actix-web v0.7.15
[INFO] [stderr]   Downloaded csv v1.0.2
[INFO] running `Command { std: "docker" "create" "-v" "/var/lib/crater-agent-workspace/builds/worker-7-tc1/target:/opt/rustwide/target:rw,Z" "-v" "/var/lib/crater-agent-workspace/builds/worker-7-tc1/source:/opt/rustwide/workdir:ro,Z" "-v" "/var/lib/crater-agent-workspace/cargo-home:/opt/rustwide/cargo-home:ro,Z" "-v" "/var/lib/crater-agent-workspace/rustup-home:/opt/rustwide/rustup-home:ro,Z" "-e" "SOURCE_DIR=/opt/rustwide/workdir" "-e" "CARGO_TARGET_DIR=/opt/rustwide/target" "-e" "CARGO_HOME=/opt/rustwide/cargo-home" "-e" "RUSTUP_HOME=/opt/rustwide/rustup-home" "-w" "/opt/rustwide/workdir" "-m" "1610612736" "--user" "0:0" "--network" "none" "ghcr.io/rust-lang/crates-build-env/linux@sha256:5ff2268d62e97bff2cde7d5815dd6ed5b47097566f13b8d0ca110b04b60e07ed" "/opt/rustwide/cargo-home/bin/cargo" "+1.69.0" "metadata" "--no-deps" "--format-version=1", kill_on_drop: false }`
[INFO] [stdout] 9c5333c418f45092093f717811974f148ff7a57d665efdeeca627b7226708300
[INFO] running `Command { std: "docker" "start" "-a" "9c5333c418f45092093f717811974f148ff7a57d665efdeeca627b7226708300", kill_on_drop: false }`
[INFO] running `Command { std: "docker" "inspect" "9c5333c418f45092093f717811974f148ff7a57d665efdeeca627b7226708300", kill_on_drop: false }`
[INFO] running `Command { std: "docker" "rm" "-f" "9c5333c418f45092093f717811974f148ff7a57d665efdeeca627b7226708300", kill_on_drop: false }`
[INFO] [stdout] 9c5333c418f45092093f717811974f148ff7a57d665efdeeca627b7226708300
[INFO] running `Command { std: "docker" "create" "-v" "/var/lib/crater-agent-workspace/builds/worker-7-tc1/target:/opt/rustwide/target:rw,Z" "-v" "/var/lib/crater-agent-workspace/builds/worker-7-tc1/source:/opt/rustwide/workdir:ro,Z" "-v" "/var/lib/crater-agent-workspace/cargo-home:/opt/rustwide/cargo-home:ro,Z" "-v" "/var/lib/crater-agent-workspace/rustup-home:/opt/rustwide/rustup-home:ro,Z" "-e" "SOURCE_DIR=/opt/rustwide/workdir" "-e" "CARGO_TARGET_DIR=/opt/rustwide/target" "-e" "CARGO_INCREMENTAL=0" "-e" "RUST_BACKTRACE=full" "-e" "RUSTFLAGS=--cap-lints=warn" "-e" "RUSTDOCFLAGS=--cap-lints=warn" "-e" "CARGO_HOME=/opt/rustwide/cargo-home" "-e" "RUSTUP_HOME=/opt/rustwide/rustup-home" "-w" "/opt/rustwide/workdir" "-m" "1610612736" "--user" "0:0" "--network" "none" "ghcr.io/rust-lang/crates-build-env/linux@sha256:5ff2268d62e97bff2cde7d5815dd6ed5b47097566f13b8d0ca110b04b60e07ed" "/opt/rustwide/cargo-home/bin/cargo" "+1.69.0" "doc" "--frozen" "--no-deps" "--document-private-items" "--message-format=json", kill_on_drop: false }`
[INFO] [stdout] 41d4ac3451379b07e52300a6bac2f61e844e99da1db0235dd4d476e48ddd1fb1
[INFO] running `Command { std: "docker" "start" "-a" "41d4ac3451379b07e52300a6bac2f61e844e99da1db0235dd4d476e48ddd1fb1", kill_on_drop: false }`
[INFO] [stderr]    Compiling libc v0.2.126
[INFO] [stderr]     Checking cfg-if v0.1.6
[INFO] [stderr]    Compiling cc v1.0.25
[INFO] [stderr]     Checking rand_core v0.3.0
[INFO] [stderr]     Checking byteorder v1.2.6
[INFO] [stderr]     Checking futures v0.1.25
[INFO] [stderr]     Checking scopeguard v0.3.3
[INFO] [stderr]    Compiling maybe-uninit v2.0.0
[INFO] [stderr]     Checking crossbeam-utils v0.5.0
[INFO] [stderr]     Checking slab v0.4.1
[INFO] [stderr]     Checking stable_deref_trait v1.1.1
[INFO] [stderr]    Compiling proc-macro2 v0.4.20
[INFO] [stderr]    Compiling unicode-xid v0.1.0
[INFO] [stderr]     Checking lazycell v1.2.0
[INFO] [stderr]    Compiling lazy_static v1.1.0
[INFO] [stderr]    Compiling parking_lot_core v0.3.1
[INFO] [stderr]     Checking log v0.4.5
[INFO] [stderr]     Checking owning_ref v0.3.3
[INFO] [stderr]    Compiling autocfg v1.1.0
[INFO] [stderr]     Checking encoding_index_tests v0.1.4
[INFO] [stderr]     Checking nodrop v0.1.12
[INFO] [stderr]     Checking unicode-normalization v0.1.7
[INFO] [stderr]     Checking memoffset v0.2.1
[INFO] [stderr]     Checking rand_core v0.2.2
[INFO] [stderr]     Checking encoding-index-simpchinese v1.20141219.5
[INFO] [stderr]     Checking arrayvec v0.4.7
[INFO] [stderr]     Checking encoding-index-singlebyte v1.20141219.5
[INFO] [stderr]     Checking lock_api v0.1.4
[INFO] [stderr]     Checking encoding-index-tradchinese v1.20141219.5
[INFO] [stderr]     Checking encoding-index-korean v1.20141219.5
[INFO] [stderr]     Checking encoding-index-japanese v1.20141219.5
[INFO] [stderr]    Compiling autocfg v0.1.8
[INFO] [stderr]    Compiling failure_derive v0.1.3
[INFO] [stderr]     Checking untrusted v0.6.2
[INFO] [stderr]     Checking rustc-demangle v0.1.9
[INFO] [stderr]    Compiling unicase v1.4.2
[INFO] [stderr]     Checking smallvec v0.6.14
[INFO] [stderr]    Compiling memchr v2.1.0
[INFO] [stderr]    Compiling siphasher v0.2.3
[INFO] [stderr]     Checking encoding v0.2.33
[INFO] [stderr]     Checking crossbeam-epoch v0.5.2
[INFO] [stderr]    Compiling rand_chacha v0.1.1
[INFO] [stderr]    Compiling rand_pcg v0.1.2
[INFO] [stderr]    Compiling rand v0.6.5
[INFO] [stderr]     Checking cfg-if v1.0.0
[INFO] [stderr]    Compiling phf_shared v0.7.23
[INFO] [stderr]     Checking rand_xorshift v0.1.1
[INFO] [stderr]     Checking rand_isaac v0.1.1
[INFO] [stderr]     Checking crossbeam-deque v0.6.1
[INFO] [stderr]     Checking rand_hc v0.1.0
[INFO] [stderr]    Compiling parking_lot_core v0.4.0
[INFO] [stderr]    Compiling serde v1.0.80
[INFO] [stderr]     Checking safemem v0.3.0
[INFO] [stderr]    Compiling quote v0.6.8
[INFO] [stderr]    Compiling unicase v2.2.0
[INFO] [stderr]     Checking base64 v0.9.3
[INFO] [stderr]     Checking itoa v0.4.3
[INFO] [stderr]     Checking quick-error v1.2.2
[INFO] [stderr]     Checking iovec v0.1.2
[INFO] [stderr]     Checking rand v0.5.5
[INFO] [stderr]     Checking num_cpus v1.8.0
[INFO] [stderr]     Checking net2 v0.2.37
[INFO] [stderr]    Compiling syn v0.15.13
[INFO] [stderr]    Compiling ring v0.13.2
[INFO] [stderr]    Compiling backtrace-sys v0.1.24
[INFO] [stderr]     Checking bytes v0.4.10
[INFO] [stderr]     Checking rand_os v0.1.3
[INFO] [stderr]     Checking socket2 v0.3.19
[INFO] [stderr]     Checking idna v0.1.5
[INFO] [stderr]     Checking tokio-executor v0.1.5
[INFO] [stderr]     Checking hostname v0.1.5
[INFO] [stderr]     Checking arc-swap v0.3.4
[INFO] [stderr]     Checking linked-hash-map v0.4.2
[INFO] [stderr]     Checking resolv-conf v0.6.1
[INFO] [stderr]     Checking mio v0.6.16
[INFO] [stderr]     Checking tokio-timer v0.2.7
[INFO] [stderr]     Checking tokio-current-thread v0.1.3
[INFO] [stderr]     Checking signal-hook v0.1.5
[INFO] [stderr]     Checking lru-cache v0.1.1
[INFO] [stderr]     Checking tokio-io v0.1.10
[INFO] [stderr]    Compiling syn v0.14.9
[INFO] [stderr]    Compiling brotli-sys v0.3.2
[INFO] [stderr]    Compiling miniz-sys v0.1.11
[INFO] [stderr]     Checking crossbeam-utils v0.6.6
[INFO] [stdout] error[E0277]: the trait bound `rand_hc::Hc128Rng: SeedableRng` is not satisfied
[INFO] [stdout]   --> /opt/rustwide/cargo-home/registry/src/github.com-1ecc6299db9ec823/rand-0.6.5/src/rngs/std.rs:56:17
[INFO] [stdout]    |
[INFO] [stdout] 56 |     type Seed = <Hc128Rng as SeedableRng>::Seed;
[INFO] [stdout]    |                 ^^^^^^^^^^^^^^^^^^^^^^^^^^^^^^^ the trait `SeedableRng` is not implemented for `rand_hc::Hc128Rng`
[INFO] [stdout]    |
[INFO] [stdout]    = help: the following other types implement trait `SeedableRng`:
[INFO] [stdout]              BlockRng64<R>
[INFO] [stdout]              BlockRng<R>
[INFO] [stdout]              Lcg64Xsh32
[INFO] [stdout]              Mcg128Xsl64
[INFO] [stdout]              SmallRng
[INFO] [stdout]              deprecated::ChaChaRng
[INFO] [stdout]              deprecated::Hc128Rng
[INFO] [stdout]              deprecated::Isaac64Rng
[INFO] [stdout]            and 4 others
[INFO] [stdout] 
[INFO] [stdout] 
[INFO] [stderr]     Checking url v1.7.1
[INFO] [stdout] error[E0277]: the trait bound `rand_hc::Hc128Rng: SeedableRng` is not satisfied
[INFO] [stdout]   --> /opt/rustwide/cargo-home/registry/src/github.com-1ecc6299db9ec823/rand-0.6.5/src/rngs/std.rs:58:24
[INFO] [stdout]    |
[INFO] [stdout] 58 |     fn from_seed(seed: Self::Seed) -> Self {
[INFO] [stdout]    |                        ^^^^^^^^^^ the trait `SeedableRng` is not implemented for `rand_hc::Hc128Rng`
[INFO] [stdout]    |
[INFO] [stdout]    = help: the following other types implement trait `SeedableRng`:
[INFO] [stdout]              BlockRng64<R>
[INFO] [stdout]              BlockRng<R>
[INFO] [stdout]              Lcg64Xsh32
[INFO] [stdout]              Mcg128Xsl64
[INFO] [stdout]              SmallRng
[INFO] [stdout]              deprecated::ChaChaRng
[INFO] [stdout]              deprecated::Hc128Rng
[INFO] [stdout]              deprecated::Isaac64Rng
[INFO] [stdout]            and 4 others
[INFO] [stdout] 
[INFO] [stdout] 
[INFO] [stdout] error[E0277]: the trait bound `Hc128Core: BlockRngCore` is not satisfied
[INFO] [stdout]   --> /opt/rustwide/cargo-home/registry/src/github.com-1ecc6299db9ec823/rand-0.6.5/src/rngs/thread.rs:73:15
[INFO] [stdout]    |
[INFO] [stdout] 73 |     rng: *mut ReseedingRng<Hc128Core, EntropyRng>,
[INFO] [stdout]    |               ^^^^^^^^^^^^^^^^^^^^^^^^^^^^^^^^^^^ the trait `BlockRngCore` is not implemented for `Hc128Core`
[INFO] [stdout]    |
[INFO] [stdout] note: required by a bound in `reseeding::ReseedingRng`
[INFO] [stdout]   --> /opt/rustwide/cargo-home/registry/src/github.com-1ecc6299db9ec823/rand-0.6.5/src/rngs/adapter/reseeding.rs:89:10
[INFO] [stdout]    |
[INFO] [stdout] 88 | pub struct ReseedingRng<R, Rsdr>(BlockRng<ReseedingCore<R, Rsdr>>)
[INFO] [stdout]    |            ------------ required by a bound in this struct
[INFO] [stdout] 89 | where R: BlockRngCore + SeedableRng,
[INFO] [stdout]    |          ^^^^^^^^^^^^ required by this bound in `ReseedingRng`
[INFO] [stdout] 
[INFO] [stdout] 
[INFO] [stdout] error[E0277]: the trait bound `Hc128Core: SeedableRng` is not satisfied
[INFO] [stdout]   --> /opt/rustwide/cargo-home/registry/src/github.com-1ecc6299db9ec823/rand-0.6.5/src/rngs/thread.rs:73:15
[INFO] [stdout]    |
[INFO] [stdout] 73 |     rng: *mut ReseedingRng<Hc128Core, EntropyRng>,
[INFO] [stdout]    |               ^^^^^^^^^^^^^^^^^^^^^^^^^^^^^^^^^^^ the trait `SeedableRng` is not implemented for `Hc128Core`
[INFO] [stdout]    |
[INFO] [stdout]    = help: the following other types implement trait `SeedableRng`:
[INFO] [stdout]              BlockRng64<R>
[INFO] [stdout]              BlockRng<R>
[INFO] [stdout]              Lcg64Xsh32
[INFO] [stdout]              Mcg128Xsl64
[INFO] [stdout]              SmallRng
[INFO] [stdout]              deprecated::ChaChaRng
[INFO] [stdout]              deprecated::Hc128Rng
[INFO] [stdout]              deprecated::Isaac64Rng
[INFO] [stdout]            and 4 others
[INFO] [stdout] note: required by a bound in `reseeding::ReseedingRng`
[INFO] [stdout]   --> /opt/rustwide/cargo-home/registry/src/github.com-1ecc6299db9ec823/rand-0.6.5/src/rngs/adapter/reseeding.rs:89:25
[INFO] [stdout]    |
[INFO] [stdout] 88 | pub struct ReseedingRng<R, Rsdr>(BlockRng<ReseedingCore<R, Rsdr>>)
[INFO] [stdout]    |            ------------ required by a bound in this struct
[INFO] [stdout] 89 | where R: BlockRngCore + SeedableRng,
[INFO] [stdout]    |                         ^^^^^^^^^^^ required by this bound in `ReseedingRng`
[INFO] [stdout] 
[INFO] [stdout] 
[INFO] [stdout] error[E0277]: the trait bound `Hc128Core: BlockRngCore` is not satisfied
[INFO] [stdout]   --> /opt/rustwide/cargo-home/registry/src/github.com-1ecc6299db9ec823/rand-0.6.5/src/rngs/thread.rs:77:39
[INFO] [stdout]    |
[INFO] [stdout] 77 |     static THREAD_RNG_KEY: UnsafeCell<ReseedingRng<Hc128Core, EntropyRng>> = {
[INFO] [stdout]    |                                       ^^^^^^^^^^^^^^^^^^^^^^^^^^^^^^^^^^^ the trait `BlockRngCore` is not implemented for `Hc128Core`
[INFO] [stdout]    |
[INFO] [stdout] note: required by a bound in `reseeding::ReseedingRng`
[INFO] [stdout]   --> /opt/rustwide/cargo-home/registry/src/github.com-1ecc6299db9ec823/rand-0.6.5/src/rngs/adapter/reseeding.rs:89:10
[INFO] [stdout]    |
[INFO] [stdout] 88 | pub struct ReseedingRng<R, Rsdr>(BlockRng<ReseedingCore<R, Rsdr>>)
[INFO] [stdout]    |            ------------ required by a bound in this struct
[INFO] [stdout] 89 | where R: BlockRngCore + SeedableRng,
[INFO] [stdout]    |          ^^^^^^^^^^^^ required by this bound in `ReseedingRng`
[INFO] [stdout] 
[INFO] [stdout] 
[INFO] [stdout] error[E0277]: the trait bound `Hc128Core: SeedableRng` is not satisfied
[INFO] [stdout]   --> /opt/rustwide/cargo-home/registry/src/github.com-1ecc6299db9ec823/rand-0.6.5/src/rngs/thread.rs:77:39
[INFO] [stdout]    |
[INFO] [stdout] 77 |     static THREAD_RNG_KEY: UnsafeCell<ReseedingRng<Hc128Core, EntropyRng>> = {
[INFO] [stdout]    |                                       ^^^^^^^^^^^^^^^^^^^^^^^^^^^^^^^^^^^ the trait `SeedableRng` is not implemented for `Hc128Core`
[INFO] [stdout]    |
[INFO] [stdout]    = help: the following other types implement trait `SeedableRng`:
[INFO] [stdout]              BlockRng64<R>
[INFO] [stdout]              BlockRng<R>
[INFO] [stdout]              Lcg64Xsh32
[INFO] [stdout]              Mcg128Xsl64
[INFO] [stdout]              SmallRng
[INFO] [stdout]              deprecated::ChaChaRng
[INFO] [stdout]              deprecated::Hc128Rng
[INFO] [stdout]              deprecated::Isaac64Rng
[INFO] [stdout]            and 4 others
[INFO] [stdout] note: required by a bound in `reseeding::ReseedingRng`
[INFO] [stdout]   --> /opt/rustwide/cargo-home/registry/src/github.com-1ecc6299db9ec823/rand-0.6.5/src/rngs/adapter/reseeding.rs:89:25
[INFO] [stdout]    |
[INFO] [stdout] 88 | pub struct ReseedingRng<R, Rsdr>(BlockRng<ReseedingCore<R, Rsdr>>)
[INFO] [stdout]    |            ------------ required by a bound in this struct
[INFO] [stdout] 89 | where R: BlockRngCore + SeedableRng,
[INFO] [stdout]    |                         ^^^^^^^^^^^ required by this bound in `ReseedingRng`
[INFO] [stdout] 
[INFO] [stdout] 
[INFO] [stdout] error[E0277]: the trait bound `rand_isaac::IsaacRng: SeedableRng` is not satisfied
[INFO] [stdout]   --> /opt/rustwide/cargo-home/registry/src/github.com-1ecc6299db9ec823/rand-0.6.5/src/deprecated.rs:51:17
[INFO] [stdout]    |
[INFO] [stdout] 51 |     type Seed = <rand_isaac::IsaacRng as SeedableRng>::Seed;
[INFO] [stdout]    |                 ^^^^^^^^^^^^^^^^^^^^^^^^^^^^^^^^^^^^^^^^^^^ the trait `SeedableRng` is not implemented for `rand_isaac::IsaacRng`
[INFO] [stdout]    |
[INFO] [stdout]    = help: the following other types implement trait `SeedableRng`:
[INFO] [stdout]              BlockRng64<R>
[INFO] [stdout]              BlockRng<R>
[INFO] [stdout]              Lcg64Xsh32
[INFO] [stdout]              Mcg128Xsl64
[INFO] [stdout]              SmallRng
[INFO] [stdout]              deprecated::ChaChaRng
[INFO] [stdout]              deprecated::Hc128Rng
[INFO] [stdout]              deprecated::Isaac64Rng
[INFO] [stdout]            and 4 others
[INFO] [stdout] 
[INFO] [stdout] 
[INFO] [stdout] error[E0277]: the trait bound `rand_isaac::IsaacRng: SeedableRng` is not satisfied
[INFO] [stdout]   --> /opt/rustwide/cargo-home/registry/src/github.com-1ecc6299db9ec823/rand-0.6.5/src/deprecated.rs:53:24
[INFO] [stdout]    |
[INFO] [stdout] 53 |     fn from_seed(seed: Self::Seed) -> Self {
[INFO] [stdout]    |                        ^^^^^^^^^^ the trait `SeedableRng` is not implemented for `rand_isaac::IsaacRng`
[INFO] [stdout]    |
[INFO] [stdout]    = help: the following other types implement trait `SeedableRng`:
[INFO] [stdout]              BlockRng64<R>
[INFO] [stdout]              BlockRng<R>
[INFO] [stdout]              Lcg64Xsh32
[INFO] [stdout]              Mcg128Xsl64
[INFO] [stdout]              SmallRng
[INFO] [stdout]              deprecated::ChaChaRng
[INFO] [stdout]              deprecated::Hc128Rng
[INFO] [stdout]              deprecated::Isaac64Rng
[INFO] [stdout]            and 4 others
[INFO] [stdout] 
[INFO] [stdout] 
[INFO] [stdout] error[E0277]: the trait bound `rand_isaac::Isaac64Rng: SeedableRng` is not satisfied
[INFO] [stdout]   --> /opt/rustwide/cargo-home/registry/src/github.com-1ecc6299db9ec823/rand-0.6.5/src/deprecated.rs:97:17
[INFO] [stdout]    |
[INFO] [stdout] 97 |     type Seed = <rand_isaac::Isaac64Rng as SeedableRng>::Seed;
[INFO] [stdout]    |                 ^^^^^^^^^^^^^^^^^^^^^^^^^^^^^^^^^^^^^^^^^^^^^ the trait `SeedableRng` is not implemented for `rand_isaac::Isaac64Rng`
[INFO] [stdout]    |
[INFO] [stdout]    = help: the following other types implement trait `SeedableRng`:
[INFO] [stdout]              BlockRng64<R>
[INFO] [stdout]              BlockRng<R>
[INFO] [stdout]              Lcg64Xsh32
[INFO] [stdout]              Mcg128Xsl64
[INFO] [stdout]              SmallRng
[INFO] [stdout]              deprecated::ChaChaRng
[INFO] [stdout]              deprecated::Hc128Rng
[INFO] [stdout]              deprecated::Isaac64Rng
[INFO] [stdout]            and 4 others
[INFO] [stdout] 
[INFO] [stdout] 
[INFO] [stdout] error[E0277]: the trait bound `rand_isaac::Isaac64Rng: SeedableRng` is not satisfied
[INFO] [stdout]   --> /opt/rustwide/cargo-home/registry/src/github.com-1ecc6299db9ec823/rand-0.6.5/src/deprecated.rs:99:24
[INFO] [stdout]    |
[INFO] [stdout] 99 |     fn from_seed(seed: Self::Seed) -> Self {
[INFO] [stdout]    |                        ^^^^^^^^^^ the trait `SeedableRng` is not implemented for `rand_isaac::Isaac64Rng`
[INFO] [stdout]    |
[INFO] [stdout]    = help: the following other types implement trait `SeedableRng`:
[INFO] [stdout]              BlockRng64<R>
[INFO] [stdout]              BlockRng<R>
[INFO] [stdout]              Lcg64Xsh32
[INFO] [stdout]              Mcg128Xsl64
[INFO] [stdout]              SmallRng
[INFO] [stdout]              deprecated::ChaChaRng
[INFO] [stdout]              deprecated::Hc128Rng
[INFO] [stdout]              deprecated::Isaac64Rng
[INFO] [stdout]            and 4 others
[INFO] [stdout] 
[INFO] [stdout] 
[INFO] [stdout] error[E0277]: the trait bound `rand_chacha::ChaChaRng: SeedableRng` is not satisfied
[INFO] [stdout]    --> /opt/rustwide/cargo-home/registry/src/github.com-1ecc6299db9ec823/rand-0.6.5/src/deprecated.rs:142:17
[INFO] [stdout]     |
[INFO] [stdout] 142 |     type Seed = <rand_chacha::ChaChaRng as SeedableRng>::Seed;
[INFO] [stdout]     |                 ^^^^^^^^^^^^^^^^^^^^^^^^^^^^^^^^^^^^^^^^^^^^^ the trait `SeedableRng` is not implemented for `rand_chacha::ChaChaRng`
[INFO] [stdout]     |
[INFO] [stdout]     = help: the following other types implement trait `SeedableRng`:
[INFO] [stdout]               BlockRng64<R>
[INFO] [stdout]               BlockRng<R>
[INFO] [stdout]               Lcg64Xsh32
[INFO] [stdout]               Mcg128Xsl64
[INFO] [stdout]               SmallRng
[INFO] [stdout]               deprecated::ChaChaRng
[INFO] [stdout]               deprecated::Hc128Rng
[INFO] [stdout]               deprecated::Isaac64Rng
[INFO] [stdout]             and 4 others
[INFO] [stdout] 
[INFO] [stdout] 
[INFO] [stdout] error[E0277]: the trait bound `rand_chacha::ChaChaRng: SeedableRng` is not satisfied
[INFO] [stdout]    --> /opt/rustwide/cargo-home/registry/src/github.com-1ecc6299db9ec823/rand-0.6.5/src/deprecated.rs:144:24
[INFO] [stdout]     |
[INFO] [stdout] 144 |     fn from_seed(seed: Self::Seed) -> Self {
[INFO] [stdout]     |                        ^^^^^^^^^^ the trait `SeedableRng` is not implemented for `rand_chacha::ChaChaRng`
[INFO] [stdout]     |
[INFO] [stdout]     = help: the following other types implement trait `SeedableRng`:
[INFO] [stdout]               BlockRng64<R>
[INFO] [stdout]               BlockRng<R>
[INFO] [stdout]               Lcg64Xsh32
[INFO] [stdout]               Mcg128Xsl64
[INFO] [stdout]               SmallRng
[INFO] [stdout]               deprecated::ChaChaRng
[INFO] [stdout]               deprecated::Hc128Rng
[INFO] [stdout]               deprecated::Isaac64Rng
[INFO] [stdout]             and 4 others
[INFO] [stdout] 
[INFO] [stdout] 
[INFO] [stdout] error[E0277]: the trait bound `rand_hc::Hc128Rng: SeedableRng` is not satisfied
[INFO] [stdout]    --> /opt/rustwide/cargo-home/registry/src/github.com-1ecc6299db9ec823/rand-0.6.5/src/deprecated.rs:199:17
[INFO] [stdout]     |
[INFO] [stdout] 199 |     type Seed = <rand_hc::Hc128Rng as SeedableRng>::Seed;
[INFO] [stdout]     |                 ^^^^^^^^^^^^^^^^^^^^^^^^^^^^^^^^^^^^^^^^ the trait `SeedableRng` is not implemented for `rand_hc::Hc128Rng`
[INFO] [stdout]     |
[INFO] [stdout]     = help: the following other types implement trait `SeedableRng`:
[INFO] [stdout]               BlockRng64<R>
[INFO] [stdout]               BlockRng<R>
[INFO] [stdout]               Lcg64Xsh32
[INFO] [stdout]               Mcg128Xsl64
[INFO] [stdout]               SmallRng
[INFO] [stdout]               deprecated::ChaChaRng
[INFO] [stdout]               deprecated::Hc128Rng
[INFO] [stdout]               deprecated::Isaac64Rng
[INFO] [stdout]             and 4 others
[INFO] [stdout] 
[INFO] [stdout] 
[INFO] [stdout] error[E0277]: the trait bound `rand_hc::Hc128Rng: SeedableRng` is not satisfied
[INFO] [stdout]    --> /opt/rustwide/cargo-home/registry/src/github.com-1ecc6299db9ec823/rand-0.6.5/src/deprecated.rs:201:24
[INFO] [stdout]     |
[INFO] [stdout] 201 |     fn from_seed(seed: Self::Seed) -> Self {
[INFO] [stdout]     |                        ^^^^^^^^^^ the trait `SeedableRng` is not implemented for `rand_hc::Hc128Rng`
[INFO] [stdout]     |
[INFO] [stdout]     = help: the following other types implement trait `SeedableRng`:
[INFO] [stdout]               BlockRng64<R>
[INFO] [stdout]               BlockRng<R>
[INFO] [stdout]               Lcg64Xsh32
[INFO] [stdout]               Mcg128Xsl64
[INFO] [stdout]               SmallRng
[INFO] [stdout]               deprecated::ChaChaRng
[INFO] [stdout]               deprecated::Hc128Rng
[INFO] [stdout]               deprecated::Isaac64Rng
[INFO] [stdout]             and 4 others
[INFO] [stdout] 
[INFO] [stdout] 
[INFO] [stdout] error[E0277]: the trait bound `rand_xorshift::XorShiftRng: SeedableRng` is not satisfied
[INFO] [stdout]    --> /opt/rustwide/cargo-home/registry/src/github.com-1ecc6299db9ec823/rand-0.6.5/src/deprecated.rs:240:17
[INFO] [stdout]     |
[INFO] [stdout] 240 |     type Seed = <::rand_xorshift::XorShiftRng as SeedableRng>::Seed;
[INFO] [stdout]     |                 ^^^^^^^^^^^^^^^^^^^^^^^^^^^^^^^^^^^^^^^^^^^^^^^^^^^ the trait `SeedableRng` is not implemented for `rand_xorshift::XorShiftRng`
[INFO] [stdout]     |
[INFO] [stdout]     = help: the following other types implement trait `SeedableRng`:
[INFO] [stdout]               BlockRng64<R>
[INFO] [stdout]               BlockRng<R>
[INFO] [stdout]               Lcg64Xsh32
[INFO] [stdout]               Mcg128Xsl64
[INFO] [stdout]               SmallRng
[INFO] [stdout]               deprecated::ChaChaRng
[INFO] [stdout]               deprecated::Hc128Rng
[INFO] [stdout]               deprecated::Isaac64Rng
[INFO] [stdout]             and 4 others
[INFO] [stdout] 
[INFO] [stdout] 
[INFO] [stdout] error[E0277]: the trait bound `rand_xorshift::XorShiftRng: SeedableRng` is not satisfied
[INFO] [stdout]    --> /opt/rustwide/cargo-home/registry/src/github.com-1ecc6299db9ec823/rand-0.6.5/src/deprecated.rs:242:24
[INFO] [stdout]     |
[INFO] [stdout] 242 |     fn from_seed(seed: Self::Seed) -> Self {
[INFO] [stdout]     |                        ^^^^^^^^^^ the trait `SeedableRng` is not implemented for `rand_xorshift::XorShiftRng`
[INFO] [stdout]     |
[INFO] [stdout]     = help: the following other types implement trait `SeedableRng`:
[INFO] [stdout]               BlockRng64<R>
[INFO] [stdout]               BlockRng<R>
[INFO] [stdout]               Lcg64Xsh32
[INFO] [stdout]               Mcg128Xsl64
[INFO] [stdout]               SmallRng
[INFO] [stdout]               deprecated::ChaChaRng
[INFO] [stdout]               deprecated::Hc128Rng
[INFO] [stdout]               deprecated::Isaac64Rng
[INFO] [stdout]             and 4 others
[INFO] [stdout] 
[INFO] [stdout] 
[INFO] [stdout] error[E0277]: the trait bound `rand_hc::Hc128Rng: SeedableRng` is not satisfied
[INFO] [stdout]    --> /opt/rustwide/cargo-home/registry/src/github.com-1ecc6299db9ec823/rand-0.6.5/src/deprecated.rs:280:17
[INFO] [stdout]     |
[INFO] [stdout] 280 |     type Seed = <rngs::StdRng as SeedableRng>::Seed;
[INFO] [stdout]     |                 ^^^^^^^^^^^^^^^^^^^^^^^^^^^^^^^^^^^ the trait `SeedableRng` is not implemented for `rand_hc::Hc128Rng`
[INFO] [stdout]     |
[INFO] [stdout]     = help: the following other types implement trait `SeedableRng`:
[INFO] [stdout]               BlockRng64<R>
[INFO] [stdout]               BlockRng<R>
[INFO] [stdout]               Lcg64Xsh32
[INFO] [stdout]               Mcg128Xsl64
[INFO] [stdout]               SmallRng
[INFO] [stdout]               deprecated::ChaChaRng
[INFO] [stdout]               deprecated::Hc128Rng
[INFO] [stdout]               deprecated::Isaac64Rng
[INFO] [stdout]             and 4 others
[INFO] [stdout] 
[INFO] [stdout] 
[INFO] [stdout] error[E0277]: the trait bound `rand_hc::Hc128Rng: SeedableRng` is not satisfied
[INFO] [stdout]    --> /opt/rustwide/cargo-home/registry/src/github.com-1ecc6299db9ec823/rand-0.6.5/src/deprecated.rs:282:24
[INFO] [stdout]     |
[INFO] [stdout] 282 |     fn from_seed(seed: Self::Seed) -> Self {
[INFO] [stdout]     |                        ^^^^^^^^^^ the trait `SeedableRng` is not implemented for `rand_hc::Hc128Rng`
[INFO] [stdout]     |
[INFO] [stdout]     = help: the following other types implement trait `SeedableRng`:
[INFO] [stdout]               BlockRng64<R>
[INFO] [stdout]               BlockRng<R>
[INFO] [stdout]               Lcg64Xsh32
[INFO] [stdout]               Mcg128Xsl64
[INFO] [stdout]               SmallRng
[INFO] [stdout]               deprecated::ChaChaRng
[INFO] [stdout]               deprecated::Hc128Rng
[INFO] [stdout]               deprecated::Isaac64Rng
[INFO] [stdout]             and 4 others
[INFO] [stdout] 
[INFO] [stdout] 
[INFO] [stdout] error: aborting due to 18 previous errors
[INFO] [stdout] 
[INFO] [stdout] 
[INFO] [stdout] For more information about this error, try `rustc --explain E0277`.
[INFO] [stdout] 
[INFO] [stderr] error: could not compile `rand` due to 19 previous errors
[INFO] [stderr] warning: build failed, waiting for other jobs to finish...
[INFO] running `Command { std: "docker" "inspect" "41d4ac3451379b07e52300a6bac2f61e844e99da1db0235dd4d476e48ddd1fb1", kill_on_drop: false }`
[INFO] running `Command { std: "docker" "rm" "-f" "41d4ac3451379b07e52300a6bac2f61e844e99da1db0235dd4d476e48ddd1fb1", kill_on_drop: false }`
[INFO] [stdout] 41d4ac3451379b07e52300a6bac2f61e844e99da1db0235dd4d476e48ddd1fb1
