[INFO] cloning repository https://github.com/foresterre/avifexample
[INFO] running `Command { std: "git" "-c" "credential.helper=" "-c" "credential.helper=/workspace/cargo-home/bin/git-credential-null" "clone" "--bare" "https://github.com/foresterre/avifexample" "/workspace/cache/git-repos/https%3A%2F%2Fgithub.com%2Fforesterre%2Favifexample", kill_on_drop: false }`
[INFO] [stderr] Cloning into bare repository '/workspace/cache/git-repos/https%3A%2F%2Fgithub.com%2Fforesterre%2Favifexample'...
[INFO] running `Command { std: "git" "rev-parse" "HEAD", kill_on_drop: false }`
[INFO] [stdout] 885851c444d7cac0e95170113bb0c51cdb27fe7b
[INFO] documenting foresterre/avifexample against 1.69.0 for beta-1.70-rustdoc-1
[INFO] running `Command { std: "git" "clone" "/workspace/cache/git-repos/https%3A%2F%2Fgithub.com%2Fforesterre%2Favifexample" "/workspace/builds/worker-6-tc1/source", kill_on_drop: false }`
[INFO] [stderr] Cloning into '/workspace/builds/worker-6-tc1/source'...
[INFO] [stderr] done.
[INFO] validating manifest of git repo https://github.com/foresterre/avifexample on toolchain 1.69.0
[INFO] running `Command { std: CARGO_HOME="/workspace/cargo-home" RUSTUP_HOME="/workspace/rustup-home" "/workspace/cargo-home/bin/cargo" "+1.69.0" "metadata" "--manifest-path" "Cargo.toml" "--no-deps", kill_on_drop: false }`
[INFO] started tweaking git repo https://github.com/foresterre/avifexample
[INFO] finished tweaking git repo https://github.com/foresterre/avifexample
[INFO] tweaked toml for git repo https://github.com/foresterre/avifexample written to /workspace/builds/worker-6-tc1/source/Cargo.toml
[INFO] crate git repo https://github.com/foresterre/avifexample already has a lockfile, it will not be regenerated
[INFO] running `Command { std: CARGO_HOME="/workspace/cargo-home" RUSTUP_HOME="/workspace/rustup-home" "/workspace/cargo-home/bin/cargo" "+1.69.0" "fetch" "--manifest-path" "Cargo.toml", kill_on_drop: false }`
[INFO] [stderr]  Downloading crates ...
[INFO] [stderr]   Downloaded paste v1.0.1
[INFO] [stderr]   Downloaded interpolate_name v0.2.3
[INFO] [stderr]   Downloaded simd_helpers v0.1.0
[INFO] [stderr]   Downloaded rgb v0.8.25
[INFO] [stderr]   Downloaded noop_proc_macro v0.2.1
[INFO] [stderr]   Downloaded noop_proc_macro v0.3.0
[INFO] [stderr]   Downloaded loop9 v0.1.3
[INFO] [stderr]   Downloaded avif-serialize v0.6.4
[INFO] [stderr]   Downloaded imgref v1.7.0
[INFO] [stderr]   Downloaded ravif v0.6.2
[INFO] [stderr]   Downloaded arg_enum_proc_macro v0.3.0
[INFO] [stderr]   Downloaded num-derive v0.3.2
[INFO] [stderr]   Downloaded weezl v0.1.1
[INFO] [stderr]   Downloaded bitstream-io v0.9.0
[INFO] [stderr]   Downloaded arbitrary v0.4.6
[INFO] [stderr]   Downloaded v_frame v0.1.0
[INFO] [stderr]   Downloaded rav1e v0.4.0-alpha
[INFO] running `Command { std: "docker" "create" "-v" "/var/lib/crater-agent-workspace/builds/worker-6-tc1/target:/opt/rustwide/target:rw,Z" "-v" "/var/lib/crater-agent-workspace/builds/worker-6-tc1/source:/opt/rustwide/workdir:ro,Z" "-v" "/var/lib/crater-agent-workspace/cargo-home:/opt/rustwide/cargo-home:ro,Z" "-v" "/var/lib/crater-agent-workspace/rustup-home:/opt/rustwide/rustup-home:ro,Z" "-e" "SOURCE_DIR=/opt/rustwide/workdir" "-e" "CARGO_TARGET_DIR=/opt/rustwide/target" "-e" "CARGO_HOME=/opt/rustwide/cargo-home" "-e" "RUSTUP_HOME=/opt/rustwide/rustup-home" "-w" "/opt/rustwide/workdir" "-m" "1610612736" "--user" "0:0" "--network" "none" "ghcr.io/rust-lang/crates-build-env/linux@sha256:5ff2268d62e97bff2cde7d5815dd6ed5b47097566f13b8d0ca110b04b60e07ed" "/opt/rustwide/cargo-home/bin/cargo" "+1.69.0" "metadata" "--no-deps" "--format-version=1", kill_on_drop: false }`
[INFO] [stdout] ef072349dc845211a478e7de387c4054c268a51d8bc37a339dad710d423283e5
[INFO] running `Command { std: "docker" "start" "-a" "ef072349dc845211a478e7de387c4054c268a51d8bc37a339dad710d423283e5", kill_on_drop: false }`
[INFO] running `Command { std: "docker" "inspect" "ef072349dc845211a478e7de387c4054c268a51d8bc37a339dad710d423283e5", kill_on_drop: false }`
[INFO] running `Command { std: "docker" "rm" "-f" "ef072349dc845211a478e7de387c4054c268a51d8bc37a339dad710d423283e5", kill_on_drop: false }`
[INFO] [stdout] ef072349dc845211a478e7de387c4054c268a51d8bc37a339dad710d423283e5
[INFO] running `Command { std: "docker" "create" "-v" "/var/lib/crater-agent-workspace/builds/worker-6-tc1/target:/opt/rustwide/target:rw,Z" "-v" "/var/lib/crater-agent-workspace/builds/worker-6-tc1/source:/opt/rustwide/workdir:ro,Z" "-v" "/var/lib/crater-agent-workspace/cargo-home:/opt/rustwide/cargo-home:ro,Z" "-v" "/var/lib/crater-agent-workspace/rustup-home:/opt/rustwide/rustup-home:ro,Z" "-e" "SOURCE_DIR=/opt/rustwide/workdir" "-e" "CARGO_TARGET_DIR=/opt/rustwide/target" "-e" "CARGO_INCREMENTAL=0" "-e" "RUST_BACKTRACE=full" "-e" "RUSTFLAGS=--cap-lints=warn" "-e" "RUSTDOCFLAGS=--cap-lints=warn" "-e" "CARGO_HOME=/opt/rustwide/cargo-home" "-e" "RUSTUP_HOME=/opt/rustwide/rustup-home" "-w" "/opt/rustwide/workdir" "-m" "1610612736" "--user" "0:0" "--network" "none" "ghcr.io/rust-lang/crates-build-env/linux@sha256:5ff2268d62e97bff2cde7d5815dd6ed5b47097566f13b8d0ca110b04b60e07ed" "/opt/rustwide/cargo-home/bin/cargo" "+1.69.0" "doc" "--frozen" "--no-deps" "--document-private-items" "--message-format=json", kill_on_drop: false }`
[INFO] [stdout] 4165c1cc6b0e928c869d536ad344f49a2ce7f8ca58364cb2894f9577002770c8
[INFO] running `Command { std: "docker" "start" "-a" "4165c1cc6b0e928c869d536ad344f49a2ce7f8ca58364cb2894f9577002770c8", kill_on_drop: false }`
[INFO] [stderr]    Compiling autocfg v1.0.1
[INFO] [stderr]    Compiling libc v0.2.78
[INFO] [stderr]    Compiling proc-macro2 v1.0.24
[INFO] [stderr]    Compiling maybe-uninit v2.0.0
[INFO] [stderr]     Checking lazy_static v1.4.0
[INFO] [stderr]    Compiling syn v1.0.42
[INFO] [stderr]    Compiling rayon-core v1.8.1
[INFO] [stderr]     Checking scopeguard v1.1.0
[INFO] [stderr]    Compiling semver-parser v0.7.0
[INFO] [stderr]    Compiling bitflags v1.2.1
[INFO] [stderr]     Checking either v1.6.1
[INFO] [stderr]    Compiling log v0.4.11
[INFO] [stderr]    Compiling semver v0.9.0
[INFO] [stderr]     Checking adler32 v1.2.0
[INFO] [stderr]    Compiling num-traits v0.2.12
[INFO] [stderr]    Compiling num-integer v0.1.43
[INFO] [stderr]    Compiling crossbeam-utils v0.7.2
[INFO] [stderr]    Compiling memoffset v0.5.6
[INFO] [stderr]    Compiling crossbeam-epoch v0.8.2
[INFO] [stderr]    Compiling quote v1.0.7
[INFO] [stderr]    Compiling time v0.1.44
[INFO] [stderr]     Checking num_cpus v1.13.0
[INFO] [stderr]    Compiling rayon v1.4.1
[INFO] [stderr]    Compiling rustc_version v0.2.3
[INFO] [stderr]     Checking arrayvec v0.5.1
[INFO] [stderr]    Compiling noop_proc_macro v0.2.1
[INFO] [stderr]    Compiling simd_helpers v0.1.0
[INFO] [stderr]     Checking crossbeam-channel v0.4.4
[INFO] [stderr]     Checking miniz_oxide v0.3.7
[INFO] [stderr]     Checking crossbeam-deque v0.7.3
[INFO] [stderr]    Compiling num-rational v0.3.0
[INFO] [stderr]    Compiling num-iter v0.1.41
[INFO] [stderr]     Checking itertools v0.9.0
[INFO] [stderr]    Compiling noop_proc_macro v0.3.0
[INFO] [stderr]    Compiling paste v1.0.1
[INFO] [stderr]    Compiling chrono v0.4.19
[INFO] [stderr]     Checking imgref v1.7.0
[INFO] [stderr]     Checking bitstream-io v0.9.0
[INFO] [stderr]     Checking bytemuck v1.4.1
[INFO] [stderr]     Checking loop9 v0.1.3
[INFO] [stderr]     Checking rgb v0.8.25
[INFO] [stderr]     Checking avif-serialize v0.6.4
[INFO] [stderr]     Checking crc32fast v1.2.0
[INFO] [stderr]     Checking deflate v0.8.6
[INFO] [stderr]     Checking color_quant v1.0.1
[INFO] [stderr]     Checking weezl v0.1.1
[INFO] [stderr]     Checking lzw v0.10.0
[INFO] [stderr]     Checking tiff v0.5.0
[INFO] [stderr]     Checking scoped_threadpool v0.1.9
[INFO] [stderr]     Checking png v0.16.7
[INFO] [stderr]     Checking gif v0.11.1
[INFO] [stderr]    Compiling vergen v3.1.0
[INFO] [stderr]    Compiling rav1e v0.4.0-alpha
[INFO] [stderr]     Checking jpeg-decoder v0.1.20
[INFO] [stderr]    Compiling thiserror-impl v1.0.20
[INFO] [stderr]    Compiling num-derive v0.3.2
[INFO] [stderr]    Compiling arg_enum_proc_macro v0.3.0
[INFO] [stderr]     Checking thiserror v1.0.20
[INFO] [stderr]     Checking v_frame v0.1.0
[INFO] [stdout] error[E0061]: this method takes 1 argument but 0 arguments were supplied
[INFO] [stdout]     --> /opt/rustwide/cargo-home/registry/src/github.com-1ecc6299db9ec823/rav1e-0.4.0-alpha/src/transform/inverse.rs:1611:62
[INFO] [stdout]      |
[INFO] [stdout] 1611 |     let txfm_fn = INV_TXFM_FNS[tx_types_1d.1 as usize][width.ilog() - 3];
[INFO] [stdout]      |                                                              ^^^^-- an argument of type `usize` is missing
[INFO] [stdout]      |
[INFO] [stdout] note: method defined here
[INFO] [stdout]     --> /rustc/84c898d65adf2f39a5a98507f1fe0ce10a2b8dbc/library/core/src/num/mod.rs:1190:5
[INFO] [stdout]      = note: this error originates in the macro `uint_impl` (in Nightly builds, run with -Z macro-backtrace for more info)
[INFO] [stdout] help: provide the argument
[INFO] [stdout]      |
[INFO] [stdout] 1611 |     let txfm_fn = INV_TXFM_FNS[tx_types_1d.1 as usize][width.ilog(/* usize */) - 3];
[INFO] [stdout]      |                                                                  ~~~~~~~~~~~~~
[INFO] [stdout] 
[INFO] [stdout] 
[INFO] [stdout] error[E0277]: the type `[for<'a, 'b> fn(&'a [i32], &'b mut [i32], usize)]` cannot be indexed by `u32`
[INFO] [stdout]     --> /opt/rustwide/cargo-home/registry/src/github.com-1ecc6299db9ec823/rav1e-0.4.0-alpha/src/transform/inverse.rs:1611:56
[INFO] [stdout]      |
[INFO] [stdout] 1611 |     let txfm_fn = INV_TXFM_FNS[tx_types_1d.1 as usize][width.ilog() - 3];
[INFO] [stdout]      |                                                        ^^^^^^^^^^^^^^^^ slice indices are of type `usize` or ranges of `usize`
[INFO] [stdout]      |
[INFO] [stdout]      = help: the trait `SliceIndex<[for<'a, 'b> fn(&'a [i32], &'b mut [i32], usize)]>` is not implemented for `u32`
[INFO] [stdout]      = help: the trait `SliceIndex<[T]>` is implemented for `usize`
[INFO] [stdout]      = note: required for `[for<'a, 'b> fn(&'a [i32], &'b mut [i32], usize)]` to implement `std::ops::Index<u32>`
[INFO] [stdout] 
[INFO] [stdout] 
[INFO] [stdout] error[E0061]: this method takes 1 argument but 0 arguments were supplied
[INFO] [stdout]     --> /opt/rustwide/cargo-home/registry/src/github.com-1ecc6299db9ec823/rav1e-0.4.0-alpha/src/transform/inverse.rs:1637:63
[INFO] [stdout]      |
[INFO] [stdout] 1637 |     let txfm_fn = INV_TXFM_FNS[tx_types_1d.0 as usize][height.ilog() - 3];
[INFO] [stdout]      |                                                               ^^^^-- an argument of type `usize` is missing
[INFO] [stdout]      |
[INFO] [stdout] note: method defined here
[INFO] [stdout]     --> /rustc/84c898d65adf2f39a5a98507f1fe0ce10a2b8dbc/library/core/src/num/mod.rs:1190:5
[INFO] [stdout]      = note: this error originates in the macro `uint_impl` (in Nightly builds, run with -Z macro-backtrace for more info)
[INFO] [stdout] help: provide the argument
[INFO] [stdout]      |
[INFO] [stdout] 1637 |     let txfm_fn = INV_TXFM_FNS[tx_types_1d.0 as usize][height.ilog(/* usize */) - 3];
[INFO] [stdout]      |                                                                   ~~~~~~~~~~~~~
[INFO] [stdout] 
[INFO] [stdout] 
[INFO] [stdout] error[E0277]: the type `[for<'a, 'b> fn(&'a [i32], &'b mut [i32], usize)]` cannot be indexed by `u32`
[INFO] [stdout]     --> /opt/rustwide/cargo-home/registry/src/github.com-1ecc6299db9ec823/rav1e-0.4.0-alpha/src/transform/inverse.rs:1637:56
[INFO] [stdout]      |
[INFO] [stdout] 1637 |     let txfm_fn = INV_TXFM_FNS[tx_types_1d.0 as usize][height.ilog() - 3];
[INFO] [stdout]      |                                                        ^^^^^^^^^^^^^^^^^ slice indices are of type `usize` or ranges of `usize`
[INFO] [stdout]      |
[INFO] [stdout]      = help: the trait `SliceIndex<[for<'a, 'b> fn(&'a [i32], &'b mut [i32], usize)]>` is not implemented for `u32`
[INFO] [stdout]      = help: the trait `SliceIndex<[T]>` is implemented for `usize`
[INFO] [stdout]      = note: required for `[for<'a, 'b> fn(&'a [i32], &'b mut [i32], usize)]` to implement `std::ops::Index<u32>`
[INFO] [stdout] 
[INFO] [stdout] 
[INFO] [stdout] error[E0061]: this method takes 1 argument but 0 arguments were supplied
[INFO] [stdout]    --> /opt/rustwide/cargo-home/registry/src/github.com-1ecc6299db9ec823/rav1e-0.4.0-alpha/src/transform/mod.rs:291:7
[INFO] [stdout]     |
[INFO] [stdout] 291 |   col.ilog() as i8 - row.ilog() as i8
[INFO] [stdout]     |       ^^^^-- an argument of type `usize` is missing
[INFO] [stdout]     |
[INFO] [stdout] note: method defined here
[INFO] [stdout]    --> /rustc/84c898d65adf2f39a5a98507f1fe0ce10a2b8dbc/library/core/src/num/mod.rs:1190:5
[INFO] [stdout]     = note: this error originates in the macro `uint_impl` (in Nightly builds, run with -Z macro-backtrace for more info)
[INFO] [stdout] help: provide the argument
[INFO] [stdout]     |
[INFO] [stdout] 291 |   col.ilog(/* usize */) as i8 - row.ilog() as i8
[INFO] [stdout]     |           ~~~~~~~~~~~~~
[INFO] [stdout] 
[INFO] [stdout] 
[INFO] [stdout] error[E0061]: this method takes 1 argument but 0 arguments were supplied
[INFO] [stdout]    --> /opt/rustwide/cargo-home/registry/src/github.com-1ecc6299db9ec823/rav1e-0.4.0-alpha/src/transform/mod.rs:291:26
[INFO] [stdout]     |
[INFO] [stdout] 291 |   col.ilog() as i8 - row.ilog() as i8
[INFO] [stdout]     |                          ^^^^-- an argument of type `usize` is missing
[INFO] [stdout]     |
[INFO] [stdout] note: method defined here
[INFO] [stdout]    --> /rustc/84c898d65adf2f39a5a98507f1fe0ce10a2b8dbc/library/core/src/num/mod.rs:1190:5
[INFO] [stdout]     = note: this error originates in the macro `uint_impl` (in Nightly builds, run with -Z macro-backtrace for more info)
[INFO] [stdout] help: provide the argument
[INFO] [stdout]     |
[INFO] [stdout] 291 |   col.ilog() as i8 - row.ilog(/* usize */) as i8
[INFO] [stdout]     |                              ~~~~~~~~~~~~~
[INFO] [stdout] 
[INFO] [stdout] 
[INFO] [stdout] error[E0061]: this method takes 1 argument but 0 arguments were supplied
[INFO] [stdout]    --> /opt/rustwide/cargo-home/registry/src/github.com-1ecc6299db9ec823/rav1e-0.4.0-alpha/src/ec.rs:192:20
[INFO] [stdout]     |
[INFO] [stdout] 192 |     let d = 16 - r.ilog();
[INFO] [stdout]     |                    ^^^^-- an argument of type `u16` is missing
[INFO] [stdout]     |
[INFO] [stdout] note: method defined here
[INFO] [stdout]    --> /rustc/84c898d65adf2f39a5a98507f1fe0ce10a2b8dbc/library/core/src/num/mod.rs:1023:5
[INFO] [stdout]     = note: this error originates in the macro `uint_impl` (in Nightly builds, run with -Z macro-backtrace for more info)
[INFO] [stdout] help: provide the argument
[INFO] [stdout]     |
[INFO] [stdout] 192 |     let d = 16 - r.ilog(/* u16 */);
[INFO] [stdout]     |                        ~~~~~~~~~~~
[INFO] [stdout] 
[INFO] [stdout] 
[INFO] [stdout] error[E0061]: this method takes 1 argument but 0 arguments were supplied
[INFO] [stdout]    --> /opt/rustwide/cargo-home/registry/src/github.com-1ecc6299db9ec823/rav1e-0.4.0-alpha/src/ec.rs:230:20
[INFO] [stdout]     |
[INFO] [stdout] 230 |     let d = 16 - r.ilog();
[INFO] [stdout]     |                    ^^^^-- an argument of type `u16` is missing
[INFO] [stdout]     |
[INFO] [stdout] note: method defined here
[INFO] [stdout]    --> /rustc/84c898d65adf2f39a5a98507f1fe0ce10a2b8dbc/library/core/src/num/mod.rs:1023:5
[INFO] [stdout]     = note: this error originates in the macro `uint_impl` (in Nightly builds, run with -Z macro-backtrace for more info)
[INFO] [stdout] help: provide the argument
[INFO] [stdout]     |
[INFO] [stdout] 230 |     let d = 16 - r.ilog(/* u16 */);
[INFO] [stdout]     |                        ~~~~~~~~~~~
[INFO] [stdout] 
[INFO] [stdout] 
[INFO] [stdout] error[E0061]: this method takes 1 argument but 0 arguments were supplied
[INFO] [stdout]    --> /opt/rustwide/cargo-home/registry/src/github.com-1ecc6299db9ec823/rav1e-0.4.0-alpha/src/ec.rs:271:20
[INFO] [stdout]     |
[INFO] [stdout] 271 |     let d = 16 - r.ilog();
[INFO] [stdout]     |                    ^^^^-- an argument of type `u16` is missing
[INFO] [stdout]     |
[INFO] [stdout] note: method defined here
[INFO] [stdout]    --> /rustc/84c898d65adf2f39a5a98507f1fe0ce10a2b8dbc/library/core/src/num/mod.rs:1023:5
[INFO] [stdout]     = note: this error originates in the macro `uint_impl` (in Nightly builds, run with -Z macro-backtrace for more info)
[INFO] [stdout] help: provide the argument
[INFO] [stdout]     |
[INFO] [stdout] 271 |     let d = 16 - r.ilog(/* u16 */);
[INFO] [stdout]     |                        ~~~~~~~~~~~
[INFO] [stdout] 
[INFO] [stdout] 
[INFO] [stdout] error[E0061]: this method takes 1 argument but 0 arguments were supplied
[INFO] [stdout]    --> /opt/rustwide/cargo-home/registry/src/github.com-1ecc6299db9ec823/rav1e-0.4.0-alpha/src/ec.rs:576:20
[INFO] [stdout]     |
[INFO] [stdout] 576 |     let d = 16 - r.ilog();
[INFO] [stdout]     |                    ^^^^-- an argument of type `u32` is missing
[INFO] [stdout]     |
[INFO] [stdout] note: method defined here
[INFO] [stdout]    --> /rustc/84c898d65adf2f39a5a98507f1fe0ce10a2b8dbc/library/core/src/num/mod.rs:1071:5
[INFO] [stdout]     = note: this error originates in the macro `uint_impl` (in Nightly builds, run with -Z macro-backtrace for more info)
[INFO] [stdout] help: provide the argument
[INFO] [stdout]     |
[INFO] [stdout] 576 |     let d = 16 - r.ilog(/* u32 */);
[INFO] [stdout]     |                        ~~~~~~~~~~~
[INFO] [stdout] 
[INFO] [stdout] 
[INFO] [stdout] error[E0061]: this method takes 1 argument but 0 arguments were supplied
[INFO] [stdout]     --> /opt/rustwide/cargo-home/registry/src/github.com-1ecc6299db9ec823/rav1e-0.4.0-alpha/src/deblock.rs:1584:37
[INFO] [stdout]      |
[INFO] [stdout] 1584 |     input.planes[0].plane_cfg.width.ilog()
[INFO] [stdout]      |                                     ^^^^-- an argument of type `usize` is missing
[INFO] [stdout]      |
[INFO] [stdout] note: method defined here
[INFO] [stdout]     --> /rustc/84c898d65adf2f39a5a98507f1fe0ce10a2b8dbc/library/core/src/num/mod.rs:1190:5
[INFO] [stdout]      = note: this error originates in the macro `uint_impl` (in Nightly builds, run with -Z macro-backtrace for more info)
[INFO] [stdout] help: provide the argument
[INFO] [stdout]      |
[INFO] [stdout] 1584 |     input.planes[0].plane_cfg.width.ilog(/* usize */)
[INFO] [stdout]      |                                         ~~~~~~~~~~~~~
[INFO] [stdout] 
[INFO] [stdout] 
[INFO] [stdout] error[E0061]: this method takes 1 argument but 0 arguments were supplied
[INFO] [stdout]     --> /opt/rustwide/cargo-home/registry/src/github.com-1ecc6299db9ec823/rav1e-0.4.0-alpha/src/deblock.rs:1585:42
[INFO] [stdout]      |
[INFO] [stdout] 1585 |       + input.planes[0].plane_cfg.height.ilog()
[INFO] [stdout]      |                                          ^^^^-- an argument of type `usize` is missing
[INFO] [stdout]      |
[INFO] [stdout] note: method defined here
[INFO] [stdout]     --> /rustc/84c898d65adf2f39a5a98507f1fe0ce10a2b8dbc/library/core/src/num/mod.rs:1190:5
[INFO] [stdout]      = note: this error originates in the macro `uint_impl` (in Nightly builds, run with -Z macro-backtrace for more info)
[INFO] [stdout] help: provide the argument
[INFO] [stdout]      |
[INFO] [stdout] 1585 |       + input.planes[0].plane_cfg.height.ilog(/* usize */)
[INFO] [stdout]      |                                              ~~~~~~~~~~~~~
[INFO] [stdout] 
[INFO] [stdout] 
[INFO] [stdout] error[E0061]: this method takes 1 argument but 0 arguments were supplied
[INFO] [stdout]     --> /opt/rustwide/cargo-home/registry/src/github.com-1ecc6299db9ec823/rav1e-0.4.0-alpha/src/encoder.rs:3105:39
[INFO] [stdout]      |
[INFO] [stdout] 3105 |   let max_tile_size_bytes = ((max_len.ilog() + 7) / 8) as u32;
[INFO] [stdout]      |                                       ^^^^-- an argument of type `usize` is missing
[INFO] [stdout]      |
[INFO] [stdout] note: method defined here
[INFO] [stdout]     --> /rustc/84c898d65adf2f39a5a98507f1fe0ce10a2b8dbc/library/core/src/num/mod.rs:1190:5
[INFO] [stdout]      = note: this error originates in the macro `uint_impl` (in Nightly builds, run with -Z macro-backtrace for more info)
[INFO] [stdout] help: provide the argument
[INFO] [stdout]      |
[INFO] [stdout] 3105 |   let max_tile_size_bytes = ((max_len.ilog(/* usize */) + 7) / 8) as u32;
[INFO] [stdout]      |                                           ~~~~~~~~~~~~~
[INFO] [stdout] 
[INFO] [stdout] 
[INFO] [stdout] error[E0061]: this method takes 1 argument but 0 arguments were supplied
[INFO] [stdout]     --> /opt/rustwide/cargo-home/registry/src/github.com-1ecc6299db9ec823/rav1e-0.4.0-alpha/src/me.rs:1071:17
[INFO] [stdout]      |
[INFO] [stdout] 1071 |     2 * d.abs().ilog() as u32
[INFO] [stdout]      |                 ^^^^-- an argument of type `i16` is missing
[INFO] [stdout]      |
[INFO] [stdout] note: method defined here
[INFO] [stdout]     --> /rustc/84c898d65adf2f39a5a98507f1fe0ce10a2b8dbc/library/core/src/num/mod.rs:252:5
[INFO] [stdout]      = note: this error originates in the macro `int_impl` (in Nightly builds, run with -Z macro-backtrace for more info)
[INFO] [stdout] help: provide the argument
[INFO] [stdout]      |
[INFO] [stdout] 1071 |     2 * d.abs().ilog(/* i16 */) as u32
[INFO] [stdout]      |                     ~~~~~~~~~~~
[INFO] [stdout] 
[INFO] [stdout] 
[INFO] [stdout] error[E0061]: this method takes 1 argument but 0 arguments were supplied
[INFO] [stdout]    --> /opt/rustwide/cargo-home/registry/src/github.com-1ecc6299db9ec823/rav1e-0.4.0-alpha/src/rate.rs:236:17
[INFO] [stdout]     |
[INFO] [stdout] 236 |   let ipart = w.ilog() as i32 - 1;
[INFO] [stdout]     |                 ^^^^-- an argument of type `i64` is missing
[INFO] [stdout]     |
[INFO] [stdout] note: method defined here
[INFO] [stdout]    --> /rustc/84c898d65adf2f39a5a98507f1fe0ce10a2b8dbc/library/core/src/num/mod.rs:298:5
[INFO] [stdout]     = note: this error originates in the macro `int_impl` (in Nightly builds, run with -Z macro-backtrace for more info)
[INFO] [stdout] help: provide the argument
[INFO] [stdout]     |
[INFO] [stdout] 236 |   let ipart = w.ilog(/* i64 */) as i32 - 1;
[INFO] [stdout]     |                     ~~~~~~~~~~~
[INFO] [stdout] 
[INFO] [stdout] 
[INFO] [stdout] error: aborting due to 15 previous errors
[INFO] [stdout] 
[INFO] [stdout] 
[INFO] [stdout] Some errors have detailed explanations: E0061, E0277.
[INFO] [stdout] 
[INFO] [stdout] For more information about an error, try `rustc --explain E0061`.
[INFO] [stdout] 
[INFO] [stderr] error: could not compile `rav1e` due to 16 previous errors
[INFO] running `Command { std: "docker" "inspect" "4165c1cc6b0e928c869d536ad344f49a2ce7f8ca58364cb2894f9577002770c8", kill_on_drop: false }`
[INFO] running `Command { std: "docker" "rm" "-f" "4165c1cc6b0e928c869d536ad344f49a2ce7f8ca58364cb2894f9577002770c8", kill_on_drop: false }`
[INFO] [stdout] 4165c1cc6b0e928c869d536ad344f49a2ce7f8ca58364cb2894f9577002770c8
