[INFO] cloning repository https://github.com/fooker/photonic
[INFO] running `Command { std: "git" "-c" "credential.helper=" "-c" "credential.helper=/workspace/cargo-home/bin/git-credential-null" "clone" "--bare" "https://github.com/fooker/photonic" "/workspace/cache/git-repos/https%3A%2F%2Fgithub.com%2Ffooker%2Fphotonic", kill_on_drop: false }`
[INFO] [stderr] Cloning into bare repository '/workspace/cache/git-repos/https%3A%2F%2Fgithub.com%2Ffooker%2Fphotonic'...
[INFO] running `Command { std: "git" "rev-parse" "HEAD", kill_on_drop: false }`
[INFO] [stdout] 95b476cef8fab4f9d074c6a3aa6cec44b32518e2
[INFO] documenting fooker/photonic against beta-2023-04-20 for beta-1.70-rustdoc-1
[INFO] running `Command { std: "git" "clone" "/workspace/cache/git-repos/https%3A%2F%2Fgithub.com%2Ffooker%2Fphotonic" "/workspace/builds/worker-2-tc2/source", kill_on_drop: false }`
[INFO] [stderr] Cloning into '/workspace/builds/worker-2-tc2/source'...
[INFO] [stderr] done.
[INFO] validating manifest of git repo https://github.com/fooker/photonic on toolchain beta-2023-04-20
[INFO] running `Command { std: CARGO_HOME="/workspace/cargo-home" RUSTUP_HOME="/workspace/rustup-home" "/workspace/cargo-home/bin/cargo" "+beta-2023-04-20" "metadata" "--manifest-path" "Cargo.toml" "--no-deps", kill_on_drop: false }`
[INFO] started tweaking git repo https://github.com/fooker/photonic
[INFO] finished tweaking git repo https://github.com/fooker/photonic
[INFO] tweaked toml for git repo https://github.com/fooker/photonic written to /workspace/builds/worker-2-tc2/source/Cargo.toml
[INFO] crate git repo https://github.com/fooker/photonic already has a lockfile, it will not be regenerated
[INFO] running `Command { std: CARGO_HOME="/workspace/cargo-home" RUSTUP_HOME="/workspace/rustup-home" "/workspace/cargo-home/bin/cargo" "+beta-2023-04-20" "fetch" "--manifest-path" "Cargo.toml", kill_on_drop: false }`
[INFO] [stderr]     Updating crates.io index
[INFO] [stderr]  Downloading crates ...
[INFO] [stderr]   Downloaded phf_macros v0.9.0
[INFO] [stderr]   Downloaded palette_derive v0.6.0
[INFO] [stderr]   Downloaded wasmtime-types v0.30.0
[INFO] [stderr]   Downloaded pest_consume v1.1.1
[INFO] [stderr]   Downloaded cranelift-frontend v0.77.0
[INFO] [stderr]   Downloaded abnf v0.6.1
[INFO] [stderr]   Downloaded shared_memory v0.12.0
[INFO] [stderr]   Downloaded phf_generator v0.9.1
[INFO] [stderr]   Downloaded serde-lexpr v0.1.2
[INFO] [stderr]   Downloaded cranelift-bforest v0.77.0
[INFO] [stderr]   Downloaded abnf_to_pest v0.5.0
[INFO] [stderr]   Downloaded phf v0.9.0
[INFO] [stderr]   Downloaded cranelift-wasm v0.77.0
[INFO] [stderr]   Downloaded lexpr-macros v0.2.1
[INFO] [stderr]   Downloaded elsa v1.4.0
[INFO] [stderr]   Downloaded cranelift-codegen-shared v0.77.0
[INFO] [stderr]   Downloaded wasmtime-fiber v0.30.0
[INFO] [stderr]   Downloaded mqttrs v0.2.0
[INFO] [stderr]   Downloaded pest_consume_macros v1.1.0
[INFO] [stderr]   Downloaded wasmtime-cache v0.30.0
[INFO] [stderr]   Downloaded wasmtime-jit v0.30.0
[INFO] [stderr]   Downloaded cranelift-entity v0.77.0
[INFO] [stderr]   Downloaded lexpr v0.2.6
[INFO] [stderr]   Downloaded tonic v0.6.0
[INFO] [stderr]   Downloaded wasmparser v0.80.2
[INFO] [stderr]   Downloaded cranelift-codegen-meta v0.77.0
[INFO] [stderr]   Downloaded palette v0.6.0
[INFO] [stderr]   Downloaded cranelift-codegen v0.77.0
[INFO] [stderr]   Downloaded ezing v0.2.1
[INFO] [stderr]   Downloaded wasmtime v0.30.0
[INFO] [stderr]   Downloaded wasmtime-runtime v0.30.0
[INFO] [stderr]   Downloaded dhall v0.10.1
[INFO] [stderr]   Downloaded wasmtime-cranelift v0.30.0
[INFO] [stderr]   Downloaded backtrace v0.3.62
[INFO] [stderr]   Downloaded wast v38.0.1
[INFO] [stderr]   Downloaded wasmtime-environ v0.30.0
[INFO] [stderr]   Downloaded tower v0.4.10
[INFO] [stderr]   Downloaded mqtt-async-client v0.2.0
[INFO] [stderr]   Downloaded evalexpr v6.6.0
[INFO] [stderr]   Downloaded wat v1.0.40
[INFO] [stderr]   Downloaded tonic-build v0.6.0
[INFO] [stderr]   Downloaded csscolorparser v0.5.0
[INFO] [stderr]   Downloaded humantime-serde v1.0.1
[INFO] [stderr]   Downloaded phf_shared v0.9.0
[INFO] [stderr]   Downloaded dhall_proc_macros v0.5.1
[INFO] [stderr]   Downloaded serde_dhall v0.10.1
[INFO] [stderr]   Downloaded cranelift-native v0.77.0
[INFO] running `Command { std: "docker" "create" "-v" "/var/lib/crater-agent-workspace/builds/worker-2-tc2/target:/opt/rustwide/target:rw,Z" "-v" "/var/lib/crater-agent-workspace/builds/worker-2-tc2/source:/opt/rustwide/workdir:ro,Z" "-v" "/var/lib/crater-agent-workspace/cargo-home:/opt/rustwide/cargo-home:ro,Z" "-v" "/var/lib/crater-agent-workspace/rustup-home:/opt/rustwide/rustup-home:ro,Z" "-e" "SOURCE_DIR=/opt/rustwide/workdir" "-e" "CARGO_TARGET_DIR=/opt/rustwide/target" "-e" "CARGO_HOME=/opt/rustwide/cargo-home" "-e" "RUSTUP_HOME=/opt/rustwide/rustup-home" "-w" "/opt/rustwide/workdir" "-m" "1610612736" "--user" "0:0" "--network" "none" "ghcr.io/rust-lang/crates-build-env/linux@sha256:5ff2268d62e97bff2cde7d5815dd6ed5b47097566f13b8d0ca110b04b60e07ed" "/opt/rustwide/cargo-home/bin/cargo" "+beta-2023-04-20" "metadata" "--no-deps" "--format-version=1", kill_on_drop: false }`
[INFO] [stdout] c957abb31689e4e4d4845ed6708a1d2b4118bc3de015d30c41d0156f8ab21e8c
[INFO] running `Command { std: "docker" "start" "-a" "c957abb31689e4e4d4845ed6708a1d2b4118bc3de015d30c41d0156f8ab21e8c", kill_on_drop: false }`
[INFO] running `Command { std: "docker" "inspect" "c957abb31689e4e4d4845ed6708a1d2b4118bc3de015d30c41d0156f8ab21e8c", kill_on_drop: false }`
[INFO] running `Command { std: "docker" "rm" "-f" "c957abb31689e4e4d4845ed6708a1d2b4118bc3de015d30c41d0156f8ab21e8c", kill_on_drop: false }`
[INFO] [stdout] c957abb31689e4e4d4845ed6708a1d2b4118bc3de015d30c41d0156f8ab21e8c
[INFO] running `Command { std: "docker" "create" "-v" "/var/lib/crater-agent-workspace/builds/worker-2-tc2/target:/opt/rustwide/target:rw,Z" "-v" "/var/lib/crater-agent-workspace/builds/worker-2-tc2/source:/opt/rustwide/workdir:ro,Z" "-v" "/var/lib/crater-agent-workspace/cargo-home:/opt/rustwide/cargo-home:ro,Z" "-v" "/var/lib/crater-agent-workspace/rustup-home:/opt/rustwide/rustup-home:ro,Z" "-e" "SOURCE_DIR=/opt/rustwide/workdir" "-e" "CARGO_TARGET_DIR=/opt/rustwide/target" "-e" "CARGO_INCREMENTAL=0" "-e" "RUST_BACKTRACE=full" "-e" "RUSTFLAGS=--cap-lints=warn" "-e" "RUSTDOCFLAGS=--cap-lints=warn" "-e" "CARGO_HOME=/opt/rustwide/cargo-home" "-e" "RUSTUP_HOME=/opt/rustwide/rustup-home" "-w" "/opt/rustwide/workdir" "-m" "1610612736" "--user" "0:0" "--network" "none" "ghcr.io/rust-lang/crates-build-env/linux@sha256:5ff2268d62e97bff2cde7d5815dd6ed5b47097566f13b8d0ca110b04b60e07ed" "/opt/rustwide/cargo-home/bin/cargo" "+beta-2023-04-20" "doc" "--frozen" "--no-deps" "--document-private-items" "--message-format=json", kill_on_drop: false }`
[INFO] [stdout] c43a6d1b30c6fe4693a6e4229995f9fa912becdf9ac2034a833bd311a6e185a2
[INFO] running `Command { std: "docker" "start" "-a" "c43a6d1b30c6fe4693a6e4229995f9fa912becdf9ac2034a833bd311a6e185a2", kill_on_drop: false }`
[INFO] [stderr]    Compiling libc v0.2.105
[INFO] [stderr]    Compiling proc-macro2 v1.0.30
[INFO] [stderr]    Compiling unicode-xid v0.2.2
[INFO] [stderr]    Compiling syn v1.0.80
[INFO] [stderr]    Compiling autocfg v1.0.1
[INFO] [stderr]     Checking cfg-if v1.0.0
[INFO] [stderr]    Compiling serde_derive v1.0.130
[INFO] [stderr]    Compiling serde v1.0.130
[INFO] [stderr]    Compiling log v0.4.14
[INFO] [stderr]    Compiling memchr v2.4.1
[INFO] [stderr]     Checking lazy_static v1.4.0
[INFO] [stderr]     Checking scopeguard v1.1.0
[INFO] [stderr]     Checking smallvec v1.7.0
[INFO] [stderr]    Compiling proc-macro-hack v0.5.19
[INFO] [stderr]     Checking once_cell v1.8.0
[INFO] [stderr]     Checking pin-project-lite v0.2.7
[INFO] [stderr]     Checking bytes v1.1.0
[INFO] [stderr]    Compiling anyhow v1.0.44
[INFO] [stderr]    Compiling parking_lot_core v0.8.5
[INFO] [stderr]     Checking instant v0.1.12
[INFO] [stderr]     Checking lock_api v0.4.5
[INFO] [stderr]    Compiling ppv-lite86 v0.2.15
[INFO] [stderr]     Checking itoa v0.4.8
[INFO] [stderr]    Compiling crossbeam-utils v0.8.5
[INFO] [stderr]    Compiling ryu v1.0.5
[INFO] [stderr]    Compiling indexmap v1.7.0
[INFO] [stderr]    Compiling tokio v1.12.0
[INFO] [stderr]    Compiling memoffset v0.6.4
[INFO] [stderr]    Compiling num-traits v0.2.14
[INFO] [stderr]     Checking hashbrown v0.11.2
[INFO] [stderr]    Compiling version_check v0.9.3
[INFO] [stderr]    Compiling crossbeam-epoch v0.9.5
[INFO] [stderr]    Compiling siphasher v0.3.7
[INFO] [stderr]    Compiling num-integer v0.1.44
[INFO] [stderr]     Checking crossbeam-channel v0.5.1
[INFO] [stderr]    Compiling getrandom v0.1.16
[INFO] [stderr]    Compiling either v1.6.1
[INFO] [stderr]     Checking bitflags v1.3.2
[INFO] [stderr]    Compiling async-trait v0.1.51
[INFO] [stderr]    Compiling futures-core v0.3.17
[INFO] [stderr]    Compiling num-iter v0.1.42
[INFO] [stderr]    Compiling quote v1.0.10
[INFO] [stderr]    Compiling phf_shared v0.9.0
[INFO] [stderr]    Compiling num-bigint v0.4.2
[INFO] [stderr]    Compiling num-rational v0.4.0
[INFO] [stderr]     Checking bytemuck v1.7.2
[INFO] [stderr]    Compiling crossbeam-queue v0.3.2
[INFO] [stderr]     Checking crossbeam-deque v0.8.1
[INFO] [stderr]    Compiling futures-macro v0.3.17
[INFO] [stderr]    Compiling proc-macro-nested v0.1.7
[INFO] [stderr]    Compiling futures-task v0.3.17
[INFO] [stderr]    Compiling palette v0.6.0
[INFO] [stderr]    Compiling futures-util v0.3.17
[INFO] [stderr]     Checking base64 v0.13.0
[INFO] [stderr]     Checking futures-io v0.3.17
[INFO] [stderr]     Checking pin-utils v0.1.0
[INFO] [stderr]     Checking slab v0.4.5
[INFO] [stderr]     Checking num_cpus v1.13.0
[INFO] [stderr]    Compiling jobserver v0.1.24
[INFO] [stderr]     Checking signal-hook-registry v1.4.0
[INFO] [stderr]     Checking mio v0.7.14
[INFO] [stderr]    Compiling getrandom v0.2.3
[INFO] [stderr]     Checking approx v0.5.0
[INFO] [stderr]     Checking num-complex v0.4.0
[INFO] [stderr]    Compiling cc v1.0.71
[INFO] [stderr]     Checking parking_lot v0.11.2
[INFO] [stderr]     Checking rand_core v0.6.3
[INFO] [stderr]     Checking crossbeam v0.8.1
[INFO] [stderr]     Checking ezing v0.2.1
[INFO] [stderr]    Compiling serde_json v1.0.68
[INFO] [stderr]     Checking tracing-core v0.1.21
[INFO] [stderr]    Compiling rand_chacha v0.3.1
[INFO] [stderr]     Checking stable_deref_trait v1.2.0
[INFO] [stderr]    Compiling rand_core v0.5.1
[INFO] [stderr]    Compiling itertools v0.10.1
[INFO] [stderr]    Compiling crc32fast v1.2.1
[INFO] [stderr]     Checking futures-sink v0.3.17
[INFO] [stderr]     Checking fnv v1.0.7
[INFO] [stderr]     Checking rand v0.8.4
[INFO] [stderr]    Compiling futures-channel v0.3.17
[INFO] [stderr]     Checking http v0.2.5
[INFO] [stderr]    Compiling rand_pcg v0.2.1
[INFO] [stderr]    Compiling rand_chacha v0.2.2
[INFO] [stderr]    Compiling httparse v1.5.1
[INFO] [stderr]    Compiling phf_shared v0.8.0
[INFO] [stderr]    Compiling miniz_oxide v0.4.4
[INFO] [stderr]     Checking tower-service v0.3.1
[INFO] [stderr]    Compiling rayon-core v1.9.1
[INFO] [stderr]     Checking byteorder v1.4.3
[INFO] [stderr]    Compiling rand v0.7.3
[INFO] [stderr]     Checking try-lock v0.2.3
[INFO] [stderr]     Checking want v0.3.0
[INFO] [stderr]     Checking socket2 v0.4.2
[INFO] [stderr]    Compiling pkg-config v0.3.22
[INFO] [stderr]     Checking percent-encoding v2.1.0
[INFO] [stderr]     Checking adler v1.0.2
[INFO] [stderr]    Compiling unicode-segmentation v1.8.0
[INFO] [stderr]     Checking fallible-iterator v0.2.0
[INFO] [stderr]     Checking httpdate v1.0.1
[INFO] [stderr]    Compiling which v4.2.2
[INFO] [stderr]    Compiling rayon v1.5.1
[INFO] [stderr]    Compiling typenum v1.14.0
[INFO] [stderr]    Compiling target-lexicon v0.12.2
[INFO] [stderr]    Compiling phf_generator v0.9.1
[INFO] [stderr]    Compiling heck v0.3.3
[INFO] [stderr]    Compiling prost-build v0.9.0
[INFO] [stderr]    Compiling openssl-sys v0.9.67
[INFO] [stderr]    Compiling aho-corasick v0.7.18
[INFO] [stderr]    Compiling phf_generator v0.8.0
[INFO] [stderr]    Compiling generic-array v0.14.4
[INFO] [stderr]    Compiling fixedbitset v0.4.0
[INFO] [stderr]    Compiling remove_dir_all v0.5.3
[INFO] [stderr]    Compiling regex-syntax v0.6.25
[INFO] [stderr]     Checking humantime v2.1.0
[INFO] [stderr]    Compiling tempfile v3.2.0
[INFO] [stderr]    Compiling ring v0.16.20
[INFO] [stderr]     Checking num v0.4.0
[INFO] [stderr]    Compiling multimap v0.8.3
[INFO] [stderr]    Compiling cranelift-codegen-shared v0.77.0
[INFO] [stderr]    Compiling lexical-core v0.7.6
[INFO] [stderr]    Compiling ucd-trie v0.1.3
[INFO] [stderr]    Compiling nom v5.1.2
[INFO] [stderr]     Checking http-body v0.4.4
[INFO] [stderr]     Checking untrusted v0.7.1
[INFO] [stderr]    Compiling pest v2.1.3
[INFO] [stderr]    Compiling arrayvec v0.5.2
[INFO] [stderr]     Checking foreign-types-shared v0.1.1
[INFO] [stderr]     Checking adler32 v1.2.0
[INFO] [stderr]     Checking spin v0.5.2
[INFO] [stderr]    Compiling openssl v0.10.36
[INFO] [stderr]    Compiling maplit v1.0.2
[INFO] [stderr]    Compiling wasm-bindgen-shared v0.2.78
[INFO] [stderr]    Compiling static_assertions v1.1.0
[INFO] [stderr]     Checking foreign-types v0.3.2
[INFO] [stderr]    Compiling wasmtime-fiber v0.30.0
[INFO] [stderr]    Compiling zstd-sys v1.6.1+zstd.1.5.0
[INFO] [stderr]     Checking atty v0.2.14
[INFO] [stderr]    Compiling num-rational v0.3.2
[INFO] [stderr]     Checking weezl v0.1.5
[INFO] [stderr]    Compiling native-tls v0.2.8
[INFO] [stderr]     Checking termcolor v1.1.2
[INFO] [stderr]     Checking wasmparser v0.80.2
[INFO] [stderr]     Checking matches v0.1.9
[INFO] [stderr]     Checking tower-layer v0.3.1
[INFO] [stderr]     Checking rustc-hash v1.1.0
[INFO] [stderr]     Checking tinyvec_macros v0.1.0
[INFO] [stderr]     Checking deflate v0.8.6
[INFO] [stderr]     Checking regalloc v0.0.31
[INFO] [stderr]     Checking tinyvec v1.5.0
[INFO] [stderr]     Checking miniz_oxide v0.3.7
[INFO] [stderr]    Compiling pest_meta v2.1.3
[INFO] [stderr]    Compiling proc-macro-error-attr v1.0.4
[INFO] [stderr]     Checking unicode-width v0.1.9
[INFO] [stderr]     Checking block-buffer v0.9.0
[INFO] [stderr]     Checking digest v0.9.0
[INFO] [stderr]     Checking opaque-debug v0.3.0
[INFO] [stderr]    Compiling bumpalo v3.8.0
[INFO] [stderr]    Compiling typed-arena v1.7.0
[INFO] [stderr]     Checking openssl-probe v0.1.4
[INFO] [stderr]     Checking cpufeatures v0.2.1
[INFO] [stderr]     Checking color_quant v1.1.0
[INFO] [stderr]    Compiling pretty v0.5.2
[INFO] [stderr]     Checking png v0.16.8
[INFO] [stderr]     Checking sha2 v0.9.8
[INFO] [stderr]    Compiling wasm-bindgen-backend v0.2.78
[INFO] [stderr]     Checking gif v0.11.3
[INFO] [stderr]     Checking form_urlencoded v1.0.1
[INFO] [stderr]    Compiling regex v1.5.4
[INFO] [stderr]    Compiling pest_generator v2.1.3
[INFO] [stderr]     Checking jpeg-decoder v0.1.22
[INFO] [stderr]     Checking unicode-normalization v0.1.19
[INFO] [stderr]    Compiling backtrace v0.3.62
[INFO] [stderr]     Checking iovec v0.1.4
[INFO] [stderr]    Compiling itertools v0.9.0
[INFO] [stderr]    Compiling proc-macro-error v1.0.4
[INFO] [stderr]     Checking quick-error v1.2.3
[INFO] [stderr]     Checking unicode-bidi v0.3.7
[INFO] [stderr]     Checking tiff v0.6.1
[INFO] [stderr]    Compiling zstd-safe v4.1.1+zstd.1.5.0
[INFO] [stderr]     Checking scoped_threadpool v0.1.9
[INFO] [stderr]    Compiling encoding_rs v0.8.29
[INFO] [stderr]    Compiling radium v0.6.2
[INFO] [stderr]     Checking more-asserts v0.2.1
[INFO] [stderr]     Checking idna v0.2.3
[INFO] [stderr]    Compiling wasm-bindgen-macro-support v0.2.78
[INFO] [stderr]     Checking humantime v1.3.0
[INFO] [stderr]     Checking image v0.23.14
[INFO] [stderr]     Checking bytes v0.4.12
[INFO] [stderr]     Checking rand_xorshift v0.2.0
[INFO] [stderr]    Compiling wasmtime-runtime v0.30.0
[INFO] [stderr]    Compiling unicase v2.6.0
[INFO] [stderr]     Checking object v0.27.1
[INFO] [stderr]     Checking rustc-demangle v0.1.21
[INFO] [stderr]    Compiling wasm-bindgen v0.2.78
[INFO] [stderr]     Checking tap v1.0.1
[INFO] [stderr]     Checking url v2.2.2
[INFO] [stderr]     Checking sct v0.6.1
[INFO] [stderr]     Checking webpki v0.21.4
[INFO] [stderr]     Checking wyz v0.4.0
[INFO] [stderr]     Checking mqttrs v0.2.0
[INFO] [stderr]    Compiling psm v0.1.16
[INFO] [stderr]     Checking rustls v0.19.1
[INFO] [stderr]     Checking region v2.2.0
[INFO] [stderr]     Checking dirs-sys-next v0.1.2
[INFO] [stderr]     Checking nix v0.23.0
[INFO] [stderr]     Checking linked-hash-map v0.5.4
[INFO] [stderr]    Compiling abnf v0.6.1
[INFO] [stderr]     Checking half v1.8.2
[INFO] [stderr]    Compiling cpp_demangle v0.3.3
[INFO] [stderr]     Checking leb128 v0.2.5
[INFO] [stderr]    Compiling wasmtime-cache v0.30.0
[INFO] [stderr]     Checking mime v0.3.16
[INFO] [stderr]     Checking funty v1.2.0
[INFO] [stderr]     Checking ipnet v2.3.1
[INFO] [stderr]    Compiling doc-comment v0.3.3
[INFO] [stderr]    Compiling tokio-macros v1.5.0
[INFO] [stderr]    Compiling phf_macros v0.9.0
[INFO] [stderr]    Compiling tracing-attributes v0.1.18
[INFO] [stderr]    Compiling prost-derive v0.9.0
[INFO] [stderr]    Compiling phf_macros v0.8.0
[INFO] [stderr]    Compiling pin-project-internal v1.0.8
[INFO] [stderr]    Compiling thiserror-impl v1.0.30
[INFO] [stderr]    Compiling async-stream-impl v0.3.2
[INFO] [stderr]     Checking env_logger v0.7.1
[INFO] [stderr]     Checking noise v0.7.0
[INFO] [stderr]    Compiling pest_derive v2.1.0
[INFO] [stderr]    Compiling wasm-bindgen-macro v0.2.78
[INFO] [stderr]    Compiling pest_consume_macros v1.1.0
[INFO] [stderr]     Checking file-per-thread-logger v0.1.4
[INFO] [stderr]     Checking bitvec v0.22.3
[INFO] [stderr]     Checking async-stream v0.3.2
[INFO] [stderr]     Checking phf v0.9.0
[INFO] [stderr]     Checking phf v0.8.0
[INFO] [stderr]    Compiling clap_derive v3.0.0-beta.5
[INFO] [stderr]     Checking wast v38.0.1
[INFO] [stderr]     Checking yaml-rust v0.4.5
[INFO] [stderr]     Checking csscolorparser v0.5.0
[INFO] [stderr]     Checking directories-next v2.0.0
[INFO] [stderr]     Checking textwrap v0.14.2
[INFO] [stderr]     Checking tracing v0.1.29
[INFO] [stderr]     Checking annotate-snippets v0.9.1
[INFO] [stderr]     Checking elsa v1.4.0
[INFO] [stderr]     Checking errno v0.2.7
[INFO] [stderr]    Compiling lexpr-macros v0.2.1
[INFO] [stderr]     Checking os_str_bytes v4.2.0
[INFO] [stderr]     Checking thiserror v1.0.30
[INFO] [stderr]     Checking dtoa v0.4.8
[INFO] [stderr]     Checking pin-project v1.0.8
[INFO] [stderr]     Checking hex v0.4.3
[INFO] [stderr]    Compiling erased-serde v0.3.16
[INFO] [stderr]     Checking spidev v0.5.0 (https://github.com/rust-embedded/rust-spidev#ae7c9d63)
[INFO] [stderr]    Compiling wasmtime v0.30.0
[INFO] [stderr]     Checking tracing-futures v0.2.5
[INFO] [stderr]     Checking strsim v0.10.0
[INFO] [stderr]    Compiling prost v0.9.0
[INFO] [stderr]    Compiling dhall_proc_macros v0.5.1
[INFO] [stderr]    Compiling paste v1.0.5
[INFO] [stderr]     Checking shlex v1.1.0
[INFO] [stderr]     Checking pest_consume v1.1.1
[INFO] [stderr]     Checking lexpr v0.2.6
[INFO] [stderr]     Checking prost-types v0.9.0
[INFO] [stderr]     Checking tokio-util v0.6.8
[INFO] [stderr]     Checking tokio-io-timeout v1.1.1
[INFO] [stderr]     Checking tokio-stream v0.1.7
[INFO] [stderr]     Checking tokio-native-tls v0.3.0
[INFO] [stderr]     Checking tokio-rustls v0.22.0
[INFO] [stderr]     Checking wat v1.0.40
[INFO] [stderr]     Checking mqtt-async-client v0.2.0
[INFO] [stderr]     Checking cranelift-entity v0.77.0
[INFO] [stderr]     Checking humantime-serde v1.0.1
[INFO] [stderr]     Checking toml v0.5.8
[INFO] [stderr]     Checking serde_urlencoded v0.7.0
[INFO] [stderr]     Checking bincode v1.3.3
[INFO] [stderr]     Checking evalexpr v6.6.0
[INFO] [stderr]     Checking serde_cbor v0.11.2
[INFO] [stderr]     Checking serde-lexpr v0.1.2
[INFO] [stderr]     Checking ron v0.7.0
[INFO] [stderr]     Checking cranelift-bforest v0.77.0
[INFO] [stderr]     Checking wasmtime-types v0.30.0
[INFO] [stderr]     Checking h2 v0.3.7
[INFO] [stderr]     Checking gimli v0.25.0
[INFO] [stderr]     Checking tower v0.4.10
[INFO] [stderr]     Checking object v0.26.2
[INFO] [stderr]     Checking clap v3.0.0-beta.5
[INFO] [stderr]     Checking serde_yaml v0.8.21
[INFO] [stderr]    Compiling cranelift-codegen-meta v0.77.0
[INFO] [stderr]    Compiling petgraph v0.6.0
[INFO] [stderr]    Compiling abnf_to_pest v0.5.0
[INFO] [stderr]    Compiling dhall v0.10.1
[INFO] [stderr]    Compiling find-crate v0.6.3
[INFO] [stderr]     Checking js-sys v0.3.55
[INFO] [stderr]    Compiling palette_derive v0.6.0
[INFO] [stderr]    Compiling tonic-build v0.6.0
[INFO] [stderr]     Checking addr2line v0.16.0
[INFO] [stderr]     Checking wasmtime-environ v0.30.0
[INFO] [stderr]     Checking web-sys v0.3.55
[INFO] [stderr]     Checking hyper v0.14.14
[INFO] [stderr]    Compiling photonic-grpc-proto v0.1.0 (/opt/rustwide/workdir/photonic-grpc-proto)
[INFO] [stderr]     Checking photonic-core v0.1.0 (/opt/rustwide/workdir/photonic-core)
[INFO] [stderr]  Documenting photonic-core v0.1.0 (/opt/rustwide/workdir/photonic-core)
[INFO] [stderr]     Checking photonic-dyn v0.1.0 (/opt/rustwide/workdir/photonic-dyn)
[INFO] [stderr]     Checking photonic-mqtt v0.1.0 (/opt/rustwide/workdir/photonic-mqtt)
[INFO] [stderr]  Documenting photonic-mqtt v0.1.0 (/opt/rustwide/workdir/photonic-mqtt)
[INFO] [stderr]  Documenting photonic-net v0.1.0 (/opt/rustwide/workdir/photonic-net)
[INFO] [stderr]  Documenting photonic-exec v0.1.0 (/opt/rustwide/workdir/photonic-exec)
[INFO] [stderr]  Documenting photonic-dyn v0.1.0 (/opt/rustwide/workdir/photonic-dyn)
[INFO] [stderr]     Checking wasmtime-jit v0.30.0
[INFO] [stdout] error[E0554]: `#![feature]` may not be used on the beta release channel
[INFO] [stdout]  --> photonic-exec/src/lib.rs:1:1
[INFO] [stdout]   |
[INFO] [stdout] 1 | #![feature(try_blocks)]
[INFO] [stdout]   | ^^^^^^^^^^^^^^^^^^^^^^^
[INFO] [stdout] 
[INFO] [stdout] 
[INFO] [stdout] error: aborting due to previous error
[INFO] [stdout] 
[INFO] [stdout] 
[INFO] [stdout] For more information about this error, try `rustc --explain E0554`.
[INFO] [stdout] 
[INFO] [stderr] error: could not document `photonic-exec`
[INFO] [stderr] 
[INFO] [stderr] Caused by:
[INFO] [stderr]   process didn't exit successfully: `rustdoc --edition=2018 --crate-type lib --crate-name photonic_exec photonic-exec/src/lib.rs -o /opt/rustwide/target/doc --error-format=json --json=diagnostic-rendered-ansi,artifacts,future-incompat --document-private-items -C metadata=d6f520de898ddfd2 -L dependency=/opt/rustwide/target/debug/deps --extern anyhow=/opt/rustwide/target/debug/deps/libanyhow-559f25e9f8d2a97f.rmeta --extern bytemuck=/opt/rustwide/target/debug/deps/libbytemuck-4f5b9aaea00ecd92.rmeta --extern byteorder=/opt/rustwide/target/debug/deps/libbyteorder-21d0a7105b7fc30b.rmeta --extern palette=/opt/rustwide/target/debug/deps/libpalette-da3bc773c1eabc83.rmeta --extern photonic_core=/opt/rustwide/target/debug/deps/libphotonic_core-65f51dca368d2d36.rmeta --extern shlex=/opt/rustwide/target/debug/deps/libshlex-803b3ae2dfcbd43f.rmeta --cap-lints=warn --crate-version 0.1.0` (exit status: 1)
[INFO] [stderr] warning: build failed, waiting for other jobs to finish...
[INFO] [stdout] error[E0554]: `#![feature]` may not be used on the beta release channel
[INFO] [stdout]  --> photonic-dyn/src/lib.rs:1:1
[INFO] [stdout]   |
[INFO] [stdout] 1 | #![feature(specialization)]
[INFO] [stdout]   | ^^^^^^^^^^^^^^^^^^^^^^^^^^^
[INFO] [stdout] 
[INFO] [stdout] 
[INFO] [stdout] error[E0554]: `#![feature]` may not be used on the beta release channel
[INFO] [stdout]  --> photonic-dyn/src/lib.rs:2:1
[INFO] [stdout]   |
[INFO] [stdout] 2 | #![feature(trait_alias)]
[INFO] [stdout]   | ^^^^^^^^^^^^^^^^^^^^^^^^
[INFO] [stdout] 
[INFO] [stdout] 
[INFO] [stdout] error[E0554]: `#![feature]` may not be used on the beta release channel
[INFO] [stdout]  --> photonic-dyn/src/lib.rs:1:1
[INFO] [stdout]   |
[INFO] [stdout] 1 | #![feature(specialization)]
[INFO] [stdout]   | ^^^^^^^^^^^^^^^^^^^^^^^^^^^
[INFO] [stdout] 
[INFO] [stdout] 
[INFO] [stdout] error[E0554]: `#![feature]` may not be used on the beta release channel
[INFO] [stdout]  --> photonic-dyn/src/lib.rs:2:1
[INFO] [stdout]   |
[INFO] [stdout] 2 | #![feature(trait_alias)]
[INFO] [stdout]   | ^^^^^^^^^^^^^^^^^^^^^^^^
[INFO] [stdout] 
[INFO] [stdout] 
[INFO] [stdout] error: aborting due to 2 previous errors
[INFO] [stdout] 
[INFO] [stdout] 
[INFO] [stdout] For more information about this error, try `rustc --explain E0554`.
[INFO] [stdout] 
[INFO] [stderr] error: could not document `photonic-dyn`
[INFO] [stderr] 
[INFO] [stderr] Caused by:
[INFO] [stderr]   process didn't exit successfully: `rustdoc --edition=2018 --crate-type lib --crate-name photonic_dyn photonic-dyn/src/lib.rs -o /opt/rustwide/target/doc --error-format=json --json=diagnostic-rendered-ansi,artifacts,future-incompat --document-private-items -C metadata=e83790f4ea0776a5 -L dependency=/opt/rustwide/target/debug/deps --extern anyhow=/opt/rustwide/target/debug/deps/libanyhow-559f25e9f8d2a97f.rmeta --extern csscolorparser=/opt/rustwide/target/debug/deps/libcsscolorparser-749786f40f243902.rmeta --extern humantime_serde=/opt/rustwide/target/debug/deps/libhumantime_serde-b05045c70a969edc.rmeta --extern num=/opt/rustwide/target/debug/deps/libnum-ed900dd1cea9e279.rmeta --extern photonic_core=/opt/rustwide/target/debug/deps/libphotonic_core-65f51dca368d2d36.rmeta --extern rand=/opt/rustwide/target/debug/deps/librand-8a7adc216beee61c.rmeta --extern serde=/opt/rustwide/target/debug/deps/libserde-4058f5f5f24c45bd.rmeta --extern serde_json=/opt/rustwide/target/debug/deps/libserde_json-5a42cbe794fb911e.rmeta --cap-lints=warn --crate-version 0.1.0` (exit status: 1)
[INFO] [stdout] error: aborting due to 2 previous errors
[INFO] [stdout] 
[INFO] [stdout] 
[INFO] [stdout] For more information about this error, try `rustc --explain E0554`.
[INFO] [stdout] 
[INFO] [stderr] error: could not compile `photonic-dyn` (lib) due to 3 previous errors
[INFO] running `Command { std: "docker" "inspect" "c43a6d1b30c6fe4693a6e4229995f9fa912becdf9ac2034a833bd311a6e185a2", kill_on_drop: false }`
[INFO] running `Command { std: "docker" "rm" "-f" "c43a6d1b30c6fe4693a6e4229995f9fa912becdf9ac2034a833bd311a6e185a2", kill_on_drop: false }`
[INFO] [stdout] c43a6d1b30c6fe4693a6e4229995f9fa912becdf9ac2034a833bd311a6e185a2
