[INFO] cloning repository https://github.com/fkaa/demo
[INFO] running `Command { std: "git" "-c" "credential.helper=" "-c" "credential.helper=/workspace/cargo-home/bin/git-credential-null" "clone" "--bare" "https://github.com/fkaa/demo" "/workspace/cache/git-repos/https%3A%2F%2Fgithub.com%2Ffkaa%2Fdemo", kill_on_drop: false }`
[INFO] [stderr] Cloning into bare repository '/workspace/cache/git-repos/https%3A%2F%2Fgithub.com%2Ffkaa%2Fdemo'...
[INFO] running `Command { std: "git" "rev-parse" "HEAD", kill_on_drop: false }`
[INFO] [stdout] 7fb950db62ac487f1e83c97c69f2c53069db933c
[INFO] documenting fkaa/demo against beta-2023-04-20 for beta-1.70-rustdoc-1
[INFO] running `Command { std: "git" "clone" "/workspace/cache/git-repos/https%3A%2F%2Fgithub.com%2Ffkaa%2Fdemo" "/workspace/builds/worker-1-tc2/source", kill_on_drop: false }`
[INFO] [stderr] Cloning into '/workspace/builds/worker-1-tc2/source'...
[INFO] [stderr] done.
[INFO] validating manifest of git repo https://github.com/fkaa/demo on toolchain beta-2023-04-20
[INFO] running `Command { std: CARGO_HOME="/workspace/cargo-home" RUSTUP_HOME="/workspace/rustup-home" "/workspace/cargo-home/bin/cargo" "+beta-2023-04-20" "metadata" "--manifest-path" "Cargo.toml" "--no-deps", kill_on_drop: false }`
[INFO] started tweaking git repo https://github.com/fkaa/demo
[INFO] finished tweaking git repo https://github.com/fkaa/demo
[INFO] tweaked toml for git repo https://github.com/fkaa/demo written to /workspace/builds/worker-1-tc2/source/Cargo.toml
[INFO] crate git repo https://github.com/fkaa/demo already has a lockfile, it will not be regenerated
[INFO] running `Command { std: CARGO_HOME="/workspace/cargo-home" RUSTUP_HOME="/workspace/rustup-home" "/workspace/cargo-home/bin/cargo" "+beta-2023-04-20" "fetch" "--manifest-path" "Cargo.toml", kill_on_drop: false }`
[INFO] [stderr]     Updating crates.io index
[INFO] [stderr]  Downloading crates ...
[INFO] [stderr]   Downloaded xml-rs v0.1.25
[INFO] [stderr]   Downloaded gdi32-sys v0.1.0
[INFO] [stderr]   Downloaded wayland-client v0.1.8
[INFO] [stderr]   Downloaded num v0.1.24
[INFO] [stderr]   Downloaded gl_common v0.0.4
[INFO] [stderr]   Downloaded glutin v0.1.6
[INFO] [stderr]   Downloaded android_glue v0.0.2
[INFO] [stderr]   Downloaded kernel32-sys v0.1.0
[INFO] [stderr]   Downloaded gfx_gl v0.1.4
[INFO] [stderr]   Downloaded objc v0.1.5
[INFO] [stderr]   Downloaded rustc-serialize v0.3.14
[INFO] [stderr]   Downloaded cgmath v0.2.0
[INFO] [stderr]   Downloaded gfx_device_gl v0.4.0
[INFO] [stderr]   Downloaded user32-sys v0.1.1
[INFO] [stderr]   Downloaded lazy_static v0.1.11
[INFO] [stderr]   Downloaded x11-dl v1.0.1
[INFO] [stderr]   Downloaded winapi v0.1.20
[INFO] [stderr]   Downloaded draw_state v0.1.0
[INFO] [stderr]   Downloaded gfx v0.6.2
[INFO] [stderr]   Downloaded gl_generator v0.0.26
[INFO] [stderr]   Downloaded malloc_buf v0.0.5
[INFO] [stderr]   Downloaded shared_library v0.1.0
[INFO] [stderr]   Downloaded wayland-kbd v0.1.1
[INFO] [stderr]   Downloaded gfx_window_glutin v0.2.0
[INFO] [stderr]   Downloaded khronos_api v0.0.5
[INFO] [stderr]   Downloaded glutin_core_graphics v0.1.4
[INFO] [stderr]   Downloaded glutin_cocoa v0.1.6
[INFO] [stderr]   Downloaded glutin_core_foundation v0.1.2
[INFO] running `Command { std: "docker" "create" "-v" "/var/lib/crater-agent-workspace/builds/worker-1-tc2/target:/opt/rustwide/target:rw,Z" "-v" "/var/lib/crater-agent-workspace/builds/worker-1-tc2/source:/opt/rustwide/workdir:ro,Z" "-v" "/var/lib/crater-agent-workspace/cargo-home:/opt/rustwide/cargo-home:ro,Z" "-v" "/var/lib/crater-agent-workspace/rustup-home:/opt/rustwide/rustup-home:ro,Z" "-e" "SOURCE_DIR=/opt/rustwide/workdir" "-e" "CARGO_TARGET_DIR=/opt/rustwide/target" "-e" "CARGO_HOME=/opt/rustwide/cargo-home" "-e" "RUSTUP_HOME=/opt/rustwide/rustup-home" "-w" "/opt/rustwide/workdir" "-m" "1610612736" "--user" "0:0" "--network" "none" "ghcr.io/rust-lang/crates-build-env/linux@sha256:5ff2268d62e97bff2cde7d5815dd6ed5b47097566f13b8d0ca110b04b60e07ed" "/opt/rustwide/cargo-home/bin/cargo" "+beta-2023-04-20" "metadata" "--no-deps" "--format-version=1", kill_on_drop: false }`
[INFO] [stdout] f17a4401548525010b6bfe554b6bfb954a13af11e0904657afefe15cdeec4c43
[INFO] running `Command { std: "docker" "start" "-a" "f17a4401548525010b6bfe554b6bfb954a13af11e0904657afefe15cdeec4c43", kill_on_drop: false }`
[INFO] running `Command { std: "docker" "inspect" "f17a4401548525010b6bfe554b6bfb954a13af11e0904657afefe15cdeec4c43", kill_on_drop: false }`
[INFO] running `Command { std: "docker" "rm" "-f" "f17a4401548525010b6bfe554b6bfb954a13af11e0904657afefe15cdeec4c43", kill_on_drop: false }`
[INFO] [stdout] f17a4401548525010b6bfe554b6bfb954a13af11e0904657afefe15cdeec4c43
[INFO] running `Command { std: "docker" "create" "-v" "/var/lib/crater-agent-workspace/builds/worker-1-tc2/target:/opt/rustwide/target:rw,Z" "-v" "/var/lib/crater-agent-workspace/builds/worker-1-tc2/source:/opt/rustwide/workdir:ro,Z" "-v" "/var/lib/crater-agent-workspace/cargo-home:/opt/rustwide/cargo-home:ro,Z" "-v" "/var/lib/crater-agent-workspace/rustup-home:/opt/rustwide/rustup-home:ro,Z" "-e" "SOURCE_DIR=/opt/rustwide/workdir" "-e" "CARGO_TARGET_DIR=/opt/rustwide/target" "-e" "CARGO_INCREMENTAL=0" "-e" "RUST_BACKTRACE=full" "-e" "RUSTFLAGS=--cap-lints=warn" "-e" "RUSTDOCFLAGS=--cap-lints=warn" "-e" "CARGO_HOME=/opt/rustwide/cargo-home" "-e" "RUSTUP_HOME=/opt/rustwide/rustup-home" "-w" "/opt/rustwide/workdir" "-m" "1610612736" "--user" "0:0" "--network" "none" "ghcr.io/rust-lang/crates-build-env/linux@sha256:5ff2268d62e97bff2cde7d5815dd6ed5b47097566f13b8d0ca110b04b60e07ed" "/opt/rustwide/cargo-home/bin/cargo" "+beta-2023-04-20" "doc" "--frozen" "--no-deps" "--document-private-items" "--message-format=json", kill_on_drop: false }`
[INFO] [stdout] 94104c39a29d10d2d63bcac8149f6680cfced423a845c05e09afbf29c2a7b903
[INFO] running `Command { std: "docker" "start" "-a" "94104c39a29d10d2d63bcac8149f6680cfced423a845c05e09afbf29c2a7b903", kill_on_drop: false }`
[INFO] [stderr]     Checking libc v0.1.8
[INFO] [stderr]    Compiling bitflags v0.1.1
[INFO] [stderr]    Compiling khronos_api v0.0.5
[INFO] [stderr]     Checking lazy_static v0.1.11
[INFO] [stderr]     Checking rustc-serialize v0.3.14
[INFO] [stderr]    Compiling xml-rs v0.1.25
[INFO] [stderr]     Checking draw_state v0.1.0
[INFO] [stdout] error[E0642]: patterns aren't allowed in functions without bodies
[INFO] [stdout]    --> /opt/rustwide/cargo-home/registry/src/index.crates.io-6f17d22bba15001f/rustc-serialize-0.3.14/src/serialize.rs:144:45
[INFO] [stdout]     |
[INFO] [stdout] 144 | ...                   &f_name: &str,
[INFO] [stdout]     |                       ^^^^^^^ pattern not allowed in function without body
[INFO] [stdout] 
[INFO] [stdout] 
[INFO] [stderr]    Compiling log v0.3.1
[INFO] [stderr]     Checking rand v0.3.8
[INFO] [stderr]     Checking gl_common v0.0.4
[INFO] [stderr]     Checking wayland-client v0.1.8
[INFO] [stderr]     Checking shared_library v0.1.0
[INFO] [stderr]     Checking dylib v0.0.1
[INFO] [stdout] error[E0277]: the size for values of type `Self` cannot be known at compilation time
[INFO] [stdout]    --> /opt/rustwide/cargo-home/registry/src/index.crates.io-6f17d22bba15001f/rustc-serialize-0.3.14/src/serialize.rs:200:41
[INFO] [stdout]     |
[INFO] [stdout] 200 |     fn decode<D: Decoder>(d: &mut D) -> Result<Self, D::Error>;
[INFO] [stdout]     |                                         ^^^^^^^^^^^^^^^^^^^^^^ doesn't have a size known at compile-time
[INFO] [stdout]     |
[INFO] [stdout] note: required by a bound in `Result`
[INFO] [stdout]    --> /rustc/1b7dd2252b99671ce5d1cb9664c5f8636329436d/library/core/src/result.rs:503:1
[INFO] [stdout] help: consider further restricting `Self`
[INFO] [stdout]     |
[INFO] [stdout] 200 |     fn decode<D: Decoder>(d: &mut D) -> Result<Self, D::Error> where Self: Sized;
[INFO] [stdout]     |                                                                +++++++++++++++++
[INFO] [stdout] 
[INFO] [stdout] 
[INFO] [stdout] error[E0277]: the size for values of type `Self` cannot be known at compilation time
[INFO] [stdout]   --> /opt/rustwide/cargo-home/registry/src/index.crates.io-6f17d22bba15001f/xml-rs-0.1.25/src/util.rs:15:33
[INFO] [stdout]    |
[INFO] [stdout] 15 |     fn cloned_pairwise(self) -> ClonedPairwise<Self>;
[INFO] [stdout]    |                                 ^^^^^^^^^^^^^^^^^^^^ doesn't have a size known at compile-time
[INFO] [stdout]    |
[INFO] [stdout] note: required by a bound in `ClonedPairwise`
[INFO] [stdout]   --> /opt/rustwide/cargo-home/registry/src/index.crates.io-6f17d22bba15001f/xml-rs-0.1.25/src/util.rs:27:27
[INFO] [stdout]    |
[INFO] [stdout] 27 | pub struct ClonedPairwise<I>(I);
[INFO] [stdout]    |                           ^ required by this bound in `ClonedPairwise`
[INFO] [stdout] help: you could relax the implicit `Sized` bound on `I` if it were used through indirection like `&I` or `Box<I>`
[INFO] [stdout]   --> /opt/rustwide/cargo-home/registry/src/index.crates.io-6f17d22bba15001f/xml-rs-0.1.25/src/util.rs:27:27
[INFO] [stdout]    |
[INFO] [stdout] 27 | pub struct ClonedPairwise<I>(I);
[INFO] [stdout]    |                           ^  - ...if indirection were used here: `Box<I>`
[INFO] [stdout]    |                           |
[INFO] [stdout]    |                           this could be changed to `I: ?Sized`...
[INFO] [stdout] help: consider further restricting `Self`
[INFO] [stdout]    |
[INFO] [stdout] 15 |     fn cloned_pairwise(self) -> ClonedPairwise<Self> where Self: Sized;
[INFO] [stdout]    |                                                      +++++++++++++++++
[INFO] [stdout] 
[INFO] [stdout] 
[INFO] [stdout] error: aborting due to previous error
[INFO] [stdout] 
[INFO] [stdout] 
[INFO] [stdout] For more information about this error, try `rustc --explain E0277`.
[INFO] [stdout] 
[INFO] [stderr] error: could not compile `xml-rs` (lib) due to 2 previous errors
[INFO] [stderr] warning: build failed, waiting for other jobs to finish...
[INFO] [stdout] error: aborting due to 2 previous errors
[INFO] [stdout] 
[INFO] [stdout] 
[INFO] [stdout] Some errors have detailed explanations: E0277, E0642.
[INFO] [stdout] 
[INFO] [stdout] For more information about an error, try `rustc --explain E0277`.
[INFO] [stdout] 
[INFO] [stderr] error: could not compile `rustc-serialize` (lib) due to 3 previous errors
[INFO] [stdout] error[E0517]: attribute should be applied to a struct, enum, or union
[INFO] [stdout]   --> /opt/rustwide/cargo-home/registry/src/index.crates.io-6f17d22bba15001f/wayland-client-0.1.8/src/ffi/abi.rs:45:8
[INFO] [stdout]    |
[INFO] [stdout] 45 |   #[repr(C)] pub type wl_dispatcher_func_t = extern fn(*const c_void, 
[INFO] [stdout]    |  ________^___-
[INFO] [stdout] 46 | |                                                      *mut c_void,
[INFO] [stdout] 47 | |                                                      uint32_t,
[INFO] [stdout] 48 | |                                                      *const wl_message,
[INFO] [stdout] 49 | |                                                      *mut wl_argument
[INFO] [stdout] 50 | |                                                     );
[INFO] [stdout]    | |______________________________________________________- not a struct, enum, or union
[INFO] [stdout] 
[INFO] [stdout] 
[INFO] [stdout] error[E0517]: attribute should be applied to a struct, enum, or union
[INFO] [stdout]   --> /opt/rustwide/cargo-home/registry/src/index.crates.io-6f17d22bba15001f/wayland-client-0.1.8/src/ffi/abi.rs:51:8
[INFO] [stdout]    |
[INFO] [stdout] 51 | #[repr(C)] pub type wl_log_func_t = extern fn(_: *const c_char, ...);
[INFO] [stdout]    |        ^   ---------------------------------------------------------- not a struct, enum, or union
[INFO] [stdout] 
[INFO] [stdout] 
[INFO] [stdout] error[E0517]: attribute should be applied to a struct, enum, or union
[INFO] [stdout]   --> /opt/rustwide/cargo-home/registry/src/index.crates.io-6f17d22bba15001f/wayland-client-0.1.8/src/ffi/abi.rs:53:8
[INFO] [stdout]    |
[INFO] [stdout] 53 | #[repr(C)] pub type wl_fixed_t = int32_t;
[INFO] [stdout]    |        ^   ------------------------------ not a struct, enum, or union
[INFO] [stdout] 
[INFO] [stdout] 
[INFO] [stdout] error[E0277]: the size for values of type `Self` cannot be known at compilation time
[INFO] [stdout]   --> /opt/rustwide/cargo-home/registry/src/index.crates.io-6f17d22bba15001f/wayland-client-0.1.8/src/core/mod.rs:57:26
[INFO] [stdout]    |
[INFO] [stdout] 57 |     fn from(other: T) -> Option<Self>;
[INFO] [stdout]    |                          ^^^^^^^^^^^^ doesn't have a size known at compile-time
[INFO] [stdout]    |
[INFO] [stdout] note: required by a bound in `Option`
[INFO] [stdout]   --> /rustc/1b7dd2252b99671ce5d1cb9664c5f8636329436d/library/core/src/option.rs:564:1
[INFO] [stdout] help: consider further restricting `Self`
[INFO] [stdout]    |
[INFO] [stdout] 57 |     fn from(other: T) -> Option<Self> where Self: Sized;
[INFO] [stdout]    |                                       +++++++++++++++++
[INFO] [stdout] 
[INFO] [stdout] 
[INFO] [stdout] error[E0277]: the size for values of type `Self` cannot be known at compilation time
[INFO] [stdout]   --> /opt/rustwide/cargo-home/registry/src/index.crates.io-6f17d22bba15001f/rand-0.3.8/src/distributions/range.rs:83:50
[INFO] [stdout]    |
[INFO] [stdout] 83 |     fn construct_range(low: Self, high: Self) -> Range<Self>;
[INFO] [stdout]    |                                                  ^^^^^^^^^^^ doesn't have a size known at compile-time
[INFO] [stdout]    |
[INFO] [stdout] note: required by a bound in `range::Range`
[INFO] [stdout]   --> /opt/rustwide/cargo-home/registry/src/index.crates.io-6f17d22bba15001f/rand-0.3.8/src/distributions/range.rs:50:18
[INFO] [stdout]    |
[INFO] [stdout] 50 | pub struct Range<X> {
[INFO] [stdout]    |                  ^ required by this bound in `Range`
[INFO] [stdout] help: you could relax the implicit `Sized` bound on `X` if it were used through indirection like `&X` or `Box<X>`
[INFO] [stdout]   --> /opt/rustwide/cargo-home/registry/src/index.crates.io-6f17d22bba15001f/rand-0.3.8/src/distributions/range.rs:50:18
[INFO] [stdout]    |
[INFO] [stdout] 50 | pub struct Range<X> {
[INFO] [stdout]    |                  ^ this could be changed to `X: ?Sized`...
[INFO] [stdout] 51 |     low: X,
[INFO] [stdout]    |          - ...if indirection were used here: `Box<X>`
[INFO] [stdout] 52 |     range: X,
[INFO] [stdout]    |            - ...if indirection were used here: `Box<X>`
[INFO] [stdout] 53 |     accept_zone: X
[INFO] [stdout]    |                  - ...if indirection were used here: `Box<X>`
[INFO] [stdout] help: consider further restricting `Self`
[INFO] [stdout]    |
[INFO] [stdout] 83 |     fn construct_range(low: Self, high: Self) -> Range<Self> where Self: Sized;
[INFO] [stdout]    |                                                              +++++++++++++++++
[INFO] [stdout] 
[INFO] [stdout] 
[INFO] [stdout] error[E0277]: the size for values of type `Self` cannot be known at compilation time
[INFO] [stdout]   --> /opt/rustwide/cargo-home/registry/src/index.crates.io-6f17d22bba15001f/rand-0.3.8/src/distributions/range.rs:87:33
[INFO] [stdout]    |
[INFO] [stdout] 87 |     fn sample_range<R: Rng>(r: &Range<Self>, rng: &mut R) -> Self;
[INFO] [stdout]    |                                 ^^^^^^^^^^^ doesn't have a size known at compile-time
[INFO] [stdout]    |
[INFO] [stdout] note: required by a bound in `range::Range`
[INFO] [stdout]   --> /opt/rustwide/cargo-home/registry/src/index.crates.io-6f17d22bba15001f/rand-0.3.8/src/distributions/range.rs:50:18
[INFO] [stdout]    |
[INFO] [stdout] 50 | pub struct Range<X> {
[INFO] [stdout]    |                  ^ required by this bound in `Range`
[INFO] [stdout] help: you could relax the implicit `Sized` bound on `X` if it were used through indirection like `&X` or `Box<X>`
[INFO] [stdout]   --> /opt/rustwide/cargo-home/registry/src/index.crates.io-6f17d22bba15001f/rand-0.3.8/src/distributions/range.rs:50:18
[INFO] [stdout]    |
[INFO] [stdout] 50 | pub struct Range<X> {
[INFO] [stdout]    |                  ^ this could be changed to `X: ?Sized`...
[INFO] [stdout] 51 |     low: X,
[INFO] [stdout]    |          - ...if indirection were used here: `Box<X>`
[INFO] [stdout] 52 |     range: X,
[INFO] [stdout]    |            - ...if indirection were used here: `Box<X>`
[INFO] [stdout] 53 |     accept_zone: X
[INFO] [stdout]    |                  - ...if indirection were used here: `Box<X>`
[INFO] [stdout] help: consider further restricting `Self`
[INFO] [stdout]    |
[INFO] [stdout] 87 |     fn sample_range<R: Rng>(r: &Range<Self>, rng: &mut R) -> Self where Self: Sized;
[INFO] [stdout]    |                                                                   +++++++++++++++++
[INFO] [stdout] 
[INFO] [stdout] 
[INFO] [stdout] error: aborting due to 4 previous errors
[INFO] [stdout] 
[INFO] [stdout] 
[INFO] [stdout] Some errors have detailed explanations: E0277, E0517.
[INFO] [stdout] 
[INFO] [stdout] For more information about an error, try `rustc --explain E0277`.
[INFO] [stdout] 
[INFO] [stdout] error: aborting due to 2 previous errors
[INFO] [stdout] 
[INFO] [stdout] 
[INFO] [stdout] For more information about this error, try `rustc --explain E0277`.
[INFO] [stdout] 
[INFO] [stderr] error: could not compile `wayland-client` (lib) due to 5 previous errors
[INFO] [stderr] error: could not compile `rand` (lib) due to 3 previous errors
[INFO] running `Command { std: "docker" "inspect" "94104c39a29d10d2d63bcac8149f6680cfced423a845c05e09afbf29c2a7b903", kill_on_drop: false }`
[INFO] running `Command { std: "docker" "rm" "-f" "94104c39a29d10d2d63bcac8149f6680cfced423a845c05e09afbf29c2a7b903", kill_on_drop: false }`
[INFO] [stdout] 94104c39a29d10d2d63bcac8149f6680cfced423a845c05e09afbf29c2a7b903
