[INFO] cloning repository https://github.com/favilo/raspylights
[INFO] running `Command { std: "git" "-c" "credential.helper=" "-c" "credential.helper=/workspace/cargo-home/bin/git-credential-null" "clone" "--bare" "https://github.com/favilo/raspylights" "/workspace/cache/git-repos/https%3A%2F%2Fgithub.com%2Ffavilo%2Fraspylights", kill_on_drop: false }`
[INFO] [stderr] Cloning into bare repository '/workspace/cache/git-repos/https%3A%2F%2Fgithub.com%2Ffavilo%2Fraspylights'...
[INFO] running `Command { std: "git" "rev-parse" "HEAD", kill_on_drop: false }`
[INFO] [stdout] 019dd3e5b8bb38c0461333aa064d2b4256adcddd
[INFO] documenting favilo/raspylights against beta-2023-04-20 for beta-1.70-rustdoc-1
[INFO] running `Command { std: "git" "clone" "/workspace/cache/git-repos/https%3A%2F%2Fgithub.com%2Ffavilo%2Fraspylights" "/workspace/builds/worker-2-tc2/source", kill_on_drop: false }`
[INFO] [stderr] Cloning into '/workspace/builds/worker-2-tc2/source'...
[INFO] [stderr] done.
[INFO] validating manifest of git repo https://github.com/favilo/raspylights on toolchain beta-2023-04-20
[INFO] running `Command { std: CARGO_HOME="/workspace/cargo-home" RUSTUP_HOME="/workspace/rustup-home" "/workspace/cargo-home/bin/cargo" "+beta-2023-04-20" "metadata" "--manifest-path" "Cargo.toml" "--no-deps", kill_on_drop: false }`
[INFO] removed /workspace/builds/worker-2-tc2/source/.cargo/config.toml
[INFO] started tweaking git repo https://github.com/favilo/raspylights
[INFO] finished tweaking git repo https://github.com/favilo/raspylights
[INFO] tweaked toml for git repo https://github.com/favilo/raspylights written to /workspace/builds/worker-2-tc2/source/Cargo.toml
[INFO] crate git repo https://github.com/favilo/raspylights already has a lockfile, it will not be regenerated
[INFO] running `Command { std: CARGO_HOME="/workspace/cargo-home" RUSTUP_HOME="/workspace/rustup-home" "/workspace/cargo-home/bin/cargo" "+beta-2023-04-20" "fetch" "--manifest-path" "Cargo.toml", kill_on_drop: false }`
[INFO] [stderr]     Updating crates.io index
[INFO] [stderr]  Downloading crates ...
[INFO] [stderr]   Downloaded gloo-utils v0.1.0
[INFO] [stderr]   Downloaded gloo-console v0.2.0
[INFO] [stderr]   Downloaded metatype v0.2.1
[INFO] [stderr]   Downloaded gloo-render v0.1.0
[INFO] [stderr]   Downloaded enum_dispatch v0.3.7
[INFO] [stderr]   Downloaded wasm-bindgen-test v0.3.27
[INFO] [stderr]   Downloaded const_format_proc_macros v0.2.22
[INFO] [stderr]   Downloaded yew-router-macro v0.15.0
[INFO] [stderr]   Downloaded gloo-storage v0.1.0
[INFO] [stderr]   Downloaded page_size v0.4.2
[INFO] [stderr]   Downloaded heed-traits v0.8.0
[INFO] [stderr]   Downloaded runestick-macros v0.9.1
[INFO] [stderr]   Downloaded wasm-bindgen-test-macro v0.3.27
[INFO] [stderr]   Downloaded heed v0.11.0
[INFO] [stderr]   Downloaded heed-types v0.8.0
[INFO] [stderr]   Downloaded gloo-file v0.2.0
[INFO] [stderr]   Downloaded rune-macros v0.9.1
[INFO] [stderr]   Downloaded gloo-console v0.1.0
[INFO] [stderr]   Downloaded relative v0.2.2
[INFO] [stderr]   Downloaded serde_traitobject v0.2.7
[INFO] [stderr]   Downloaded synchronoise v1.0.0
[INFO] [stderr]   Downloaded rs_ws281x v0.4.2
[INFO] [stderr]   Downloaded yew-router-route-parser v0.15.0
[INFO] [stderr]   Downloaded ybc v0.2.1
[INFO] [stderr]   Downloaded const_format v0.2.22
[INFO] [stderr]   Downloaded yew-router v0.15.0
[INFO] [stderr]   Downloaded runestick v0.9.1
[INFO] [stderr]   Downloaded rune v0.9.1
[INFO] [stderr]   Downloaded yewtil v0.4.0
[INFO] [stderr]   Downloaded gloo-storage v0.2.0
[INFO] [stderr]   Downloaded rune-ssa v0.9.1
[INFO] [stderr]   Downloaded gloo-dialogs v0.1.0
[INFO] [stderr]   Downloaded mdbx-sys v0.7.1
[INFO] [stderr]   Downloaded gloo v0.3.0
[INFO] [stderr]   Downloaded http-types v2.10.0
[INFO] [stderr]   Downloaded gloo v0.4.0
[INFO] running `Command { std: "docker" "create" "-v" "/var/lib/crater-agent-workspace/builds/worker-2-tc2/target:/opt/rustwide/target:rw,Z" "-v" "/var/lib/crater-agent-workspace/builds/worker-2-tc2/source:/opt/rustwide/workdir:ro,Z" "-v" "/var/lib/crater-agent-workspace/cargo-home:/opt/rustwide/cargo-home:ro,Z" "-v" "/var/lib/crater-agent-workspace/rustup-home:/opt/rustwide/rustup-home:ro,Z" "-e" "SOURCE_DIR=/opt/rustwide/workdir" "-e" "CARGO_TARGET_DIR=/opt/rustwide/target" "-e" "CARGO_HOME=/opt/rustwide/cargo-home" "-e" "RUSTUP_HOME=/opt/rustwide/rustup-home" "-w" "/opt/rustwide/workdir" "-m" "1610612736" "--user" "0:0" "--network" "none" "ghcr.io/rust-lang/crates-build-env/linux@sha256:97d61d7686bf65f8ecb15491ab51835e82dc9176a96a831f143a431b191fc501" "/opt/rustwide/cargo-home/bin/cargo" "+beta-2023-04-20" "metadata" "--no-deps" "--format-version=1", kill_on_drop: false }`
[INFO] [stdout] 55fed08c50b6e4e5ae4dfa300765a8bf41d59e076350b7232b82bc9593ca9999
[INFO] running `Command { std: "docker" "start" "-a" "55fed08c50b6e4e5ae4dfa300765a8bf41d59e076350b7232b82bc9593ca9999", kill_on_drop: false }`
[INFO] running `Command { std: "docker" "inspect" "55fed08c50b6e4e5ae4dfa300765a8bf41d59e076350b7232b82bc9593ca9999", kill_on_drop: false }`
[INFO] running `Command { std: "docker" "rm" "-f" "55fed08c50b6e4e5ae4dfa300765a8bf41d59e076350b7232b82bc9593ca9999", kill_on_drop: false }`
[INFO] [stdout] 55fed08c50b6e4e5ae4dfa300765a8bf41d59e076350b7232b82bc9593ca9999
[INFO] running `Command { std: "docker" "create" "-v" "/var/lib/crater-agent-workspace/builds/worker-2-tc2/target:/opt/rustwide/target:rw,Z" "-v" "/var/lib/crater-agent-workspace/builds/worker-2-tc2/source:/opt/rustwide/workdir:ro,Z" "-v" "/var/lib/crater-agent-workspace/cargo-home:/opt/rustwide/cargo-home:ro,Z" "-v" "/var/lib/crater-agent-workspace/rustup-home:/opt/rustwide/rustup-home:ro,Z" "-e" "SOURCE_DIR=/opt/rustwide/workdir" "-e" "CARGO_TARGET_DIR=/opt/rustwide/target" "-e" "CARGO_INCREMENTAL=0" "-e" "RUST_BACKTRACE=full" "-e" "RUSTFLAGS=--cap-lints=warn" "-e" "RUSTDOCFLAGS=--cap-lints=warn" "-e" "CARGO_HOME=/opt/rustwide/cargo-home" "-e" "RUSTUP_HOME=/opt/rustwide/rustup-home" "-w" "/opt/rustwide/workdir" "-m" "1610612736" "--user" "0:0" "--network" "none" "ghcr.io/rust-lang/crates-build-env/linux@sha256:97d61d7686bf65f8ecb15491ab51835e82dc9176a96a831f143a431b191fc501" "/opt/rustwide/cargo-home/bin/cargo" "+beta-2023-04-20" "doc" "--frozen" "--no-deps" "--document-private-items" "--message-format=json", kill_on_drop: false }`
[INFO] [stdout] d0ba1951adb34efea71ae4a1bd9a18c7ed3d7802ff38e7dd70f9e5e9ecad209a
[INFO] running `Command { std: "docker" "start" "-a" "d0ba1951adb34efea71ae4a1bd9a18c7ed3d7802ff38e7dd70f9e5e9ecad209a", kill_on_drop: false }`
[INFO] [stderr]    Compiling proc-macro2 v1.0.29
[INFO] [stderr]    Compiling syn v1.0.76
[INFO] [stderr]    Compiling serde_derive v1.0.130
[INFO] [stderr]    Compiling serde v1.0.130
[INFO] [stderr]    Compiling autocfg v1.0.1
[INFO] [stderr]    Compiling version_check v0.9.3
[INFO] [stderr]    Compiling libc v0.2.91
[INFO] [stderr]    Compiling value-bag v1.0.0-alpha.6
[INFO] [stderr]    Compiling log v0.4.14
[INFO] [stderr]     Checking itoa v0.4.7
[INFO] [stderr]    Compiling typenum v1.13.0
[INFO] [stderr]    Compiling serde_json v1.0.72
[INFO] [stderr]    Compiling generic-array v0.14.4
[INFO] [stderr]    Compiling futures-core v0.3.17
[INFO] [stderr]    Compiling wasm-bindgen-shared v0.2.78
[INFO] [stderr]    Compiling sval v1.0.0-alpha.5
[INFO] [stderr]    Compiling lazy_static v1.4.0
[INFO] [stderr]    Compiling bumpalo v3.6.1
[INFO] [stderr]    Compiling wasm-bindgen v0.2.78
[INFO] [stderr]    Compiling quote v1.0.9
[INFO] [stderr]    Compiling memchr v2.3.4
[INFO] [stderr]    Compiling getrandom v0.2.2
[INFO] [stderr]    Compiling num-traits v0.2.14
[INFO] [stderr]    Compiling proc-macro-hack v0.5.19
[INFO] [stderr]    Compiling bitflags v1.2.1
[INFO] [stderr]     Checking once_cell v1.8.0
[INFO] [stderr]     Checking pin-project-lite v0.2.6
[INFO] [stderr]    Compiling anyhow v1.0.43
[INFO] [stderr]     Checking subtle v2.4.0
[INFO] [stderr]     Checking byteorder v1.4.3
[INFO] [stderr]    Compiling num-integer v0.1.44
[INFO] [stderr]     Checking event-listener v2.5.1
[INFO] [stderr]     Checking cache-padded v1.1.1
[INFO] [stderr]     Checking static_assertions v1.1.0
[INFO] [stderr]     Checking futures-io v0.3.17
[INFO] [stderr]     Checking concurrent-queue v1.2.2
[INFO] [stderr]     Checking opaque-debug v0.3.0
[INFO] [stderr]     Checking fastrand v1.4.0
[INFO] [stderr]     Checking waker-fn v1.1.0
[INFO] [stderr]     Checking parking v2.0.0
[INFO] [stderr]     Checking digest v0.9.0
[INFO] [stderr]    Compiling standback v0.2.17
[INFO] [stderr]     Checking ahash v0.4.7
[INFO] [stderr]     Checking stable_deref_trait v1.2.0
[INFO] [stderr]     Checking futures-lite v1.11.3
[INFO] [stderr]     Checking socket2 v0.4.0
[INFO] [stderr]    Compiling futures-channel v0.3.17
[INFO] [stderr]     Checking vec-arena v1.1.0
[INFO] [stderr]    Compiling getrandom v0.1.16
[INFO] [stderr]     Checking ppv-lite86 v0.2.10
[INFO] [stderr]     Checking nb-connect v1.1.0
[INFO] [stderr]     Checking cipher v0.2.5
[INFO] [stderr]    Compiling lexical-core v0.7.6
[INFO] [stderr]    Compiling signal-hook v0.3.10
[INFO] [stderr]     Checking async-task v4.0.3
[INFO] [stderr]    Compiling procinfo v0.4.2
[INFO] [stderr]     Checking async-channel v1.6.1
[INFO] [stderr]     Checking universal-hash v0.4.0
[INFO] [stderr]     Checking generic-array v0.13.3
[INFO] [stderr]     Checking generic-array v0.12.4
[INFO] [stderr]     Checking num_cpus v1.13.0
[INFO] [stderr]     Checking signal-hook-registry v1.4.0
[INFO] [stderr]    Compiling futures-macro v0.3.17
[INFO] [stderr]    Compiling crossbeam-utils v0.8.3
[INFO] [stderr]    Compiling num-bigint v0.4.3
[INFO] [stderr]    Compiling futures-task v0.3.17
[INFO] [stderr]    Compiling const_fn v0.4.5
[INFO] [stderr]     Checking atomic-waker v1.0.0
[INFO] [stderr]     Checking arrayvec v0.5.2
[INFO] [stderr]    Compiling nix v0.15.0
[INFO] [stderr]    Compiling rand_core v0.6.2
[INFO] [stderr]    Compiling proc-macro-nested v0.1.7
[INFO] [stderr]    Compiling cc v1.0.67
[INFO] [stderr]     Checking cpuid-bool v0.2.0
[INFO] [stderr]    Compiling heapless v0.5.6
[INFO] [stderr]     Checking polyval v0.4.5
[INFO] [stderr]    Compiling rand_chacha v0.3.0
[INFO] [stderr]     Checking blocking v1.0.2
[INFO] [stderr]     Checking tinyvec v1.1.1
[INFO] [stderr]     Checking as-slice v0.1.5
[INFO] [stderr]     Checking rand_core v0.5.1
[INFO] [stderr]     Checking async-executor v1.4.0
[INFO] [stderr]     Checking aes-soft v0.6.4
[INFO] [stderr]     Checking crypto-mac v0.10.0
[INFO] [stderr]     Checking block-buffer v0.9.0
[INFO] [stderr]     Checking twox-hash v1.6.0
[INFO] [stderr]     Checking async-mutex v1.4.0
[INFO] [stderr]     Checking hash32 v0.1.1
[INFO] [stderr]    Compiling futures-util v0.3.17
[INFO] [stderr]    Compiling nom v5.1.2
[INFO] [stderr]    Compiling time v0.2.26
[INFO] [stderr]    Compiling build_id v0.2.1
[INFO] [stderr]     Checking void v1.0.2
[INFO] [stderr]    Compiling ident_case v1.0.1
[INFO] [stderr]     Checking nom v2.2.1
[INFO] [stderr]     Checking cpuid-bool v0.1.2
[INFO] [stderr]    Compiling siphasher v0.3.5
[INFO] [stderr]    Compiling strsim v0.10.0
[INFO] [stderr]     Checking sha2 v0.9.3
[INFO] [stderr]    Compiling phf_shared v0.9.0
[INFO] [stderr]    Compiling darling_core v0.13.0
[INFO] [stderr]     Checking unicode-normalization v0.1.17
[INFO] [stderr]     Checking aes v0.6.0
[INFO] [stderr]     Checking hmac v0.10.1
[INFO] [stderr]     Checking rand_chacha v0.2.2
[INFO] [stderr]    Compiling rand v0.8.3
[INFO] [stderr]     Checking ghash v0.3.1
[INFO] [stderr]     Checking form_urlencoded v1.0.1
[INFO] [stderr]     Checking ctr v0.6.0
[INFO] [stderr]     Checking aead v0.3.2
[INFO] [stderr]     Checking async-lock v2.3.0
[INFO] [stderr]     Checking time v0.1.44
[INFO] [stderr]    Compiling indexmap v1.6.2
[INFO] [stderr]    Compiling num-rational v0.4.0
[INFO] [stderr]    Compiling num-iter v0.1.42
[INFO] [stderr]    Compiling cookie v0.14.4
[INFO] [stderr]     Checking aes-gcm v0.8.0
[INFO] [stderr]    Compiling phf_generator v0.9.1
[INFO] [stderr]     Checking idna v0.2.2
[INFO] [stderr]     Checking rand v0.7.3
[INFO] [stderr]     Checking hkdf v0.10.0
[INFO] [stderr]    Compiling crossbeam-utils v0.7.2
[INFO] [stderr]    Compiling ryu v1.0.5
[INFO] [stderr]    Compiling maybe-uninit v2.0.0
[INFO] [stderr]     Checking data-encoding v2.3.2
[INFO] [stderr]    Compiling http-types v2.10.0
[INFO] [stderr]     Checking bytes v1.0.1
[INFO] [stderr]    Compiling yew v0.18.0
[INFO] [stderr]    Compiling rustversion v1.0.5
[INFO] [stderr]    Compiling relative v0.2.2
[INFO] [stderr]    Compiling boolinator v2.4.0
[INFO] [stderr]     Checking http v0.2.3
[INFO] [stderr]    Compiling ctor v0.1.20
[INFO] [stderr]    Compiling thiserror-impl v1.0.30
[INFO] [stderr]    Compiling time-macros-impl v0.1.1
[INFO] [stderr]    Compiling pin-project-internal v1.0.5
[INFO] [stderr]     Checking palaver v0.2.8
[INFO] [stderr]    Compiling darling_macro v0.13.0
[INFO] [stderr]     Checking time-macros v0.1.1
[INFO] [stderr]    Compiling wasm-bindgen-backend v0.2.78
[INFO] [stderr]     Checking polling v2.0.3
[INFO] [stderr]     Checking async-io v1.3.1
[INFO] [stderr]     Checking kv-log-macro v1.0.7
[INFO] [stderr]     Checking thiserror v1.0.30
[INFO] [stderr]     Checking pin-project v1.0.5
[INFO] [stderr]    Compiling darling v0.13.0
[INFO] [stderr]    Compiling runestick-macros v0.9.1
[INFO] [stderr]    Compiling phf_macros v0.9.0
[INFO] [stderr]     Checking async-process v1.0.2
[INFO] [stderr]     Checking async-global-executor v2.0.2
[INFO] [stderr]    Compiling yew-macro v0.18.0
[INFO] [stderr]     Checking async-std v1.10.0
[INFO] [stderr]    Compiling wasm-bindgen-macro-support v0.2.78
[INFO] [stderr]     Checking num-complex v0.4.0
[INFO] [stderr]    Compiling async-trait v0.1.48
[INFO] [stderr]     Checking unicode-width v0.1.9
[INFO] [stderr]     Checking infer v0.2.3
[INFO] [stderr]     Checking anymap v0.12.1
[INFO] [stderr]    Compiling palette v0.6.0
[INFO] [stderr]     Checking termcolor v1.1.2
[INFO] [stderr]     Checking cfg-match v0.2.1
[INFO] [stderr]     Checking num v0.4.0
[INFO] [stderr]    Compiling wasm-bindgen-macro v0.2.78
[INFO] [stderr]     Checking codespan-reporting v0.11.1
[INFO] [stderr]     Checking phf v0.9.0
[INFO] [stderr]    Compiling serde_with_macros v1.5.1
[INFO] [stderr]    Compiling rune-macros v0.9.1
[INFO] [stderr]    Compiling blake3 v0.3.7
[INFO] [stderr]     Checking approx v0.5.0
[INFO] [stderr]     Checking crypto-mac v0.8.0
[INFO] [stderr]     Checking either v1.6.1
[INFO] [stderr]     Checking metatype v0.2.1
[INFO] [stdout] error[E0554]: `#![feature]` may not be used on the beta release channel
[INFO] [stdout]   --> /opt/rustwide/cargo-home/registry/src/index.crates.io-6f17d22bba15001f/metatype-0.2.1/src/lib.rs:34:1
[INFO] [stdout]    |
[INFO] [stdout] 34 | #![feature(arbitrary_self_types)]
[INFO] [stdout]    | ^^^^^^^^^^^^^^^^^^^^^^^^^^^^^^^^^
[INFO] [stdout] 
[INFO] [stdout] 
[INFO] [stdout] error[E0554]: `#![feature]` may not be used on the beta release channel
[INFO] [stdout]   --> /opt/rustwide/cargo-home/registry/src/index.crates.io-6f17d22bba15001f/metatype-0.2.1/src/lib.rs:35:1
[INFO] [stdout]    |
[INFO] [stdout] 35 | #![feature(ptr_metadata)]
[INFO] [stdout]    | ^^^^^^^^^^^^^^^^^^^^^^^^^
[INFO] [stdout] 
[INFO] [stdout] 
[INFO] [stdout] error[E0554]: `#![feature]` may not be used on the beta release channel
[INFO] [stdout]   --> /opt/rustwide/cargo-home/registry/src/index.crates.io-6f17d22bba15001f/metatype-0.2.1/src/lib.rs:36:1
[INFO] [stdout]    |
[INFO] [stdout] 36 | #![feature(specialization)]
[INFO] [stdout]    | ^^^^^^^^^^^^^^^^^^^^^^^^^^^
[INFO] [stdout] 
[INFO] [stdout] 
[INFO] [stdout] error[E0554]: `#![feature]` may not be used on the beta release channel
[INFO] [stdout]   --> /opt/rustwide/cargo-home/registry/src/index.crates.io-6f17d22bba15001f/metatype-0.2.1/src/lib.rs:35:12
[INFO] [stdout]    |
[INFO] [stdout] 35 | #![feature(ptr_metadata)]
[INFO] [stdout]    |            ^^^^^^^^^^^^
[INFO] [stdout] 
[INFO] [stdout] 
[INFO] [stdout] error: aborting due to 4 previous errors
[INFO] [stdout] 
[INFO] [stdout] 
[INFO] [stdout] For more information about this error, try `rustc --explain E0554`.
[INFO] [stdout] 
[INFO] [stderr] error: could not compile `metatype` (lib) due to 5 previous errors
[INFO] [stderr] warning: build failed, waiting for other jobs to finish...
[INFO] running `Command { std: "docker" "inspect" "d0ba1951adb34efea71ae4a1bd9a18c7ed3d7802ff38e7dd70f9e5e9ecad209a", kill_on_drop: false }`
[INFO] running `Command { std: "docker" "rm" "-f" "d0ba1951adb34efea71ae4a1bd9a18c7ed3d7802ff38e7dd70f9e5e9ecad209a", kill_on_drop: false }`
[INFO] [stdout] d0ba1951adb34efea71ae4a1bd9a18c7ed3d7802ff38e7dd70f9e5e9ecad209a
