[INFO] cloning repository https://github.com/fanlucky333/redspotflipper
[INFO] running `Command { std: "git" "-c" "credential.helper=" "-c" "credential.helper=/workspace/cargo-home/bin/git-credential-null" "clone" "--bare" "https://github.com/fanlucky333/redspotflipper" "/workspace/cache/git-repos/https%3A%2F%2Fgithub.com%2Ffanlucky333%2Fredspotflipper", kill_on_drop: false }`
[INFO] [stderr] Cloning into bare repository '/workspace/cache/git-repos/https%3A%2F%2Fgithub.com%2Ffanlucky333%2Fredspotflipper'...
[INFO] running `Command { std: "git" "rev-parse" "HEAD", kill_on_drop: false }`
[INFO] [stdout] eed35111f4e31800bec6f7cabdb618e336eac8ad
[INFO] documenting fanlucky333/redspotflipper against beta-2023-04-20 for beta-1.70-rustdoc-1
[INFO] running `Command { std: "git" "clone" "/workspace/cache/git-repos/https%3A%2F%2Fgithub.com%2Ffanlucky333%2Fredspotflipper" "/workspace/builds/worker-6-tc2/source", kill_on_drop: false }`
[INFO] [stderr] Cloning into '/workspace/builds/worker-6-tc2/source'...
[INFO] [stderr] done.
[INFO] validating manifest of git repo https://github.com/fanlucky333/redspotflipper on toolchain beta-2023-04-20
[INFO] running `Command { std: CARGO_HOME="/workspace/cargo-home" RUSTUP_HOME="/workspace/rustup-home" "/workspace/cargo-home/bin/cargo" "+beta-2023-04-20" "metadata" "--manifest-path" "Cargo.toml" "--no-deps", kill_on_drop: false }`
[INFO] removed /workspace/builds/worker-6-tc2/source/rust-toolchain
[INFO] started tweaking git repo https://github.com/fanlucky333/redspotflipper
[INFO] finished tweaking git repo https://github.com/fanlucky333/redspotflipper
[INFO] tweaked toml for git repo https://github.com/fanlucky333/redspotflipper written to /workspace/builds/worker-6-tc2/source/Cargo.toml
[INFO] crate git repo https://github.com/fanlucky333/redspotflipper already has a lockfile, it will not be regenerated
[INFO] running `Command { std: CARGO_HOME="/workspace/cargo-home" RUSTUP_HOME="/workspace/rustup-home" "/workspace/cargo-home/bin/cargo" "+beta-2023-04-20" "fetch" "--manifest-path" "Cargo.toml", kill_on_drop: false }`
[INFO] [stderr]     Blocking waiting for file lock on package cache
[INFO] [stderr]  Downloading crates ...
[INFO] [stderr]   Downloaded array-init v0.1.1
[INFO] [stderr]   Downloaded scale-info v0.3.0
[INFO] [stderr]   Downloaded scale-info-derive v0.2.0
[INFO] running `Command { std: "docker" "create" "-v" "/var/lib/crater-agent-workspace/builds/worker-6-tc2/target:/opt/rustwide/target:rw,Z" "-v" "/var/lib/crater-agent-workspace/builds/worker-6-tc2/source:/opt/rustwide/workdir:ro,Z" "-v" "/var/lib/crater-agent-workspace/cargo-home:/opt/rustwide/cargo-home:ro,Z" "-v" "/var/lib/crater-agent-workspace/rustup-home:/opt/rustwide/rustup-home:ro,Z" "-e" "SOURCE_DIR=/opt/rustwide/workdir" "-e" "CARGO_TARGET_DIR=/opt/rustwide/target" "-e" "CARGO_HOME=/opt/rustwide/cargo-home" "-e" "RUSTUP_HOME=/opt/rustwide/rustup-home" "-w" "/opt/rustwide/workdir" "-m" "1610612736" "--user" "0:0" "--network" "none" "ghcr.io/rust-lang/crates-build-env/linux@sha256:5ff2268d62e97bff2cde7d5815dd6ed5b47097566f13b8d0ca110b04b60e07ed" "/opt/rustwide/cargo-home/bin/cargo" "+beta-2023-04-20" "metadata" "--no-deps" "--format-version=1", kill_on_drop: false }`
[INFO] [stdout] 5a65f877365acc85a5bce356f98ea3fcf05ad92b7e0f302bc2eacf7b10745ece
[INFO] running `Command { std: "docker" "start" "-a" "5a65f877365acc85a5bce356f98ea3fcf05ad92b7e0f302bc2eacf7b10745ece", kill_on_drop: false }`
[INFO] running `Command { std: "docker" "inspect" "5a65f877365acc85a5bce356f98ea3fcf05ad92b7e0f302bc2eacf7b10745ece", kill_on_drop: false }`
[INFO] running `Command { std: "docker" "rm" "-f" "5a65f877365acc85a5bce356f98ea3fcf05ad92b7e0f302bc2eacf7b10745ece", kill_on_drop: false }`
[INFO] [stdout] 5a65f877365acc85a5bce356f98ea3fcf05ad92b7e0f302bc2eacf7b10745ece
[INFO] running `Command { std: "docker" "create" "-v" "/var/lib/crater-agent-workspace/builds/worker-6-tc2/target:/opt/rustwide/target:rw,Z" "-v" "/var/lib/crater-agent-workspace/builds/worker-6-tc2/source:/opt/rustwide/workdir:ro,Z" "-v" "/var/lib/crater-agent-workspace/cargo-home:/opt/rustwide/cargo-home:ro,Z" "-v" "/var/lib/crater-agent-workspace/rustup-home:/opt/rustwide/rustup-home:ro,Z" "-e" "SOURCE_DIR=/opt/rustwide/workdir" "-e" "CARGO_TARGET_DIR=/opt/rustwide/target" "-e" "CARGO_INCREMENTAL=0" "-e" "RUST_BACKTRACE=full" "-e" "RUSTFLAGS=--cap-lints=warn" "-e" "RUSTDOCFLAGS=--cap-lints=warn" "-e" "CARGO_HOME=/opt/rustwide/cargo-home" "-e" "RUSTUP_HOME=/opt/rustwide/rustup-home" "-w" "/opt/rustwide/workdir" "-m" "1610612736" "--user" "0:0" "--network" "none" "ghcr.io/rust-lang/crates-build-env/linux@sha256:5ff2268d62e97bff2cde7d5815dd6ed5b47097566f13b8d0ca110b04b60e07ed" "/opt/rustwide/cargo-home/bin/cargo" "+beta-2023-04-20" "doc" "--frozen" "--no-deps" "--document-private-items" "--message-format=json", kill_on_drop: false }`
[INFO] [stdout] c6303f9acdc71d0f906ce41a74374b0f9033b44e289f504b7fe5442708dafd8f
[INFO] running `Command { std: "docker" "start" "-a" "c6303f9acdc71d0f906ce41a74374b0f9033b44e289f504b7fe5442708dafd8f", kill_on_drop: false }`
[INFO] [stderr]    Compiling proc-macro2 v1.0.21
[INFO] [stderr]    Compiling syn v1.0.41
[INFO] [stderr]    Compiling serde_derive v1.0.116
[INFO] [stderr]    Compiling serde v1.0.116
[INFO] [stderr]    Compiling typenum v1.12.0
[INFO] [stderr]    Compiling version_check v0.9.2
[INFO] [stderr]    Compiling libc v0.2.77
[INFO] [stderr]    Compiling byteorder v1.3.4
[INFO] [stderr]    Compiling generic-array v0.14.4
[INFO] [stderr]    Compiling crunchy v0.2.2
[INFO] [stderr]    Compiling crossbeam-utils v0.7.2
[INFO] [stderr]     Checking either v1.6.1
[INFO] [stderr]    Compiling maybe-uninit v2.0.0
[INFO] [stderr]    Compiling memoffset v0.5.5
[INFO] [stderr]    Compiling tiny-keccak v2.0.2
[INFO] [stderr]    Compiling crossbeam-epoch v0.8.2
[INFO] [stderr]    Compiling quote v1.0.7
[INFO] [stderr]    Compiling getrandom v0.1.15
[INFO] [stderr]     Checking scopeguard v1.1.0
[INFO] [stderr]    Compiling rayon-core v1.8.0
[INFO] [stderr]    Compiling byte-tools v0.3.1
[INFO] [stderr]    Compiling cast v0.2.3
[INFO] [stderr]    Compiling num-traits v0.2.12
[INFO] [stderr]     Checking radium v0.3.0
[INFO] [stderr]     Checking bitvec v0.17.4
[INFO] [stderr]     Checking digest v0.9.0
[INFO] [stderr]     Checking crossbeam-deque v0.7.3
[INFO] [stderr]     Checking crossbeam-channel v0.4.4
[INFO] [stderr]    Compiling generic-array v0.12.3
[INFO] [stderr]     Checking regex-automata v0.1.9
[INFO] [stderr]     Checking num_cpus v1.13.0
[INFO] [stderr]    Compiling memchr v2.3.3
[INFO] [stderr]    Compiling rayon v1.4.0
[INFO] [stderr]    Compiling opaque-debug v0.2.3
[INFO] [stderr]     Checking block-padding v0.2.1
[INFO] [stderr]     Checking arrayvec v0.5.1
[INFO] [stderr]    Compiling subtle v2.3.0
[INFO] [stderr]     Checking byte-slice-cast v0.3.5
[INFO] [stderr]    Compiling lazy_static v1.4.0
[INFO] [stderr]    Compiling wee_alloc v0.4.5
[INFO] [stderr]    Compiling thread_local v1.0.1
[INFO] [stderr]    Compiling crypto-mac v0.8.0
[INFO] [stderr]    Compiling aho-corasick v0.7.13
[INFO] [stderr]     Checking block-buffer v0.9.0
[INFO] [stderr]     Checking textwrap v0.11.0
[INFO] [stderr]     Checking rand_core v0.5.1
[INFO] [stderr]    Compiling block-padding v0.1.5
[INFO] [stderr]     Checking itertools v0.9.0
[INFO] [stderr]     Checking ink_prelude v2.1.0 (https://github.com/paritytech/ink?branch=master#552d38bb)
[INFO] [stderr]     Checking opaque-debug v0.3.0
[INFO] [stderr]     Checking ppv-lite86 v0.2.9
[INFO] [stderr]     Checking half v1.6.0
[INFO] [stderr]    Compiling cfg-if v0.1.10
[INFO] [stderr]    Compiling regex-syntax v0.6.18
[INFO] [stderr]     Checking memory_units v0.4.0
[INFO] [stderr]     Checking same-file v1.0.6
[INFO] [stderr]    Compiling proc-macro-hack v0.5.18
[INFO] [stderr]     Checking walkdir v2.3.1
[INFO] [stderr]     Checking plotters v0.2.15
[INFO] [stderr]     Checking criterion-plot v0.4.3
[INFO] [stderr]     Checking rand_chacha v0.2.2
[INFO] [stderr]    Compiling block-buffer v0.7.3
[INFO] [stderr]     Checking clap v2.33.3
[INFO] [stderr]    Compiling blake2 v0.9.0
[INFO] [stderr]    Compiling digest v0.8.1
[INFO] [stderr]    Compiling paste-impl v0.1.18
[INFO] [stderr]    Compiling synstructure v0.12.4
[INFO] [stderr]     Checking atty v0.2.14
[INFO] [stderr]    Compiling keccak v0.1.0
[INFO] [stderr]     Checking oorandom v11.1.2
[INFO] [stderr]     Checking cpuid-bool v0.1.2
[INFO] [stderr]    Compiling regex v1.3.9
[INFO] [stderr]     Checking sha2 v0.9.1
[INFO] [stderr]     Checking paste v0.1.18
[INFO] [stderr]     Checking sha3 v0.9.1
[INFO] [stderr]    Compiling sha3 v0.8.2
[INFO] [stderr]     Checking rand v0.7.3
[INFO] [stderr]     Checking ink_alloc v2.1.0 (https://github.com/paritytech/ink?branch=master#552d38bb)
[INFO] [stderr]     Checking array-init v0.1.1
[INFO] [stderr]    Compiling ink_lang_ir v2.1.0 (https://github.com/paritytech/ink?branch=master#552d38bb)
[INFO] [stderr]    Compiling derive_more v0.99.10
[INFO] [stderr]    Compiling scale-info-derive v0.2.0
[INFO] [stderr]    Compiling ink_core_derive v2.1.0 (https://github.com/paritytech/ink?branch=master#552d38bb)
[INFO] [stderr]     Checking scale-info v0.3.0
[INFO] [stderr]     Checking bstr v0.2.13
[INFO] [stderr]     Checking serde_json v1.0.57
[INFO] [stderr]     Checking serde_cbor v0.11.1
[INFO] [stderr]     Checking csv v1.1.3
[INFO] [stderr]    Compiling toml v0.5.6
[INFO] [stderr]     Checking tinytemplate v1.1.0
[INFO] [stderr]     Checking criterion v0.3.3
[INFO] [stderr]    Compiling proc-macro-crate v0.1.5
[INFO] [stderr]    Compiling parity-scale-codec-derive v1.2.2
[INFO] [stderr]     Checking parity-scale-codec v1.3.5
[INFO] [stderr]     Checking ink_primitives v2.1.0 (https://github.com/paritytech/ink?branch=master#552d38bb)
[INFO] [stderr]     Checking ink_metadata v2.1.0 (https://github.com/paritytech/ink?branch=master#552d38bb)
[INFO] [stderr]     Checking ink_core v2.1.0 (https://github.com/paritytech/ink?branch=master#552d38bb)
[INFO] [stderr]    Compiling ink_lang_macro v2.1.0 (https://github.com/paritytech/ink?branch=master#552d38bb)
[INFO] [stdout] error[E0277]: the trait bound `<T as EnvTypes>::Balance: From<i32>` is not satisfied
[INFO] [stdout]   --> /opt/rustwide/cargo-home/git/checkouts/ink-1add513eda8f5a89/552d38b/core/src/env/engine/off_chain/db/accounts.rs:99:54
[INFO] [stdout]    |
[INFO] [stdout] 99 |             self.add_user_account::<T>(at.clone(), 0.into());
[INFO] [stdout]    |                                                      ^^^^ the trait `From<i32>` is not implemented for `<T as EnvTypes>::Balance`
[INFO] [stdout]    |
[INFO] [stdout]    = note: required for `i32` to implement `Into<<T as EnvTypes>::Balance>`
[INFO] [stdout] help: consider further restricting the associated type
[INFO] [stdout]    |
[INFO] [stdout] 89 |         T: EnvTypes, <T as EnvTypes>::Balance: From<i32>
[INFO] [stdout]    |                    ~~~~~~~~~~~~~~~~~~~~~~~~~~~~~~~~~~~~~
[INFO] [stdout] 
[INFO] [stdout] 
[INFO] [stdout] error[E0277]: the trait bound `<T as EnvTypes>::Balance: From<i32>` is not satisfied
[INFO] [stdout]   --> /opt/rustwide/cargo-home/git/checkouts/ink-1add513eda8f5a89/552d38b/core/src/env/engine/off_chain/db/chain_spec.rs:60:61
[INFO] [stdout]    |
[INFO] [stdout] 60 |             .try_initialize::<T::Balance>(&T::Balance::from(100))?;
[INFO] [stdout]    |                                            ---------------- ^^^ the trait `From<i32>` is not implemented for `<T as EnvTypes>::Balance`
[INFO] [stdout]    |                                            |
[INFO] [stdout]    |                                            required by a bound introduced by this call
[INFO] [stdout]    |
[INFO] [stdout] help: consider further restricting the associated type
[INFO] [stdout]    |
[INFO] [stdout] 57 |         <T as EnvTypes>::AccountId: From<[u8; 32]>, <T as EnvTypes>::Balance: From<i32>
[INFO] [stdout]    |                                                   ~~~~~~~~~~~~~~~~~~~~~~~~~~~~~~~~~~~~~
[INFO] [stdout] 
[INFO] [stdout] 
[INFO] [stdout] error[E0277]: the trait bound `<T as EnvTypes>::Balance: From<i32>` is not satisfied
[INFO] [stdout]   --> /opt/rustwide/cargo-home/git/checkouts/ink-1add513eda8f5a89/552d38b/core/src/env/engine/off_chain/db/chain_spec.rs:62:61
[INFO] [stdout]    |
[INFO] [stdout] 62 |             .try_initialize::<T::Balance>(&T::Balance::from(42))?;
[INFO] [stdout]    |                                            ---------------- ^^ the trait `From<i32>` is not implemented for `<T as EnvTypes>::Balance`
[INFO] [stdout]    |                                            |
[INFO] [stdout]    |                                            required by a bound introduced by this call
[INFO] [stdout]    |
[INFO] [stdout] help: consider further restricting the associated type
[INFO] [stdout]    |
[INFO] [stdout] 57 |         <T as EnvTypes>::AccountId: From<[u8; 32]>, <T as EnvTypes>::Balance: From<i32>
[INFO] [stdout]    |                                                   ~~~~~~~~~~~~~~~~~~~~~~~~~~~~~~~~~~~~~
[INFO] [stdout] 
[INFO] [stdout] 
[INFO] [stdout] error[E0277]: the trait bound `<T as EnvTypes>::Balance: From<i32>` is not satisfied
[INFO] [stdout]   --> /opt/rustwide/cargo-home/git/checkouts/ink-1add513eda8f5a89/552d38b/core/src/env/engine/off_chain/db/chain_spec.rs:64:61
[INFO] [stdout]    |
[INFO] [stdout] 64 |             .try_initialize::<T::Balance>(&T::Balance::from(16))?;
[INFO] [stdout]    |                                            ---------------- ^^ the trait `From<i32>` is not implemented for `<T as EnvTypes>::Balance`
[INFO] [stdout]    |                                            |
[INFO] [stdout]    |                                            required by a bound introduced by this call
[INFO] [stdout]    |
[INFO] [stdout] help: consider further restricting the associated type
[INFO] [stdout]    |
[INFO] [stdout] 57 |         <T as EnvTypes>::AccountId: From<[u8; 32]>, <T as EnvTypes>::Balance: From<i32>
[INFO] [stdout]    |                                                   ~~~~~~~~~~~~~~~~~~~~~~~~~~~~~~~~~~~~~
[INFO] [stdout] 
[INFO] [stdout] 
[INFO] [stdout] error[E0277]: the trait bound `<T as EnvTypes>::Timestamp: From<i32>` is not satisfied
[INFO] [stdout]   --> /opt/rustwide/cargo-home/git/checkouts/ink-1add513eda8f5a89/552d38b/core/src/env/engine/off_chain/db/chain_spec.rs:66:65
[INFO] [stdout]    |
[INFO] [stdout] 66 |             .try_initialize::<T::Timestamp>(&T::Timestamp::from(5))?;
[INFO] [stdout]    |                                              ------------------ ^ the trait `From<i32>` is not implemented for `<T as EnvTypes>::Timestamp`
[INFO] [stdout]    |                                              |
[INFO] [stdout]    |                                              required by a bound introduced by this call
[INFO] [stdout]    |
[INFO] [stdout] help: consider further restricting the associated type
[INFO] [stdout]    |
[INFO] [stdout] 57 |         <T as EnvTypes>::AccountId: From<[u8; 32]>, <T as EnvTypes>::Timestamp: From<i32>
[INFO] [stdout]    |                                                   ~~~~~~~~~~~~~~~~~~~~~~~~~~~~~~~~~~~~~~~
[INFO] [stdout] 
[INFO] [stdout] 
[INFO] [stdout] error[E0277]: the trait bound `<T as EnvTypes>::Balance: From<i32>` is not satisfied
[INFO] [stdout]    --> /opt/rustwide/cargo-home/git/checkouts/ink-1add513eda8f5a89/552d38b/core/src/env/engine/off_chain/mod.rs:170:58
[INFO] [stdout]     |
[INFO] [stdout] 170 |             T::Balance::max_value().div(T::Balance::from(2)),
[INFO] [stdout]     |                                         ---------------- ^ the trait `From<i32>` is not implemented for `<T as EnvTypes>::Balance`
[INFO] [stdout]     |                                         |
[INFO] [stdout]     |                                         required by a bound introduced by this call
[INFO] [stdout]     |
[INFO] [stdout] help: consider further restricting the associated type
[INFO] [stdout]     |
[INFO] [stdout] 159 |         <T as EnvTypes>::AccountId: From<[u8; 32]>, <T as EnvTypes>::Balance: From<i32>
[INFO] [stdout]     |                                                   ~~~~~~~~~~~~~~~~~~~~~~~~~~~~~~~~~~~~~
[INFO] [stdout] 
[INFO] [stdout] 
[INFO] [stdout] error[E0277]: the trait bound `<T as EnvTypes>::Balance: From<i32>` is not satisfied
[INFO] [stdout]    --> /opt/rustwide/cargo-home/git/checkouts/ink-1add513eda8f5a89/552d38b/core/src/env/engine/off_chain/mod.rs:175:58
[INFO] [stdout]     |
[INFO] [stdout] 175 |             T::Balance::max_value().div(T::Balance::from(4)),
[INFO] [stdout]     |                                         ---------------- ^ the trait `From<i32>` is not implemented for `<T as EnvTypes>::Balance`
[INFO] [stdout]     |                                         |
[INFO] [stdout]     |                                         required by a bound introduced by this call
[INFO] [stdout]     |
[INFO] [stdout] help: consider further restricting the associated type
[INFO] [stdout]     |
[INFO] [stdout] 159 |         <T as EnvTypes>::AccountId: From<[u8; 32]>, <T as EnvTypes>::Balance: From<i32>
[INFO] [stdout]     |                                                   ~~~~~~~~~~~~~~~~~~~~~~~~~~~~~~~~~~~~~
[INFO] [stdout] 
[INFO] [stdout] 
[INFO] [stdout] error[E0277]: the trait bound `<T as EnvTypes>::BlockNumber: From<i32>` is not satisfied
[INFO] [stdout]    --> /opt/rustwide/cargo-home/git/checkouts/ink-1add513eda8f5a89/552d38b/core/src/env/engine/off_chain/mod.rs:188:34
[INFO] [stdout]     |
[INFO] [stdout] 188 |             T::BlockNumber::from(0),
[INFO] [stdout]     |             -------------------- ^ the trait `From<i32>` is not implemented for `<T as EnvTypes>::BlockNumber`
[INFO] [stdout]     |             |
[INFO] [stdout]     |             required by a bound introduced by this call
[INFO] [stdout]     |
[INFO] [stdout] help: consider further restricting the associated type
[INFO] [stdout]     |
[INFO] [stdout] 159 |         <T as EnvTypes>::AccountId: From<[u8; 32]>, <T as EnvTypes>::BlockNumber: From<i32>
[INFO] [stdout]     |                                                   ~~~~~~~~~~~~~~~~~~~~~~~~~~~~~~~~~~~~~~~~~
[INFO] [stdout] 
[INFO] [stdout] 
[INFO] [stdout] error[E0277]: the trait bound `<T as EnvTypes>::Timestamp: From<i32>` is not satisfied
[INFO] [stdout]    --> /opt/rustwide/cargo-home/git/checkouts/ink-1add513eda8f5a89/552d38b/core/src/env/engine/off_chain/mod.rs:189:32
[INFO] [stdout]     |
[INFO] [stdout] 189 |             T::Timestamp::from(0),
[INFO] [stdout]     |             ------------------ ^ the trait `From<i32>` is not implemented for `<T as EnvTypes>::Timestamp`
[INFO] [stdout]     |             |
[INFO] [stdout]     |             required by a bound introduced by this call
[INFO] [stdout]     |
[INFO] [stdout] help: consider further restricting the associated type
[INFO] [stdout]     |
[INFO] [stdout] 159 |         <T as EnvTypes>::AccountId: From<[u8; 32]>, <T as EnvTypes>::Timestamp: From<i32>
[INFO] [stdout]     |                                                   ~~~~~~~~~~~~~~~~~~~~~~~~~~~~~~~~~~~~~~~
[INFO] [stdout] 
[INFO] [stdout] 
[INFO] [stdout] error[E0277]: the trait bound `<T as EnvTypes>::Balance: From<i32>` is not satisfied
[INFO] [stdout]    --> /opt/rustwide/cargo-home/git/checkouts/ink-1add513eda8f5a89/552d38b/core/src/env/engine/off_chain/mod.rs:197:30
[INFO] [stdout]     |
[INFO] [stdout] 197 |             T::Balance::from(0),
[INFO] [stdout]     |             ---------------- ^ the trait `From<i32>` is not implemented for `<T as EnvTypes>::Balance`
[INFO] [stdout]     |             |
[INFO] [stdout]     |             required by a bound introduced by this call
[INFO] [stdout]     |
[INFO] [stdout] help: consider further restricting the associated type
[INFO] [stdout]     |
[INFO] [stdout] 159 |         <T as EnvTypes>::AccountId: From<[u8; 32]>, <T as EnvTypes>::Balance: From<i32>
[INFO] [stdout]     |                                                   ~~~~~~~~~~~~~~~~~~~~~~~~~~~~~~~~~~~~~
[INFO] [stdout] 
[INFO] [stdout] 
[INFO] [stdout] error[E0277]: the trait bound `<T as EnvTypes>::Balance: From<i32>` is not satisfied
[INFO] [stdout]    --> /opt/rustwide/cargo-home/git/checkouts/ink-1add513eda8f5a89/552d38b/core/src/env/engine/off_chain/mod.rs:198:30
[INFO] [stdout]     |
[INFO] [stdout] 198 |             T::Balance::from(20),
[INFO] [stdout]     |             ---------------- ^^ the trait `From<i32>` is not implemented for `<T as EnvTypes>::Balance`
[INFO] [stdout]     |             |
[INFO] [stdout]     |             required by a bound introduced by this call
[INFO] [stdout]     |
[INFO] [stdout] help: consider further restricting the associated type
[INFO] [stdout]     |
[INFO] [stdout] 159 |         <T as EnvTypes>::AccountId: From<[u8; 32]>, <T as EnvTypes>::Balance: From<i32>
[INFO] [stdout]     |                                                   ~~~~~~~~~~~~~~~~~~~~~~~~~~~~~~~~~~~~~
[INFO] [stdout] 
[INFO] [stdout] 
[INFO] [stdout] error[E0277]: the trait bound `<T as EnvTypes>::Balance: From<i32>` is not satisfied
[INFO] [stdout]    --> /opt/rustwide/cargo-home/git/checkouts/ink-1add513eda8f5a89/552d38b/core/src/env/engine/off_chain/mod.rs:209:39
[INFO] [stdout]     |
[INFO] [stdout] 209 |                 .gas(T::Balance::from(500_000))
[INFO] [stdout]     |                      ---------------- ^^^^^^^ the trait `From<i32>` is not implemented for `<T as EnvTypes>::Balance`
[INFO] [stdout]     |                      |
[INFO] [stdout]     |                      required by a bound introduced by this call
[INFO] [stdout]     |
[INFO] [stdout] help: consider further restricting the associated type
[INFO] [stdout]     |
[INFO] [stdout] 159 |         <T as EnvTypes>::AccountId: From<[u8; 32]>, <T as EnvTypes>::Balance: From<i32>
[INFO] [stdout]     |                                                   ~~~~~~~~~~~~~~~~~~~~~~~~~~~~~~~~~~~~~
[INFO] [stdout] 
[INFO] [stdout] 
[INFO] [stdout] error[E0277]: the trait bound `<T as EnvTypes>::Balance: From<i32>` is not satisfied
[INFO] [stdout]    --> /opt/rustwide/cargo-home/git/checkouts/ink-1add513eda8f5a89/552d38b/core/src/env/engine/off_chain/mod.rs:210:53
[INFO] [stdout]     |
[INFO] [stdout] 210 |                 .transferred_value(T::Balance::from(500))
[INFO] [stdout]     |                                    ---------------- ^^^ the trait `From<i32>` is not implemented for `<T as EnvTypes>::Balance`
[INFO] [stdout]     |                                    |
[INFO] [stdout]     |                                    required by a bound introduced by this call
[INFO] [stdout]     |
[INFO] [stdout] help: consider further restricting the associated type
[INFO] [stdout]     |
[INFO] [stdout] 159 |         <T as EnvTypes>::AccountId: From<[u8; 32]>, <T as EnvTypes>::Balance: From<i32>
[INFO] [stdout]     |                                                   ~~~~~~~~~~~~~~~~~~~~~~~~~~~~~~~~~~~~~
[INFO] [stdout] 
[INFO] [stdout] 
[INFO] [stdout] error: aborting due to 13 previous errors
[INFO] [stdout] 
[INFO] [stdout] 
[INFO] [stdout] For more information about this error, try `rustc --explain E0277`.
[INFO] [stdout] 
[INFO] [stderr] error: could not compile `ink_core` (lib) due to 14 previous errors
[INFO] [stderr] warning: build failed, waiting for other jobs to finish...
[INFO] running `Command { std: "docker" "inspect" "c6303f9acdc71d0f906ce41a74374b0f9033b44e289f504b7fe5442708dafd8f", kill_on_drop: false }`
[INFO] running `Command { std: "docker" "rm" "-f" "c6303f9acdc71d0f906ce41a74374b0f9033b44e289f504b7fe5442708dafd8f", kill_on_drop: false }`
[INFO] [stdout] c6303f9acdc71d0f906ce41a74374b0f9033b44e289f504b7fe5442708dafd8f
