[INFO] cloning repository https://github.com/expenses/wgpu-render-pipeline-attachment-panic
[INFO] running `Command { std: "git" "-c" "credential.helper=" "-c" "credential.helper=/workspace/cargo-home/bin/git-credential-null" "clone" "--bare" "https://github.com/expenses/wgpu-render-pipeline-attachment-panic" "/workspace/cache/git-repos/https%3A%2F%2Fgithub.com%2Fexpenses%2Fwgpu-render-pipeline-attachment-panic", kill_on_drop: false }`
[INFO] [stderr] Cloning into bare repository '/workspace/cache/git-repos/https%3A%2F%2Fgithub.com%2Fexpenses%2Fwgpu-render-pipeline-attachment-panic'...
[INFO] running `Command { std: "git" "rev-parse" "HEAD", kill_on_drop: false }`
[INFO] [stdout] ec98dfc0dbca4cce5cb9d459ea1c214ab58f1ca0
[INFO] documenting expenses/wgpu-render-pipeline-attachment-panic against beta-2023-04-20 for beta-1.70-rustdoc-1
[INFO] running `Command { std: "git" "clone" "/workspace/cache/git-repos/https%3A%2F%2Fgithub.com%2Fexpenses%2Fwgpu-render-pipeline-attachment-panic" "/workspace/builds/worker-4-tc2/source", kill_on_drop: false }`
[INFO] [stderr] Cloning into '/workspace/builds/worker-4-tc2/source'...
[INFO] [stderr] done.
[INFO] validating manifest of git repo https://github.com/expenses/wgpu-render-pipeline-attachment-panic on toolchain beta-2023-04-20
[INFO] running `Command { std: CARGO_HOME="/workspace/cargo-home" RUSTUP_HOME="/workspace/rustup-home" "/workspace/cargo-home/bin/cargo" "+beta-2023-04-20" "metadata" "--manifest-path" "Cargo.toml" "--no-deps", kill_on_drop: false }`
[INFO] started tweaking git repo https://github.com/expenses/wgpu-render-pipeline-attachment-panic
[INFO] finished tweaking git repo https://github.com/expenses/wgpu-render-pipeline-attachment-panic
[INFO] tweaked toml for git repo https://github.com/expenses/wgpu-render-pipeline-attachment-panic written to /workspace/builds/worker-4-tc2/source/Cargo.toml
[INFO] crate git repo https://github.com/expenses/wgpu-render-pipeline-attachment-panic already has a lockfile, it will not be regenerated
[INFO] running `Command { std: CARGO_HOME="/workspace/cargo-home" RUSTUP_HOME="/workspace/rustup-home" "/workspace/cargo-home/bin/cargo" "+beta-2023-04-20" "fetch" "--manifest-path" "Cargo.toml", kill_on_drop: false }`
[INFO] [stderr]     Updating crates.io index
[INFO] [stderr]  Downloading crates ...
[INFO] [stderr]   Downloaded display-link v0.2.0
[INFO] [stderr]   Downloaded surfman v0.3.0
[INFO] [stderr]   Downloaded leak v0.1.2
[INFO] [stderr]   Downloaded wayland-sys v0.24.1
[INFO] [stderr]   Downloaded gfx-backend-gl v0.6.1
[INFO] [stderr]   Downloaded winit v0.19.3
[INFO] [stderr]   Downloaded time-point v0.1.1
[INFO] [stderr]   Downloaded gleam v0.7.0
[INFO] [stderr]   Downloaded io-surface v0.12.1
[INFO] [stderr]   Downloaded leaky-cow v0.1.1
[INFO] running `Command { std: "docker" "create" "-v" "/var/lib/crater-agent-workspace/builds/worker-4-tc2/target:/opt/rustwide/target:rw,Z" "-v" "/var/lib/crater-agent-workspace/builds/worker-4-tc2/source:/opt/rustwide/workdir:ro,Z" "-v" "/var/lib/crater-agent-workspace/cargo-home:/opt/rustwide/cargo-home:ro,Z" "-v" "/var/lib/crater-agent-workspace/rustup-home:/opt/rustwide/rustup-home:ro,Z" "-e" "SOURCE_DIR=/opt/rustwide/workdir" "-e" "CARGO_TARGET_DIR=/opt/rustwide/target" "-e" "CARGO_HOME=/opt/rustwide/cargo-home" "-e" "RUSTUP_HOME=/opt/rustwide/rustup-home" "-w" "/opt/rustwide/workdir" "-m" "1610612736" "--user" "0:0" "--network" "none" "ghcr.io/rust-lang/crates-build-env/linux@sha256:5ff2268d62e97bff2cde7d5815dd6ed5b47097566f13b8d0ca110b04b60e07ed" "/opt/rustwide/cargo-home/bin/cargo" "+beta-2023-04-20" "metadata" "--no-deps" "--format-version=1", kill_on_drop: false }`
[INFO] [stdout] be7decbfa9f2101da9ae940ea83c008ea2770924fd4812e51732d4536386b519
[INFO] running `Command { std: "docker" "start" "-a" "be7decbfa9f2101da9ae940ea83c008ea2770924fd4812e51732d4536386b519", kill_on_drop: false }`
[INFO] running `Command { std: "docker" "inspect" "be7decbfa9f2101da9ae940ea83c008ea2770924fd4812e51732d4536386b519", kill_on_drop: false }`
[INFO] running `Command { std: "docker" "rm" "-f" "be7decbfa9f2101da9ae940ea83c008ea2770924fd4812e51732d4536386b519", kill_on_drop: false }`
[INFO] [stdout] be7decbfa9f2101da9ae940ea83c008ea2770924fd4812e51732d4536386b519
[INFO] running `Command { std: "docker" "create" "-v" "/var/lib/crater-agent-workspace/builds/worker-4-tc2/target:/opt/rustwide/target:rw,Z" "-v" "/var/lib/crater-agent-workspace/builds/worker-4-tc2/source:/opt/rustwide/workdir:ro,Z" "-v" "/var/lib/crater-agent-workspace/cargo-home:/opt/rustwide/cargo-home:ro,Z" "-v" "/var/lib/crater-agent-workspace/rustup-home:/opt/rustwide/rustup-home:ro,Z" "-e" "SOURCE_DIR=/opt/rustwide/workdir" "-e" "CARGO_TARGET_DIR=/opt/rustwide/target" "-e" "CARGO_INCREMENTAL=0" "-e" "RUST_BACKTRACE=full" "-e" "RUSTFLAGS=--cap-lints=warn" "-e" "RUSTDOCFLAGS=--cap-lints=warn" "-e" "CARGO_HOME=/opt/rustwide/cargo-home" "-e" "RUSTUP_HOME=/opt/rustwide/rustup-home" "-w" "/opt/rustwide/workdir" "-m" "1610612736" "--user" "0:0" "--network" "none" "ghcr.io/rust-lang/crates-build-env/linux@sha256:5ff2268d62e97bff2cde7d5815dd6ed5b47097566f13b8d0ca110b04b60e07ed" "/opt/rustwide/cargo-home/bin/cargo" "+beta-2023-04-20" "doc" "--frozen" "--no-deps" "--document-private-items" "--message-format=json", kill_on_drop: false }`
[INFO] [stdout] d88d9248de988dc81076e1a3b31fc37bb0741265ff57fbc4155aede3e9453769
[INFO] running `Command { std: "docker" "start" "-a" "d88d9248de988dc81076e1a3b31fc37bb0741265ff57fbc4155aede3e9453769", kill_on_drop: false }`
[INFO] [stderr]    Compiling libc v0.2.80
[INFO] [stderr]    Compiling byteorder v1.3.4
[INFO] [stderr]    Compiling proc-macro2 v0.4.30
[INFO] [stderr]    Compiling xml-rs v0.8.3
[INFO] [stderr]    Compiling unicode-xid v0.1.0
[INFO] [stderr]    Compiling log v0.4.11
[INFO] [stderr]    Compiling semver-parser v0.7.0
[INFO] [stderr]    Compiling syn v1.0.51
[INFO] [stderr]    Compiling pkg-config v0.3.19
[INFO] [stderr]     Checking libloading v0.6.5
[INFO] [stderr]    Compiling nix v0.14.1
[INFO] [stderr]    Compiling cfg_aliases v0.1.1
[INFO] [stderr]    Compiling quote v1.0.7
[INFO] [stderr]     Checking void v1.0.2
[INFO] [stderr]     Checking approx v0.3.2
[INFO] [stderr]     Checking ordered-float v1.1.0
[INFO] [stderr]    Compiling khronos_api v3.1.0
[INFO] [stderr]     Checking smallvec v1.5.0
[INFO] [stderr]     Checking same-file v1.0.6
[INFO] [stderr]     Checking dlib v0.4.2
[INFO] [stderr]     Checking downcast-rs v1.2.0
[INFO] [stderr]    Compiling semver v0.9.0
[INFO] [stderr]     Checking walkdir v2.3.1
[INFO] [stderr]     Checking line_drawing v0.7.0
[INFO] [stderr]     Checking wayland-sys v0.21.13
[INFO] [stderr]     Checking smallvec v0.6.13
[INFO] [stderr]     Checking lock_api v0.3.4
[INFO] [stderr]    Compiling rustc_version v0.2.3
[INFO] [stderr]     Checking xdg v2.2.0
[INFO] [stderr]    Compiling indexmap v1.6.0
[INFO] [stderr]    Compiling proc-macro-nested v0.1.6
[INFO] [stderr]     Checking futures-core v0.3.8
[INFO] [stderr]     Checking futures-sink v0.3.8
[INFO] [stderr]    Compiling gl_generator v0.14.0
[INFO] [stderr]    Compiling x11-dl v2.18.5
[INFO] [stderr]    Compiling x11 v2.18.2
[INFO] [stderr]     Checking arrayvec v0.5.2
[INFO] [stderr]     Checking once_cell v1.5.2
[INFO] [stderr]    Compiling parking_lot_core v0.6.2
[INFO] [stderr]    Compiling parking_lot v0.9.0
[INFO] [stderr]     Checking stb_truetype v0.3.1
[INFO] [stderr]     Checking fxhash v0.2.1
[INFO] [stderr]     Checking hashbrown v0.9.1
[INFO] [stderr]    Compiling quote v0.6.13
[INFO] [stderr]     Checking futures-task v0.3.8
[INFO] [stderr]     Checking futures-channel v0.3.8
[INFO] [stderr]     Checking wayland-sys v0.24.1
[INFO] [stderr]    Compiling gfx-backend-gl v0.6.1
[INFO] [stderr]     Checking euclid v0.20.14
[INFO] [stderr]     Checking rusttype v0.8.3
[INFO] [stderr]     Checking fixedbitset v0.2.0
[INFO] [stderr]     Checking futures-io v0.3.8
[INFO] [stderr]    Compiling wayland-scanner v0.21.13
[INFO] [stderr]     Checking raw-window-handle v0.3.3
[INFO] [stderr]    Compiling jobserver v0.1.21
[INFO] [stderr]     Checking memmap v0.7.0
[INFO] [stderr]     Checking gfx-hal v0.6.0
[INFO] [stderr]     Checking parking_lot_core v0.7.2
[INFO] [stderr]     Checking parking_lot_core v0.8.0
[INFO] [stderr]     Checking rusttype v0.7.9
[INFO] [stderr]     Checking ash v0.31.0
[INFO] [stderr]    Compiling wgpu-core v0.6.0 (https://github.com/gfx-rs/wgpu?rev=fd99466867a5d1dd03f543be89cda2958dddedb8#fd994668)
[INFO] [stderr]    Compiling cc v1.0.65
[INFO] [stderr]     Checking andrew v0.2.1
[INFO] [stderr]     Checking parking_lot v0.10.2
[INFO] [stderr]    Compiling surfman v0.3.0
[INFO] [stderr]     Checking parking_lot v0.11.1
[INFO] [stderr]     Checking spirv_headers v1.5.0
[INFO] [stderr]     Checking gpu-alloc-types v0.1.0 (https://github.com/zakarumych/gpu-alloc?rev=d07be73f9439a37c89f5b72f2500cbf0eb4ff613#d07be73f)
[INFO] [stderr]     Checking petgraph v0.5.1
[INFO] [stderr]     Checking tracing-core v0.1.17
[INFO] [stderr]     Checking glow v0.6.1
[INFO] [stderr]     Checking inplace_it v0.3.2
[INFO] [stderr]     Checking pin-project-lite v0.2.0
[INFO] [stderr]     Checking gpu-alloc v0.2.1 (https://github.com/zakarumych/gpu-alloc?rev=d07be73f9439a37c89f5b72f2500cbf0eb4ff613#d07be73f)
[INFO] [stderr]     Checking wgpu-types v0.6.0 (https://github.com/gfx-rs/wgpu?rev=fd99466867a5d1dd03f543be89cda2958dddedb8#fd994668)
[INFO] [stderr]     Checking tracing v0.1.22
[INFO] [stderr]     Checking typed-arena v2.0.1
[INFO] [stderr]    Compiling spirv_cross v0.22.1
[INFO] [stderr]    Compiling wayland-client v0.21.13
[INFO] [stderr]    Compiling wayland-protocols v0.21.13
[INFO] [stderr]     Checking gfx-backend-empty v0.6.0
[INFO] [stderr]     Checking gfx-descriptor v0.2.0
[INFO] [stderr]     Checking wayland-commons v0.21.13
[INFO] [stderr] error: could not compile `ash` (lib)
[INFO] [stderr] 
[INFO] [stderr] Caused by:
[INFO] [stderr]   process didn't exit successfully: `rustc --crate-name ash --edition=2018 /opt/rustwide/cargo-home/registry/src/index.crates.io-6f17d22bba15001f/ash-0.31.0/src/lib.rs --error-format=json --json=diagnostic-rendered-ansi,artifacts,future-incompat --crate-type lib --emit=dep-info,metadata -C embed-bitcode=no -C debuginfo=2 --cfg 'feature="default"' --cfg 'feature="libloading"' -C metadata=07d9e69a2c718dff -C extra-filename=-07d9e69a2c718dff --out-dir /opt/rustwide/target/debug/deps -L dependency=/opt/rustwide/target/debug/deps --extern libloading=/opt/rustwide/target/debug/deps/liblibloading-cf765e65462644a8.rmeta --cap-lints allow --cap-lints=warn` (signal: 9, SIGKILL: kill)
[INFO] [stderr] warning: build failed, waiting for other jobs to finish...
[INFO] [stderr] error: could not compile `syn` (lib)
[INFO] [stderr] 
[INFO] [stderr] Caused by:
[INFO] [stderr]   process didn't exit successfully: `rustc --crate-name syn --edition=2018 /opt/rustwide/cargo-home/registry/src/index.crates.io-6f17d22bba15001f/syn-1.0.51/src/lib.rs --error-format=json --json=diagnostic-rendered-ansi,artifacts,future-incompat --crate-type lib --emit=dep-info,metadata,link -C embed-bitcode=no --cfg 'feature="clone-impls"' --cfg 'feature="default"' --cfg 'feature="derive"' --cfg 'feature="full"' --cfg 'feature="parsing"' --cfg 'feature="printing"' --cfg 'feature="proc-macro"' --cfg 'feature="quote"' --cfg 'feature="visit"' --cfg 'feature="visit-mut"' -C metadata=be22626d750cae6c -C extra-filename=-be22626d750cae6c --out-dir /opt/rustwide/target/debug/deps -L dependency=/opt/rustwide/target/debug/deps --extern proc_macro2=/opt/rustwide/target/debug/deps/libproc_macro2-ae60fa44d0b280c6.rmeta --extern quote=/opt/rustwide/target/debug/deps/libquote-7e836df6f0f811c8.rmeta --extern unicode_xid=/opt/rustwide/target/debug/deps/libunicode_xid-ea6b0825650b08ef.rmeta --cap-lints allow --cap-lints=warn --cfg syn_disable_nightly_tests` (signal: 9, SIGKILL: kill)
[INFO] [stderr] The following warnings were emitted during compilation:
[INFO] [stderr] 
[INFO] [stderr] warning: src/wrapper.cpp:2: warning: ignoring '#pragma warning ' [-Wunknown-pragmas]
[INFO] [stderr] warning:     2 | #pragma warning(disable : 4996 4101)
[INFO] [stderr] warning:       | 
[INFO] [stderr] warning: c++: fatal error: Killed signal terminated program cc1plus
[INFO] [stderr] warning: compilation terminated.
[INFO] [stderr] warning: c++: fatal error: Killed signal terminated program cc1plus
[INFO] [stderr] warning: compilation terminated.
[INFO] [stderr] 
[INFO] [stderr] error: failed to run custom build command for `spirv_cross v0.22.1`
[INFO] [stderr] note: To improve backtraces for build dependencies, set the CARGO_PROFILE_DEV_BUILD_OVERRIDE_DEBUG=true environment variable to enable debug information generation.
[INFO] [stderr] 
[INFO] [stderr] Caused by:
[INFO] [stderr]   process didn't exit successfully: `/opt/rustwide/target/debug/build/spirv_cross-a5bb61d4c895c752/build-script-build` (exit status: 1)
[INFO] [stderr]   --- stdout
[INFO] [stderr]   OPT_LEVEL = Some("0")
[INFO] [stderr]   TARGET = Some("x86_64-unknown-linux-gnu")
[INFO] [stderr]   HOST = Some("x86_64-unknown-linux-gnu")
[INFO] [stderr]   CXX_x86_64-unknown-linux-gnu = None
[INFO] [stderr]   CXX_x86_64_unknown_linux_gnu = None
[INFO] [stderr]   HOST_CXX = None
[INFO] [stderr]   CXX = None
[INFO] [stderr]   CXXFLAGS_x86_64-unknown-linux-gnu = None
[INFO] [stderr]   CXXFLAGS_x86_64_unknown_linux_gnu = None
[INFO] [stderr]   HOST_CXXFLAGS = None
[INFO] [stderr]   CXXFLAGS = None
[INFO] [stderr]   CRATE_CC_NO_DEFAULTS = None
[INFO] [stderr]   DEBUG = Some("true")
[INFO] [stderr]   CARGO_CFG_TARGET_FEATURE = Some("fxsr,sse,sse2")
[INFO] [stderr]   CXX_x86_64-unknown-linux-gnu = None
[INFO] [stderr]   CXX_x86_64_unknown_linux_gnu = None
[INFO] [stderr]   HOST_CXX = None
[INFO] [stderr]   CXX = None
[INFO] [stderr]   CXXFLAGS_x86_64-unknown-linux-gnu = None
[INFO] [stderr]   CXXFLAGS_x86_64_unknown_linux_gnu = None
[INFO] [stderr]   HOST_CXXFLAGS = None
[INFO] [stderr]   CXXFLAGS = None
[INFO] [stderr]   CRATE_CC_NO_DEFAULTS = None
[INFO] [stderr]   CARGO_CFG_TARGET_FEATURE = Some("fxsr,sse,sse2")
[INFO] [stderr]   running: "c++" "-O0" "-ffunction-sections" "-fdata-sections" "-fPIC" "-g" "-fno-omit-frame-pointer" "-m64" "-Wall" "-Wextra" "-DSPIRV_CROSS_EXCEPTIONS_TO_ASSERTIONS" "-DSPIRV_CROSS_WRAPPER_NO_EXCEPTIONS" "-DSPIRV_CROSS_WRAPPER_GLSL" "-DSPIRV_CROSS_WRAPPER_HLSL" "-DSPIRV_CROSS_WRAPPER_MSL" "-std=c++14" "-o" "/opt/rustwide/target/debug/build/spirv_cross-d0109f6cef16e0eb/out/src/wrapper.o" "-c" "src/wrapper.cpp"
[INFO] [stderr]   running: "c++" "-O0" "-ffunction-sections" "-fdata-sections" "-fPIC" "-g" "-fno-omit-frame-pointer" "-m64" "-Wall" "-Wextra" "-DSPIRV_CROSS_EXCEPTIONS_TO_ASSERTIONS" "-DSPIRV_CROSS_WRAPPER_NO_EXCEPTIONS" "-DSPIRV_CROSS_WRAPPER_GLSL" "-DSPIRV_CROSS_WRAPPER_HLSL" "-DSPIRV_CROSS_WRAPPER_MSL" "-std=c++14" "-o" "/opt/rustwide/target/debug/build/spirv_cross-d0109f6cef16e0eb/out/src/vendor/SPIRV-Cross/spirv_cfg.o" "-c" "src/vendor/SPIRV-Cross/spirv_cfg.cpp"
[INFO] [stderr]   running: "c++" "-O0" "-ffunction-sections" "-fdata-sections" "-fPIC" "-g" "-fno-omit-frame-pointer" "-m64" "-Wall" "-Wextra" "-DSPIRV_CROSS_EXCEPTIONS_TO_ASSERTIONS" "-DSPIRV_CROSS_WRAPPER_NO_EXCEPTIONS" "-DSPIRV_CROSS_WRAPPER_GLSL" "-DSPIRV_CROSS_WRAPPER_HLSL" "-DSPIRV_CROSS_WRAPPER_MSL" "-std=c++14" "-o" "/opt/rustwide/target/debug/build/spirv_cross-d0109f6cef16e0eb/out/src/vendor/SPIRV-Cross/spirv_cross_parsed_ir.o" "-c" "src/vendor/SPIRV-Cross/spirv_cross_parsed_ir.cpp"
[INFO] [stderr]   running: "c++" "-O0" "-ffunction-sections" "-fdata-sections" "-fPIC" "-g" "-fno-omit-frame-pointer" "-m64" "-Wall" "-Wextra" "-DSPIRV_CROSS_EXCEPTIONS_TO_ASSERTIONS" "-DSPIRV_CROSS_WRAPPER_NO_EXCEPTIONS" "-DSPIRV_CROSS_WRAPPER_GLSL" "-DSPIRV_CROSS_WRAPPER_HLSL" "-DSPIRV_CROSS_WRAPPER_MSL" "-std=c++14" "-o" "/opt/rustwide/target/debug/build/spirv_cross-d0109f6cef16e0eb/out/src/vendor/SPIRV-Cross/spirv_cross.o" "-c" "src/vendor/SPIRV-Cross/spirv_cross.cpp"
[INFO] [stderr]   running: "c++" "-O0" "-ffunction-sections" "-fdata-sections" "-fPIC" "-g" "-fno-omit-frame-pointer" "-m64" "-Wall" "-Wextra" "-DSPIRV_CROSS_EXCEPTIONS_TO_ASSERTIONS" "-DSPIRV_CROSS_WRAPPER_NO_EXCEPTIONS" "-DSPIRV_CROSS_WRAPPER_GLSL" "-DSPIRV_CROSS_WRAPPER_HLSL" "-DSPIRV_CROSS_WRAPPER_MSL" "-std=c++14" "-o" "/opt/rustwide/target/debug/build/spirv_cross-d0109f6cef16e0eb/out/src/vendor/SPIRV-Cross/spirv_parser.o" "-c" "src/vendor/SPIRV-Cross/spirv_parser.cpp"
[INFO] [stderr]   running: "c++" "-O0" "-ffunction-sections" "-fdata-sections" "-fPIC" "-g" "-fno-omit-frame-pointer" "-m64" "-Wall" "-Wextra" "-DSPIRV_CROSS_EXCEPTIONS_TO_ASSERTIONS" "-DSPIRV_CROSS_WRAPPER_NO_EXCEPTIONS" "-DSPIRV_CROSS_WRAPPER_GLSL" "-DSPIRV_CROSS_WRAPPER_HLSL" "-DSPIRV_CROSS_WRAPPER_MSL" "-std=c++14" "-o" "/opt/rustwide/target/debug/build/spirv_cross-d0109f6cef16e0eb/out/src/vendor/SPIRV-Cross/spirv_glsl.o" "-c" "src/vendor/SPIRV-Cross/spirv_glsl.cpp"
[INFO] [stderr]   running: "c++" "-O0" "-ffunction-sections" "-fdata-sections" "-fPIC" "-g" "-fno-omit-frame-pointer" "-m64" "-Wall" "-Wextra" "-DSPIRV_CROSS_EXCEPTIONS_TO_ASSERTIONS" "-DSPIRV_CROSS_WRAPPER_NO_EXCEPTIONS" "-DSPIRV_CROSS_WRAPPER_GLSL" "-DSPIRV_CROSS_WRAPPER_HLSL" "-DSPIRV_CROSS_WRAPPER_MSL" "-std=c++14" "-o" "/opt/rustwide/target/debug/build/spirv_cross-d0109f6cef16e0eb/out/src/vendor/SPIRV-Cross/spirv_cross_util.o" "-c" "src/vendor/SPIRV-Cross/spirv_cross_util.cpp"
[INFO] [stderr]   cargo:warning=src/wrapper.cpp:2: warning: ignoring '#pragma warning ' [-Wunknown-pragmas]
[INFO] [stderr]   cargo:warning=    2 | #pragma warning(disable : 4996 4101)
[INFO] [stderr]   cargo:warning=      | 
[INFO] [stderr]   running: "c++" "-O0" "-ffunction-sections" "-fdata-sections" "-fPIC" "-g" "-fno-omit-frame-pointer" "-m64" "-Wall" "-Wextra" "-DSPIRV_CROSS_EXCEPTIONS_TO_ASSERTIONS" "-DSPIRV_CROSS_WRAPPER_NO_EXCEPTIONS" "-DSPIRV_CROSS_WRAPPER_GLSL" "-DSPIRV_CROSS_WRAPPER_HLSL" "-DSPIRV_CROSS_WRAPPER_MSL" "-std=c++14" "-o" "/opt/rustwide/target/debug/build/spirv_cross-d0109f6cef16e0eb/out/src/vendor/SPIRV-Cross/spirv_hlsl.o" "-c" "src/vendor/SPIRV-Cross/spirv_hlsl.cpp"
[INFO] [stderr]   running: "c++" "-O0" "-ffunction-sections" "-fdata-sections" "-fPIC" "-g" "-fno-omit-frame-pointer" "-m64" "-Wall" "-Wextra" "-DSPIRV_CROSS_EXCEPTIONS_TO_ASSERTIONS" "-DSPIRV_CROSS_WRAPPER_NO_EXCEPTIONS" "-DSPIRV_CROSS_WRAPPER_GLSL" "-DSPIRV_CROSS_WRAPPER_HLSL" "-DSPIRV_CROSS_WRAPPER_MSL" "-std=c++14" "-o" "/opt/rustwide/target/debug/build/spirv_cross-d0109f6cef16e0eb/out/src/vendor/SPIRV-Cross/spirv_msl.o" "-c" "src/vendor/SPIRV-Cross/spirv_msl.cpp"
[INFO] [stderr]   cargo:warning=c++: fatal error: Killed signal terminated program cc1plus
[INFO] [stderr]   cargo:warning=compilation terminated.
[INFO] [stderr]   exit status: 1
[INFO] [stderr]   exit status: 0
[INFO] [stderr]   cargo:warning=c++: fatal error: Killed signal terminated program cc1plus
[INFO] [stderr]   cargo:warning=compilation terminated.
[INFO] [stderr]   exit status: 1
[INFO] [stderr]   exit status: 0
[INFO] [stderr]   exit status: 0
[INFO] [stderr]   exit status: 0
[INFO] [stderr]   exit status: 0
[INFO] [stderr]   exit status: 0
[INFO] [stderr]   exit status: 0
[INFO] [stderr] 
[INFO] [stderr]   --- stderr
[INFO] [stderr] 
[INFO] [stderr] 
[INFO] [stderr]   error occurred: Command "c++" "-O0" "-ffunction-sections" "-fdata-sections" "-fPIC" "-g" "-fno-omit-frame-pointer" "-m64" "-Wall" "-Wextra" "-DSPIRV_CROSS_EXCEPTIONS_TO_ASSERTIONS" "-DSPIRV_CROSS_WRAPPER_NO_EXCEPTIONS" "-DSPIRV_CROSS_WRAPPER_GLSL" "-DSPIRV_CROSS_WRAPPER_HLSL" "-DSPIRV_CROSS_WRAPPER_MSL" "-std=c++14" "-o" "/opt/rustwide/target/debug/build/spirv_cross-d0109f6cef16e0eb/out/src/vendor/SPIRV-Cross/spirv_cross_util.o" "-c" "src/vendor/SPIRV-Cross/spirv_cross_util.cpp" with args "c++" did not execute successfully (status code exit status: 1).
[INFO] [stderr] 
[INFO] [stderr] 
[INFO] running `Command { std: "docker" "inspect" "d88d9248de988dc81076e1a3b31fc37bb0741265ff57fbc4155aede3e9453769", kill_on_drop: false }`
[INFO] running `Command { std: "docker" "rm" "-f" "d88d9248de988dc81076e1a3b31fc37bb0741265ff57fbc4155aede3e9453769", kill_on_drop: false }`
[INFO] [stdout] d88d9248de988dc81076e1a3b31fc37bb0741265ff57fbc4155aede3e9453769
