[INFO] cloning repository https://github.com/evopen/render-encoder
[INFO] running `Command { std: "git" "-c" "credential.helper=" "-c" "credential.helper=/workspace/cargo-home/bin/git-credential-null" "clone" "--bare" "https://github.com/evopen/render-encoder" "/workspace/cache/git-repos/https%3A%2F%2Fgithub.com%2Fevopen%2Frender-encoder", kill_on_drop: false }`
[INFO] [stderr] Cloning into bare repository '/workspace/cache/git-repos/https%3A%2F%2Fgithub.com%2Fevopen%2Frender-encoder'...
[INFO] running `Command { std: "git" "rev-parse" "HEAD", kill_on_drop: false }`
[INFO] [stdout] c49eae8676b8dfadd64bcd4d0c5263d154dffa00
[INFO] documenting evopen/render-encoder against beta-2023-04-20 for beta-1.70-rustdoc-1
[INFO] running `Command { std: "git" "clone" "/workspace/cache/git-repos/https%3A%2F%2Fgithub.com%2Fevopen%2Frender-encoder" "/workspace/builds/worker-5-tc2/source", kill_on_drop: false }`
[INFO] [stderr] Cloning into '/workspace/builds/worker-5-tc2/source'...
[INFO] [stderr] done.
[INFO] validating manifest of git repo https://github.com/evopen/render-encoder on toolchain beta-2023-04-20
[INFO] running `Command { std: CARGO_HOME="/workspace/cargo-home" RUSTUP_HOME="/workspace/rustup-home" "/workspace/cargo-home/bin/cargo" "+beta-2023-04-20" "metadata" "--manifest-path" "Cargo.toml" "--no-deps", kill_on_drop: false }`
[INFO] started tweaking git repo https://github.com/evopen/render-encoder
[INFO] finished tweaking git repo https://github.com/evopen/render-encoder
[INFO] tweaked toml for git repo https://github.com/evopen/render-encoder written to /workspace/builds/worker-5-tc2/source/Cargo.toml
[INFO] crate git repo https://github.com/evopen/render-encoder already has a lockfile, it will not be regenerated
[INFO] running `Command { std: CARGO_HOME="/workspace/cargo-home" RUSTUP_HOME="/workspace/rustup-home" "/workspace/cargo-home/bin/cargo" "+beta-2023-04-20" "fetch" "--manifest-path" "Cargo.toml", kill_on_drop: false }`
[INFO] [stderr]     Updating crates.io index
[INFO] [stderr]  Downloading crates ...
[INFO] [stderr]   Downloaded y4m v0.7.0
[INFO] [stderr]   Downloaded interpolate_name v0.2.3
[INFO] [stderr]   Downloaded nasm-rs v0.2.0
[INFO] [stderr]   Downloaded simd_helpers v0.1.0
[INFO] [stderr]   Downloaded arg_enum_proc_macro v0.3.1
[INFO] [stderr]   Downloaded memoffset v0.6.2
[INFO] [stderr]   Downloaded av-metrics v0.6.2
[INFO] [stderr]   Downloaded v_frame v0.2.0
[INFO] [stderr]   Downloaded lab v0.8.2
[INFO] [stderr]   Downloaded bitstream-io v1.0.0
[INFO] [stderr]   Downloaded dcv-color-primitives v0.2.0
[INFO] [stderr]   Downloaded libfuzzer-sys v0.3.5
[INFO] running `Command { std: "docker" "create" "-v" "/var/lib/crater-agent-workspace/builds/worker-5-tc2/target:/opt/rustwide/target:rw,Z" "-v" "/var/lib/crater-agent-workspace/builds/worker-5-tc2/source:/opt/rustwide/workdir:ro,Z" "-v" "/var/lib/crater-agent-workspace/cargo-home:/opt/rustwide/cargo-home:ro,Z" "-v" "/var/lib/crater-agent-workspace/rustup-home:/opt/rustwide/rustup-home:ro,Z" "-e" "SOURCE_DIR=/opt/rustwide/workdir" "-e" "CARGO_TARGET_DIR=/opt/rustwide/target" "-e" "CARGO_HOME=/opt/rustwide/cargo-home" "-e" "RUSTUP_HOME=/opt/rustwide/rustup-home" "-w" "/opt/rustwide/workdir" "-m" "1610612736" "--user" "0:0" "--network" "none" "ghcr.io/rust-lang/crates-build-env/linux@sha256:5ff2268d62e97bff2cde7d5815dd6ed5b47097566f13b8d0ca110b04b60e07ed" "/opt/rustwide/cargo-home/bin/cargo" "+beta-2023-04-20" "metadata" "--no-deps" "--format-version=1", kill_on_drop: false }`
[INFO] [stdout] 243d9fac2d815f9455ae611ed91a2bf5d4a60c59d5d4054efe6e377114b262ed
[INFO] running `Command { std: "docker" "start" "-a" "243d9fac2d815f9455ae611ed91a2bf5d4a60c59d5d4054efe6e377114b262ed", kill_on_drop: false }`
[INFO] running `Command { std: "docker" "inspect" "243d9fac2d815f9455ae611ed91a2bf5d4a60c59d5d4054efe6e377114b262ed", kill_on_drop: false }`
[INFO] running `Command { std: "docker" "rm" "-f" "243d9fac2d815f9455ae611ed91a2bf5d4a60c59d5d4054efe6e377114b262ed", kill_on_drop: false }`
[INFO] [stdout] 243d9fac2d815f9455ae611ed91a2bf5d4a60c59d5d4054efe6e377114b262ed
[INFO] running `Command { std: "docker" "create" "-v" "/var/lib/crater-agent-workspace/builds/worker-5-tc2/target:/opt/rustwide/target:rw,Z" "-v" "/var/lib/crater-agent-workspace/builds/worker-5-tc2/source:/opt/rustwide/workdir:ro,Z" "-v" "/var/lib/crater-agent-workspace/cargo-home:/opt/rustwide/cargo-home:ro,Z" "-v" "/var/lib/crater-agent-workspace/rustup-home:/opt/rustwide/rustup-home:ro,Z" "-e" "SOURCE_DIR=/opt/rustwide/workdir" "-e" "CARGO_TARGET_DIR=/opt/rustwide/target" "-e" "CARGO_INCREMENTAL=0" "-e" "RUST_BACKTRACE=full" "-e" "RUSTFLAGS=--cap-lints=warn" "-e" "RUSTDOCFLAGS=--cap-lints=warn" "-e" "CARGO_HOME=/opt/rustwide/cargo-home" "-e" "RUSTUP_HOME=/opt/rustwide/rustup-home" "-w" "/opt/rustwide/workdir" "-m" "1610612736" "--user" "0:0" "--network" "none" "ghcr.io/rust-lang/crates-build-env/linux@sha256:5ff2268d62e97bff2cde7d5815dd6ed5b47097566f13b8d0ca110b04b60e07ed" "/opt/rustwide/cargo-home/bin/cargo" "+beta-2023-04-20" "doc" "--frozen" "--no-deps" "--document-private-items" "--message-format=json", kill_on_drop: false }`
[INFO] [stdout] 18f848d2643fc05f2dffaabb3e5b0cfd7347c310c480340bd22baf573c32df3a
[INFO] running `Command { std: "docker" "start" "-a" "18f848d2643fc05f2dffaabb3e5b0cfd7347c310c480340bd22baf573c32df3a", kill_on_drop: false }`
[INFO] [stderr]    Compiling autocfg v1.0.1
[INFO] [stderr]    Compiling libc v0.2.91
[INFO] [stderr]    Compiling rayon-core v1.9.0
[INFO] [stderr]    Compiling proc-macro2 v1.0.24
[INFO] [stderr]    Compiling syn v1.0.64
[INFO] [stderr]    Compiling scopeguard v1.1.0
[INFO] [stderr]    Compiling ucd-trie v0.1.3
[INFO] [stderr]    Compiling either v1.6.1
[INFO] [stderr]    Compiling regex-syntax v0.6.23
[INFO] [stderr]    Compiling arrayvec v0.5.2
[INFO] [stderr]    Compiling crc32fast v1.2.1
[INFO] [stderr]    Compiling noop_proc_macro v0.3.0
[INFO] [stderr]     Checking adler32 v1.2.0
[INFO] [stderr]     Checking unicode-width v0.1.8
[INFO] [stderr]    Compiling memchr v2.3.4
[INFO] [stderr]    Compiling bitflags v1.2.1
[INFO] [stderr]    Compiling log v0.4.14
[INFO] [stderr]     Checking weezl v0.1.4
[INFO] [stderr]    Compiling signal-hook v0.3.7
[INFO] [stderr]     Checking deflate v0.8.6
[INFO] [stderr]    Compiling pest v2.1.3
[INFO] [stderr]    Compiling aho-corasick v0.7.15
[INFO] [stderr]     Checking miniz_oxide v0.3.7
[INFO] [stderr]     Checking textwrap v0.11.0
[INFO] [stderr]     Checking itertools v0.10.0
[INFO] [stderr]    Compiling crossbeam-utils v0.8.3
[INFO] [stderr]    Compiling memoffset v0.6.2
[INFO] [stderr]    Compiling num-traits v0.2.14
[INFO] [stderr]    Compiling num-integer v0.1.44
[INFO] [stderr]    Compiling rayon v1.5.0
[INFO] [stderr]    Compiling miniz_oxide v0.4.4
[INFO] [stderr]    Compiling num-rational v0.3.2
[INFO] [stderr]    Compiling num-iter v0.1.42
[INFO] [stderr]    Compiling quote v1.0.9
[INFO] [stderr]    Compiling time v0.1.43
[INFO] [stderr]    Compiling num_cpus v1.13.0
[INFO] [stderr]    Compiling semver-parser v0.10.2
[INFO] [stderr]    Compiling jobserver v0.1.21
[INFO] [stderr]    Compiling cc v1.0.67
[INFO] [stderr]     Checking atty v0.2.14
[INFO] [stderr]     Checking terminal_size v0.1.16
[INFO] [stderr]     Checking signal-hook-registry v1.3.0
[INFO] [stderr]     Checking color_quant v1.1.0
[INFO] [stderr]     Checking rust_hawktracer_normal_macro v0.4.1
[INFO] [stderr]     Checking bitstream-io v1.0.0
[INFO] [stderr]    Compiling rust_hawktracer_proc_macro v0.4.1
[INFO] [stderr]     Checking regex v1.4.5
[INFO] [stderr]     Checking lab v0.8.2
[INFO] [stderr]    Compiling semver v0.11.0
[INFO] [stderr]     Checking gif v0.11.2
[INFO] [stderr]     Checking fern v0.6.0
[INFO] [stderr]     Checking crossbeam-epoch v0.9.3
[INFO] [stderr]     Checking crossbeam-channel v0.5.0
[INFO] [stderr]    Compiling rustc_version v0.3.3
[INFO] [stderr]     Checking crossbeam-queue v0.3.1
[INFO] [stderr]     Checking crossbeam-deque v0.8.0
[INFO] [stderr]    Compiling chrono v0.4.19
[INFO] [stderr]     Checking rust_hawktracer v0.7.0
[INFO] [stderr]     Checking ivf v0.1.1 (https://github.com/xiph/rav1e#aca3904f)
[INFO] [stderr]     Checking crossbeam v0.8.0
[INFO] [stderr]     Checking clap v2.33.3
[INFO] [stderr]    Compiling simd_helpers v0.1.0
[INFO] [stderr]     Checking png v0.16.8
[INFO] [stderr]    Compiling paste v1.0.5
[INFO] [stderr]     Checking bytemuck v1.5.1
[INFO] [stderr]     Checking y4m v0.7.0
[INFO] [stderr]     Checking scoped_threadpool v0.1.9
[INFO] [stderr]     Checking console v0.14.1
[INFO] [stderr]     Checking scan_fmt v0.2.6
[INFO] [stderr]     Checking dcv-color-primitives v0.2.0
[INFO] [stderr]    Compiling vergen v3.0.4 (https://github.com/xiph/rav1e#aca3904f)
[INFO] [stderr]     Checking jpeg-decoder v0.1.22
[INFO] [stderr]     Checking tiff v0.6.1
[INFO] [stderr]    Compiling nasm-rs v0.2.0
[INFO] [stderr]    Compiling rav1e v0.5.0-alpha (https://github.com/xiph/rav1e#aca3904f)
[INFO] [stderr]     Checking image v0.23.14
[INFO] [stderr]    Compiling num-derive v0.3.3
[INFO] [stderr]    Compiling thiserror-impl v1.0.24
[INFO] [stderr]    Compiling arg_enum_proc_macro v0.3.1
[INFO] [stderr]     Checking thiserror v1.0.24
[INFO] [stderr]     Checking v_frame v0.2.0
[INFO] [stderr]     Checking v_frame v0.2.0 (https://github.com/xiph/rav1e#aca3904f)
[INFO] [stderr]     Checking av-metrics v0.6.2
[INFO] [stdout] error[E0061]: this method takes 1 argument but 0 arguments were supplied
[INFO] [stdout]     --> /opt/rustwide/cargo-home/git/checkouts/rav1e-14e16d25dd5cd9c0/aca3904/src/transform/inverse.rs:1611:62
[INFO] [stdout]      |
[INFO] [stdout] 1611 |     let txfm_fn = INV_TXFM_FNS[tx_types_1d.1 as usize][width.ilog() - 3];
[INFO] [stdout]      |                                                              ^^^^-- an argument of type `usize` is missing
[INFO] [stdout]      |
[INFO] [stdout] note: method defined here
[INFO] [stdout]     --> /rustc/1b7dd2252b99671ce5d1cb9664c5f8636329436d/library/core/src/num/mod.rs:1190:5
[INFO] [stdout]      = note: this error originates in the macro `uint_impl` (in Nightly builds, run with -Z macro-backtrace for more info)
[INFO] [stdout] help: provide the argument
[INFO] [stdout]      |
[INFO] [stdout] 1611 |     let txfm_fn = INV_TXFM_FNS[tx_types_1d.1 as usize][width.ilog(/* usize */) - 3];
[INFO] [stdout]      |                                                                  ~~~~~~~~~~~~~
[INFO] [stdout] 
[INFO] [stdout] 
[INFO] [stdout] error[E0277]: the type `[for<'a, 'b> fn(&'a [i32], &'b mut [i32], usize)]` cannot be indexed by `u32`
[INFO] [stdout]     --> /opt/rustwide/cargo-home/git/checkouts/rav1e-14e16d25dd5cd9c0/aca3904/src/transform/inverse.rs:1611:56
[INFO] [stdout]      |
[INFO] [stdout] 1611 |     let txfm_fn = INV_TXFM_FNS[tx_types_1d.1 as usize][width.ilog() - 3];
[INFO] [stdout]      |                                                        ^^^^^^^^^^^^^^^^ slice indices are of type `usize` or ranges of `usize`
[INFO] [stdout]      |
[INFO] [stdout]      = help: the trait `SliceIndex<[for<'a, 'b> fn(&'a [i32], &'b mut [i32], usize)]>` is not implemented for `u32`
[INFO] [stdout]      = help: the trait `SliceIndex<[T]>` is implemented for `usize`
[INFO] [stdout]      = note: required for `[for<'a, 'b> fn(&'a [i32], &'b mut [i32], usize)]` to implement `std::ops::Index<u32>`
[INFO] [stdout] 
[INFO] [stdout] 
[INFO] [stdout] error[E0061]: this method takes 1 argument but 0 arguments were supplied
[INFO] [stdout]     --> /opt/rustwide/cargo-home/git/checkouts/rav1e-14e16d25dd5cd9c0/aca3904/src/transform/inverse.rs:1637:63
[INFO] [stdout]      |
[INFO] [stdout] 1637 |     let txfm_fn = INV_TXFM_FNS[tx_types_1d.0 as usize][height.ilog() - 3];
[INFO] [stdout]      |                                                               ^^^^-- an argument of type `usize` is missing
[INFO] [stdout]      |
[INFO] [stdout] note: method defined here
[INFO] [stdout]     --> /rustc/1b7dd2252b99671ce5d1cb9664c5f8636329436d/library/core/src/num/mod.rs:1190:5
[INFO] [stdout]      = note: this error originates in the macro `uint_impl` (in Nightly builds, run with -Z macro-backtrace for more info)
[INFO] [stdout] help: provide the argument
[INFO] [stdout]      |
[INFO] [stdout] 1637 |     let txfm_fn = INV_TXFM_FNS[tx_types_1d.0 as usize][height.ilog(/* usize */) - 3];
[INFO] [stdout]      |                                                                   ~~~~~~~~~~~~~
[INFO] [stdout] 
[INFO] [stdout] 
[INFO] [stdout] error[E0277]: the type `[for<'a, 'b> fn(&'a [i32], &'b mut [i32], usize)]` cannot be indexed by `u32`
[INFO] [stdout]     --> /opt/rustwide/cargo-home/git/checkouts/rav1e-14e16d25dd5cd9c0/aca3904/src/transform/inverse.rs:1637:56
[INFO] [stdout]      |
[INFO] [stdout] 1637 |     let txfm_fn = INV_TXFM_FNS[tx_types_1d.0 as usize][height.ilog() - 3];
[INFO] [stdout]      |                                                        ^^^^^^^^^^^^^^^^^ slice indices are of type `usize` or ranges of `usize`
[INFO] [stdout]      |
[INFO] [stdout]      = help: the trait `SliceIndex<[for<'a, 'b> fn(&'a [i32], &'b mut [i32], usize)]>` is not implemented for `u32`
[INFO] [stdout]      = help: the trait `SliceIndex<[T]>` is implemented for `usize`
[INFO] [stdout]      = note: required for `[for<'a, 'b> fn(&'a [i32], &'b mut [i32], usize)]` to implement `std::ops::Index<u32>`
[INFO] [stdout] 
[INFO] [stdout] 
[INFO] [stdout] error[E0061]: this method takes 1 argument but 0 arguments were supplied
[INFO] [stdout]    --> /opt/rustwide/cargo-home/git/checkouts/rav1e-14e16d25dd5cd9c0/aca3904/src/transform/mod.rs:291:7
[INFO] [stdout]     |
[INFO] [stdout] 291 |   col.ilog() as i8 - row.ilog() as i8
[INFO] [stdout]     |       ^^^^-- an argument of type `usize` is missing
[INFO] [stdout]     |
[INFO] [stdout] note: method defined here
[INFO] [stdout]    --> /rustc/1b7dd2252b99671ce5d1cb9664c5f8636329436d/library/core/src/num/mod.rs:1190:5
[INFO] [stdout]     = note: this error originates in the macro `uint_impl` (in Nightly builds, run with -Z macro-backtrace for more info)
[INFO] [stdout] help: provide the argument
[INFO] [stdout]     |
[INFO] [stdout] 291 |   col.ilog(/* usize */) as i8 - row.ilog() as i8
[INFO] [stdout]     |           ~~~~~~~~~~~~~
[INFO] [stdout] 
[INFO] [stdout] 
[INFO] [stdout] error[E0061]: this method takes 1 argument but 0 arguments were supplied
[INFO] [stdout]    --> /opt/rustwide/cargo-home/git/checkouts/rav1e-14e16d25dd5cd9c0/aca3904/src/transform/mod.rs:291:26
[INFO] [stdout]     |
[INFO] [stdout] 291 |   col.ilog() as i8 - row.ilog() as i8
[INFO] [stdout]     |                          ^^^^-- an argument of type `usize` is missing
[INFO] [stdout]     |
[INFO] [stdout] note: method defined here
[INFO] [stdout]    --> /rustc/1b7dd2252b99671ce5d1cb9664c5f8636329436d/library/core/src/num/mod.rs:1190:5
[INFO] [stdout]     = note: this error originates in the macro `uint_impl` (in Nightly builds, run with -Z macro-backtrace for more info)
[INFO] [stdout] help: provide the argument
[INFO] [stdout]     |
[INFO] [stdout] 291 |   col.ilog() as i8 - row.ilog(/* usize */) as i8
[INFO] [stdout]     |                              ~~~~~~~~~~~~~
[INFO] [stdout] 
[INFO] [stdout] 
[INFO] [stdout] error[E0061]: this method takes 1 argument but 0 arguments were supplied
[INFO] [stdout]    --> /opt/rustwide/cargo-home/git/checkouts/rav1e-14e16d25dd5cd9c0/aca3904/src/ec.rs:202:20
[INFO] [stdout]     |
[INFO] [stdout] 202 |     let d = 16 - r.ilog();
[INFO] [stdout]     |                    ^^^^-- an argument of type `u16` is missing
[INFO] [stdout]     |
[INFO] [stdout] note: method defined here
[INFO] [stdout]    --> /rustc/1b7dd2252b99671ce5d1cb9664c5f8636329436d/library/core/src/num/mod.rs:1023:5
[INFO] [stdout]     = note: this error originates in the macro `uint_impl` (in Nightly builds, run with -Z macro-backtrace for more info)
[INFO] [stdout] help: provide the argument
[INFO] [stdout]     |
[INFO] [stdout] 202 |     let d = 16 - r.ilog(/* u16 */);
[INFO] [stdout]     |                        ~~~~~~~~~~~
[INFO] [stdout] 
[INFO] [stdout] 
[INFO] [stdout] error[E0061]: this method takes 1 argument but 0 arguments were supplied
[INFO] [stdout]    --> /opt/rustwide/cargo-home/git/checkouts/rav1e-14e16d25dd5cd9c0/aca3904/src/ec.rs:240:20
[INFO] [stdout]     |
[INFO] [stdout] 240 |     let d = 16 - r.ilog();
[INFO] [stdout]     |                    ^^^^-- an argument of type `u16` is missing
[INFO] [stdout]     |
[INFO] [stdout] note: method defined here
[INFO] [stdout]    --> /rustc/1b7dd2252b99671ce5d1cb9664c5f8636329436d/library/core/src/num/mod.rs:1023:5
[INFO] [stdout]     = note: this error originates in the macro `uint_impl` (in Nightly builds, run with -Z macro-backtrace for more info)
[INFO] [stdout] help: provide the argument
[INFO] [stdout]     |
[INFO] [stdout] 240 |     let d = 16 - r.ilog(/* u16 */);
[INFO] [stdout]     |                        ~~~~~~~~~~~
[INFO] [stdout] 
[INFO] [stdout] 
[INFO] [stdout] error[E0061]: this method takes 1 argument but 0 arguments were supplied
[INFO] [stdout]    --> /opt/rustwide/cargo-home/git/checkouts/rav1e-14e16d25dd5cd9c0/aca3904/src/ec.rs:281:20
[INFO] [stdout]     |
[INFO] [stdout] 281 |     let d = 16 - r.ilog();
[INFO] [stdout]     |                    ^^^^-- an argument of type `u16` is missing
[INFO] [stdout]     |
[INFO] [stdout] note: method defined here
[INFO] [stdout]    --> /rustc/1b7dd2252b99671ce5d1cb9664c5f8636329436d/library/core/src/num/mod.rs:1023:5
[INFO] [stdout]     = note: this error originates in the macro `uint_impl` (in Nightly builds, run with -Z macro-backtrace for more info)
[INFO] [stdout] help: provide the argument
[INFO] [stdout]     |
[INFO] [stdout] 281 |     let d = 16 - r.ilog(/* u16 */);
[INFO] [stdout]     |                        ~~~~~~~~~~~
[INFO] [stdout] 
[INFO] [stdout] 
[INFO] [stdout] error[E0061]: this method takes 1 argument but 0 arguments were supplied
[INFO] [stdout]    --> /opt/rustwide/cargo-home/git/checkouts/rav1e-14e16d25dd5cd9c0/aca3904/src/ec.rs:604:20
[INFO] [stdout]     |
[INFO] [stdout] 604 |     let d = 16 - r.ilog();
[INFO] [stdout]     |                    ^^^^-- an argument of type `u32` is missing
[INFO] [stdout]     |
[INFO] [stdout] note: method defined here
[INFO] [stdout]    --> /rustc/1b7dd2252b99671ce5d1cb9664c5f8636329436d/library/core/src/num/mod.rs:1071:5
[INFO] [stdout]     = note: this error originates in the macro `uint_impl` (in Nightly builds, run with -Z macro-backtrace for more info)
[INFO] [stdout] help: provide the argument
[INFO] [stdout]     |
[INFO] [stdout] 604 |     let d = 16 - r.ilog(/* u32 */);
[INFO] [stdout]     |                        ~~~~~~~~~~~
[INFO] [stdout] 
[INFO] [stdout] 
[INFO] [stdout] error[E0061]: this method takes 1 argument but 0 arguments were supplied
[INFO] [stdout]     --> /opt/rustwide/cargo-home/git/checkouts/rav1e-14e16d25dd5cd9c0/aca3904/src/deblock.rs:1584:37
[INFO] [stdout]      |
[INFO] [stdout] 1584 |     input.planes[0].plane_cfg.width.ilog()
[INFO] [stdout]      |                                     ^^^^-- an argument of type `usize` is missing
[INFO] [stdout]      |
[INFO] [stdout] note: method defined here
[INFO] [stdout]     --> /rustc/1b7dd2252b99671ce5d1cb9664c5f8636329436d/library/core/src/num/mod.rs:1190:5
[INFO] [stdout]      = note: this error originates in the macro `uint_impl` (in Nightly builds, run with -Z macro-backtrace for more info)
[INFO] [stdout] help: provide the argument
[INFO] [stdout]      |
[INFO] [stdout] 1584 |     input.planes[0].plane_cfg.width.ilog(/* usize */)
[INFO] [stdout]      |                                         ~~~~~~~~~~~~~
[INFO] [stdout] 
[INFO] [stdout] 
[INFO] [stdout] error[E0061]: this method takes 1 argument but 0 arguments were supplied
[INFO] [stdout]     --> /opt/rustwide/cargo-home/git/checkouts/rav1e-14e16d25dd5cd9c0/aca3904/src/deblock.rs:1585:42
[INFO] [stdout]      |
[INFO] [stdout] 1585 |       + input.planes[0].plane_cfg.height.ilog()
[INFO] [stdout]      |                                          ^^^^-- an argument of type `usize` is missing
[INFO] [stdout]      |
[INFO] [stdout] note: method defined here
[INFO] [stdout]     --> /rustc/1b7dd2252b99671ce5d1cb9664c5f8636329436d/library/core/src/num/mod.rs:1190:5
[INFO] [stdout]      = note: this error originates in the macro `uint_impl` (in Nightly builds, run with -Z macro-backtrace for more info)
[INFO] [stdout] help: provide the argument
[INFO] [stdout]      |
[INFO] [stdout] 1585 |       + input.planes[0].plane_cfg.height.ilog(/* usize */)
[INFO] [stdout]      |                                              ~~~~~~~~~~~~~
[INFO] [stdout] 
[INFO] [stdout] 
[INFO] [stdout] error[E0061]: this method takes 1 argument but 0 arguments were supplied
[INFO] [stdout]     --> /opt/rustwide/cargo-home/git/checkouts/rav1e-14e16d25dd5cd9c0/aca3904/src/encoder.rs:3069:39
[INFO] [stdout]      |
[INFO] [stdout] 3069 |   let max_tile_size_bytes = ((max_len.ilog() + 7) / 8) as u32;
[INFO] [stdout]      |                                       ^^^^-- an argument of type `usize` is missing
[INFO] [stdout]      |
[INFO] [stdout] note: method defined here
[INFO] [stdout]     --> /rustc/1b7dd2252b99671ce5d1cb9664c5f8636329436d/library/core/src/num/mod.rs:1190:5
[INFO] [stdout]      = note: this error originates in the macro `uint_impl` (in Nightly builds, run with -Z macro-backtrace for more info)
[INFO] [stdout] help: provide the argument
[INFO] [stdout]      |
[INFO] [stdout] 3069 |   let max_tile_size_bytes = ((max_len.ilog(/* usize */) + 7) / 8) as u32;
[INFO] [stdout]      |                                           ~~~~~~~~~~~~~
[INFO] [stdout] 
[INFO] [stdout] 
[INFO] [stdout] error[E0061]: this method takes 1 argument but 0 arguments were supplied
[INFO] [stdout]     --> /opt/rustwide/cargo-home/git/checkouts/rav1e-14e16d25dd5cd9c0/aca3904/src/me.rs:1079:17
[INFO] [stdout]      |
[INFO] [stdout] 1079 |     2 * d.abs().ilog() as u32
[INFO] [stdout]      |                 ^^^^-- an argument of type `i16` is missing
[INFO] [stdout]      |
[INFO] [stdout] note: method defined here
[INFO] [stdout]     --> /rustc/1b7dd2252b99671ce5d1cb9664c5f8636329436d/library/core/src/num/mod.rs:252:5
[INFO] [stdout]      = note: this error originates in the macro `int_impl` (in Nightly builds, run with -Z macro-backtrace for more info)
[INFO] [stdout] help: provide the argument
[INFO] [stdout]      |
[INFO] [stdout] 1079 |     2 * d.abs().ilog(/* i16 */) as u32
[INFO] [stdout]      |                     ~~~~~~~~~~~
[INFO] [stdout] 
[INFO] [stdout] 
[INFO] [stdout] error[E0061]: this method takes 1 argument but 0 arguments were supplied
[INFO] [stdout]    --> /opt/rustwide/cargo-home/git/checkouts/rav1e-14e16d25dd5cd9c0/aca3904/src/rate.rs:237:17
[INFO] [stdout]     |
[INFO] [stdout] 237 |   let ipart = w.ilog() as i32 - 1;
[INFO] [stdout]     |                 ^^^^-- an argument of type `i64` is missing
[INFO] [stdout]     |
[INFO] [stdout] note: method defined here
[INFO] [stdout]    --> /rustc/1b7dd2252b99671ce5d1cb9664c5f8636329436d/library/core/src/num/mod.rs:298:5
[INFO] [stdout]     = note: this error originates in the macro `int_impl` (in Nightly builds, run with -Z macro-backtrace for more info)
[INFO] [stdout] help: provide the argument
[INFO] [stdout]     |
[INFO] [stdout] 237 |   let ipart = w.ilog(/* i64 */) as i32 - 1;
[INFO] [stdout]     |                     ~~~~~~~~~~~
[INFO] [stdout] 
[INFO] [stdout] 
[INFO] [stdout] error: aborting due to 15 previous errors
[INFO] [stdout] 
[INFO] [stdout] 
[INFO] [stdout] Some errors have detailed explanations: E0061, E0277.
[INFO] [stdout] 
[INFO] [stdout] For more information about an error, try `rustc --explain E0061`.
[INFO] [stdout] 
[INFO] [stderr] error: could not compile `rav1e` (lib) due to 16 previous errors
[INFO] running `Command { std: "docker" "inspect" "18f848d2643fc05f2dffaabb3e5b0cfd7347c310c480340bd22baf573c32df3a", kill_on_drop: false }`
[INFO] running `Command { std: "docker" "rm" "-f" "18f848d2643fc05f2dffaabb3e5b0cfd7347c310c480340bd22baf573c32df3a", kill_on_drop: false }`
[INFO] [stdout] 18f848d2643fc05f2dffaabb3e5b0cfd7347c310c480340bd22baf573c32df3a
