[INFO] cloning repository https://github.com/etrombly/visual-pcap
[INFO] running `Command { std: "git" "-c" "credential.helper=" "-c" "credential.helper=/workspace/cargo-home/bin/git-credential-null" "clone" "--bare" "https://github.com/etrombly/visual-pcap" "/workspace/cache/git-repos/https%3A%2F%2Fgithub.com%2Fetrombly%2Fvisual-pcap", kill_on_drop: false }`
[INFO] [stderr] Cloning into bare repository '/workspace/cache/git-repos/https%3A%2F%2Fgithub.com%2Fetrombly%2Fvisual-pcap'...
[INFO] running `Command { std: "git" "rev-parse" "HEAD", kill_on_drop: false }`
[INFO] [stdout] 6640c328f88c3335826906d915187979bd4cd371
[INFO] documenting etrombly/visual-pcap against 1.69.0 for beta-1.70-rustdoc-1
[INFO] running `Command { std: "git" "clone" "/workspace/cache/git-repos/https%3A%2F%2Fgithub.com%2Fetrombly%2Fvisual-pcap" "/workspace/builds/worker-5-tc1/source", kill_on_drop: false }`
[INFO] [stderr] Cloning into '/workspace/builds/worker-5-tc1/source'...
[INFO] [stderr] done.
[INFO] validating manifest of git repo https://github.com/etrombly/visual-pcap on toolchain 1.69.0
[INFO] running `Command { std: CARGO_HOME="/workspace/cargo-home" RUSTUP_HOME="/workspace/rustup-home" "/workspace/cargo-home/bin/cargo" "+1.69.0" "metadata" "--manifest-path" "Cargo.toml" "--no-deps", kill_on_drop: false }`
[INFO] started tweaking git repo https://github.com/etrombly/visual-pcap
[INFO] finished tweaking git repo https://github.com/etrombly/visual-pcap
[INFO] tweaked toml for git repo https://github.com/etrombly/visual-pcap written to /workspace/builds/worker-5-tc1/source/Cargo.toml
[INFO] crate git repo https://github.com/etrombly/visual-pcap already has a lockfile, it will not be regenerated
[INFO] running `Command { std: CARGO_HOME="/workspace/cargo-home" RUSTUP_HOME="/workspace/rustup-home" "/workspace/cargo-home/bin/cargo" "+1.69.0" "fetch" "--manifest-path" "Cargo.toml", kill_on_drop: false }`
[INFO] [stderr]  Downloading crates ...
[INFO] [stderr]   Downloaded andrew v0.2.0
[INFO] [stderr]   Downloaded pnet_transport v0.22.0
[INFO] [stderr]   Downloaded ipnetwork v0.14.0
[INFO] [stderr]   Downloaded pnet_macros v0.22.0
[INFO] [stderr]   Downloaded ron v0.4.2
[INFO] [stderr]   Downloaded glyph_brush_layout v0.1.5
[INFO] [stderr]   Downloaded pnet_macros_support v0.22.0
[INFO] [stderr]   Downloaded glyph_brush v0.4.1
[INFO] [stderr]   Downloaded pnet_sys v0.22.0
[INFO] [stderr]   Downloaded pnet_base v0.22.0
[INFO] [stderr]   Downloaded pnet_datalink v0.22.0
[INFO] [stderr]   Downloaded gleam v0.6.13
[INFO] [stderr]   Downloaded pnet_packet v0.22.0
[INFO] [stderr]   Downloaded bincode v1.1.2
[INFO] [stderr]   Downloaded lyon_geom v0.12.4
[INFO] [stderr]   Downloaded euclid v0.19.6
[INFO] [stderr]   Downloaded gfx_glyph v0.13.3
[INFO] [stderr]   Downloaded regex v1.0.6
[INFO] [stderr]   Downloaded pnet v0.22.0
[INFO] running `Command { std: "docker" "create" "-v" "/var/lib/crater-agent-workspace/builds/worker-5-tc1/target:/opt/rustwide/target:rw,Z" "-v" "/var/lib/crater-agent-workspace/builds/worker-5-tc1/source:/opt/rustwide/workdir:ro,Z" "-v" "/var/lib/crater-agent-workspace/cargo-home:/opt/rustwide/cargo-home:ro,Z" "-v" "/var/lib/crater-agent-workspace/rustup-home:/opt/rustwide/rustup-home:ro,Z" "-e" "SOURCE_DIR=/opt/rustwide/workdir" "-e" "CARGO_TARGET_DIR=/opt/rustwide/target" "-e" "CARGO_HOME=/opt/rustwide/cargo-home" "-e" "RUSTUP_HOME=/opt/rustwide/rustup-home" "-w" "/opt/rustwide/workdir" "-m" "1610612736" "--user" "0:0" "--network" "none" "ghcr.io/rust-lang/crates-build-env/linux@sha256:5ff2268d62e97bff2cde7d5815dd6ed5b47097566f13b8d0ca110b04b60e07ed" "/opt/rustwide/cargo-home/bin/cargo" "+1.69.0" "metadata" "--no-deps" "--format-version=1", kill_on_drop: false }`
[INFO] [stdout] b2266b43707c27a1b52efad91fb0e5671fc8d2208afa5e45017c834bf3e340c3
[INFO] running `Command { std: "docker" "start" "-a" "b2266b43707c27a1b52efad91fb0e5671fc8d2208afa5e45017c834bf3e340c3", kill_on_drop: false }`
[INFO] running `Command { std: "docker" "inspect" "b2266b43707c27a1b52efad91fb0e5671fc8d2208afa5e45017c834bf3e340c3", kill_on_drop: false }`
[INFO] running `Command { std: "docker" "rm" "-f" "b2266b43707c27a1b52efad91fb0e5671fc8d2208afa5e45017c834bf3e340c3", kill_on_drop: false }`
[INFO] [stdout] b2266b43707c27a1b52efad91fb0e5671fc8d2208afa5e45017c834bf3e340c3
[INFO] running `Command { std: "docker" "create" "-v" "/var/lib/crater-agent-workspace/builds/worker-5-tc1/target:/opt/rustwide/target:rw,Z" "-v" "/var/lib/crater-agent-workspace/builds/worker-5-tc1/source:/opt/rustwide/workdir:ro,Z" "-v" "/var/lib/crater-agent-workspace/cargo-home:/opt/rustwide/cargo-home:ro,Z" "-v" "/var/lib/crater-agent-workspace/rustup-home:/opt/rustwide/rustup-home:ro,Z" "-e" "SOURCE_DIR=/opt/rustwide/workdir" "-e" "CARGO_TARGET_DIR=/opt/rustwide/target" "-e" "CARGO_INCREMENTAL=0" "-e" "RUST_BACKTRACE=full" "-e" "RUSTFLAGS=--cap-lints=warn" "-e" "RUSTDOCFLAGS=--cap-lints=warn" "-e" "CARGO_HOME=/opt/rustwide/cargo-home" "-e" "RUSTUP_HOME=/opt/rustwide/rustup-home" "-w" "/opt/rustwide/workdir" "-m" "1610612736" "--user" "0:0" "--network" "none" "ghcr.io/rust-lang/crates-build-env/linux@sha256:5ff2268d62e97bff2cde7d5815dd6ed5b47097566f13b8d0ca110b04b60e07ed" "/opt/rustwide/cargo-home/bin/cargo" "+1.69.0" "doc" "--frozen" "--no-deps" "--document-private-items" "--message-format=json", kill_on_drop: false }`
[INFO] [stdout] 47e34e134eec748414db2153828d98e3e5d961457ae0937ceba3df8b069fcd02
[INFO] running `Command { std: "docker" "start" "-a" "47e34e134eec748414db2153828d98e3e5d961457ae0937ceba3df8b069fcd02", kill_on_drop: false }`
[INFO] [stderr]    Compiling unicode-xid v0.1.0
[INFO] [stderr]    Compiling libc v0.2.50
[INFO] [stderr]    Compiling proc-macro2 v0.4.27
[INFO] [stderr]    Compiling syn v0.15.29
[INFO] [stderr]    Compiling serde v1.0.89
[INFO] [stderr]     Checking cfg-if v0.1.7
[INFO] [stderr]    Compiling cc v1.0.31
[INFO] [stderr]    Compiling num-traits v0.2.6
[INFO] [stderr]     Checking lazy_static v1.3.0
[INFO] [stderr]    Compiling autocfg v0.1.2
[INFO] [stderr]    Compiling byteorder v1.3.1
[INFO] [stderr]    Compiling arrayvec v0.4.10
[INFO] [stderr]     Checking scopeguard v0.3.3
[INFO] [stderr]     Checking nodrop v0.1.13
[INFO] [stderr]     Checking rand_core v0.4.0
[INFO] [stderr]     Checking memoffset v0.2.1
[INFO] [stderr]    Compiling quote v0.6.11
[INFO] [stderr]     Checking rand_core v0.3.1
[INFO] [stderr]     Checking bitflags v1.0.4
[INFO] [stderr]    Compiling semver-parser v0.7.0
[INFO] [stderr]    Compiling pkg-config v0.3.14
[INFO] [stderr]     Checking num_cpus v1.10.0
[INFO] [stderr]     Checking crossbeam-utils v0.6.5
[INFO] [stderr]     Checking stable_deref_trait v1.1.1
[INFO] [stderr]    Compiling semver v0.9.0
[INFO] [stderr]    Compiling backtrace-sys v0.1.28
[INFO] [stderr]    Compiling backtrace v0.3.14
[INFO] [stderr]     Checking approx v0.3.1
[INFO] [stderr]     Checking owning_ref v0.4.0
[INFO] [stderr]     Checking rand v0.4.6
[INFO] [stderr]    Compiling rustc_version v0.2.3
[INFO] [stderr]     Checking crossbeam-utils v0.2.2
[INFO] [stderr]    Compiling num-integer v0.1.39
[INFO] [stderr]    Compiling rayon-core v1.4.1
[INFO] [stderr]     Checking crossbeam-epoch v0.3.1
[INFO] [stderr]     Checking lock_api v0.1.5
[INFO] [stderr]     Checking either v1.5.1
[INFO] [stderr]    Compiling xml-rs v0.8.0
[INFO] [stderr]     Checking rand v0.5.6
[INFO] [stderr]     Checking crossbeam-deque v0.2.0
[INFO] [stderr]    Compiling rand_pcg v0.1.2
[INFO] [stderr]    Compiling rand_chacha v0.1.1
[INFO] [stderr]    Compiling rayon v1.0.3
[INFO] [stderr]    Compiling parking_lot_core v0.3.1
[INFO] [stderr]    Compiling rand v0.6.5
[INFO] [stderr]     Checking rustc-demangle v0.1.13
[INFO] [stderr]    Compiling libloading v0.5.0
[INFO] [stderr]     Checking rand_hc v0.1.0
[INFO] [stderr]     Checking rand_xorshift v0.1.1
[INFO] [stderr]     Checking rand_isaac v0.1.1
[INFO] [stderr]     Checking rand_os v0.1.3
[INFO] [stderr]     Checking rand_jitter v0.1.3
[INFO] [stderr]     Checking crossbeam-utils v0.5.0
[INFO] [stderr]    Compiling num-complex v0.2.1
[INFO] [stderr]    Compiling wayland-scanner v0.21.11
[INFO] [stderr]     Checking crossbeam-epoch v0.7.1
[INFO] [stderr]     Checking crossbeam-epoch v0.5.2
[INFO] [stderr]     Checking crossbeam-epoch v0.6.1
[INFO] [stderr]     Checking crossbeam-deque v0.7.1
[INFO] [stderr]     Checking ordered-float v1.0.2
[INFO] [stderr]     Checking owning_ref v0.3.3
[INFO] [stderr]     Checking rustc-hash v1.0.1
[INFO] [stderr]     Checking stb_truetype v0.2.6
[INFO] [stderr]    Compiling nix v0.12.0
[INFO] [stderr]     Checking linked-hash-map v0.5.1
[INFO] [stderr]    Compiling typenum v1.10.0
[INFO] [stderr]    Compiling nonzero_signed v1.0.3
[INFO] [stderr]     Checking mint v0.5.1
[INFO] [stderr]     Checking rusttype v0.7.5
[INFO] [stderr]     Checking crossbeam-deque v0.5.2
[INFO] [stderr]     Checking dlib v0.4.1
[INFO] [stderr]     Checking fxhash v0.2.1
[INFO] [stderr]    Compiling proc-macro2 v0.3.8
[INFO] [stderr]     Checking mopa v0.2.2
[INFO] [stderr]     Checking atom v0.3.5
[INFO] [stderr]    Compiling khronos_api v2.2.0
[INFO] [stderr]    Compiling matrixmultiply v0.1.15
[INFO] [stderr]     Checking hibitset v0.5.4
[INFO] [stderr]     Checking wayland-sys v0.21.11
[INFO] [stderr]    Compiling wayland-client v0.21.11
[INFO] [stderr]     Checking tuple_utils v0.2.0
[INFO] [stderr]     Checking rawpointer v0.1.0
[INFO] [stderr]    Compiling quote v0.5.2
[INFO] [stderr]    Compiling khronos_api v3.0.0
[INFO] [stderr]     Checking libm v0.1.2
[INFO] [stderr]     Checking futures v0.1.25
[INFO] [stderr]     Checking same-file v1.0.4
[INFO] [stderr]     Checking generic-array v0.11.1
[INFO] [stderr]     Checking walkdir v2.2.7
[INFO] [stderr]    Compiling syn v0.13.11
[INFO] [stderr]    Compiling wayland-protocols v0.21.11
[INFO] [stderr]    Compiling xml-rs v0.7.0
[INFO] [stderr]    Compiling parking_lot_core v0.4.0
[INFO] [stderr]    Compiling cmake v0.1.35
[INFO] [stderr]    Compiling num-bigint v0.2.2
[INFO] [stderr]    Compiling nix v0.13.0
[INFO] [stderr]    Compiling num-iter v0.1.37
[INFO] [stderr]     Checking downcast-rs v1.0.3
[INFO] [stderr]     Checking error-chain v0.12.0
[INFO] [stderr]    Compiling x11-dl v2.18.3
[INFO] [stderr]     Checking line_drawing v0.7.0
[INFO] [stderr]     Checking num-traits v0.1.43
[INFO] [stderr]     Checking wayland-commons v0.21.11
[INFO] [stderr]     Checking base64 v0.10.1
[INFO] [stderr]     Checking approx v0.1.1
[INFO] [stderr]    Compiling serde_derive v1.0.89
[INFO] [stderr]    Compiling derivative v1.0.2
[INFO] [stderr]    Compiling shred-derive v0.5.1
[INFO] [stderr]     Checking xdg v2.2.0
[INFO] [stderr]    Compiling num-rational v0.2.1
[INFO] [stderr]     Checking andrew v0.2.0
[INFO] [stderr]     Checking memmap v0.7.0
[INFO] [stderr]    Compiling num-derive v0.2.4
[INFO] [stderr]     Checking adler32 v1.0.3
[INFO] [stderr]     Checking shared_library v0.1.9
[INFO] [stderr]    Compiling unicode-xid v0.0.4
[INFO] [stderr]    Compiling failure_derive v0.1.5
[INFO] [stderr]     Checking lzw v0.10.0
[INFO] [stderr]    Compiling rustc-serialize v0.3.24
[INFO] [stderr]    Compiling memchr v2.2.0
[INFO] [stderr]    Compiling cgmath v0.16.1
[INFO] [stderr]     Checking percent-encoding v1.0.1
[INFO] [stderr]    Compiling synom v0.11.3
[INFO] [stderr]     Checking osmesa-sys v0.1.2
[INFO] [stderr]     Checking deflate v0.7.19
[INFO] [stderr]     Checking inflate v0.4.5
[INFO] [stderr]    Compiling servo-freetype-sys v4.0.5
[INFO] [stderr]    Compiling synstructure v0.10.1
[INFO] [stderr]    Compiling quote v0.3.15
[INFO] [stderr]    Compiling term v0.4.6
[INFO] [stderr]    Compiling unicode-xid v0.0.3
[INFO] [stderr]     Checking color_quant v1.0.1
[INFO] [stderr]     Checking gif v0.10.1
[INFO] [stderr]    Compiling syn v0.11.11
[INFO] [stderr]     Checking png v0.12.0
[INFO] [stderr]    Compiling syntex_pos v0.42.0
[INFO] [stderr]    Compiling glsl-layout-derive v0.1.1
[INFO] [stderr]    Compiling expat-sys v2.1.6
[INFO] [stderr]     Checking tiff v0.2.2
[INFO] [stderr]     Checking jpeg-decoder v0.1.15
[INFO] [stderr]    Compiling bitflags v0.5.0
[INFO] [stderr]    Compiling regex v1.0.6
[INFO] [stderr]     Checking scoped_threadpool v0.1.9
[INFO] [stderr]    Compiling ucd-util v0.1.3
[INFO] [stderr]    Compiling thread_local v0.3.6
[INFO] [stderr]     Checking failure v0.1.5
[INFO] [stderr]     Checking image v0.20.1
[INFO] [stderr]    Compiling regex-syntax v0.6.5
[INFO] [stderr]    Compiling gfx_macros v0.2.1
[INFO] [stderr]    Compiling aho-corasick v0.6.10
[INFO] [stderr]    Compiling amethyst_derive v0.3.0
[INFO] [stderr]     Checking genmesh v0.6.2
[INFO] [stderr]    Compiling alsa-sys v0.1.2
[INFO] [stderr]    Compiling minimp3-sys v0.3.1
[INFO] [stderr]     Checking hetseq v0.2.0
[INFO] [stderr]    Compiling utf8-ranges v1.0.2
[INFO] [stderr]     Checking wavefront_obj v5.1.0
[INFO] [stderr]    Compiling euclid_macros v0.1.0
[INFO] [stderr]    Compiling xcb v0.8.2
[INFO] [stderr]    Compiling servo-fontconfig-sys v4.0.7
[INFO] [stderr]     Checking siphasher v0.2.3
[INFO] [stderr]     Checking ansi_term v0.11.0
[INFO] [stderr]    Compiling build_const v0.2.1
[INFO] [stderr]     Checking euclid v0.19.6
[INFO] [stderr]    Compiling crc v1.8.1
[INFO] [stderr]     Checking smallvec v0.6.9
[INFO] [stderr]     Checking log v0.4.6
[INFO] [stderr]     Checking parking_lot_core v0.2.14
[INFO] [stderr]     Checking shred v0.7.1
[INFO] [stderr]     Checking parking_lot v0.6.4
[INFO] [stderr]     Checking draw_state v0.8.0
[INFO] [stderr]     Checking parking_lot v0.5.5
[INFO] [stderr]    Compiling gl_generator v0.9.0
[INFO] [stderr]     Checking crossbeam-channel v0.2.6
[INFO] [stderr]     Checking alga v0.7.2
[INFO] [stderr]     Checking shrev v1.0.1
[INFO] [stderr]    Compiling gl_generator v0.10.0
[INFO] [stderr]     Checking crossbeam v0.4.1
[INFO] [stderr]     Checking gfx_core v0.8.3
[INFO] [stderr]     Checking specs v0.14.3
[INFO] [stderr]     Checking nalgebra v0.16.13
[INFO] [stderr]     Checking ron v0.4.2
[INFO] [stderr]    Compiling gfx_gl v0.5.0
[INFO] [stderr]     Checking specs-hierarchy v0.3.0
[INFO] [stderr]     Checking parking_lot v0.7.1
[INFO] [stderr]    Compiling log v0.3.9
[INFO] [stderr]    Compiling glutin v0.19.0
[INFO] [stderr]    Compiling syntex_errors v0.42.0
[INFO] [stderr]     Checking amethyst_config v0.9.0
[INFO] [stderr]     Checking phf_shared v0.7.24
[INFO] [stderr]    Compiling syntex_syntax v0.42.0
[INFO] [stderr] error: failed to run custom build command for `xcb v0.8.2`
[INFO] [stderr] note: To improve backtraces for build dependencies, set the CARGO_PROFILE_DEV_BUILD_OVERRIDE_DEBUG=true environment variable to enable debug information generation.
[INFO] [stderr] 
[INFO] [stderr] Caused by:
[INFO] [stderr]   process didn't exit successfully: `/opt/rustwide/target/debug/build/xcb-0cc67ac5886959bd/build-script-build` (exit status: 101)
[INFO] [stderr]   --- stderr
[INFO] [stderr]   error occured in handler:  ('request: ', ('xcb', 'Xv', 'ShmPutImage'))
[INFO] [stderr]   Traceback (most recent call last):
[INFO] [stderr]     File "/opt/rustwide/cargo-home/registry/src/github.com-1ecc6299db9ec823/xcb-0.8.2/rs_client.py", line 2448, in <module>
[INFO] [stderr]       module.generate()
[INFO] [stderr]     File "/opt/rustwide/cargo-home/registry/src/github.com-1ecc6299db9ec823/xcb-0.8.2/xcbgen/state.py", line 108, in generate
[INFO] [stderr]       self.close()
[INFO] [stderr]     File "/opt/rustwide/cargo-home/registry/src/github.com-1ecc6299db9ec823/xcb-0.8.2/rs_client.py", line 296, in rs_close
[INFO] [stderr]       _f.writeout(os.path.join(module.rs_srcdir, "ffi", "%s.rs" % _module_name(_ns.ext_name)))
[INFO] [stderr]     File "/opt/rustwide/cargo-home/registry/src/github.com-1ecc6299db9ec823/xcb-0.8.2/rs_client.py", line 114, in writeout
[INFO] [stderr]       with open(path, 'w') as f:
[INFO] [stderr]   OSError: [Errno 30] Read-only file system: '/opt/rustwide/cargo-home/registry/src/github.com-1ecc6299db9ec823/xcb-0.8.2/src/ffi/xv.rs'
[INFO] [stderr]   thread 'main' panicked at 'processing of /opt/rustwide/cargo-home/registry/src/github.com-1ecc6299db9ec823/xcb-0.8.2/xml/xv.xml returned non-zero (1)', /opt/rustwide/cargo-home/registry/src/github.com-1ecc6299db9ec823/xcb-0.8.2/build.rs:75:17
[INFO] [stderr]   stack backtrace:
[INFO] [stderr]      0:     0x5610c60436ca - std::backtrace_rs::backtrace::libunwind::trace::ha9053a9a07ca49cb
[INFO] [stderr]                                  at /rustc/84c898d65adf2f39a5a98507f1fe0ce10a2b8dbc/library/std/src/../../backtrace/src/backtrace/libunwind.rs:93:5
[INFO] [stderr]      1:     0x5610c60436ca - std::backtrace_rs::backtrace::trace_unsynchronized::h9c2852a457ad564e
[INFO] [stderr]                                  at /rustc/84c898d65adf2f39a5a98507f1fe0ce10a2b8dbc/library/std/src/../../backtrace/src/backtrace/mod.rs:66:5
[INFO] [stderr]      2:     0x5610c60436ca - std::sys_common::backtrace::_print_fmt::h457936fbfaa0070f
[INFO] [stderr]                                  at /rustc/84c898d65adf2f39a5a98507f1fe0ce10a2b8dbc/library/std/src/sys_common/backtrace.rs:65:5
[INFO] [stderr]      3:     0x5610c60436ca - <std::sys_common::backtrace::_print::DisplayBacktrace as core::fmt::Display>::fmt::h5779d7bf7f70cb0c
[INFO] [stderr]                                  at /rustc/84c898d65adf2f39a5a98507f1fe0ce10a2b8dbc/library/std/src/sys_common/backtrace.rs:44:22
[INFO] [stderr]      4:     0x5610c6060a2e - core::fmt::write::h5a4baaff1bcd3eb5
[INFO] [stderr]                                  at /rustc/84c898d65adf2f39a5a98507f1fe0ce10a2b8dbc/library/core/src/fmt/mod.rs:1232:17
[INFO] [stderr]      5:     0x5610c6041025 - std::io::Write::write_fmt::h4bc1f301cb9e9cce
[INFO] [stderr]                                  at /rustc/84c898d65adf2f39a5a98507f1fe0ce10a2b8dbc/library/std/src/io/mod.rs:1684:15
[INFO] [stderr]      6:     0x5610c6043495 - std::sys_common::backtrace::_print::h5fcdc36060f177e8
[INFO] [stderr]                                  at /rustc/84c898d65adf2f39a5a98507f1fe0ce10a2b8dbc/library/std/src/sys_common/backtrace.rs:47:5
[INFO] [stderr]      7:     0x5610c6043495 - std::sys_common::backtrace::print::h54ca9458b876c8bf
[INFO] [stderr]                                  at /rustc/84c898d65adf2f39a5a98507f1fe0ce10a2b8dbc/library/std/src/sys_common/backtrace.rs:34:9
[INFO] [stderr]      8:     0x5610c6044c8f - std::panicking::default_hook::{{closure}}::hbe471161c7664ed6
[INFO] [stderr]                                  at /rustc/84c898d65adf2f39a5a98507f1fe0ce10a2b8dbc/library/std/src/panicking.rs:271:22
[INFO] [stderr]      9:     0x5610c60449cb - std::panicking::default_hook::ha3500da57aa4ac4f
[INFO] [stderr]                                  at /rustc/84c898d65adf2f39a5a98507f1fe0ce10a2b8dbc/library/std/src/panicking.rs:290:9
[INFO] [stderr]     10:     0x5610c6045238 - std::panicking::rust_panic_with_hook::h50c09d000dc561d2
[INFO] [stderr]                                  at /rustc/84c898d65adf2f39a5a98507f1fe0ce10a2b8dbc/library/std/src/panicking.rs:692:13
[INFO] [stderr]     11:     0x5610c6045139 - std::panicking::begin_panic_handler::{{closure}}::h9e2b2176e00e0d9c
[INFO] [stderr]                                  at /rustc/84c898d65adf2f39a5a98507f1fe0ce10a2b8dbc/library/std/src/panicking.rs:583:13
[INFO] [stderr]     12:     0x5610c6043b36 - std::sys_common::backtrace::__rust_end_short_backtrace::h5739b8e512c09d02
[INFO] [stderr]                                  at /rustc/84c898d65adf2f39a5a98507f1fe0ce10a2b8dbc/library/std/src/sys_common/backtrace.rs:150:18
[INFO] [stderr]     13:     0x5610c6044e42 - rust_begin_unwind
[INFO] [stderr]                                  at /rustc/84c898d65adf2f39a5a98507f1fe0ce10a2b8dbc/library/std/src/panicking.rs:579:5
[INFO] [stderr]     14:     0x5610c601f3c3 - core::panicking::panic_fmt::hf33a1475b4dc5c3e
[INFO] [stderr]                                  at /rustc/84c898d65adf2f39a5a98507f1fe0ce10a2b8dbc/library/core/src/panicking.rs:64:14
[INFO] [stderr]     15:     0x5610c602428a - build_script_build::main::{{closure}}::h789826bbf45efa7c
[INFO] [stderr]     16:     0x5610c602321a - build_script_build::visit_xml::hc597ab424dd6d48e
[INFO] [stderr]     17:     0x5610c602386b - build_script_build::main::h3c7076866b1a4a4b
[INFO] [stderr]     18:     0x5610c6024503 - core::ops::function::FnOnce::call_once::he099a20ecefa4d72
[INFO] [stderr]     19:     0x5610c6021799 - std::sys_common::backtrace::__rust_begin_short_backtrace::h9bd1f38cb675a5d3
[INFO] [stderr]     20:     0x5610c6021eb9 - std::rt::lang_start::{{closure}}::h515c34b493766256
[INFO] [stderr]     21:     0x5610c603e24c - core::ops::function::impls::<impl core::ops::function::FnOnce<A> for &F>::call_once::hd6efcd3bec896f2c
[INFO] [stderr]                                  at /rustc/84c898d65adf2f39a5a98507f1fe0ce10a2b8dbc/library/core/src/ops/function.rs:287:13
[INFO] [stderr]     22:     0x5610c603e24c - std::panicking::try::do_call::hce04e543bb1f4cbb
[INFO] [stderr]                                  at /rustc/84c898d65adf2f39a5a98507f1fe0ce10a2b8dbc/library/std/src/panicking.rs:487:40
[INFO] [stderr]     23:     0x5610c603e24c - std::panicking::try::h3342dd4e1f680968
[INFO] [stderr]                                  at /rustc/84c898d65adf2f39a5a98507f1fe0ce10a2b8dbc/library/std/src/panicking.rs:451:19
[INFO] [stderr]     24:     0x5610c603e24c - std::panic::catch_unwind::h148ce1e59ac0cee7
[INFO] [stderr]                                  at /rustc/84c898d65adf2f39a5a98507f1fe0ce10a2b8dbc/library/std/src/panic.rs:140:14
[INFO] [stderr]     25:     0x5610c603e24c - std::rt::lang_start_internal::{{closure}}::h25f9dda2057a67fe
[INFO] [stderr]                                  at /rustc/84c898d65adf2f39a5a98507f1fe0ce10a2b8dbc/library/std/src/rt.rs:148:48
[INFO] [stderr]     26:     0x5610c603e24c - std::panicking::try::do_call::h7caaaeaf9401650b
[INFO] [stderr]                                  at /rustc/84c898d65adf2f39a5a98507f1fe0ce10a2b8dbc/library/std/src/panicking.rs:487:40
[INFO] [stderr]     27:     0x5610c603e24c - std::panicking::try::he7d15285746cbbc2
[INFO] [stderr]                                  at /rustc/84c898d65adf2f39a5a98507f1fe0ce10a2b8dbc/library/std/src/panicking.rs:451:19
[INFO] [stderr]     28:     0x5610c603e24c - std::panic::catch_unwind::h89fb4f50c0301fe0
[INFO] [stderr]                                  at /rustc/84c898d65adf2f39a5a98507f1fe0ce10a2b8dbc/library/std/src/panic.rs:140:14
[INFO] [stderr]     29:     0x5610c603e24c - std::rt::lang_start_internal::h078acd489417d3c1
[INFO] [stderr]                                  at /rustc/84c898d65adf2f39a5a98507f1fe0ce10a2b8dbc/library/std/src/rt.rs:148:20
[INFO] [stderr]     30:     0x5610c6021e97 - std::rt::lang_start::h162435be9a286f2a
[INFO] [stderr]     31:     0x5610c60242c5 - main
[INFO] [stderr]     32:     0x7f3f844c4d90 - <unknown>
[INFO] [stderr]     33:     0x7f3f844c4e40 - __libc_start_main
[INFO] [stderr]     34:     0x5610c601f8f5 - _start
[INFO] [stderr]     35:                0x0 - <unknown>
[INFO] [stderr] warning: build failed, waiting for other jobs to finish...
[INFO] [stdout] error[E0502]: cannot borrow `*self` as immutable because it is also borrowed as mutable
[INFO] [stdout]    --> /opt/rustwide/cargo-home/registry/src/github.com-1ecc6299db9ec823/nalgebra-0.16.13/src/base/cg.rs:291:44
[INFO] [stdout]     |
[INFO] [stdout] 291 |                 self[(j, i)] += shift[j] * self[(D::dim() - 1, i)];
[INFO] [stdout]     |                 ---------------------------^^^^-------------------
[INFO] [stdout]     |                 |                          |
[INFO] [stdout]     |                 |                          immutable borrow occurs here
[INFO] [stdout]     |                 mutable borrow occurs here
[INFO] [stdout]     |                 mutable borrow later used here
[INFO] [stdout]     |
[INFO] [stdout] help: try adding a local storing this...
[INFO] [stdout]    --> /opt/rustwide/cargo-home/registry/src/github.com-1ecc6299db9ec823/nalgebra-0.16.13/src/base/cg.rs:291:44
[INFO] [stdout]     |
[INFO] [stdout] 291 |                 self[(j, i)] += shift[j] * self[(D::dim() - 1, i)];
[INFO] [stdout]     |                                            ^^^^^^^^^^^^^^^^^^^^^^^
[INFO] [stdout] help: ...and then using that local here
[INFO] [stdout]    --> /opt/rustwide/cargo-home/registry/src/github.com-1ecc6299db9ec823/nalgebra-0.16.13/src/base/cg.rs:291:17
[INFO] [stdout]     |
[INFO] [stdout] 291 |                 self[(j, i)] += shift[j] * self[(D::dim() - 1, i)];
[INFO] [stdout]     |                 ^^^^^^^^^^^^^^^^^^^^^^^^^^^^^^^^^^^^^^^^^^^^^^^^^^
[INFO] [stdout] 
[INFO] [stdout] 
[INFO] [stdout] error: aborting due to previous error
[INFO] [stdout] 
[INFO] [stdout] 
[INFO] [stdout] For more information about this error, try `rustc --explain E0502`.
[INFO] [stdout] 
[INFO] [stderr] error: could not compile `nalgebra` due to 2 previous errors
[INFO] running `Command { std: "docker" "inspect" "47e34e134eec748414db2153828d98e3e5d961457ae0937ceba3df8b069fcd02", kill_on_drop: false }`
[INFO] running `Command { std: "docker" "rm" "-f" "47e34e134eec748414db2153828d98e3e5d961457ae0937ceba3df8b069fcd02", kill_on_drop: false }`
[INFO] [stdout] 47e34e134eec748414db2153828d98e3e5d961457ae0937ceba3df8b069fcd02
