[INFO] cloning repository https://github.com/erikjohnston/rust-sync-server
[INFO] running `Command { std: "git" "-c" "credential.helper=" "-c" "credential.helper=/workspace/cargo-home/bin/git-credential-null" "clone" "--bare" "https://github.com/erikjohnston/rust-sync-server" "/workspace/cache/git-repos/https%3A%2F%2Fgithub.com%2Ferikjohnston%2Frust-sync-server", kill_on_drop: false }`
[INFO] [stderr] Cloning into bare repository '/workspace/cache/git-repos/https%3A%2F%2Fgithub.com%2Ferikjohnston%2Frust-sync-server'...
[INFO] running `Command { std: "git" "rev-parse" "HEAD", kill_on_drop: false }`
[INFO] [stdout] a251ee63ab8869584611c8d572e0279995e79b35
[INFO] documenting erikjohnston/rust-sync-server against beta-2023-04-20 for beta-1.70-rustdoc-1
[INFO] running `Command { std: "git" "clone" "/workspace/cache/git-repos/https%3A%2F%2Fgithub.com%2Ferikjohnston%2Frust-sync-server" "/workspace/builds/worker-3-tc2/source", kill_on_drop: false }`
[INFO] [stderr] Cloning into '/workspace/builds/worker-3-tc2/source'...
[INFO] [stderr] done.
[INFO] validating manifest of git repo https://github.com/erikjohnston/rust-sync-server on toolchain beta-2023-04-20
[INFO] running `Command { std: CARGO_HOME="/workspace/cargo-home" RUSTUP_HOME="/workspace/rustup-home" "/workspace/cargo-home/bin/cargo" "+beta-2023-04-20" "metadata" "--manifest-path" "Cargo.toml" "--no-deps", kill_on_drop: false }`
[INFO] started tweaking git repo https://github.com/erikjohnston/rust-sync-server
[INFO] finished tweaking git repo https://github.com/erikjohnston/rust-sync-server
[INFO] tweaked toml for git repo https://github.com/erikjohnston/rust-sync-server written to /workspace/builds/worker-3-tc2/source/Cargo.toml
[INFO] crate git repo https://github.com/erikjohnston/rust-sync-server already has a lockfile, it will not be regenerated
[INFO] running `Command { std: CARGO_HOME="/workspace/cargo-home" RUSTUP_HOME="/workspace/rustup-home" "/workspace/cargo-home/bin/cargo" "+beta-2023-04-20" "fetch" "--manifest-path" "Cargo.toml", kill_on_drop: false }`
[INFO] [stderr]     Updating crates.io index
[INFO] [stderr]  Downloading crates ...
[INFO] [stderr]   Downloaded serde_derive v0.8.16
[INFO] [stderr]   Downloaded md5 v0.2.1
[INFO] [stderr]   Downloaded fallible-iterator v0.1.3
[INFO] [stderr]   Downloaded matches v0.1.3
[INFO] [stderr]   Downloaded hyper v0.9.11
[INFO] [stderr]   Downloaded mime v0.2.2
[INFO] [stderr]   Downloaded url v1.2.3
[INFO] [stderr]   Downloaded post-expansion v0.1.0
[INFO] [stderr]   Downloaded quote v0.3.5
[INFO] [stderr]   Downloaded serde_codegen v0.8.16
[INFO] [stderr]   Downloaded bufstream v0.1.2
[INFO] [stderr]   Downloaded phf_shared v0.7.15
[INFO] [stderr]   Downloaded num_cpus v1.1.0
[INFO] [stderr]   Downloaded postgres-protocol v0.1.0
[INFO] [stderr]   Downloaded phf v0.7.15
[INFO] [stderr]   Downloaded quick-error v1.1.0
[INFO] [stderr]   Downloaded syn v0.9.2
[INFO] [stderr]   Downloaded scopeguard v0.1.2
[INFO] [stderr]   Downloaded variance v0.1.3
[INFO] [stderr]   Downloaded scoped-pool v1.0.0
[INFO] [stderr]   Downloaded openssl-verify v0.1.0
[INFO] [stderr]   Downloaded postgres v0.12.0
[INFO] [stderr]   Downloaded serde v0.8.16
[INFO] [stderr]   Downloaded serde_json v0.8.3
[INFO] running `Command { std: "docker" "create" "-v" "/var/lib/crater-agent-workspace/builds/worker-3-tc2/target:/opt/rustwide/target:rw,Z" "-v" "/var/lib/crater-agent-workspace/builds/worker-3-tc2/source:/opt/rustwide/workdir:ro,Z" "-v" "/var/lib/crater-agent-workspace/cargo-home:/opt/rustwide/cargo-home:ro,Z" "-v" "/var/lib/crater-agent-workspace/rustup-home:/opt/rustwide/rustup-home:ro,Z" "-e" "SOURCE_DIR=/opt/rustwide/workdir" "-e" "CARGO_TARGET_DIR=/opt/rustwide/target" "-e" "CARGO_HOME=/opt/rustwide/cargo-home" "-e" "RUSTUP_HOME=/opt/rustwide/rustup-home" "-w" "/opt/rustwide/workdir" "-m" "1610612736" "--user" "0:0" "--network" "none" "ghcr.io/rust-lang/crates-build-env/linux@sha256:5ff2268d62e97bff2cde7d5815dd6ed5b47097566f13b8d0ca110b04b60e07ed" "/opt/rustwide/cargo-home/bin/cargo" "+beta-2023-04-20" "metadata" "--no-deps" "--format-version=1", kill_on_drop: false }`
[INFO] [stdout] 04c1e827cf087e7c49ae2a1dc513c8f47dfdae5b6b108991f45bcdd6362ab4f5
[INFO] running `Command { std: "docker" "start" "-a" "04c1e827cf087e7c49ae2a1dc513c8f47dfdae5b6b108991f45bcdd6362ab4f5", kill_on_drop: false }`
[INFO] running `Command { std: "docker" "inspect" "04c1e827cf087e7c49ae2a1dc513c8f47dfdae5b6b108991f45bcdd6362ab4f5", kill_on_drop: false }`
[INFO] running `Command { std: "docker" "rm" "-f" "04c1e827cf087e7c49ae2a1dc513c8f47dfdae5b6b108991f45bcdd6362ab4f5", kill_on_drop: false }`
[INFO] [stdout] 04c1e827cf087e7c49ae2a1dc513c8f47dfdae5b6b108991f45bcdd6362ab4f5
[INFO] running `Command { std: "docker" "create" "-v" "/var/lib/crater-agent-workspace/builds/worker-3-tc2/target:/opt/rustwide/target:rw,Z" "-v" "/var/lib/crater-agent-workspace/builds/worker-3-tc2/source:/opt/rustwide/workdir:ro,Z" "-v" "/var/lib/crater-agent-workspace/cargo-home:/opt/rustwide/cargo-home:ro,Z" "-v" "/var/lib/crater-agent-workspace/rustup-home:/opt/rustwide/rustup-home:ro,Z" "-e" "SOURCE_DIR=/opt/rustwide/workdir" "-e" "CARGO_TARGET_DIR=/opt/rustwide/target" "-e" "CARGO_INCREMENTAL=0" "-e" "RUST_BACKTRACE=full" "-e" "RUSTFLAGS=--cap-lints=warn" "-e" "RUSTDOCFLAGS=--cap-lints=warn" "-e" "CARGO_HOME=/opt/rustwide/cargo-home" "-e" "RUSTUP_HOME=/opt/rustwide/rustup-home" "-w" "/opt/rustwide/workdir" "-m" "1610612736" "--user" "0:0" "--network" "none" "ghcr.io/rust-lang/crates-build-env/linux@sha256:5ff2268d62e97bff2cde7d5815dd6ed5b47097566f13b8d0ca110b04b60e07ed" "/opt/rustwide/cargo-home/bin/cargo" "+beta-2023-04-20" "doc" "--frozen" "--no-deps" "--document-private-items" "--message-format=json", kill_on_drop: false }`
[INFO] [stdout] 824a154a20ad913099ee21be5917acd334fdaae600af6479b7b978e0d7f20b7b
[INFO] running `Command { std: "docker" "start" "-a" "824a154a20ad913099ee21be5917acd334fdaae600af6479b7b978e0d7f20b7b", kill_on_drop: false }`
[INFO] [stderr]    Compiling pkg-config v0.3.8
[INFO] [stderr]    Compiling gcc v0.3.38
[INFO] [stderr]     Checking libc v0.2.17
[INFO] [stderr]    Compiling winapi-build v0.1.1
[INFO] [stderr]     Checking matches v0.1.3
[INFO] [stderr]    Compiling unicode-xid v0.0.3
[INFO] [stderr]     Checking log v0.3.6
[INFO] [stderr]    Compiling quote v0.3.5
[INFO] [stderr]    Compiling semver v0.1.20
[INFO] [stderr]     Checking lazy_static v0.2.1
[INFO] [stderr]     Checking winapi v0.2.8
[INFO] [stderr]     Checking bitflags v0.7.0
[INFO] [stderr]     Checking unicode-normalization v0.1.2
[INFO] [stderr]     Checking hex v0.2.0
[INFO] [stderr]     Checking phf_shared v0.7.15
[INFO] [stderr]     Checking byteorder v0.5.3
[INFO] [stderr]     Checking unicode-bidi v0.2.3
[INFO] [stderr]     Checking fallible-iterator v0.1.3
[INFO] [stderr]     Checking rustc-serialize v0.3.19
[INFO] [stderr]     Checking md5 v0.2.1
[INFO] [stderr]     Checking dtoa v0.2.2
[INFO] [stderr]     Checking crossbeam v0.2.10
[INFO] [stderr]    Compiling syn v0.9.2
[INFO] [stderr]     Checking hpack v0.2.0
[INFO] [stderr]    Compiling kernel32-sys v0.2.2
[INFO] [stderr]     Checking mime v0.2.2
[INFO] [stderr]    Compiling rustc_version v0.1.7
[INFO] [stderr]     Checking phf v0.7.15
[INFO] [stdout] error[E0642]: patterns aren't allowed in functions without bodies
[INFO] [stdout]    --> /opt/rustwide/cargo-home/registry/src/index.crates.io-6f17d22bba15001f/rustc-serialize-0.3.19/src/serialize.rs:147:45
[INFO] [stdout]     |
[INFO] [stdout] 147 | ...                   &f_name: &str,
[INFO] [stdout]     |                       ^^^^^^^ pattern not allowed in function without body
[INFO] [stdout] 
[INFO] [stdout] 
[INFO] [stderr]     Checking postgres-protocol v0.1.0
[INFO] [stderr]     Checking num_cpus v1.1.0
[INFO] [stderr]     Checking httparse v1.1.2
[INFO] [stderr]     Checking itoa v0.1.1
[INFO] [stderr]     Checking solicit v0.4.4
[INFO] [stderr]     Checking traitobject v0.0.1
[INFO] [stderr]     Checking bufstream v0.1.2
[INFO] [stderr]     Checking typeable v0.1.2
[INFO] [stderr]     Checking scopeguard v0.1.2
[INFO] [stderr]     Checking serde v0.8.16
[INFO] [stderr]     Checking num-traits v0.1.36
[INFO] [stderr]     Checking language-tags v0.2.2
[INFO] [stderr]     Checking variance v0.1.3
[INFO] [stderr]     Checking indolentjson v0.1.0 (https://github.com/erikjohnston/indolentjson-rust.git?branch=erikj/node#61b27a18)
[INFO] [stderr]    Compiling openssl-sys v0.7.17
[INFO] [stderr]     Checking quick-error v1.1.0
[INFO] [stderr]     Checking time v0.1.35
[INFO] [stderr]    Compiling unicase v1.4.0
[INFO] [stderr]     Checking postgres v0.12.0
[INFO] [stdout] error[E0554]: `#![feature]` may not be used on the beta release channel
[INFO] [stdout]   --> /opt/rustwide/cargo-home/git/checkouts/indolentjson-rust-1f3e746a1ef491ac/61b27a1/src/lib.rs:16:1
[INFO] [stdout]    |
[INFO] [stdout] 16 | #![feature(conservative_impl_trait)]
[INFO] [stdout]    | ^^^^^^^^^^^^^^^^^^^^^^^^^^^^^^^^^^^^ help: remove the attribute
[INFO] [stdout]    |
[INFO] [stdout]    = help: the feature `conservative_impl_trait` has been stable since `1.26.0` and no longer requires an attribute to enable
[INFO] [stdout] 
[INFO] [stdout] 
[INFO] [stderr]    Compiling openssl-sys-extras v0.7.14
[INFO] [stderr]    Compiling openssl v0.7.14
[INFO] [stderr]     Checking scoped-pool v1.0.0
[INFO] [stdout] error: aborting due to previous error
[INFO] [stdout] 
[INFO] [stdout] 
[INFO] [stdout] For more information about this error, try `rustc --explain E0554`.
[INFO] [stdout] 
[INFO] [stderr] error: could not compile `indolentjson` (lib) due to 2 previous errors
[INFO] [stderr] warning: build failed, waiting for other jobs to finish...
[INFO] [stdout] error[E0282]: type annotations needed for `&_`
[INFO] [stdout]    --> /opt/rustwide/cargo-home/registry/src/index.crates.io-6f17d22bba15001f/postgres-0.12.0/src/lib.rs:684:59
[INFO] [stdout]     |
[INFO] [stdout] 684 |             row.as_ref().and_then(|r| r.get(i)).and_then(|r| r.as_ref().map(|r| &**r))
[INFO] [stdout]     |                                                           ^    ------ type must be known at this point
[INFO] [stdout]     |
[INFO] [stdout] help: consider giving this closure parameter an explicit type, where the placeholders `_` are specified
[INFO] [stdout]     |
[INFO] [stdout] 684 |             row.as_ref().and_then(|r| r.get(i)).and_then(|r: &_| r.as_ref().map(|r| &**r))
[INFO] [stdout]     |                                                            ++++
[INFO] [stdout] 
[INFO] [stdout] 
[INFO] [stdout] error[E0282]: type annotations needed for `&_`
[INFO] [stdout]    --> /opt/rustwide/cargo-home/registry/src/index.crates.io-6f17d22bba15001f/postgres-0.12.0/src/lib.rs:795:56
[INFO] [stdout]     |
[INFO] [stdout] 795 |                 let get_raw = |i| row.get(i).and_then(|r| r.as_ref().map(|r| &**r));
[INFO] [stdout]     |                                                        ^    ------ type must be known at this point
[INFO] [stdout]     |
[INFO] [stdout] help: consider giving this closure parameter an explicit type, where the placeholders `_` are specified
[INFO] [stdout]     |
[INFO] [stdout] 795 |                 let get_raw = |i| row.get(i).and_then(|r: &_| r.as_ref().map(|r| &**r));
[INFO] [stdout]     |                                                         ++++
[INFO] [stdout] 
[INFO] [stdout] 
[INFO] [stdout] error: aborting due to 2 previous errors
[INFO] [stdout] 
[INFO] [stdout] 
[INFO] [stdout] For more information about this error, try `rustc --explain E0282`.
[INFO] [stdout] 
[INFO] [stderr] error: could not compile `postgres` (lib) due to 3 previous errors
[INFO] [stdout] error: aborting due to previous error
[INFO] [stdout] 
[INFO] [stdout] 
[INFO] [stdout] For more information about this error, try `rustc --explain E0642`.
[INFO] [stdout] 
[INFO] [stderr] error: could not compile `rustc-serialize` (lib) due to 2 previous errors; 1 warning emitted
[INFO] running `Command { std: "docker" "inspect" "824a154a20ad913099ee21be5917acd334fdaae600af6479b7b978e0d7f20b7b", kill_on_drop: false }`
[INFO] running `Command { std: "docker" "rm" "-f" "824a154a20ad913099ee21be5917acd334fdaae600af6479b7b978e0d7f20b7b", kill_on_drop: false }`
[INFO] [stdout] 824a154a20ad913099ee21be5917acd334fdaae600af6479b7b978e0d7f20b7b
