[INFO] cloning repository https://github.com/erik/mittens
[INFO] running `Command { std: "git" "-c" "credential.helper=" "-c" "credential.helper=/workspace/cargo-home/bin/git-credential-null" "clone" "--bare" "https://github.com/erik/mittens" "/workspace/cache/git-repos/https%3A%2F%2Fgithub.com%2Ferik%2Fmittens", kill_on_drop: false }`
[INFO] [stderr] Cloning into bare repository '/workspace/cache/git-repos/https%3A%2F%2Fgithub.com%2Ferik%2Fmittens'...
[INFO] running `Command { std: "git" "rev-parse" "HEAD", kill_on_drop: false }`
[INFO] [stdout] ed740a6fdb65d1a6d2c4455c4be8466ffc01ff58
[INFO] documenting erik/mittens against 1.69.0 for beta-1.70-rustdoc-1
[INFO] running `Command { std: "git" "clone" "/workspace/cache/git-repos/https%3A%2F%2Fgithub.com%2Ferik%2Fmittens" "/workspace/builds/worker-7-tc1/source", kill_on_drop: false }`
[INFO] [stderr] Cloning into '/workspace/builds/worker-7-tc1/source'...
[INFO] [stderr] done.
[INFO] validating manifest of git repo https://github.com/erik/mittens on toolchain 1.69.0
[INFO] running `Command { std: CARGO_HOME="/workspace/cargo-home" RUSTUP_HOME="/workspace/rustup-home" "/workspace/cargo-home/bin/cargo" "+1.69.0" "metadata" "--manifest-path" "Cargo.toml" "--no-deps", kill_on_drop: false }`
[INFO] started tweaking git repo https://github.com/erik/mittens
[INFO] finished tweaking git repo https://github.com/erik/mittens
[INFO] tweaked toml for git repo https://github.com/erik/mittens written to /workspace/builds/worker-7-tc1/source/Cargo.toml
[INFO] crate git repo https://github.com/erik/mittens already has a lockfile, it will not be regenerated
[INFO] running `Command { std: CARGO_HOME="/workspace/cargo-home" RUSTUP_HOME="/workspace/rustup-home" "/workspace/cargo-home/bin/cargo" "+1.69.0" "fetch" "--manifest-path" "Cargo.toml", kill_on_drop: false }`
[INFO] [stderr] warning: manifest at `/workspace/builds/worker-7-tc1/source` contains `[project]` instead of `[package]`, this could become a hard error in the future
[INFO] [stderr]     Updating git repository `https://github.com/erik/knuckle`
[INFO] running `Command { std: "docker" "create" "-v" "/var/lib/crater-agent-workspace/builds/worker-7-tc1/target:/opt/rustwide/target:rw,Z" "-v" "/var/lib/crater-agent-workspace/builds/worker-7-tc1/source:/opt/rustwide/workdir:ro,Z" "-v" "/var/lib/crater-agent-workspace/cargo-home:/opt/rustwide/cargo-home:ro,Z" "-v" "/var/lib/crater-agent-workspace/rustup-home:/opt/rustwide/rustup-home:ro,Z" "-e" "SOURCE_DIR=/opt/rustwide/workdir" "-e" "CARGO_TARGET_DIR=/opt/rustwide/target" "-e" "CARGO_HOME=/opt/rustwide/cargo-home" "-e" "RUSTUP_HOME=/opt/rustwide/rustup-home" "-w" "/opt/rustwide/workdir" "-m" "1610612736" "--user" "0:0" "--network" "none" "ghcr.io/rust-lang/crates-build-env/linux@sha256:5ff2268d62e97bff2cde7d5815dd6ed5b47097566f13b8d0ca110b04b60e07ed" "/opt/rustwide/cargo-home/bin/cargo" "+1.69.0" "metadata" "--no-deps" "--format-version=1", kill_on_drop: false }`
[INFO] [stdout] bdb07181cdb001ebdf4100fdc62f1770b0e2d74b5a08dcaa1e775376f9afd695
[INFO] running `Command { std: "docker" "start" "-a" "bdb07181cdb001ebdf4100fdc62f1770b0e2d74b5a08dcaa1e775376f9afd695", kill_on_drop: false }`
[INFO] running `Command { std: "docker" "inspect" "bdb07181cdb001ebdf4100fdc62f1770b0e2d74b5a08dcaa1e775376f9afd695", kill_on_drop: false }`
[INFO] running `Command { std: "docker" "rm" "-f" "bdb07181cdb001ebdf4100fdc62f1770b0e2d74b5a08dcaa1e775376f9afd695", kill_on_drop: false }`
[INFO] [stdout] bdb07181cdb001ebdf4100fdc62f1770b0e2d74b5a08dcaa1e775376f9afd695
[INFO] running `Command { std: "docker" "create" "-v" "/var/lib/crater-agent-workspace/builds/worker-7-tc1/target:/opt/rustwide/target:rw,Z" "-v" "/var/lib/crater-agent-workspace/builds/worker-7-tc1/source:/opt/rustwide/workdir:ro,Z" "-v" "/var/lib/crater-agent-workspace/cargo-home:/opt/rustwide/cargo-home:ro,Z" "-v" "/var/lib/crater-agent-workspace/rustup-home:/opt/rustwide/rustup-home:ro,Z" "-e" "SOURCE_DIR=/opt/rustwide/workdir" "-e" "CARGO_TARGET_DIR=/opt/rustwide/target" "-e" "CARGO_INCREMENTAL=0" "-e" "RUST_BACKTRACE=full" "-e" "RUSTFLAGS=--cap-lints=warn" "-e" "RUSTDOCFLAGS=--cap-lints=warn" "-e" "CARGO_HOME=/opt/rustwide/cargo-home" "-e" "RUSTUP_HOME=/opt/rustwide/rustup-home" "-w" "/opt/rustwide/workdir" "-m" "1610612736" "--user" "0:0" "--network" "none" "ghcr.io/rust-lang/crates-build-env/linux@sha256:5ff2268d62e97bff2cde7d5815dd6ed5b47097566f13b8d0ca110b04b60e07ed" "/opt/rustwide/cargo-home/bin/cargo" "+1.69.0" "doc" "--frozen" "--no-deps" "--document-private-items" "--message-format=json", kill_on_drop: false }`
[INFO] [stdout] ee8565d522587caf62a74a976580d9f5ce0ba18b4ada69d755710be0de3b04bf
[INFO] running `Command { std: "docker" "start" "-a" "ee8565d522587caf62a74a976580d9f5ce0ba18b4ada69d755710be0de3b04bf", kill_on_drop: false }`
[INFO] [stderr] warning: manifest at `/opt/rustwide/workdir` contains `[project]` instead of `[package]`, this could become a hard error in the future
[INFO] [stderr]     Blocking waiting for file lock on package cache
[INFO] [stderr]    Compiling knuckle v0.1.0 (https://github.com/erik/knuckle#aa2b1d1a)
[INFO] [stdout] error: environment variable `OUT_DIR` not defined at compile time
[INFO] [stdout]  --> /opt/rustwide/cargo-home/git/checkouts/knuckle-e59566995562bfcf/aa2b1d1/build.rs:8:19
[INFO] [stdout]   |
[INFO] [stdout] 8 |     let out_dir = env!("OUT_DIR");
[INFO] [stdout]   |                   ^^^^^^^^^^^^^^^
[INFO] [stdout]   |
[INFO] [stdout]   = help: Cargo sets build script variables at run time. Use `std::env::var("OUT_DIR")` instead
[INFO] [stdout]   = note: this error originates in the macro `env` (in Nightly builds, run with -Z macro-backtrace for more info)
[INFO] [stdout] 
[INFO] [stdout] 
[INFO] [stdout] error[E0432]: unresolved import `std::fs::PathExt`
[INFO] [stdout]  --> /opt/rustwide/cargo-home/git/checkouts/knuckle-e59566995562bfcf/aa2b1d1/build.rs:3:5
[INFO] [stdout]   |
[INFO] [stdout] 3 | use std::fs::PathExt;
[INFO] [stdout]   |     ^^^^^^^^^^^^^^^^ no `PathExt` in `fs`
[INFO] [stdout] 
[INFO] [stdout] 
[INFO] [stdout] error[E0554]: `#![feature]` may not be used on the stable release channel
[INFO] [stdout]  --> /opt/rustwide/cargo-home/git/checkouts/knuckle-e59566995562bfcf/aa2b1d1/build.rs:1:12
[INFO] [stdout]   |
[INFO] [stdout] 1 | #![feature(fs, path, process, core)]
[INFO] [stdout]   |            ^^
[INFO] [stdout] 
[INFO] [stdout] 
[INFO] [stdout] error[E0554]: `#![feature]` may not be used on the stable release channel
[INFO] [stdout]  --> /opt/rustwide/cargo-home/git/checkouts/knuckle-e59566995562bfcf/aa2b1d1/build.rs:1:16
[INFO] [stdout]   |
[INFO] [stdout] 1 | #![feature(fs, path, process, core)]
[INFO] [stdout]   |                ^^^^
[INFO] [stdout] 
[INFO] [stdout] 
[INFO] [stdout] error[E0554]: `#![feature]` may not be used on the stable release channel
[INFO] [stdout]  --> /opt/rustwide/cargo-home/git/checkouts/knuckle-e59566995562bfcf/aa2b1d1/build.rs:1:22
[INFO] [stdout]   |
[INFO] [stdout] 1 | #![feature(fs, path, process, core)]
[INFO] [stdout]   |                      ^^^^^^^
[INFO] [stdout] 
[INFO] [stdout] 
[INFO] [stdout] error[E0554]: `#![feature]` may not be used on the stable release channel
[INFO] [stdout]  --> /opt/rustwide/cargo-home/git/checkouts/knuckle-e59566995562bfcf/aa2b1d1/build.rs:1:31
[INFO] [stdout]   |
[INFO] [stdout] 1 | #![feature(fs, path, process, core)]
[INFO] [stdout]   |                               ^^^^
[INFO] [stdout] 
[INFO] [stdout] 
[INFO] [stdout] error[E0635]: unknown feature `fs`
[INFO] [stdout]  --> /opt/rustwide/cargo-home/git/checkouts/knuckle-e59566995562bfcf/aa2b1d1/build.rs:1:12
[INFO] [stdout]   |
[INFO] [stdout] 1 | #![feature(fs, path, process, core)]
[INFO] [stdout]   |            ^^
[INFO] [stdout] 
[INFO] [stdout] 
[INFO] [stdout] error[E0635]: unknown feature `path`
[INFO] [stdout]  --> /opt/rustwide/cargo-home/git/checkouts/knuckle-e59566995562bfcf/aa2b1d1/build.rs:1:16
[INFO] [stdout]   |
[INFO] [stdout] 1 | #![feature(fs, path, process, core)]
[INFO] [stdout]   |                ^^^^
[INFO] [stdout] 
[INFO] [stdout] 
[INFO] [stdout] error[E0599]: no method named `as_slice` found for struct `String` in the current scope
[INFO] [stdout]   --> /opt/rustwide/cargo-home/git/checkouts/knuckle-e59566995562bfcf/aa2b1d1/build.rs:12:56
[INFO] [stdout]    |
[INFO] [stdout] 12 |     if Path::new(format!("{}/libtweetnacl.a", out_dir).as_slice()).exists() {
[INFO] [stdout]    |                                                        ^^^^^^^^ method not found in `String`
[INFO] [stdout] 
[INFO] [stdout] 
[INFO] [stdout] error[E0599]: no method named `as_slice` found for struct `String` in the current scope
[INFO] [stdout]   --> /opt/rustwide/cargo-home/git/checkouts/knuckle-e59566995562bfcf/aa2b1d1/build.rs:23:49
[INFO] [stdout]    |
[INFO] [stdout] 23 |         .arg(format!("{}/tweetnacl.o", out_dir).as_slice())
[INFO] [stdout]    |                                                 ^^^^^^^^ method not found in `String`
[INFO] [stdout] 
[INFO] [stdout] 
[INFO] [stdout] error: aborting due to 10 previous errors
[INFO] [stdout] 
[INFO] [stdout] 
[INFO] [stdout] Some errors have detailed explanations: E0432, E0554, E0599, E0635.
[INFO] [stdout] 
[INFO] [stdout] For more information about an error, try `rustc --explain E0432`.
[INFO] [stdout] 
[INFO] [stderr] error: could not compile `knuckle` due to 11 previous errors
[INFO] running `Command { std: "docker" "inspect" "ee8565d522587caf62a74a976580d9f5ce0ba18b4ada69d755710be0de3b04bf", kill_on_drop: false }`
[INFO] running `Command { std: "docker" "rm" "-f" "ee8565d522587caf62a74a976580d9f5ce0ba18b4ada69d755710be0de3b04bf", kill_on_drop: false }`
[INFO] [stdout] ee8565d522587caf62a74a976580d9f5ce0ba18b4ada69d755710be0de3b04bf
