[INFO] cloning repository https://github.com/envar/rbomberman
[INFO] running `Command { std: "git" "-c" "credential.helper=" "-c" "credential.helper=/workspace/cargo-home/bin/git-credential-null" "clone" "--bare" "https://github.com/envar/rbomberman" "/workspace/cache/git-repos/https%3A%2F%2Fgithub.com%2Fenvar%2Frbomberman", kill_on_drop: false }`
[INFO] [stderr] Cloning into bare repository '/workspace/cache/git-repos/https%3A%2F%2Fgithub.com%2Fenvar%2Frbomberman'...
[INFO] running `Command { std: "git" "rev-parse" "HEAD", kill_on_drop: false }`
[INFO] [stdout] 49bbff9c3cd8405743e043708dabe7bdcfa8f1ad
[INFO] documenting envar/rbomberman against beta-2023-04-20 for beta-1.70-rustdoc-1
[INFO] running `Command { std: "git" "clone" "/workspace/cache/git-repos/https%3A%2F%2Fgithub.com%2Fenvar%2Frbomberman" "/workspace/builds/worker-7-tc2/source", kill_on_drop: false }`
[INFO] [stderr] Cloning into '/workspace/builds/worker-7-tc2/source'...
[INFO] [stderr] done.
[INFO] validating manifest of git repo https://github.com/envar/rbomberman on toolchain beta-2023-04-20
[INFO] running `Command { std: CARGO_HOME="/workspace/cargo-home" RUSTUP_HOME="/workspace/rustup-home" "/workspace/cargo-home/bin/cargo" "+beta-2023-04-20" "metadata" "--manifest-path" "Cargo.toml" "--no-deps", kill_on_drop: false }`
[INFO] started tweaking git repo https://github.com/envar/rbomberman
[INFO] finished tweaking git repo https://github.com/envar/rbomberman
[INFO] tweaked toml for git repo https://github.com/envar/rbomberman written to /workspace/builds/worker-7-tc2/source/Cargo.toml
[INFO] crate git repo https://github.com/envar/rbomberman already has a lockfile, it will not be regenerated
[INFO] running `Command { std: CARGO_HOME="/workspace/cargo-home" RUSTUP_HOME="/workspace/rustup-home" "/workspace/cargo-home/bin/cargo" "+beta-2023-04-20" "fetch" "--manifest-path" "Cargo.toml", kill_on_drop: false }`
[INFO] [stderr]     Blocking waiting for file lock on package cache
[INFO] [stderr]     Updating crates.io index
[INFO] [stderr]  Downloading crates ...
[INFO] [stderr]   Downloaded shred v0.5.0
[INFO] [stderr]   Downloaded crossbeam v0.3.0
[INFO] [stderr]   Downloaded gleam v0.4.8
[INFO] [stderr]   Downloaded bitflags v1.0.0
[INFO] [stderr]   Downloaded gfx_window_glutin v0.18.0
[INFO] [stderr]   Downloaded xml-rs v0.6.2
[INFO] [stderr]   Downloaded winit v0.8.2
[INFO] [stderr]   Downloaded gfx v0.16.1
[INFO] [stderr]   Downloaded gfx_core v0.7.2
[INFO] [stderr]   Downloaded wayland-window v0.8.0
[INFO] [stderr]   Downloaded compiler_error v0.1.1
[INFO] [stderr]   Downloaded either v1.2.0
[INFO] [stderr]   Downloaded specs v0.10.0
[INFO] [stderr]   Downloaded glutin v0.10.0
[INFO] [stderr]   Downloaded hibitset v0.3.2
[INFO] [stderr]   Downloaded arrayvec v0.3.24
[INFO] [stderr]   Downloaded atom v0.3.4
[INFO] [stderr]   Downloaded pulse v0.5.3
[INFO] [stderr]   Downloaded shred-derive v0.3.0
[INFO] [stderr]   Downloaded draw_state v0.7.1
[INFO] [stderr]   Downloaded gfx_device_gl v0.14.4
[INFO] running `Command { std: "docker" "create" "-v" "/var/lib/crater-agent-workspace/builds/worker-7-tc2/target:/opt/rustwide/target:rw,Z" "-v" "/var/lib/crater-agent-workspace/builds/worker-7-tc2/source:/opt/rustwide/workdir:ro,Z" "-v" "/var/lib/crater-agent-workspace/cargo-home:/opt/rustwide/cargo-home:ro,Z" "-v" "/var/lib/crater-agent-workspace/rustup-home:/opt/rustwide/rustup-home:ro,Z" "-e" "SOURCE_DIR=/opt/rustwide/workdir" "-e" "CARGO_TARGET_DIR=/opt/rustwide/target" "-e" "CARGO_HOME=/opt/rustwide/cargo-home" "-e" "RUSTUP_HOME=/opt/rustwide/rustup-home" "-w" "/opt/rustwide/workdir" "-m" "1610612736" "--user" "0:0" "--network" "none" "ghcr.io/rust-lang/crates-build-env/linux@sha256:5ff2268d62e97bff2cde7d5815dd6ed5b47097566f13b8d0ca110b04b60e07ed" "/opt/rustwide/cargo-home/bin/cargo" "+beta-2023-04-20" "metadata" "--no-deps" "--format-version=1", kill_on_drop: false }`
[INFO] [stdout] 945fccebeb4574b17d17b49d937fe441c8734a7ed4bc32356940fb0b92aee766
[INFO] running `Command { std: "docker" "start" "-a" "945fccebeb4574b17d17b49d937fe441c8734a7ed4bc32356940fb0b92aee766", kill_on_drop: false }`
[INFO] running `Command { std: "docker" "inspect" "945fccebeb4574b17d17b49d937fe441c8734a7ed4bc32356940fb0b92aee766", kill_on_drop: false }`
[INFO] running `Command { std: "docker" "rm" "-f" "945fccebeb4574b17d17b49d937fe441c8734a7ed4bc32356940fb0b92aee766", kill_on_drop: false }`
[INFO] [stdout] 945fccebeb4574b17d17b49d937fe441c8734a7ed4bc32356940fb0b92aee766
[INFO] running `Command { std: "docker" "create" "-v" "/var/lib/crater-agent-workspace/builds/worker-7-tc2/target:/opt/rustwide/target:rw,Z" "-v" "/var/lib/crater-agent-workspace/builds/worker-7-tc2/source:/opt/rustwide/workdir:ro,Z" "-v" "/var/lib/crater-agent-workspace/cargo-home:/opt/rustwide/cargo-home:ro,Z" "-v" "/var/lib/crater-agent-workspace/rustup-home:/opt/rustwide/rustup-home:ro,Z" "-e" "SOURCE_DIR=/opt/rustwide/workdir" "-e" "CARGO_TARGET_DIR=/opt/rustwide/target" "-e" "CARGO_INCREMENTAL=0" "-e" "RUST_BACKTRACE=full" "-e" "RUSTFLAGS=--cap-lints=warn" "-e" "RUSTDOCFLAGS=--cap-lints=warn" "-e" "CARGO_HOME=/opt/rustwide/cargo-home" "-e" "RUSTUP_HOME=/opt/rustwide/rustup-home" "-w" "/opt/rustwide/workdir" "-m" "1610612736" "--user" "0:0" "--network" "none" "ghcr.io/rust-lang/crates-build-env/linux@sha256:5ff2268d62e97bff2cde7d5815dd6ed5b47097566f13b8d0ca110b04b60e07ed" "/opt/rustwide/cargo-home/bin/cargo" "+beta-2023-04-20" "doc" "--frozen" "--no-deps" "--document-private-items" "--message-format=json", kill_on_drop: false }`
[INFO] [stdout] 734f562c8f9f6ef1bb7a31299d22e1f59ddab73e0d68dc5734717cf5f7855cbf
[INFO] running `Command { std: "docker" "start" "-a" "734f562c8f9f6ef1bb7a31299d22e1f59ddab73e0d68dc5734717cf5f7855cbf", kill_on_drop: false }`
[INFO] [stderr]     Checking libc v0.2.32
[INFO] [stderr]     Checking lazy_static v0.2.9
[INFO] [stderr]    Compiling bitflags v1.0.0
[INFO] [stderr]    Compiling siphasher v0.2.2
[INFO] [stderr]    Compiling itoa v0.3.4
[INFO] [stderr]    Compiling num-traits v0.1.40
[INFO] [stderr]    Compiling serde v0.9.15
[INFO] [stderr]    Compiling dtoa v0.4.2
[INFO] [stderr]    Compiling xml-rs v0.6.2
[INFO] [stderr]    Compiling unicode-xid v0.0.4
[INFO] [stderr]    Compiling phf_shared v0.7.21
[INFO] [stderr]    Compiling rand v0.3.17
[INFO] [stderr]    Compiling quote v0.3.15
[INFO] [stderr]    Compiling phf v0.7.21
[INFO] [stderr]    Compiling khronos_api v1.0.1
[INFO] [stderr]     Checking bitflags v0.9.1
[INFO] [stderr]    Compiling log v0.3.8
[INFO] [stderr]    Compiling winapi-build v0.1.1
[INFO] [stderr]    Compiling rayon-core v1.2.1
[INFO] [stderr]     Checking scopeguard v0.3.2
[INFO] [stderr]     Checking byteorder v1.1.0
[INFO] [stderr]     Checking either v1.2.0
[INFO] [stderr]    Compiling phf_generator v0.7.21
[INFO] [stderr]    Compiling wayland-scanner v0.9.10
[INFO] [stderr]    Compiling kernel32-sys v0.2.2
[INFO] [stderr]    Compiling gl_generator v0.5.5
[INFO] [stderr]    Compiling phf_codegen v0.7.21
[INFO] [stderr]     Checking coco v0.1.1
[INFO] [stderr]     Checking num_cpus v1.7.0
[INFO] [stderr]    Compiling target_build_utils v0.3.1
[INFO] [stderr]     Checking winapi v0.2.8
[INFO] [stderr]     Checking futures v0.1.16
[INFO] [stderr]    Compiling itertools v0.5.10
[INFO] [stderr]    Compiling wayland-client v0.9.10
[INFO] [stderr]    Compiling wayland-protocols v0.9.10
[INFO] [stderr]    Compiling syn v0.10.8
[INFO] [stderr]    Compiling pkg-config v0.3.9
[INFO] [stderr]     Checking fs2 v0.2.5
[INFO] [stderr]     Checking bitflags v0.8.2
[INFO] [stderr]     Checking rayon v0.8.2
[INFO] [stderr]     Checking draw_state v0.7.1
[INFO] [stderr]    Compiling x11-dl v2.15.0
[INFO] [stderr]    Compiling serde_json v0.9.10
[INFO] [stderr]     Checking memmap v0.4.0
[INFO] [stderr]    Compiling gfx_gl v0.3.1
[INFO] [stderr]     Checking num-integer v0.1.35
[INFO] [stderr]     Checking tempfile v2.2.0
[INFO] [stderr]     Checking memchr v1.0.1
[INFO] [stderr]    Compiling synom v0.11.3
[INFO] [stderr]     Checking adler32 v1.0.2
[INFO] [stderr]     Checking atom v0.3.4
[INFO] [stderr]     Checking bitflags v0.7.0
[INFO] [stderr]     Checking void v1.0.2
[INFO] [stderr]    Compiling syn v0.11.11
[INFO] [stderr]     Checking unreachable v1.0.0
[INFO] [stderr]    Compiling glutin v0.10.0
[INFO] [stderr]     Checking shared_library v0.1.7
[INFO] [stderr]     Checking time v0.1.38
[INFO] [stderr]     Checking nodrop v0.1.12
[INFO] [stderr]     Checking odds v0.2.26
[INFO] [stderr]     Checking pulse v0.5.3
[INFO] [stderr]     Checking osmesa-sys v0.1.2
[INFO] [stderr]     Checking arrayvec v0.3.24
[INFO] [stderr]     Checking thread_local v0.3.4
[INFO] [stderr]     Checking deflate v0.7.17
[INFO] [stderr]     Checking inflate v0.3.3
[INFO] [stderr]     Checking aho-corasick v0.6.3
[INFO] [stderr]     Checking num-iter v0.1.34
[INFO] [stderr]     Checking utf8-ranges v1.0.0
[INFO] [stderr]    Compiling derivative v1.0.0
[INFO] [stderr]     Checking mopa v0.2.2
[INFO] [stderr]    Compiling shred-derive v0.3.0
[INFO] [stderr]     Checking color_quant v1.0.0
[INFO] [stderr]     Checking regex-syntax v0.4.1
[INFO] [stderr]     Checking smallvec v0.4.4
[INFO] [stderr]     Checking gif v0.9.2
[INFO] [stderr]     Checking png v0.10.0
[INFO] [stderr]     Checking hibitset v0.3.2
[INFO] [stderr]     Checking shred v0.5.0
[INFO] [stderr]     Checking regex v0.2.2
[INFO] [stderr]     Checking jpeg-decoder v0.1.13
[INFO] [stderr]     Checking num-rational v0.1.39
[INFO] [stderr]     Checking enum_primitive v0.1.1
[INFO] [stderr]     Checking crossbeam v0.3.0
[INFO] [stderr]    Compiling compiler_error v0.1.1
[INFO] [stderr]     Checking tuple_utils v0.2.0
[INFO] [stdout] error[E0557]: feature has been removed
[INFO] [stdout]  --> /opt/rustwide/cargo-home/registry/src/index.crates.io-6f17d22bba15001f/compiler_error-0.1.1/src/lib.rs:1:12
[INFO] [stdout]   |
[INFO] [stdout] 1 | #![feature(plugin_registrar, rustc_private)]
[INFO] [stdout]   |            ^^^^^^^^^^^^^^^^ feature has been removed
[INFO] [stdout]   |
[INFO] [stdout]   = note: a __rustc_plugin_registrar symbol must now be defined instead
[INFO] [stdout] 
[INFO] [stdout] 
[INFO] [stderr]     Checking approx v0.1.1
[INFO] [stdout] error[E0462]: found staticlib `rustc` instead of rlib or dylib
[INFO] [stdout]  --> /opt/rustwide/cargo-home/registry/src/index.crates.io-6f17d22bba15001f/compiler_error-0.1.1/src/lib.rs:3:1
[INFO] [stdout]   |
[INFO] [stdout] 3 | extern crate rustc;
[INFO] [stdout]   | ^^^^^^^^^^^^^^^^^^^
[INFO] [stdout]   |
[INFO] [stdout]   = note: the following crate versions were found:
[INFO] [stdout]           crate `rustc`: /opt/rustwide/rustup-home/toolchains/beta-2023-04-20-x86_64-unknown-linux-gnu/lib/rustlib/x86_64-unknown-linux-gnu/lib/librustc-beta_rt.msan.a
[INFO] [stdout]           crate `rustc`: /opt/rustwide/rustup-home/toolchains/beta-2023-04-20-x86_64-unknown-linux-gnu/lib/rustlib/x86_64-unknown-linux-gnu/lib/librustc-beta_rt.asan.a
[INFO] [stdout]           crate `rustc`: /opt/rustwide/rustup-home/toolchains/beta-2023-04-20-x86_64-unknown-linux-gnu/lib/rustlib/x86_64-unknown-linux-gnu/lib/librustc-beta_rt.tsan.a
[INFO] [stdout]           crate `rustc`: /opt/rustwide/rustup-home/toolchains/beta-2023-04-20-x86_64-unknown-linux-gnu/lib/rustlib/x86_64-unknown-linux-gnu/lib/librustc-beta_rt.lsan.a
[INFO] [stdout]   = help: please recompile that crate using --crate-type lib
[INFO] [stdout] 
[INFO] [stdout] 
[INFO] [stdout] error[E0463]: can't find crate for `rustc_plugin`
[INFO] [stdout]  --> /opt/rustwide/cargo-home/registry/src/index.crates.io-6f17d22bba15001f/compiler_error-0.1.1/src/lib.rs:4:1
[INFO] [stdout]   |
[INFO] [stdout] 4 | extern crate rustc_plugin;
[INFO] [stdout]   | ^^^^^^^^^^^^^^^^^^^^^^^^^^ can't find crate
[INFO] [stdout]   |
[INFO] [stdout]   = help: maybe you need to install the missing components with: `rustup component add rust-src rustc-dev llvm-tools-preview`
[INFO] [stdout] 
[INFO] [stdout] 
[INFO] [stdout] error[E0463]: can't find crate for `syntax`
[INFO] [stdout]  --> /opt/rustwide/cargo-home/registry/src/index.crates.io-6f17d22bba15001f/compiler_error-0.1.1/src/lib.rs:5:1
[INFO] [stdout]   |
[INFO] [stdout] 5 | extern crate syntax;
[INFO] [stdout]   | ^^^^^^^^^^^^^^^^^^^^ can't find crate
[INFO] [stdout] 
[INFO] [stdout] 
[INFO] [stdout] error: cannot find attribute `plugin_registrar` in this scope
[INFO] [stdout]   --> /opt/rustwide/cargo-home/registry/src/index.crates.io-6f17d22bba15001f/compiler_error-0.1.1/src/lib.rs:13:3
[INFO] [stdout]    |
[INFO] [stdout] 13 | #[plugin_registrar]
[INFO] [stdout]    |   ^^^^^^^^^^^^^^^^
[INFO] [stdout]    |
[INFO] [stdout]    = note: `plugin_registrar` is in scope, but it is a function, not an attribute
[INFO] [stdout] 
[INFO] [stdout] 
[INFO] [stdout] error[E0554]: `#![feature]` may not be used on the beta release channel
[INFO] [stdout]  --> /opt/rustwide/cargo-home/registry/src/index.crates.io-6f17d22bba15001f/compiler_error-0.1.1/src/lib.rs:1:1
[INFO] [stdout]   |
[INFO] [stdout] 1 | #![feature(plugin_registrar, rustc_private)]
[INFO] [stdout]   | ^^^^^^^^^^^^^^^^^^^^^^^^^^^^^^^^^^^^^^^^^^^^
[INFO] [stdout] 
[INFO] [stdout] 
[INFO] [stdout] error: aborting due to 6 previous errors
[INFO] [stdout] 
[INFO] [stdout] 
[INFO] [stdout] Some errors have detailed explanations: E0462, E0463, E0554, E0557.
[INFO] [stdout] 
[INFO] [stdout] For more information about an error, try `rustc --explain E0462`.
[INFO] [stdout] 
[INFO] [stderr] error: could not compile `compiler_error` (lib) due to 7 previous errors
[INFO] [stderr] warning: build failed, waiting for other jobs to finish...
[INFO] running `Command { std: "docker" "inspect" "734f562c8f9f6ef1bb7a31299d22e1f59ddab73e0d68dc5734717cf5f7855cbf", kill_on_drop: false }`
[INFO] running `Command { std: "docker" "rm" "-f" "734f562c8f9f6ef1bb7a31299d22e1f59ddab73e0d68dc5734717cf5f7855cbf", kill_on_drop: false }`
[INFO] [stdout] 734f562c8f9f6ef1bb7a31299d22e1f59ddab73e0d68dc5734717cf5f7855cbf
