[INFO] cloning repository https://github.com/emk/toyos-rs
[INFO] running `Command { std: "git" "-c" "credential.helper=" "-c" "credential.helper=/workspace/cargo-home/bin/git-credential-null" "clone" "--bare" "https://github.com/emk/toyos-rs" "/workspace/cache/git-repos/https%3A%2F%2Fgithub.com%2Femk%2Ftoyos-rs", kill_on_drop: false }`
[INFO] [stderr] Cloning into bare repository '/workspace/cache/git-repos/https%3A%2F%2Fgithub.com%2Femk%2Ftoyos-rs'...
[INFO] running `Command { std: "git" "rev-parse" "HEAD", kill_on_drop: false }`
[INFO] [stdout] c3377fb8c1c92a8c042dd94ad9bfcd9a20470ff9
[INFO] documenting emk/toyos-rs against 1.69.0 for beta-1.70-rustdoc-1
[INFO] running `Command { std: "git" "clone" "/workspace/cache/git-repos/https%3A%2F%2Fgithub.com%2Femk%2Ftoyos-rs" "/workspace/builds/worker-4-tc1/source", kill_on_drop: false }`
[INFO] [stderr] Cloning into '/workspace/builds/worker-4-tc1/source'...
[INFO] [stderr] done.
[INFO] validating manifest of git repo https://github.com/emk/toyos-rs on toolchain 1.69.0
[INFO] running `Command { std: CARGO_HOME="/workspace/cargo-home" RUSTUP_HOME="/workspace/rustup-home" "/workspace/cargo-home/bin/cargo" "+1.69.0" "metadata" "--manifest-path" "Cargo.toml" "--no-deps", kill_on_drop: false }`
[INFO] started tweaking git repo https://github.com/emk/toyos-rs
[INFO] finished tweaking git repo https://github.com/emk/toyos-rs
[INFO] tweaked toml for git repo https://github.com/emk/toyos-rs written to /workspace/builds/worker-4-tc1/source/Cargo.toml
[INFO] crate git repo https://github.com/emk/toyos-rs already has a lockfile, it will not be regenerated
[INFO] running `Command { std: CARGO_HOME="/workspace/cargo-home" RUSTUP_HOME="/workspace/rustup-home" "/workspace/cargo-home/bin/cargo" "+1.69.0" "fetch" "--manifest-path" "Cargo.toml", kill_on_drop: false }`
[INFO] [stderr]  Downloading crates ...
[INFO] [stderr]   Downloaded spin v0.3.5
[INFO] [stderr]   Downloaded num-traits v0.1.35
[INFO] [stderr]   Downloaded raw-cpuid v2.0.1
[INFO] [stderr]   Downloaded rlibc v0.1.5
[INFO] [stderr]   Downloaded serde_json v0.6.1
[INFO] [stderr]   Downloaded num v0.1.35
[INFO] [stderr]   Downloaded x86 v0.6.1
[INFO] running `Command { std: "docker" "create" "-v" "/var/lib/crater-agent-workspace/builds/worker-4-tc1/target:/opt/rustwide/target:rw,Z" "-v" "/var/lib/crater-agent-workspace/builds/worker-4-tc1/source:/opt/rustwide/workdir:ro,Z" "-v" "/var/lib/crater-agent-workspace/cargo-home:/opt/rustwide/cargo-home:ro,Z" "-v" "/var/lib/crater-agent-workspace/rustup-home:/opt/rustwide/rustup-home:ro,Z" "-e" "SOURCE_DIR=/opt/rustwide/workdir" "-e" "CARGO_TARGET_DIR=/opt/rustwide/target" "-e" "CARGO_HOME=/opt/rustwide/cargo-home" "-e" "RUSTUP_HOME=/opt/rustwide/rustup-home" "-w" "/opt/rustwide/workdir" "-m" "1610612736" "--user" "0:0" "--network" "none" "ghcr.io/rust-lang/crates-build-env/linux@sha256:5ff2268d62e97bff2cde7d5815dd6ed5b47097566f13b8d0ca110b04b60e07ed" "/opt/rustwide/cargo-home/bin/cargo" "+1.69.0" "metadata" "--no-deps" "--format-version=1", kill_on_drop: false }`
[INFO] [stdout] 2cd8106ce76b017a7c8d35e6308b76bb6a052b31fd1640d8f03a1aba4be75844
[INFO] running `Command { std: "docker" "start" "-a" "2cd8106ce76b017a7c8d35e6308b76bb6a052b31fd1640d8f03a1aba4be75844", kill_on_drop: false }`
[INFO] running `Command { std: "docker" "inspect" "2cd8106ce76b017a7c8d35e6308b76bb6a052b31fd1640d8f03a1aba4be75844", kill_on_drop: false }`
[INFO] running `Command { std: "docker" "rm" "-f" "2cd8106ce76b017a7c8d35e6308b76bb6a052b31fd1640d8f03a1aba4be75844", kill_on_drop: false }`
[INFO] [stdout] 2cd8106ce76b017a7c8d35e6308b76bb6a052b31fd1640d8f03a1aba4be75844
[INFO] running `Command { std: "docker" "create" "-v" "/var/lib/crater-agent-workspace/builds/worker-4-tc1/target:/opt/rustwide/target:rw,Z" "-v" "/var/lib/crater-agent-workspace/builds/worker-4-tc1/source:/opt/rustwide/workdir:ro,Z" "-v" "/var/lib/crater-agent-workspace/cargo-home:/opt/rustwide/cargo-home:ro,Z" "-v" "/var/lib/crater-agent-workspace/rustup-home:/opt/rustwide/rustup-home:ro,Z" "-e" "SOURCE_DIR=/opt/rustwide/workdir" "-e" "CARGO_TARGET_DIR=/opt/rustwide/target" "-e" "CARGO_INCREMENTAL=0" "-e" "RUST_BACKTRACE=full" "-e" "RUSTFLAGS=--cap-lints=warn" "-e" "RUSTDOCFLAGS=--cap-lints=warn" "-e" "CARGO_HOME=/opt/rustwide/cargo-home" "-e" "RUSTUP_HOME=/opt/rustwide/rustup-home" "-w" "/opt/rustwide/workdir" "-m" "1610612736" "--user" "0:0" "--network" "none" "ghcr.io/rust-lang/crates-build-env/linux@sha256:5ff2268d62e97bff2cde7d5815dd6ed5b47097566f13b8d0ca110b04b60e07ed" "/opt/rustwide/cargo-home/bin/cargo" "+1.69.0" "doc" "--frozen" "--no-deps" "--document-private-items" "--message-format=json", kill_on_drop: false }`
[INFO] [stdout] d6d513131e748430b36beda64515cbf0639a18857a8f12448f8729edd58ed6d3
[INFO] running `Command { std: "docker" "start" "-a" "d6d513131e748430b36beda64515cbf0639a18857a8f12448f8729edd58ed6d3", kill_on_drop: false }`
[INFO] [stderr]    Compiling libc v0.2.16
[INFO] [stderr]    Compiling num-traits v0.1.35
[INFO] [stderr]    Compiling rustc-serialize v0.3.19
[INFO] [stderr]    Compiling phf_shared v0.7.16
[INFO] [stderr]    Compiling byteorder v0.5.3
[INFO] [stderr]     Checking raw-cpuid v2.0.1
[INFO] [stderr]     Checking cpuio v0.3.0 (/opt/rustwide/workdir/crates/cpuio)
[INFO] [stdout] error: cannot find macro `asm` in this scope
[INFO] [stdout]   --> /opt/rustwide/cargo-home/registry/src/github.com-1ecc6299db9ec823/raw-cpuid-2.0.1/src/lib.rs:46:9
[INFO] [stdout]    |
[INFO] [stdout] 46 |         asm!("movl $0, %eax" : : "{eax}" (eax) : "eax");
[INFO] [stdout]    |         ^^^
[INFO] [stdout]    |
[INFO] [stdout]    = help: consider importing this macro:
[INFO] [stdout]            core::arch::asm
[INFO] [stdout] 
[INFO] [stdout] 
[INFO] [stdout] error: cannot find macro `asm` in this scope
[INFO] [stdout]   --> /opt/rustwide/cargo-home/registry/src/github.com-1ecc6299db9ec823/raw-cpuid-2.0.1/src/lib.rs:47:9
[INFO] [stdout]    |
[INFO] [stdout] 47 |         asm!("movl $0, %ecx" : : "{ecx}" (ecx) : "ecx");
[INFO] [stdout]    |         ^^^
[INFO] [stdout]    |
[INFO] [stdout]    = help: consider importing this macro:
[INFO] [stdout]            core::arch::asm
[INFO] [stdout] 
[INFO] [stdout] 
[INFO] [stdout] error: cannot find macro `asm` in this scope
[INFO] [stdout]   --> /opt/rustwide/cargo-home/registry/src/github.com-1ecc6299db9ec823/raw-cpuid-2.0.1/src/lib.rs:48:9
[INFO] [stdout]    |
[INFO] [stdout] 48 |         asm!("cpuid" : "={eax}"(res.eax) "={ebx}"(res.ebx)
[INFO] [stdout]    |         ^^^
[INFO] [stdout]    |
[INFO] [stdout]    = help: consider importing this macro:
[INFO] [stdout]            core::arch::asm
[INFO] [stdout] 
[INFO] [stdout] 
[INFO] [stdout] error: cannot find macro `asm` in this scope
[INFO] [stdout]   --> /opt/rustwide/cargo-home/registry/src/github.com-1ecc6299db9ec823/raw-cpuid-2.0.1/src/lib.rs:63:9
[INFO] [stdout]    |
[INFO] [stdout] 63 |         asm!("movl $0, %eax" : : "{eax}" (eax) : "eax");
[INFO] [stdout]    |         ^^^
[INFO] [stdout]    |
[INFO] [stdout]    = help: consider importing this macro:
[INFO] [stdout]            core::arch::asm
[INFO] [stdout] 
[INFO] [stdout] 
[INFO] [stdout] error[E0557]: feature has been removed
[INFO] [stdout]  --> crates/cpuio/src/lib.rs:4:22
[INFO] [stdout]   |
[INFO] [stdout] 4 | #![feature(llvm_asm, const_fn)]
[INFO] [stdout]   |                      ^^^^^^^^ feature has been removed
[INFO] [stdout]   |
[INFO] [stdout]   = note: split into finer-grained feature gates
[INFO] [stdout] 
[INFO] [stdout] 
[INFO] [stdout] error: cannot find macro `asm` in this scope
[INFO] [stdout]   --> /opt/rustwide/cargo-home/registry/src/github.com-1ecc6299db9ec823/raw-cpuid-2.0.1/src/lib.rs:64:9
[INFO] [stdout]    |
[INFO] [stdout] 64 |         asm!("cpuid" : "={eax}"(res.eax) "={ebx}"(res.ebx)
[INFO] [stdout]    |         ^^^
[INFO] [stdout]    |
[INFO] [stdout]    = help: consider importing this macro:
[INFO] [stdout]            core::arch::asm
[INFO] [stdout] 
[INFO] [stdout] 
[INFO] [stdout] error: cannot find macro `llvm_asm` in this scope
[INFO] [stdout]  --> crates/cpuio/src/x86.rs:8:5
[INFO] [stdout]   |
[INFO] [stdout] 8 |     llvm_asm!("inb %dx, %al" : "={al}"(result) : "{dx}"(port) :: "volatile");
[INFO] [stdout]   |     ^^^^^^^^
[INFO] [stdout] 
[INFO] [stdout] 
[INFO] [stdout] error: cannot find macro `llvm_asm` in this scope
[INFO] [stdout]   --> crates/cpuio/src/x86.rs:14:5
[INFO] [stdout]    |
[INFO] [stdout] 14 |     llvm_asm!("outb %al, %dx" :: "{dx}"(port), "{al}"(value) :: "volatile");
[INFO] [stdout]    |     ^^^^^^^^
[INFO] [stdout] 
[INFO] [stdout] 
[INFO] [stdout] error: cannot find macro `llvm_asm` in this scope
[INFO] [stdout]   --> crates/cpuio/src/x86.rs:20:5
[INFO] [stdout]    |
[INFO] [stdout] 20 |     llvm_asm!("inw %dx, %ax" : "={ax}"(result) : "{dx}"(port) :: "volatile");
[INFO] [stdout]    |     ^^^^^^^^
[INFO] [stdout] 
[INFO] [stdout] 
[INFO] [stdout] error: cannot find macro `llvm_asm` in this scope
[INFO] [stdout]   --> crates/cpuio/src/x86.rs:26:5
[INFO] [stdout]    |
[INFO] [stdout] 26 |     llvm_asm!("outw %ax, %dx" :: "{dx}"(port), "{ax}"(value) :: "volatile");
[INFO] [stdout]    |     ^^^^^^^^
[INFO] [stdout] 
[INFO] [stdout] 
[INFO] [stdout] error: cannot find macro `llvm_asm` in this scope
[INFO] [stdout]   --> crates/cpuio/src/x86.rs:32:5
[INFO] [stdout]    |
[INFO] [stdout] 32 |     llvm_asm!("inl %dx, %eax" : "={eax}"(result) : "{dx}"(port) :: "volatile");
[INFO] [stdout]    |     ^^^^^^^^
[INFO] [stdout] 
[INFO] [stdout] 
[INFO] [stdout] error: cannot find macro `llvm_asm` in this scope
[INFO] [stdout]   --> crates/cpuio/src/x86.rs:38:5
[INFO] [stdout]    |
[INFO] [stdout] 38 |     llvm_asm!("outl %eax, %dx" :: "{dx}"(port), "{eax}"(value) :: "volatile");
[INFO] [stdout]    |     ^^^^^^^^
[INFO] [stdout] 
[INFO] [stdout] 
[INFO] [stdout] error[E0554]: `#![feature]` may not be used on the stable release channel
[INFO] [stdout]  --> crates/cpuio/src/lib.rs:4:12
[INFO] [stdout]   |
[INFO] [stdout] 4 | #![feature(llvm_asm, const_fn)]
[INFO] [stdout]   |            ^^^^^^^^
[INFO] [stdout] 
[INFO] [stdout] 
[INFO] [stdout] error[E0635]: unknown feature `llvm_asm`
[INFO] [stdout]  --> crates/cpuio/src/lib.rs:4:12
[INFO] [stdout]   |
[INFO] [stdout] 4 | #![feature(llvm_asm, const_fn)]
[INFO] [stdout]   |            ^^^^^^^^
[INFO] [stdout] 
[INFO] [stdout] 
[INFO] [stdout] error: aborting due to 9 previous errors
[INFO] [stdout] 
[INFO] [stdout] 
[INFO] [stdout] error[E0554]: `#![feature]` may not be used on the stable release channel
[INFO] [stdout]  --> /opt/rustwide/cargo-home/registry/src/github.com-1ecc6299db9ec823/raw-cpuid-2.0.1/src/lib.rs:1:1
[INFO] [stdout]   |
[INFO] [stdout] 1 | #![feature(prelude_import, asm)]
[INFO] [stdout]   | ^^^^^^^^^^^^^^^^^^^^^^^^^^^^^^^^
[INFO] [stdout] 
[INFO] [stdout] 
[INFO] [stdout] Some errors have detailed explanations: E0554, E0557, E0635.
[INFO] [stdout] 
[INFO] [stdout] For more information about an error, try `rustc --explain E0554`.
[INFO] [stdout] 
[INFO] [stderr] error: could not compile `cpuio` due to 10 previous errors
[INFO] [stderr] warning: build failed, waiting for other jobs to finish...
[INFO] [stdout] error[E0554]: `#![feature]` may not be used on the stable release channel
[INFO] [stdout]  --> /opt/rustwide/cargo-home/registry/src/github.com-1ecc6299db9ec823/raw-cpuid-2.0.1/src/lib.rs:1:28
[INFO] [stdout]   |
[INFO] [stdout] 1 | #![feature(prelude_import, asm)]
[INFO] [stdout]   |                            ^^^
[INFO] [stdout] 
[INFO] [stdout] 
[INFO] [stdout] error[E0642]: patterns aren't allowed in functions without bodies
[INFO] [stdout]    --> /opt/rustwide/cargo-home/registry/src/github.com-1ecc6299db9ec823/rustc-serialize-0.3.19/src/serialize.rs:147:45
[INFO] [stdout]     |
[INFO] [stdout] 147 | ...                   &f_name: &str,
[INFO] [stdout]     |                       ^^^^^^^ pattern not allowed in function without body
[INFO] [stdout] 
[INFO] [stdout] 
[INFO] [stdout] error: aborting due to 7 previous errors
[INFO] [stdout] 
[INFO] [stdout] 
[INFO] [stdout] For more information about this error, try `rustc --explain E0554`.
[INFO] [stdout] 
[INFO] [stderr] error: could not compile `raw-cpuid` due to 8 previous errors
[INFO] [stdout] error: aborting due to previous error
[INFO] [stdout] 
[INFO] [stdout] 
[INFO] [stdout] For more information about this error, try `rustc --explain E0642`.
[INFO] [stdout] 
[INFO] [stderr] error: could not compile `rustc-serialize` due to 2 previous errors; 1 warning emitted
[INFO] running `Command { std: "docker" "inspect" "d6d513131e748430b36beda64515cbf0639a18857a8f12448f8729edd58ed6d3", kill_on_drop: false }`
[INFO] running `Command { std: "docker" "rm" "-f" "d6d513131e748430b36beda64515cbf0639a18857a8f12448f8729edd58ed6d3", kill_on_drop: false }`
[INFO] [stdout] d6d513131e748430b36beda64515cbf0639a18857a8f12448f8729edd58ed6d3
