[INFO] cloning repository https://github.com/emi2k01/codasai
[INFO] running `Command { std: "git" "-c" "credential.helper=" "-c" "credential.helper=/workspace/cargo-home/bin/git-credential-null" "clone" "--bare" "https://github.com/emi2k01/codasai" "/workspace/cache/git-repos/https%3A%2F%2Fgithub.com%2Femi2k01%2Fcodasai", kill_on_drop: false }`
[INFO] [stderr] Cloning into bare repository '/workspace/cache/git-repos/https%3A%2F%2Fgithub.com%2Femi2k01%2Fcodasai'...
[INFO] running `Command { std: "git" "rev-parse" "HEAD", kill_on_drop: false }`
[INFO] [stdout] c3fc9cfadff4e888e6708821045eae032d4bf5be
[INFO] documenting emi2k01/codasai against beta-2023-04-20 for beta-1.70-rustdoc-1
[INFO] running `Command { std: "git" "clone" "/workspace/cache/git-repos/https%3A%2F%2Fgithub.com%2Femi2k01%2Fcodasai" "/workspace/builds/worker-5-tc2/source", kill_on_drop: false }`
[INFO] [stderr] Cloning into '/workspace/builds/worker-5-tc2/source'...
[INFO] [stderr] done.
[INFO] validating manifest of git repo https://github.com/emi2k01/codasai on toolchain beta-2023-04-20
[INFO] running `Command { std: CARGO_HOME="/workspace/cargo-home" RUSTUP_HOME="/workspace/rustup-home" "/workspace/cargo-home/bin/cargo" "+beta-2023-04-20" "metadata" "--manifest-path" "Cargo.toml" "--no-deps", kill_on_drop: false }`
[INFO] started tweaking git repo https://github.com/emi2k01/codasai
[INFO] finished tweaking git repo https://github.com/emi2k01/codasai
[INFO] tweaked toml for git repo https://github.com/emi2k01/codasai written to /workspace/builds/worker-5-tc2/source/Cargo.toml
[INFO] crate git repo https://github.com/emi2k01/codasai already has a lockfile, it will not be regenerated
[INFO] running `Command { std: CARGO_HOME="/workspace/cargo-home" RUSTUP_HOME="/workspace/rustup-home" "/workspace/cargo-home/bin/cargo" "+beta-2023-04-20" "fetch" "--manifest-path" "Cargo.toml", kill_on_drop: false }`
[INFO] [stderr]     Updating crates.io index
[INFO] [stderr]  Downloading crates ...
[INFO] [stderr]   Downloaded axum-core v0.1.1
[INFO] [stderr]   Downloaded ammonia v3.1.2
[INFO] [stderr]   Downloaded matchit v0.4.4
[INFO] [stderr]   Downloaded sass-rs v0.2.2
[INFO] [stderr]   Downloaded axum v0.4.3
[INFO] [stderr]   Downloaded tower-http v0.2.0
[INFO] [stderr]   Downloaded open v2.0.2
[INFO] [stderr]   Downloaded clap_derive v3.0.2
[INFO] [stderr]   Downloaded sass-sys v0.4.22
[INFO] [stderr]   Downloaded minijinja v0.10.0
[INFO] running `Command { std: "docker" "create" "-v" "/var/lib/crater-agent-workspace/builds/worker-5-tc2/target:/opt/rustwide/target:rw,Z" "-v" "/var/lib/crater-agent-workspace/builds/worker-5-tc2/source:/opt/rustwide/workdir:ro,Z" "-v" "/var/lib/crater-agent-workspace/cargo-home:/opt/rustwide/cargo-home:ro,Z" "-v" "/var/lib/crater-agent-workspace/rustup-home:/opt/rustwide/rustup-home:ro,Z" "-e" "SOURCE_DIR=/opt/rustwide/workdir" "-e" "CARGO_TARGET_DIR=/opt/rustwide/target" "-e" "CARGO_HOME=/opt/rustwide/cargo-home" "-e" "RUSTUP_HOME=/opt/rustwide/rustup-home" "-w" "/opt/rustwide/workdir" "-m" "1610612736" "--user" "0:0" "--network" "none" "ghcr.io/rust-lang/crates-build-env/linux@sha256:5ff2268d62e97bff2cde7d5815dd6ed5b47097566f13b8d0ca110b04b60e07ed" "/opt/rustwide/cargo-home/bin/cargo" "+beta-2023-04-20" "metadata" "--no-deps" "--format-version=1", kill_on_drop: false }`
[INFO] [stdout] 6234b088565f6c9988bb91e7202e2fc4515adb17e89a4fa3869613bf345fdea8
[INFO] running `Command { std: "docker" "start" "-a" "6234b088565f6c9988bb91e7202e2fc4515adb17e89a4fa3869613bf345fdea8", kill_on_drop: false }`
[INFO] running `Command { std: "docker" "inspect" "6234b088565f6c9988bb91e7202e2fc4515adb17e89a4fa3869613bf345fdea8", kill_on_drop: false }`
[INFO] running `Command { std: "docker" "rm" "-f" "6234b088565f6c9988bb91e7202e2fc4515adb17e89a4fa3869613bf345fdea8", kill_on_drop: false }`
[INFO] [stdout] 6234b088565f6c9988bb91e7202e2fc4515adb17e89a4fa3869613bf345fdea8
[INFO] running `Command { std: "docker" "create" "-v" "/var/lib/crater-agent-workspace/builds/worker-5-tc2/target:/opt/rustwide/target:rw,Z" "-v" "/var/lib/crater-agent-workspace/builds/worker-5-tc2/source:/opt/rustwide/workdir:ro,Z" "-v" "/var/lib/crater-agent-workspace/cargo-home:/opt/rustwide/cargo-home:ro,Z" "-v" "/var/lib/crater-agent-workspace/rustup-home:/opt/rustwide/rustup-home:ro,Z" "-e" "SOURCE_DIR=/opt/rustwide/workdir" "-e" "CARGO_TARGET_DIR=/opt/rustwide/target" "-e" "CARGO_INCREMENTAL=0" "-e" "RUST_BACKTRACE=full" "-e" "RUSTFLAGS=--cap-lints=warn" "-e" "RUSTDOCFLAGS=--cap-lints=warn" "-e" "CARGO_HOME=/opt/rustwide/cargo-home" "-e" "RUSTUP_HOME=/opt/rustwide/rustup-home" "-w" "/opt/rustwide/workdir" "-m" "1610612736" "--user" "0:0" "--network" "none" "ghcr.io/rust-lang/crates-build-env/linux@sha256:5ff2268d62e97bff2cde7d5815dd6ed5b47097566f13b8d0ca110b04b60e07ed" "/opt/rustwide/cargo-home/bin/cargo" "+beta-2023-04-20" "doc" "--frozen" "--no-deps" "--document-private-items" "--message-format=json", kill_on_drop: false }`
[INFO] [stdout] 205081fe5ed0172578fcf936ce393c42415f007cbca6df3454f03810cb744093
[INFO] running `Command { std: "docker" "start" "-a" "205081fe5ed0172578fcf936ce393c42415f007cbca6df3454f03810cb744093", kill_on_drop: false }`
[INFO] [stderr]    Compiling libc v0.2.112
[INFO] [stderr]    Compiling proc-macro2 v1.0.36
[INFO] [stderr]    Compiling unicode-xid v0.2.2
[INFO] [stderr]    Compiling syn v1.0.84
[INFO] [stderr]     Checking cfg-if v1.0.0
[INFO] [stderr]    Compiling pkg-config v0.3.24
[INFO] [stderr]    Compiling log v0.4.14
[INFO] [stderr]    Compiling version_check v0.9.4
[INFO] [stderr]    Compiling memchr v2.4.1
[INFO] [stderr]    Compiling serde_derive v1.0.133
[INFO] [stderr]    Compiling autocfg v1.0.1
[INFO] [stderr]     Checking lazy_static v1.4.0
[INFO] [stderr]    Compiling serde v1.0.133
[INFO] [stderr]    Compiling getrandom v0.1.16
[INFO] [stderr]    Compiling ppv-lite86 v0.2.16
[INFO] [stderr]    Compiling siphasher v0.3.7
[INFO] [stderr]    Compiling futures-core v0.3.19
[INFO] [stderr]     Checking pin-project-lite v0.2.8
[INFO] [stderr]     Checking bytes v1.1.0
[INFO] [stderr]     Checking fnv v1.0.7
[INFO] [stderr]    Compiling phf_shared v0.8.0
[INFO] [stderr]    Compiling parking_lot_core v0.8.5
[INFO] [stderr]     Checking itoa v1.0.1
[INFO] [stderr]    Compiling unicase v2.6.0
[INFO] [stderr]    Compiling futures-task v0.3.19
[INFO] [stderr]     Checking instant v0.1.12
[INFO] [stderr]     Checking bitflags v1.3.2
[INFO] [stderr]     Checking new_debug_unreachable v1.0.4
[INFO] [stderr]     Checking percent-encoding v2.1.0
[INFO] [stderr]     Checking matches v0.1.9
[INFO] [stderr]     Checking smallvec v1.7.0
[INFO] [stderr]     Checking scopeguard v1.1.0
[INFO] [stderr]    Compiling futures-util v0.3.19
[INFO] [stderr]     Checking itoa v0.4.8
[INFO] [stderr]     Checking pin-utils v0.1.0
[INFO] [stderr]     Checking mac v0.1.1
[INFO] [stderr]     Checking lock_api v0.4.5
[INFO] [stderr]     Checking http v0.2.6
[INFO] [stderr]     Checking form_urlencoded v1.0.1
[INFO] [stderr]     Checking utf-8 v0.7.6
[INFO] [stderr]     Checking futf v0.1.4
[INFO] [stderr]     Checking precomputed-hash v0.1.1
[INFO] [stderr]     Checking tinyvec_macros v0.1.0
[INFO] [stderr]    Compiling indexmap v1.7.0
[INFO] [stderr]    Compiling proc-macro-error-attr v1.0.4
[INFO] [stderr]     Checking tracing-core v0.1.21
[INFO] [stderr]     Checking tendril v0.4.2
[INFO] [stderr]     Checking mime v0.3.16
[INFO] [stderr]     Checking tinyvec v1.5.1
[INFO] [stderr]     Checking futures-sink v0.3.19
[INFO] [stderr]    Compiling httparse v1.5.1
[INFO] [stderr]     Checking phf v0.8.0
[INFO] [stderr]     Checking tower-service v0.3.1
[INFO] [stderr]    Compiling futures-channel v0.3.19
[INFO] [stderr]    Compiling serde_json v1.0.74
[INFO] [stderr]     Checking ryu v1.0.9
[INFO] [stderr]    Compiling quote v1.0.14
[INFO] [stderr]    Compiling async-trait v0.1.52
[INFO] [stderr]     Checking regex-syntax v0.6.25
[INFO] [stderr]    Compiling jobserver v0.1.24
[INFO] [stderr]     Checking mio v0.7.14
[INFO] [stderr]     Checking num_cpus v1.13.1
[INFO] [stderr]    Compiling mime_guess v2.0.3
[INFO] [stderr]    Compiling cc v1.0.72
[INFO] [stderr]    Compiling rand_core v0.5.1
[INFO] [stderr]     Checking parking_lot v0.11.2
[INFO] [stderr]     Checking aho-corasick v0.7.18
[INFO] [stderr]    Compiling miniz_oxide v0.4.4
[INFO] [stderr]    Compiling proc-macro-error v1.0.4
[INFO] [stderr]     Checking tower-layer v0.3.1
[INFO] [stderr]     Checking hashbrown v0.11.2
[INFO] [stderr]    Compiling rand_chacha v0.2.2
[INFO] [stderr]    Compiling rand_pcg v0.2.1
[INFO] [stderr]     Checking tokio v1.15.0
[INFO] [stderr]     Checking unicode-bidi v0.3.7
[INFO] [stderr]    Compiling crc32fast v1.3.0
[INFO] [stderr]     Checking unicode-normalization v0.1.19
[INFO] [stderr]    Compiling rustversion v1.0.6
[INFO] [stderr]     Checking try-lock v0.2.3
[INFO] [stderr]    Compiling rand v0.7.3
[INFO] [stderr]     Checking want v0.3.0
[INFO] [stderr]    Compiling sass-sys v0.4.22
[INFO] [stderr]     Checking time v0.1.44
[INFO] [stderr]     Checking socket2 v0.4.2
[INFO] [stderr]     Checking same-file v1.0.6
[INFO] [stderr]     Checking http-body v0.4.4
[INFO] [stderr]    Compiling anyhow v1.0.52
[INFO] [stderr]     Checking http-range-header v0.3.0
[INFO] [stderr]    Compiling crossbeam-utils v0.8.5
[INFO] [stderr]     Checking httpdate v1.0.2
[INFO] [stderr]     Checking safemem v0.3.3
[INFO] [stderr]     Checking adler v1.0.2
[INFO] [stderr]     Checking walkdir v2.3.2
[INFO] [stderr]     Checking line-wrap v0.1.1
[INFO] [stderr]     Checking idna v0.2.3
[INFO] [stderr]    Compiling openssl-sys v0.9.72
[INFO] [stderr]    Compiling libz-sys v1.1.3
[INFO] [stderr]    Compiling libssh2-sys v0.2.23
[INFO] [stderr]    Compiling onig_sys v69.7.1
[INFO] [stderr]    Compiling libgit2-sys v0.12.26+1.3.0
[INFO] [stderr]    Compiling phf_generator v0.8.0
[INFO] [stderr]     Checking atty v0.2.14
[INFO] [stderr]     Checking regex v1.5.4
[INFO] [stderr]    Compiling string_cache_codegen v0.5.1
[INFO] [stderr]    Compiling phf_codegen v0.8.0
[INFO] [stderr]     Checking time v0.3.5
[INFO] [stderr]     Checking bstr v0.2.17
[INFO] [stderr]     Checking url v2.2.2
[INFO] [stderr]     Checking base64 v0.13.0
[INFO] [stderr]    Compiling pulldown-cmark v0.8.0
[INFO] [stderr] error: could not compile `tokio` (lib)
[INFO] [stderr] 
[INFO] [stderr] Caused by:
[INFO] [stderr]   process didn't exit successfully: `rustc --crate-name tokio --edition=2018 /opt/rustwide/cargo-home/registry/src/index.crates.io-6f17d22bba15001f/tokio-1.15.0/src/lib.rs --error-format=json --json=diagnostic-rendered-ansi,artifacts,future-incompat --crate-type lib --emit=dep-info,metadata -C embed-bitcode=no -C debuginfo=2 --cfg 'feature="bytes"' --cfg 'feature="default"' --cfg 'feature="fs"' --cfg 'feature="io-std"' --cfg 'feature="io-util"' --cfg 'feature="libc"' --cfg 'feature="memchr"' --cfg 'feature="mio"' --cfg 'feature="net"' --cfg 'feature="num_cpus"' --cfg 'feature="rt"' --cfg 'feature="rt-multi-thread"' --cfg 'feature="sync"' --cfg 'feature="time"' -C metadata=b97208fbf3eedf24 -C extra-filename=-b97208fbf3eedf24 --out-dir /opt/rustwide/target/debug/deps -L dependency=/opt/rustwide/target/debug/deps --extern bytes=/opt/rustwide/target/debug/deps/libbytes-3ff2dcaec82f87b7.rmeta --extern libc=/opt/rustwide/target/debug/deps/liblibc-bd0138edfbbf6592.rmeta --extern memchr=/opt/rustwide/target/debug/deps/libmemchr-5d1c88b89c59de25.rmeta --extern mio=/opt/rustwide/target/debug/deps/libmio-f6cb45e7dad2240b.rmeta --extern num_cpus=/opt/rustwide/target/debug/deps/libnum_cpus-1203868f8bbaad5d.rmeta --extern pin_project_lite=/opt/rustwide/target/debug/deps/libpin_project_lite-fd73e48117146db2.rmeta --cap-lints allow --cap-lints=warn` (signal: 9, SIGKILL: kill)
[INFO] [stderr] warning: build failed, waiting for other jobs to finish...
[INFO] [stderr] error: could not compile `syn` (lib)
[INFO] [stderr] 
[INFO] [stderr] Caused by:
[INFO] [stderr]   process didn't exit successfully: `rustc --crate-name syn --edition=2018 /opt/rustwide/cargo-home/registry/src/index.crates.io-6f17d22bba15001f/syn-1.0.84/src/lib.rs --error-format=json --json=diagnostic-rendered-ansi,artifacts,future-incompat --crate-type lib --emit=dep-info,metadata,link -C embed-bitcode=no --cfg 'feature="clone-impls"' --cfg 'feature="default"' --cfg 'feature="derive"' --cfg 'feature="extra-traits"' --cfg 'feature="fold"' --cfg 'feature="full"' --cfg 'feature="parsing"' --cfg 'feature="printing"' --cfg 'feature="proc-macro"' --cfg 'feature="quote"' --cfg 'feature="visit"' --cfg 'feature="visit-mut"' -C metadata=8cd301323de7b314 -C extra-filename=-8cd301323de7b314 --out-dir /opt/rustwide/target/debug/deps -L dependency=/opt/rustwide/target/debug/deps --extern proc_macro2=/opt/rustwide/target/debug/deps/libproc_macro2-f2b138f024bb4610.rmeta --extern quote=/opt/rustwide/target/debug/deps/libquote-6740d3449521aab0.rmeta --extern unicode_xid=/opt/rustwide/target/debug/deps/libunicode_xid-fb78da16da33d955.rmeta --cap-lints allow --cap-lints=warn --cfg syn_disable_nightly_tests` (signal: 9, SIGKILL: kill)
[INFO] [stderr] error: could not compile `regex` (lib)
[INFO] [stderr] 
[INFO] [stderr] Caused by:
[INFO] [stderr]   process didn't exit successfully: `rustc --crate-name regex --edition=2018 /opt/rustwide/cargo-home/registry/src/index.crates.io-6f17d22bba15001f/regex-1.5.4/src/lib.rs --error-format=json --json=diagnostic-rendered-ansi,artifacts,future-incompat --crate-type lib --emit=dep-info,metadata -C embed-bitcode=no -C debuginfo=2 --cfg 'feature="aho-corasick"' --cfg 'feature="default"' --cfg 'feature="memchr"' --cfg 'feature="perf"' --cfg 'feature="perf-cache"' --cfg 'feature="perf-dfa"' --cfg 'feature="perf-inline"' --cfg 'feature="perf-literal"' --cfg 'feature="std"' --cfg 'feature="unicode"' --cfg 'feature="unicode-age"' --cfg 'feature="unicode-bool"' --cfg 'feature="unicode-case"' --cfg 'feature="unicode-gencat"' --cfg 'feature="unicode-perl"' --cfg 'feature="unicode-script"' --cfg 'feature="unicode-segment"' -C metadata=4cbbbc2ebc057e63 -C extra-filename=-4cbbbc2ebc057e63 --out-dir /opt/rustwide/target/debug/deps -L dependency=/opt/rustwide/target/debug/deps --extern aho_corasick=/opt/rustwide/target/debug/deps/libaho_corasick-ee2dc3584c2f3026.rmeta --extern memchr=/opt/rustwide/target/debug/deps/libmemchr-5d1c88b89c59de25.rmeta --extern regex_syntax=/opt/rustwide/target/debug/deps/libregex_syntax-aa7900256607b78b.rmeta --cap-lints allow --cap-lints=warn` (signal: 9, SIGKILL: kill)
[INFO] [stderr] error: could not compile `string_cache_codegen` (lib)
[INFO] [stderr] 
[INFO] [stderr] Caused by:
[INFO] [stderr]   process didn't exit successfully: `rustc --crate-name string_cache_codegen --edition=2018 /opt/rustwide/cargo-home/registry/src/index.crates.io-6f17d22bba15001f/string_cache_codegen-0.5.1/lib.rs --error-format=json --json=diagnostic-rendered-ansi,artifacts,future-incompat --crate-type lib --emit=dep-info,metadata,link -C embed-bitcode=no -C metadata=046c7118c0173864 -C extra-filename=-046c7118c0173864 --out-dir /opt/rustwide/target/debug/deps -L dependency=/opt/rustwide/target/debug/deps --extern phf_generator=/opt/rustwide/target/debug/deps/libphf_generator-b2be8c4c6144d9f2.rmeta --extern phf_shared=/opt/rustwide/target/debug/deps/libphf_shared-d283174a7ea5f313.rmeta --extern proc_macro2=/opt/rustwide/target/debug/deps/libproc_macro2-f2b138f024bb4610.rmeta --extern quote=/opt/rustwide/target/debug/deps/libquote-6740d3449521aab0.rmeta --cap-lints allow --cap-lints=warn` (signal: 9, SIGKILL: kill)
[INFO] [stderr] error: could not compile `time` (lib)
[INFO] [stderr] 
[INFO] [stderr] Caused by:
[INFO] [stderr]   process didn't exit successfully: `rustc --crate-name time --edition=2018 /opt/rustwide/cargo-home/registry/src/index.crates.io-6f17d22bba15001f/time-0.3.5/src/lib.rs --error-format=json --json=diagnostic-rendered-ansi,artifacts,future-incompat --crate-type lib --emit=dep-info,metadata -C embed-bitcode=no -C debuginfo=2 --cfg 'feature="alloc"' --cfg 'feature="default"' --cfg 'feature="formatting"' --cfg 'feature="itoa"' --cfg 'feature="parsing"' --cfg 'feature="std"' -C metadata=c413fd8505431fb0 -C extra-filename=-c413fd8505431fb0 --out-dir /opt/rustwide/target/debug/deps -L dependency=/opt/rustwide/target/debug/deps --extern itoa=/opt/rustwide/target/debug/deps/libitoa-fa3238ec719360da.rmeta --extern libc=/opt/rustwide/target/debug/deps/liblibc-bd0138edfbbf6592.rmeta --cap-lints allow --cap-lints=warn` (signal: 9, SIGKILL: kill)
[INFO] [stderr] error: could not compile `url` (lib)
[INFO] [stderr] 
[INFO] [stderr] Caused by:
[INFO] [stderr]   process didn't exit successfully: `rustc --crate-name url --edition=2018 /opt/rustwide/cargo-home/registry/src/index.crates.io-6f17d22bba15001f/url-2.2.2/src/lib.rs --error-format=json --json=diagnostic-rendered-ansi,artifacts,future-incompat --crate-type lib --emit=dep-info,metadata -C embed-bitcode=no -C debuginfo=2 -C metadata=2cb8d24f6bca81a7 -C extra-filename=-2cb8d24f6bca81a7 --out-dir /opt/rustwide/target/debug/deps -L dependency=/opt/rustwide/target/debug/deps --extern form_urlencoded=/opt/rustwide/target/debug/deps/libform_urlencoded-ee4ac78a6f34a221.rmeta --extern idna=/opt/rustwide/target/debug/deps/libidna-554bda801f8633dc.rmeta --extern matches=/opt/rustwide/target/debug/deps/libmatches-ad6d3eca06d0189b.rmeta --extern percent_encoding=/opt/rustwide/target/debug/deps/libpercent_encoding-7752a685f98d59d0.rmeta --cap-lints allow --cap-lints=warn` (signal: 9, SIGKILL: kill)
[INFO] [stderr] error: could not compile `rustversion` (lib)
[INFO] [stderr] 
[INFO] [stderr] Caused by:
[INFO] [stderr]   process didn't exit successfully: `rustc --crate-name rustversion --edition=2018 /opt/rustwide/cargo-home/registry/src/index.crates.io-6f17d22bba15001f/rustversion-1.0.6/src/lib.rs --error-format=json --json=diagnostic-rendered-ansi,artifacts,future-incompat --crate-type proc-macro --emit=dep-info,link -C prefer-dynamic -C embed-bitcode=no -C metadata=ddaee5dcc7a2dcf8 -C extra-filename=-ddaee5dcc7a2dcf8 --out-dir /opt/rustwide/target/debug/deps -L dependency=/opt/rustwide/target/debug/deps --extern proc_macro --cap-lints allow --cap-lints=warn` (signal: 9, SIGKILL: kill)
[INFO] [stderr] error: failed to run custom build command for `sass-sys v0.4.22`
[INFO] [stderr] note: To improve backtraces for build dependencies, set the CARGO_PROFILE_DEV_BUILD_OVERRIDE_DEBUG=true environment variable to enable debug information generation.
[INFO] [stderr] 
[INFO] [stderr] Caused by:
[INFO] [stderr]   process didn't exit successfully: `/opt/rustwide/target/debug/build/sass-sys-8d9aab3ca33f93ad/build-script-build` (exit status: 101)
[INFO] [stderr]   --- stdout
[INFO] [stderr]   cargo:rerun-if-env-changed=LIBSASS_NO_PKG_CONFIG
[INFO] [stderr]   cargo:rerun-if-env-changed=PKG_CONFIG_x86_64-unknown-linux-gnu
[INFO] [stderr]   cargo:rerun-if-env-changed=PKG_CONFIG_x86_64_unknown_linux_gnu
[INFO] [stderr]   cargo:rerun-if-env-changed=HOST_PKG_CONFIG
[INFO] [stderr]   cargo:rerun-if-env-changed=PKG_CONFIG
[INFO] [stderr]   cargo:rerun-if-env-changed=LIBSASS_STATIC
[INFO] [stderr]   cargo:rerun-if-env-changed=LIBSASS_DYNAMIC
[INFO] [stderr]   cargo:rerun-if-env-changed=PKG_CONFIG_ALL_STATIC
[INFO] [stderr]   cargo:rerun-if-env-changed=PKG_CONFIG_ALL_DYNAMIC
[INFO] [stderr]   cargo:rerun-if-env-changed=PKG_CONFIG_PATH_x86_64-unknown-linux-gnu
[INFO] [stderr]   cargo:rerun-if-env-changed=PKG_CONFIG_PATH_x86_64_unknown_linux_gnu
[INFO] [stderr]   cargo:rerun-if-env-changed=HOST_PKG_CONFIG_PATH
[INFO] [stderr]   cargo:rerun-if-env-changed=PKG_CONFIG_PATH
[INFO] [stderr]   cargo:rerun-if-env-changed=PKG_CONFIG_LIBDIR_x86_64-unknown-linux-gnu
[INFO] [stderr]   cargo:rerun-if-env-changed=PKG_CONFIG_LIBDIR_x86_64_unknown_linux_gnu
[INFO] [stderr]   cargo:rerun-if-env-changed=HOST_PKG_CONFIG_LIBDIR
[INFO] [stderr]   cargo:rerun-if-env-changed=PKG_CONFIG_LIBDIR
[INFO] [stderr]   cargo:rerun-if-env-changed=PKG_CONFIG_SYSROOT_DIR_x86_64-unknown-linux-gnu
[INFO] [stderr]   cargo:rerun-if-env-changed=PKG_CONFIG_SYSROOT_DIR_x86_64_unknown_linux_gnu
[INFO] [stderr]   cargo:rerun-if-env-changed=HOST_PKG_CONFIG_SYSROOT_DIR
[INFO] [stderr]   cargo:rerun-if-env-changed=PKG_CONFIG_SYSROOT_DIR
[INFO] [stderr] 
[INFO] [stderr]   --- stderr
[INFO] [stderr]   thread 'main' panicked at 'Build error:
[INFO] [stderr]   STDERR:g++: fatal error: Killed signal terminated program cc1plus
[INFO] [stderr]   compilation terminated.
[INFO] [stderr]   make: *** [Makefile:228: src/ast_values.o] Error 1
[INFO] [stderr]   make: *** Waiting for unfinished jobs....
[INFO] [stderr]   g++: fatal error: Killed signal terminated program cc1plus
[INFO] [stderr]   compilation terminated.
[INFO] [stderr]   make: *** [Makefile:228: src/fn_utils.o] Error 1
[INFO] [stderr]   g++: fatal error: Killed signal terminated program cc1plus
[INFO] [stderr]   compilation terminated.
[INFO] [stderr]   make: *** [Makefile:228: src/fn_numbers.o] Error 1
[INFO] [stderr]   g++: fatal error: Killed signal terminated program cc1plus
[INFO] [stderr]   compilation terminated.
[INFO] [stderr]   make: *** [Makefile:228: src/ast_selectors.o] Error 1
[INFO] [stderr]   g++: fatal error: Killed signal terminated program cc1plus
[INFO] [stderr]   compilation terminated.
[INFO] [stderr]   make: *** [Makefile:228: src/fn_maps.o] Error 1
[INFO] [stderr]   g++: fatal error: Killed signal terminated program cc1plus
[INFO] [stderr]   compilation terminated.
[INFO] [stderr]   make: *** [Makefile:228: src/ast.o] Error 1
[INFO] [stderr] 
[INFO] [stderr]   STDOUT:cc -Wall -O2 -I /opt/rustwide/target/debug/build/sass-sys-1095e1d846c36add/out/build/include  -fPIC -c -o src/cencode.o src/cencode.c
[INFO] [stderr]   g++ -Wall -O2 -std=c++11 -I /opt/rustwide/target/debug/build/sass-sys-1095e1d846c36add/out/build/include  -fPIC -c -o src/ast.o src/ast.cpp
[INFO] [stderr]   g++ -Wall -O2 -std=c++11 -I /opt/rustwide/target/debug/build/sass-sys-1095e1d846c36add/out/build/include  -fPIC -c -o src/ast_values.o src/ast_values.cpp
[INFO] [stderr]   g++ -Wall -O2 -std=c++11 -I /opt/rustwide/target/debug/build/sass-sys-1095e1d846c36add/out/build/include  -fPIC -c -o src/ast_supports.o src/ast_supports.cpp
[INFO] [stderr]   g++ -Wall -O2 -std=c++11 -I /opt/rustwide/target/debug/build/sass-sys-1095e1d846c36add/out/build/include  -fPIC -c -o src/ast_sel_cmp.o src/ast_sel_cmp.cpp
[INFO] [stderr]   g++ -Wall -O2 -std=c++11 -I /opt/rustwide/target/debug/build/sass-sys-1095e1d846c36add/out/build/include  -fPIC -c -o src/ast_sel_unify.o src/ast_sel_unify.cpp
[INFO] [stderr]   g++ -Wall -O2 -std=c++11 -I /opt/rustwide/target/debug/build/sass-sys-1095e1d846c36add/out/build/include  -fPIC -c -o src/ast_sel_super.o src/ast_sel_super.cpp
[INFO] [stderr]   g++ -Wall -O2 -std=c++11 -I /opt/rustwide/target/debug/build/sass-sys-1095e1d846c36add/out/build/include  -fPIC -c -o src/ast_sel_weave.o src/ast_sel_weave.cpp
[INFO] [stderr]   g++ -Wall -O2 -std=c++11 -I /opt/rustwide/target/debug/build/sass-sys-1095e1d846c36add/out/build/include  -fPIC -c -o src/ast_selectors.o src/ast_selectors.cpp
[INFO] [stderr]   g++ -Wall -O2 -std=c++11 -I /opt/rustwide/target/debug/build/sass-sys-1095e1d846c36add/out/build/include  -fPIC -c -o src/context.o src/context.cpp
[INFO] [stderr]   g++ -Wall -O2 -std=c++11 -I /opt/rustwide/target/debug/build/sass-sys-1095e1d846c36add/out/build/include  -fPIC -c -o src/constants.o src/constants.cpp
[INFO] [stderr]   g++ -Wall -O2 -std=c++11 -I /opt/rustwide/target/debug/build/sass-sys-1095e1d846c36add/out/build/include  -fPIC -c -o src/fn_utils.o src/fn_utils.cpp
[INFO] [stderr]   g++ -Wall -O2 -std=c++11 -I /opt/rustwide/target/debug/build/sass-sys-1095e1d846c36add/out/build/include  -fPIC -c -o src/fn_miscs.o src/fn_miscs.cpp
[INFO] [stderr]   g++ -Wall -O2 -std=c++11 -I /opt/rustwide/target/debug/build/sass-sys-1095e1d846c36add/out/build/include  -fPIC -c -o src/fn_maps.o src/fn_maps.cpp
[INFO] [stderr]   g++ -Wall -O2 -std=c++11 -I /opt/rustwide/target/debug/build/sass-sys-1095e1d846c36add/out/build/include  -fPIC -c -o src/fn_lists.o src/fn_lists.cpp
[INFO] [stderr]   g++ -Wall -O2 -std=c++11 -I /opt/rustwide/target/debug/build/sass-sys-1095e1d846c36add/out/build/include  -fPIC -c -o src/fn_colors.o src/fn_colors.cpp
[INFO] [stderr]   g++ -Wall -O2 -std=c++11 -I /opt/rustwide/target/debug/build/sass-sys-1095e1d846c36add/out/build/include  -fPIC -c -o src/fn_numbers.o src/fn_numbers.cpp
[INFO] [stderr]   g++ -Wall -O2 -std=c++11 -I /opt/rustwide/target/debug/build/sass-sys-1095e1d846c36add/out/build/include  -fPIC -c -o src/fn_strings.o src/fn_strings.cpp
[INFO] [stderr]   ', /opt/rustwide/cargo-home/registry/src/index.crates.io-6f17d22bba15001f/sass-sys-0.4.22/build.rs:107:9
[INFO] [stderr]   stack backtrace:
[INFO] [stderr]      0:     0x5609525bb44a - std::backtrace_rs::backtrace::libunwind::trace::h2f05d0192276a8f6
[INFO] [stderr]                                  at /rustc/1b7dd2252b99671ce5d1cb9664c5f8636329436d/library/std/src/../../backtrace/src/backtrace/libunwind.rs:93:5
[INFO] [stderr]      1:     0x5609525bb44a - std::backtrace_rs::backtrace::trace_unsynchronized::hedc23dff7a1af150
[INFO] [stderr]                                  at /rustc/1b7dd2252b99671ce5d1cb9664c5f8636329436d/library/std/src/../../backtrace/src/backtrace/mod.rs:66:5
[INFO] [stderr]      2:     0x5609525bb44a - std::sys_common::backtrace::_print_fmt::h17541ef7592f3ce2
[INFO] [stderr]                                  at /rustc/1b7dd2252b99671ce5d1cb9664c5f8636329436d/library/std/src/sys_common/backtrace.rs:65:5
[INFO] [stderr]      3:     0x5609525bb44a - <std::sys_common::backtrace::_print::DisplayBacktrace as core::fmt::Display>::fmt::h20f75df5ab0c0792
[INFO] [stderr]                                  at /rustc/1b7dd2252b99671ce5d1cb9664c5f8636329436d/library/std/src/sys_common/backtrace.rs:44:22
[INFO] [stderr]      4:     0x5609525db50f - core::fmt::write::h78109e6f466b3af6
[INFO] [stderr]                                  at /rustc/1b7dd2252b99671ce5d1cb9664c5f8636329436d/library/core/src/fmt/mod.rs:1254:17
[INFO] [stderr]      5:     0x5609525b86f5 - std::io::Write::write_fmt::hc59e1b02dd273c8a
[INFO] [stderr]                                  at /rustc/1b7dd2252b99671ce5d1cb9664c5f8636329436d/library/std/src/io/mod.rs:1698:15
[INFO] [stderr]      6:     0x5609525bb215 - std::sys_common::backtrace::_print::h8dac57a9f8fbf9a5
[INFO] [stderr]                                  at /rustc/1b7dd2252b99671ce5d1cb9664c5f8636329436d/library/std/src/sys_common/backtrace.rs:47:5
[INFO] [stderr]      7:     0x5609525bb215 - std::sys_common::backtrace::print::hf9ecbf41d1aa712f
[INFO] [stderr]                                  at /rustc/1b7dd2252b99671ce5d1cb9664c5f8636329436d/library/std/src/sys_common/backtrace.rs:34:9
[INFO] [stderr]      8:     0x5609525bc9be - std::panicking::default_hook::{{closure}}::h04c07acfc84ca028
[INFO] [stderr]                                  at /rustc/1b7dd2252b99671ce5d1cb9664c5f8636329436d/library/std/src/panicking.rs:269:22
[INFO] [stderr]      9:     0x5609525bc765 - std::panicking::default_hook::h01f6bb23e1eceb2c
[INFO] [stderr]                                  at /rustc/1b7dd2252b99671ce5d1cb9664c5f8636329436d/library/std/src/panicking.rs:288:9
[INFO] [stderr]     10:     0x5609525bcf1e - std::panicking::rust_panic_with_hook::h2bb3722bbaf2f6df
[INFO] [stderr]                                  at /rustc/1b7dd2252b99671ce5d1cb9664c5f8636329436d/library/std/src/panicking.rs:691:13
[INFO] [stderr]     11:     0x5609525bce19 - std::panicking::begin_panic_handler::{{closure}}::h91bc7f36a4be011b
[INFO] [stderr]                                  at /rustc/1b7dd2252b99671ce5d1cb9664c5f8636329436d/library/std/src/panicking.rs:582:13
[INFO] [stderr]     12:     0x5609525bb8b6 - std::sys_common::backtrace::__rust_end_short_backtrace::h8b3d3717114f9e59
[INFO] [stderr]                                  at /rustc/1b7dd2252b99671ce5d1cb9664c5f8636329436d/library/std/src/sys_common/backtrace.rs:150:18
[INFO] [stderr]     13:     0x5609525bcb72 - rust_begin_unwind
[INFO] [stderr]                                  at /rustc/1b7dd2252b99671ce5d1cb9664c5f8636329436d/library/std/src/panicking.rs:578:5
[INFO] [stderr]     14:     0x56095256f4f3 - core::panicking::panic_fmt::hfd368e3fbdabea26
[INFO] [stderr]                                  at /rustc/1b7dd2252b99671ce5d1cb9664c5f8636329436d/library/core/src/panicking.rs:67:14
[INFO] [stderr]     15:     0x560952571210 - build_script_build::compile::h25f3b682e308b167
[INFO] [stderr]     16:     0x560952571868 - build_script_build::main::he6ce14d8e928e135
[INFO] [stderr]     17:     0x560952571c33 - core::ops::function::FnOnce::call_once::hac533bf2432e206d
[INFO] [stderr]     18:     0x560952571ea6 - std::sys_common::backtrace::__rust_begin_short_backtrace::h84c78f1a77709163
[INFO] [stderr]     19:     0x560952571e89 - std::rt::lang_start::{{closure}}::h09be2beeb6e0887d
[INFO] [stderr]     20:     0x5609525b4cae - core::ops::function::impls::<impl core::ops::function::FnOnce<A> for &F>::call_once::h2eb19b8ce4148df4
[INFO] [stderr]                                  at /rustc/1b7dd2252b99671ce5d1cb9664c5f8636329436d/library/core/src/ops/function.rs:287:13
[INFO] [stderr]     21:     0x5609525b4cae - std::panicking::try::do_call::h2e900feff5d504c5
[INFO] [stderr]                                  at /rustc/1b7dd2252b99671ce5d1cb9664c5f8636329436d/library/std/src/panicking.rs:485:40
[INFO] [stderr]     22:     0x5609525b4cae - std::panicking::try::h8854836cb85aa9f2
[INFO] [stderr]                                  at /rustc/1b7dd2252b99671ce5d1cb9664c5f8636329436d/library/std/src/panicking.rs:449:19
[INFO] [stderr]     23:     0x5609525b4cae - std::panic::catch_unwind::h706025dd4c48f64b
[INFO] [stderr]                                  at /rustc/1b7dd2252b99671ce5d1cb9664c5f8636329436d/library/std/src/panic.rs:140:14
[INFO] [stderr]     24:     0x5609525b4cae - std::rt::lang_start_internal::{{closure}}::h7be5b97f4a07a91a
[INFO] [stderr]                                  at /rustc/1b7dd2252b99671ce5d1cb9664c5f8636329436d/library/std/src/rt.rs:148:48
[INFO] [stderr]     25:     0x5609525b4cae - std::panicking::try::do_call::h59847e9d0a176965
[INFO] [stderr]                                  at /rustc/1b7dd2252b99671ce5d1cb9664c5f8636329436d/library/std/src/panicking.rs:485:40
[INFO] [stderr]     26:     0x5609525b4cae - std::panicking::try::h399a918ba8522823
[INFO] [stderr]                                  at /rustc/1b7dd2252b99671ce5d1cb9664c5f8636329436d/library/std/src/panicking.rs:449:19
[INFO] [stderr]     27:     0x5609525b4cae - std::panic::catch_unwind::hca7ca6c55b2a2e26
[INFO] [stderr]                                  at /rustc/1b7dd2252b99671ce5d1cb9664c5f8636329436d/library/std/src/panic.rs:140:14
[INFO] [stderr]     28:     0x5609525b4cae - std::rt::lang_start_internal::h2c807a81560459eb
[INFO] [stderr]                                  at /rustc/1b7dd2252b99671ce5d1cb9664c5f8636329436d/library/std/src/rt.rs:148:20
[INFO] [stderr]     29:     0x560952571e67 - std::rt::lang_start::h30db6757e7e3081c
[INFO] [stderr]     30:     0x5609525718c5 - main
[INFO] [stderr]     31:     0x7f207cc15d90 - <unknown>
[INFO] [stderr]     32:     0x7f207cc15e40 - __libc_start_main
[INFO] [stderr]     33:     0x56095256fb65 - _start
[INFO] [stderr]     34:                0x0 - <unknown>
[INFO] running `Command { std: "docker" "inspect" "205081fe5ed0172578fcf936ce393c42415f007cbca6df3454f03810cb744093", kill_on_drop: false }`
[INFO] running `Command { std: "docker" "rm" "-f" "205081fe5ed0172578fcf936ce393c42415f007cbca6df3454f03810cb744093", kill_on_drop: false }`
[INFO] [stdout] 205081fe5ed0172578fcf936ce393c42415f007cbca6df3454f03810cb744093
