[INFO] cloning repository https://github.com/elizagamedev/wlw
[INFO] running `Command { std: "git" "-c" "credential.helper=" "-c" "credential.helper=/workspace/cargo-home/bin/git-credential-null" "clone" "--bare" "https://github.com/elizagamedev/wlw" "/workspace/cache/git-repos/https%3A%2F%2Fgithub.com%2Felizagamedev%2Fwlw", kill_on_drop: false }`
[INFO] [stderr] Cloning into bare repository '/workspace/cache/git-repos/https%3A%2F%2Fgithub.com%2Felizagamedev%2Fwlw'...
[INFO] running `Command { std: "git" "rev-parse" "HEAD", kill_on_drop: false }`
[INFO] [stdout] a3c3f49c1661b04db203773ec1dbbdfbabbb24b4
[INFO] documenting elizagamedev/wlw against beta-2023-04-20 for beta-1.70-rustdoc-1
[INFO] running `Command { std: "git" "clone" "/workspace/cache/git-repos/https%3A%2F%2Fgithub.com%2Felizagamedev%2Fwlw" "/workspace/builds/worker-4-tc2/source", kill_on_drop: false }`
[INFO] [stderr] Cloning into '/workspace/builds/worker-4-tc2/source'...
[INFO] [stderr] done.
[INFO] validating manifest of git repo https://github.com/elizagamedev/wlw on toolchain beta-2023-04-20
[INFO] running `Command { std: CARGO_HOME="/workspace/cargo-home" RUSTUP_HOME="/workspace/rustup-home" "/workspace/cargo-home/bin/cargo" "+beta-2023-04-20" "metadata" "--manifest-path" "Cargo.toml" "--no-deps", kill_on_drop: false }`
[INFO] started tweaking git repo https://github.com/elizagamedev/wlw
[INFO] finished tweaking git repo https://github.com/elizagamedev/wlw
[INFO] tweaked toml for git repo https://github.com/elizagamedev/wlw written to /workspace/builds/worker-4-tc2/source/Cargo.toml
[INFO] crate git repo https://github.com/elizagamedev/wlw already has a lockfile, it will not be regenerated
[INFO] running `Command { std: CARGO_HOME="/workspace/cargo-home" RUSTUP_HOME="/workspace/rustup-home" "/workspace/cargo-home/bin/cargo" "+beta-2023-04-20" "fetch" "--manifest-path" "Cargo.toml", kill_on_drop: false }`
[INFO] [stderr] warning: /workspace/builds/worker-4-tc2/source/wlw-server/Cargo.toml: Found `debug_assertions` in `target.'cfg(...)'.dependencies`. This value is not supported for selecting dependencies and will not work as expected. To learn more visit https://doc.rust-lang.org/cargo/reference/specifying-dependencies.html#platform-specific-dependencies
[INFO] [stderr]     Updating crates.io index
[INFO] [stderr]  Downloading crates ...
[INFO] [stderr]   Downloaded wintrap v0.2.1
[INFO] [stderr]   Downloaded flexi_logger v0.10.4
[INFO] [stderr]   Downloaded syn v0.15.25
[INFO] [stderr]   Downloaded rlua v0.16.1
[INFO] running `Command { std: "docker" "create" "-v" "/var/lib/crater-agent-workspace/builds/worker-4-tc2/target:/opt/rustwide/target:rw,Z" "-v" "/var/lib/crater-agent-workspace/builds/worker-4-tc2/source:/opt/rustwide/workdir:ro,Z" "-v" "/var/lib/crater-agent-workspace/cargo-home:/opt/rustwide/cargo-home:ro,Z" "-v" "/var/lib/crater-agent-workspace/rustup-home:/opt/rustwide/rustup-home:ro,Z" "-e" "SOURCE_DIR=/opt/rustwide/workdir" "-e" "CARGO_TARGET_DIR=/opt/rustwide/target" "-e" "CARGO_HOME=/opt/rustwide/cargo-home" "-e" "RUSTUP_HOME=/opt/rustwide/rustup-home" "-w" "/opt/rustwide/workdir" "-m" "1610612736" "--user" "0:0" "--network" "none" "ghcr.io/rust-lang/crates-build-env/linux@sha256:5ff2268d62e97bff2cde7d5815dd6ed5b47097566f13b8d0ca110b04b60e07ed" "/opt/rustwide/cargo-home/bin/cargo" "+beta-2023-04-20" "metadata" "--no-deps" "--format-version=1", kill_on_drop: false }`
[INFO] [stdout] e0893187eed9e2508462a0b99d8aeb82633ebad224b2d754f074119b915c456e
[INFO] running `Command { std: "docker" "start" "-a" "e0893187eed9e2508462a0b99d8aeb82633ebad224b2d754f074119b915c456e", kill_on_drop: false }`
[INFO] running `Command { std: "docker" "inspect" "e0893187eed9e2508462a0b99d8aeb82633ebad224b2d754f074119b915c456e", kill_on_drop: false }`
[INFO] running `Command { std: "docker" "rm" "-f" "e0893187eed9e2508462a0b99d8aeb82633ebad224b2d754f074119b915c456e", kill_on_drop: false }`
[INFO] [stdout] e0893187eed9e2508462a0b99d8aeb82633ebad224b2d754f074119b915c456e
[INFO] running `Command { std: "docker" "create" "-v" "/var/lib/crater-agent-workspace/builds/worker-4-tc2/target:/opt/rustwide/target:rw,Z" "-v" "/var/lib/crater-agent-workspace/builds/worker-4-tc2/source:/opt/rustwide/workdir:ro,Z" "-v" "/var/lib/crater-agent-workspace/cargo-home:/opt/rustwide/cargo-home:ro,Z" "-v" "/var/lib/crater-agent-workspace/rustup-home:/opt/rustwide/rustup-home:ro,Z" "-e" "SOURCE_DIR=/opt/rustwide/workdir" "-e" "CARGO_TARGET_DIR=/opt/rustwide/target" "-e" "CARGO_INCREMENTAL=0" "-e" "RUST_BACKTRACE=full" "-e" "RUSTFLAGS=--cap-lints=warn" "-e" "RUSTDOCFLAGS=--cap-lints=warn" "-e" "CARGO_HOME=/opt/rustwide/cargo-home" "-e" "RUSTUP_HOME=/opt/rustwide/rustup-home" "-w" "/opt/rustwide/workdir" "-m" "1610612736" "--user" "0:0" "--network" "none" "ghcr.io/rust-lang/crates-build-env/linux@sha256:5ff2268d62e97bff2cde7d5815dd6ed5b47097566f13b8d0ca110b04b60e07ed" "/opt/rustwide/cargo-home/bin/cargo" "+beta-2023-04-20" "doc" "--frozen" "--no-deps" "--document-private-items" "--message-format=json", kill_on_drop: false }`
[INFO] [stdout] 0ba395ba79709455290d70062d4d57c07e26882de1121622f4156ca182eba6c0
[INFO] running `Command { std: "docker" "start" "-a" "0ba395ba79709455290d70062d4d57c07e26882de1121622f4156ca182eba6c0", kill_on_drop: false }`
[INFO] [stderr] warning: /opt/rustwide/workdir/wlw-server/Cargo.toml: Found `debug_assertions` in `target.'cfg(...)'.dependencies`. This value is not supported for selecting dependencies and will not work as expected. To learn more visit https://doc.rust-lang.org/cargo/reference/specifying-dependencies.html#platform-specific-dependencies
[INFO] [stderr]    Compiling libc v0.2.47
[INFO] [stderr]    Compiling autocfg v0.1.1
[INFO] [stderr]     Checking rand_core v0.3.0
[INFO] [stderr]     Checking cfg-if v0.1.6
[INFO] [stderr]    Compiling cc v1.0.28
[INFO] [stderr]    Compiling proc-macro2 v0.4.24
[INFO] [stderr]     Checking void v1.0.2
[INFO] [stderr]    Compiling version_check v0.1.5
[INFO] [stderr]    Compiling num-traits v0.2.6
[INFO] [stderr]     Checking stable_deref_trait v1.1.1
[INFO] [stderr]     Checking lazy_static v1.2.0
[INFO] [stderr]    Compiling num-integer v0.1.39
[INFO] [stderr]    Compiling failure_derive v0.1.5
[INFO] [stderr]    Compiling winapi v0.3.6
[INFO] [stderr]    Compiling regex v1.1.0
[INFO] [stderr]    Compiling rand_pcg v0.1.1
[INFO] [stderr]    Compiling parking_lot_core v0.4.0
[INFO] [stderr]     Checking rand_isaac v0.1.1
[INFO] [stderr]     Checking unreachable v1.0.0
[INFO] [stderr]     Checking rand_hc v0.1.0
[INFO] [stderr]     Checking rand_xorshift v0.1.1
[INFO] [stderr]     Checking owning_ref v0.4.0
[INFO] [stderr]     Checking smallvec v0.6.7
[INFO] [stderr]     Checking ucd-util v0.1.3
[INFO] [stderr]     Checking thread_local v0.3.6
[INFO] [stderr]    Compiling rand_chacha v0.1.1
[INFO] [stderr]    Compiling rand v0.6.4
[INFO] [stderr]     Checking lock_api v0.1.5
[INFO] [stderr]    Compiling backtrace v0.3.13
[INFO] [stderr]    Compiling memchr v2.1.2
[INFO] [stderr]     Checking regex-syntax v0.6.4
[INFO] [stderr]     Checking crossbeam-utils v0.6.3
[INFO] [stderr]     Checking rustc-demangle v0.1.13
[INFO] [stderr]     Checking utf8-ranges v1.0.2
[INFO] [stderr]     Checking log v0.4.6
[INFO] [stderr]     Checking bitflags v1.0.4
[INFO] [stderr]     Checking glob v0.2.11
[INFO] [stderr]    Compiling quote v0.6.10
[INFO] [stderr]    Compiling backtrace-sys v0.1.28
[INFO] [stderr]    Compiling rlua v0.16.1
[INFO] [stderr]     Checking rand_os v0.1.1
[INFO] [stderr]     Checking time v0.1.42
[INFO] [stderr]     Checking dirs v1.0.4
[INFO] [stderr]    Compiling syn v0.15.25
[INFO] [stderr]     Checking aho-corasick v0.6.9
[INFO] [stderr]     Checking chrono v0.4.6
[INFO] [stderr]     Checking parking_lot v0.7.1
[INFO] [stderr]     Checking crossbeam-channel v0.3.6
[INFO] [stderr]     Checking wintrap v0.2.1
[INFO] [stdout] error[E0557]: feature has been removed
[INFO] [stdout]   --> /opt/rustwide/cargo-home/registry/src/index.crates.io-6f17d22bba15001f/wintrap-0.2.1/src/lib.rs:23:12
[INFO] [stdout]    |
[INFO] [stdout] 23 | #![feature(optin_builtin_traits)]
[INFO] [stdout]    |            ^^^^^^^^^^^^^^^^^^^^ feature has been removed
[INFO] [stdout]    |
[INFO] [stdout]    = note: renamed to `auto_traits`
[INFO] [stdout] 
[INFO] [stdout] 
[INFO] [stdout] error[E0433]: failed to resolve: could not find `windows` in `os`
[INFO] [stdout]  --> /opt/rustwide/cargo-home/registry/src/index.crates.io-6f17d22bba15001f/wintrap-0.2.1/src/windows.rs:2:14
[INFO] [stdout]   |
[INFO] [stdout] 2 | use std::os::windows::prelude::*;
[INFO] [stdout]   |              ^^^^^^^ could not find `windows` in `os`
[INFO] [stdout] 
[INFO] [stdout] 
[INFO] [stdout] error[E0433]: failed to resolve: could not find `shared` in `winapi`
[INFO] [stdout]  --> /opt/rustwide/cargo-home/registry/src/index.crates.io-6f17d22bba15001f/wintrap-0.2.1/src/windows.rs:4:13
[INFO] [stdout]   |
[INFO] [stdout] 4 | use winapi::shared::minwindef::{
[INFO] [stdout]   |             ^^^^^^ could not find `shared` in `winapi`
[INFO] [stdout] 
[INFO] [stdout] 
[INFO] [stdout] error[E0433]: failed to resolve: could not find `shared` in `winapi`
[INFO] [stdout]  --> /opt/rustwide/cargo-home/registry/src/index.crates.io-6f17d22bba15001f/wintrap-0.2.1/src/windows.rs:7:13
[INFO] [stdout]   |
[INFO] [stdout] 7 | use winapi::shared::ntdef::{LANG_NEUTRAL, LPCWSTR, LPWSTR, MAKELANGID, SUBLANG_DEFAULT};
[INFO] [stdout]   |             ^^^^^^ could not find `shared` in `winapi`
[INFO] [stdout] 
[INFO] [stdout] 
[INFO] [stdout] error[E0433]: failed to resolve: could not find `shared` in `winapi`
[INFO] [stdout]  --> /opt/rustwide/cargo-home/registry/src/index.crates.io-6f17d22bba15001f/wintrap-0.2.1/src/windows.rs:8:13
[INFO] [stdout]   |
[INFO] [stdout] 8 | use winapi::shared::windef::HWND;
[INFO] [stdout]   |             ^^^^^^ could not find `shared` in `winapi`
[INFO] [stdout] 
[INFO] [stdout] 
[INFO] [stdout] error[E0433]: failed to resolve: could not find `um` in `winapi`
[INFO] [stdout]  --> /opt/rustwide/cargo-home/registry/src/index.crates.io-6f17d22bba15001f/wintrap-0.2.1/src/windows.rs:9:13
[INFO] [stdout]   |
[INFO] [stdout] 9 | use winapi::um::consoleapi::SetConsoleCtrlHandler;
[INFO] [stdout]   |             ^^ could not find `um` in `winapi`
[INFO] [stdout] 
[INFO] [stdout] 
[INFO] [stdout] error[E0433]: failed to resolve: could not find `um` in `winapi`
[INFO] [stdout]   --> /opt/rustwide/cargo-home/registry/src/index.crates.io-6f17d22bba15001f/wintrap-0.2.1/src/windows.rs:10:13
[INFO] [stdout]    |
[INFO] [stdout] 10 | use winapi::um::errhandlingapi::GetLastError;
[INFO] [stdout]    |             ^^ could not find `um` in `winapi`
[INFO] [stdout] 
[INFO] [stdout] 
[INFO] [stdout] error[E0433]: failed to resolve: could not find `um` in `winapi`
[INFO] [stdout]   --> /opt/rustwide/cargo-home/registry/src/index.crates.io-6f17d22bba15001f/wintrap-0.2.1/src/windows.rs:11:13
[INFO] [stdout]    |
[INFO] [stdout] 11 | use winapi::um::libloaderapi::GetModuleHandleW;
[INFO] [stdout]    |             ^^ could not find `um` in `winapi`
[INFO] [stdout] 
[INFO] [stdout] 
[INFO] [stdout] error[E0433]: failed to resolve: could not find `um` in `winapi`
[INFO] [stdout]   --> /opt/rustwide/cargo-home/registry/src/index.crates.io-6f17d22bba15001f/wintrap-0.2.1/src/windows.rs:12:13
[INFO] [stdout]    |
[INFO] [stdout] 12 | use winapi::um::processthreadsapi::GetCurrentThreadId;
[INFO] [stdout]    |             ^^ could not find `um` in `winapi`
[INFO] [stdout] 
[INFO] [stdout] 
[INFO] [stdout] error[E0433]: failed to resolve: could not find `um` in `winapi`
[INFO] [stdout]   --> /opt/rustwide/cargo-home/registry/src/index.crates.io-6f17d22bba15001f/wintrap-0.2.1/src/windows.rs:13:13
[INFO] [stdout]    |
[INFO] [stdout] 13 | use winapi::um::winbase::{
[INFO] [stdout]    |             ^^ could not find `um` in `winapi`
[INFO] [stdout] 
[INFO] [stdout] 
[INFO] [stdout] error[E0433]: failed to resolve: could not find `um` in `winapi`
[INFO] [stdout]   --> /opt/rustwide/cargo-home/registry/src/index.crates.io-6f17d22bba15001f/wintrap-0.2.1/src/windows.rs:17:13
[INFO] [stdout]    |
[INFO] [stdout] 17 | use winapi::um::winuser::{
[INFO] [stdout]    |             ^^ could not find `um` in `winapi`
[INFO] [stdout] 
[INFO] [stdout] 
[INFO] [stdout] error[E0433]: failed to resolve: could not find `shared` in `winapi`
[INFO] [stdout]   --> /opt/rustwide/cargo-home/registry/src/index.crates.io-6f17d22bba15001f/wintrap-0.2.1/src/lib.rs:33:13
[INFO] [stdout]    |
[INFO] [stdout] 33 | use winapi::shared::minwindef::{BOOL, DWORD, FALSE, LPARAM, LRESULT, TRUE, UINT, WPARAM};
[INFO] [stdout]    |             ^^^^^^ could not find `shared` in `winapi`
[INFO] [stdout] 
[INFO] [stdout] 
[INFO] [stdout] error[E0433]: failed to resolve: could not find `shared` in `winapi`
[INFO] [stdout]   --> /opt/rustwide/cargo-home/registry/src/index.crates.io-6f17d22bba15001f/wintrap-0.2.1/src/lib.rs:34:13
[INFO] [stdout]    |
[INFO] [stdout] 34 | use winapi::shared::windef::HWND;
[INFO] [stdout]    |             ^^^^^^ could not find `shared` in `winapi`
[INFO] [stdout] 
[INFO] [stdout] 
[INFO] [stdout] error[E0433]: failed to resolve: could not find `um` in `winapi`
[INFO] [stdout]   --> /opt/rustwide/cargo-home/registry/src/index.crates.io-6f17d22bba15001f/wintrap-0.2.1/src/lib.rs:35:13
[INFO] [stdout]    |
[INFO] [stdout] 35 | use winapi::um::wincon::{CTRL_BREAK_EVENT, CTRL_CLOSE_EVENT, CTRL_C_EVENT};
[INFO] [stdout]    |             ^^ could not find `um` in `winapi`
[INFO] [stdout] 
[INFO] [stdout] 
[INFO] [stdout] error[E0433]: failed to resolve: could not find `um` in `winapi`
[INFO] [stdout]   --> /opt/rustwide/cargo-home/registry/src/index.crates.io-6f17d22bba15001f/wintrap-0.2.1/src/lib.rs:36:13
[INFO] [stdout]    |
[INFO] [stdout] 36 | use winapi::um::winuser::{DefWindowProcW, WM_CLOSE, WM_QUIT};
[INFO] [stdout]    |             ^^ could not find `um` in `winapi`
[INFO] [stdout] 
[INFO] [stdout] 
[INFO] [stdout] error[E0658]: negative trait bounds are not yet fully implemented; use marker types for now
[INFO] [stdout]    --> /opt/rustwide/cargo-home/registry/src/index.crates.io-6f17d22bba15001f/wintrap-0.2.1/src/lib.rs:184:6
[INFO] [stdout]     |
[INFO] [stdout] 184 | impl !Send for Trap {}
[INFO] [stdout]     |      ^^^^^
[INFO] [stdout]     |
[INFO] [stdout]     = note: see issue #68318 <https://github.com/rust-lang/rust/issues/68318> for more information
[INFO] [stdout] 
[INFO] [stdout] 
[INFO] [stdout] error[E0658]: negative trait bounds are not yet fully implemented; use marker types for now
[INFO] [stdout]    --> /opt/rustwide/cargo-home/registry/src/index.crates.io-6f17d22bba15001f/wintrap-0.2.1/src/lib.rs:185:6
[INFO] [stdout]     |
[INFO] [stdout] 185 | impl !Sync for Trap {}
[INFO] [stdout]     |      ^^^^^
[INFO] [stdout]     |
[INFO] [stdout]     = note: see issue #68318 <https://github.com/rust-lang/rust/issues/68318> for more information
[INFO] [stdout] 
[INFO] [stdout] 
[INFO] [stdout] error: attribute must be applied to a `static` variable
[INFO] [stdout]    --> /opt/rustwide/cargo-home/registry/src/index.crates.io-6f17d22bba15001f/wintrap-0.2.1/src/windows.rs:143:5
[INFO] [stdout]     |
[INFO] [stdout] 143 |     #[used]
[INFO] [stdout]     |     ^^^^^^^
[INFO] [stdout] 
[INFO] [stdout] 
[INFO] [stdout] error[E0599]: no method named `encode_wide` found for struct `OsString` in the current scope
[INFO] [stdout]   --> /opt/rustwide/cargo-home/registry/src/index.crates.io-6f17d22bba15001f/wintrap-0.2.1/src/windows.rs:25:10
[INFO] [stdout]    |
[INFO] [stdout] 24 |       static ref WINDOW_IDENTIFIER: Vec<u16> = OsString::from("RUST_WINSIG")
[INFO] [stdout]    |  ______________________________________________-
[INFO] [stdout] 25 | |         .encode_wide()
[INFO] [stdout]    | |         -^^^^^^^^^^^ method not found in `OsString`
[INFO] [stdout]    | |_________|
[INFO] [stdout]    | 
[INFO] [stdout] 
[INFO] [stdout] 
[INFO] [stdout] error[E0599]: no method named `encode_wide` found for struct `OsString` in the current scope
[INFO] [stdout]   --> /opt/rustwide/cargo-home/registry/src/index.crates.io-6f17d22bba15001f/wintrap-0.2.1/src/windows.rs:58:10
[INFO] [stdout]    |
[INFO] [stdout] 57 |       let identifier_wide = OsString::from(identifier.as_ref())
[INFO] [stdout]    |  ___________________________-
[INFO] [stdout] 58 | |         .encode_wide()
[INFO] [stdout]    | |         -^^^^^^^^^^^ method not found in `OsString`
[INFO] [stdout]    | |_________|
[INFO] [stdout]    | 
[INFO] [stdout] 
[INFO] [stdout] 
[INFO] [stdout] error[E0599]: no function or associated item named `from_wide` found for struct `OsString` in the current scope
[INFO] [stdout]    --> /opt/rustwide/cargo-home/registry/src/index.crates.io-6f17d22bba15001f/wintrap-0.2.1/src/windows.rs:134:19
[INFO] [stdout]     |
[INFO] [stdout] 134 |         OsString::from_wide(unsafe { slice::from_raw_parts(buf as *const u16, size as usize) });
[INFO] [stdout]     |                   ^^^^^^^^^ function or associated item not found in `OsString`
[INFO] [stdout] 
[INFO] [stdout] 
[INFO] [stdout] error[E0618]: expected function, found `impl Fn(&MSG)`
[INFO] [stdout]    --> /opt/rustwide/cargo-home/registry/src/index.crates.io-6f17d22bba15001f/wintrap-0.2.1/src/windows.rs:181:17
[INFO] [stdout]     |
[INFO] [stdout] 176 |     pub fn run_event_loop(&mut self, message_cb: impl Fn(&MSG)) -> Result<i32, DWORD> {
[INFO] [stdout]     |                                      ---------- `message_cb` has type `impl Fn(&MSG)`
[INFO] [stdout] ...
[INFO] [stdout] 181 |                 message_cb(&msg);
[INFO] [stdout]     |                 ^^^^^^^^^^------
[INFO] [stdout]     |                 |
[INFO] [stdout]     |                 call expression requires function
[INFO] [stdout] 
[INFO] [stdout] 
[INFO] [stdout] error: aborting due to 22 previous errors
[INFO] [stdout] 
[INFO] [stdout] 
[INFO] [stdout] Some errors have detailed explanations: E0433, E0557, E0599, E0618, E0658.
[INFO] [stdout] 
[INFO] [stdout] For more information about an error, try `rustc --explain E0433`.
[INFO] [stdout] 
[INFO] [stderr] error: could not compile `wintrap` (lib) due to 23 previous errors
[INFO] [stderr] warning: build failed, waiting for other jobs to finish...
[INFO] running `Command { std: "docker" "inspect" "0ba395ba79709455290d70062d4d57c07e26882de1121622f4156ca182eba6c0", kill_on_drop: false }`
[INFO] running `Command { std: "docker" "rm" "-f" "0ba395ba79709455290d70062d4d57c07e26882de1121622f4156ca182eba6c0", kill_on_drop: false }`
[INFO] [stdout] 0ba395ba79709455290d70062d4d57c07e26882de1121622f4156ca182eba6c0
