[INFO] cloning repository https://github.com/eeeeeta/sqa-lang
[INFO] running `Command { std: "git" "-c" "credential.helper=" "-c" "credential.helper=/workspace/cargo-home/bin/git-credential-null" "clone" "--bare" "https://github.com/eeeeeta/sqa-lang" "/workspace/cache/git-repos/https%3A%2F%2Fgithub.com%2Feeeeeta%2Fsqa-lang", kill_on_drop: false }`
[INFO] [stderr] Cloning into bare repository '/workspace/cache/git-repos/https%3A%2F%2Fgithub.com%2Feeeeeta%2Fsqa-lang'...
[INFO] running `Command { std: "git" "rev-parse" "HEAD", kill_on_drop: false }`
[INFO] [stdout] 3253ada9a764a6fa527a134d0d899acbaa7df51e
[INFO] documenting eeeeeta/sqa-lang against beta-2023-04-20 for beta-1.70-rustdoc-1
[INFO] running `Command { std: "git" "clone" "/workspace/cache/git-repos/https%3A%2F%2Fgithub.com%2Feeeeeta%2Fsqa-lang" "/workspace/builds/worker-4-tc2/source", kill_on_drop: false }`
[INFO] [stderr] Cloning into '/workspace/builds/worker-4-tc2/source'...
[INFO] [stderr] done.
[INFO] validating manifest of git repo https://github.com/eeeeeta/sqa-lang on toolchain beta-2023-04-20
[INFO] running `Command { std: CARGO_HOME="/workspace/cargo-home" RUSTUP_HOME="/workspace/rustup-home" "/workspace/cargo-home/bin/cargo" "+beta-2023-04-20" "metadata" "--manifest-path" "Cargo.toml" "--no-deps", kill_on_drop: false }`
[INFO] started tweaking git repo https://github.com/eeeeeta/sqa-lang
[INFO] finished tweaking git repo https://github.com/eeeeeta/sqa-lang
[INFO] tweaked toml for git repo https://github.com/eeeeeta/sqa-lang written to /workspace/builds/worker-4-tc2/source/Cargo.toml
[INFO] crate git repo https://github.com/eeeeeta/sqa-lang already has a lockfile, it will not be regenerated
[INFO] running `Command { std: CARGO_HOME="/workspace/cargo-home" RUSTUP_HOME="/workspace/rustup-home" "/workspace/cargo-home/bin/cargo" "+beta-2023-04-20" "fetch" "--manifest-path" "Cargo.toml", kill_on_drop: false }`
[INFO] running `Command { std: "docker" "create" "-v" "/var/lib/crater-agent-workspace/builds/worker-4-tc2/target:/opt/rustwide/target:rw,Z" "-v" "/var/lib/crater-agent-workspace/builds/worker-4-tc2/source:/opt/rustwide/workdir:ro,Z" "-v" "/var/lib/crater-agent-workspace/cargo-home:/opt/rustwide/cargo-home:ro,Z" "-v" "/var/lib/crater-agent-workspace/rustup-home:/opt/rustwide/rustup-home:ro,Z" "-e" "SOURCE_DIR=/opt/rustwide/workdir" "-e" "CARGO_TARGET_DIR=/opt/rustwide/target" "-e" "CARGO_HOME=/opt/rustwide/cargo-home" "-e" "RUSTUP_HOME=/opt/rustwide/rustup-home" "-w" "/opt/rustwide/workdir" "-m" "1610612736" "--user" "0:0" "--network" "none" "ghcr.io/rust-lang/crates-build-env/linux@sha256:5ff2268d62e97bff2cde7d5815dd6ed5b47097566f13b8d0ca110b04b60e07ed" "/opt/rustwide/cargo-home/bin/cargo" "+beta-2023-04-20" "metadata" "--no-deps" "--format-version=1", kill_on_drop: false }`
[INFO] [stdout] cad3a4e4c8cc4810e0624a7b7f680b1cd343ea2413dd6dd287cfeb04ad01513b
[INFO] running `Command { std: "docker" "start" "-a" "cad3a4e4c8cc4810e0624a7b7f680b1cd343ea2413dd6dd287cfeb04ad01513b", kill_on_drop: false }`
[INFO] running `Command { std: "docker" "inspect" "cad3a4e4c8cc4810e0624a7b7f680b1cd343ea2413dd6dd287cfeb04ad01513b", kill_on_drop: false }`
[INFO] running `Command { std: "docker" "rm" "-f" "cad3a4e4c8cc4810e0624a7b7f680b1cd343ea2413dd6dd287cfeb04ad01513b", kill_on_drop: false }`
[INFO] [stdout] cad3a4e4c8cc4810e0624a7b7f680b1cd343ea2413dd6dd287cfeb04ad01513b
[INFO] running `Command { std: "docker" "create" "-v" "/var/lib/crater-agent-workspace/builds/worker-4-tc2/target:/opt/rustwide/target:rw,Z" "-v" "/var/lib/crater-agent-workspace/builds/worker-4-tc2/source:/opt/rustwide/workdir:ro,Z" "-v" "/var/lib/crater-agent-workspace/cargo-home:/opt/rustwide/cargo-home:ro,Z" "-v" "/var/lib/crater-agent-workspace/rustup-home:/opt/rustwide/rustup-home:ro,Z" "-e" "SOURCE_DIR=/opt/rustwide/workdir" "-e" "CARGO_TARGET_DIR=/opt/rustwide/target" "-e" "CARGO_INCREMENTAL=0" "-e" "RUST_BACKTRACE=full" "-e" "RUSTFLAGS=--cap-lints=warn" "-e" "RUSTDOCFLAGS=--cap-lints=warn" "-e" "CARGO_HOME=/opt/rustwide/cargo-home" "-e" "RUSTUP_HOME=/opt/rustwide/rustup-home" "-w" "/opt/rustwide/workdir" "-m" "1610612736" "--user" "0:0" "--network" "none" "ghcr.io/rust-lang/crates-build-env/linux@sha256:5ff2268d62e97bff2cde7d5815dd6ed5b47097566f13b8d0ca110b04b60e07ed" "/opt/rustwide/cargo-home/bin/cargo" "+beta-2023-04-20" "doc" "--frozen" "--no-deps" "--document-private-items" "--message-format=json", kill_on_drop: false }`
[INFO] [stdout] de78cb814d3699731193152f38bc67ca4df4494fcf4acf444a73d39c178b4f0e
[INFO] running `Command { std: "docker" "start" "-a" "de78cb814d3699731193152f38bc67ca4df4494fcf4acf444a73d39c178b4f0e", kill_on_drop: false }`
[INFO] [stderr]    Compiling winapi-build v0.1.1
[INFO] [stderr]     Checking num-traits v0.1.36
[INFO] [stderr]     Checking winapi v0.2.8
[INFO] [stderr]     Checking libc v0.2.17
[INFO] [stderr]    Compiling peg v0.3.16 (https://github.com/eeeeeta/rust-peg#59f75ef5)
[INFO] [stdout] error[E0557]: feature has been removed
[INFO] [stdout]  --> /opt/rustwide/cargo-home/git/checkouts/rust-peg-8006eb23f3dbf49a/59f75ef/src/peg_syntax_ext.rs:1:12
[INFO] [stdout]   |
[INFO] [stdout] 1 | #![feature(plugin_registrar, quote, rustc_private, box_patterns)]
[INFO] [stdout]   |            ^^^^^^^^^^^^^^^^ feature has been removed
[INFO] [stdout]   |
[INFO] [stdout]   = note: a __rustc_plugin_registrar symbol must now be defined instead
[INFO] [stdout] 
[INFO] [stdout] 
[INFO] [stdout] error[E0557]: feature has been removed
[INFO] [stdout]  --> /opt/rustwide/cargo-home/git/checkouts/rust-peg-8006eb23f3dbf49a/59f75ef/src/peg_syntax_ext.rs:1:30
[INFO] [stdout]   |
[INFO] [stdout] 1 | #![feature(plugin_registrar, quote, rustc_private, box_patterns)]
[INFO] [stdout]   |                              ^^^^^ feature has been removed
[INFO] [stdout] 
[INFO] [stdout] 
[INFO] [stdout] error[E0463]: can't find crate for `rustc_plugin`
[INFO] [stdout]  --> /opt/rustwide/cargo-home/git/checkouts/rust-peg-8006eb23f3dbf49a/59f75ef/src/peg_syntax_ext.rs:3:1
[INFO] [stdout]   |
[INFO] [stdout] 3 | extern crate rustc_plugin;
[INFO] [stdout]   | ^^^^^^^^^^^^^^^^^^^^^^^^^^ can't find crate
[INFO] [stdout]   |
[INFO] [stdout]   = help: maybe you need to install the missing components with: `rustup component add rust-src rustc-dev llvm-tools-preview`
[INFO] [stdout] 
[INFO] [stdout] 
[INFO] [stdout] error[E0463]: can't find crate for `syntax`
[INFO] [stdout]  --> /opt/rustwide/cargo-home/git/checkouts/rust-peg-8006eb23f3dbf49a/59f75ef/src/peg_syntax_ext.rs:4:14
[INFO] [stdout]   |
[INFO] [stdout] 4 | #[macro_use] pub extern crate syntax;
[INFO] [stdout]   |              ^^^^^^^^^^^^^^^^^^^^^^^^ can't find crate
[INFO] [stdout] 
[INFO] [stdout] 
[INFO] [stdout] error[E0463]: can't find crate for `syntax_pos`
[INFO] [stdout]  --> /opt/rustwide/cargo-home/git/checkouts/rust-peg-8006eb23f3dbf49a/59f75ef/src/peg_syntax_ext.rs:5:14
[INFO] [stdout]   |
[INFO] [stdout] 5 | #[macro_use] extern crate syntax_pos;
[INFO] [stdout]   |              ^^^^^^^^^^^^^^^^^^^^^^^^ can't find crate
[INFO] [stdout] 
[INFO] [stdout] 
[INFO] [stdout] error[E0463]: can't find crate for `rustc_errors`
[INFO] [stdout]  --> /opt/rustwide/cargo-home/git/checkouts/rust-peg-8006eb23f3dbf49a/59f75ef/src/peg_syntax_ext.rs:6:1
[INFO] [stdout]   |
[INFO] [stdout] 6 | pub extern crate rustc_errors as errors;
[INFO] [stdout]   | ^^^^^^^^^^^^^^^^^^^^^^^^^^^^^^^^^^^^^^^^ can't find crate
[INFO] [stdout]   |
[INFO] [stdout]   = help: maybe you need to install the missing components with: `rustup component add rust-src rustc-dev llvm-tools-preview`
[INFO] [stdout] 
[INFO] [stdout] 
[INFO] [stdout] error[E0432]: unresolved imports `rustast::AstBuilder`, `rustast::DUMMY_SP`, `rustast::TokenTree`, `rustast::DUMMY_SP`, `rustast::AstBuilder`
[INFO] [stdout]   --> /opt/rustwide/cargo-home/git/checkouts/rust-peg-8006eb23f3dbf49a/59f75ef/src/peg_syntax_ext.rs:20:15
[INFO] [stdout]    |
[INFO] [stdout] 20 | use rustast::{AstBuilder, DUMMY_SP, TokenTree};
[INFO] [stdout]    |               ^^^^^^^^^^  ^^^^^^^^  ^^^^^^^^^
[INFO] [stdout]    |
[INFO] [stdout]   ::: /opt/rustwide/cargo-home/git/checkouts/rust-peg-8006eb23f3dbf49a/59f75ef/src/translate.rs:3:5
[INFO] [stdout]    |
[INFO] [stdout] 3  | use rustast::DUMMY_SP;
[INFO] [stdout]    |     ^^^^^^^^^^^^^^^^^
[INFO] [stdout] 4  | use rustast::AstBuilder;
[INFO] [stdout]    |     ^^^^^^^^^^^^^^^^^^^
[INFO] [stdout] 
[INFO] [stdout] 
[INFO] [stdout] error: cannot find macro `quote_tokens` in this scope
[INFO] [stdout]    --> /opt/rustwide/cargo-home/git/checkouts/rust-peg-8006eb23f3dbf49a/59f75ef/src/translate.rs:102:29
[INFO] [stdout]     |
[INFO] [stdout] 102 |             cache_fields.append(&mut quote_tokens!(ctxt, $name: $map_type,));
[INFO] [stdout]     |                                      ^^^^^^^^^^^^
[INFO] [stdout] 
[INFO] [stdout] 
[INFO] [stdout] error: cannot find macro `quote_tokens` in this scope
[INFO] [stdout]    --> /opt/rustwide/cargo-home/git/checkouts/rust-peg-8006eb23f3dbf49a/59f75ef/src/translate.rs:103:27
[INFO] [stdout]     |
[INFO] [stdout] 103 |             cache_init.append(&mut quote_tokens!(ctxt, $name: ::std::collections::HashMap::new(),));
[INFO] [stdout]     |                                    ^^^^^^^^^^^^
[INFO] [stdout] 
[INFO] [stdout] 
[INFO] [stdout] error: cannot find macro `quote_item` in this scope
[INFO] [stdout]    --> /opt/rustwide/cargo-home/git/checkouts/rust-peg-8006eb23f3dbf49a/59f75ef/src/translate.rs:107:13
[INFO] [stdout]     |
[INFO] [stdout] 107 |     items.push(quote_item!(ctxt,
[INFO] [stdout]     |                ^^^^^^^^^^
[INFO] [stdout] 
[INFO] [stdout] 
[INFO] [stdout] error: cannot find macro `quote_item` in this scope
[INFO] [stdout]    --> /opt/rustwide/cargo-home/git/checkouts/rust-peg-8006eb23f3dbf49a/59f75ef/src/translate.rs:116:13
[INFO] [stdout]     |
[INFO] [stdout] 116 |     items.push(quote_item!(ctxt,
[INFO] [stdout]     |                ^^^^^^^^^^
[INFO] [stdout] 
[INFO] [stdout] 
[INFO] [stdout] error: cannot find macro `quote_item` in this scope
[INFO] [stdout]    --> /opt/rustwide/cargo-home/git/checkouts/rust-peg-8006eb23f3dbf49a/59f75ef/src/translate.rs:154:13
[INFO] [stdout]     |
[INFO] [stdout] 154 |     items.push(quote_item!(ctxt,
[INFO] [stdout]     |                ^^^^^^^^^^
[INFO] [stdout] 
[INFO] [stdout] 
[INFO] [stdout] error: cannot find macro `quote_item` in this scope
[INFO] [stdout]    --> /opt/rustwide/cargo-home/git/checkouts/rust-peg-8006eb23f3dbf49a/59f75ef/src/translate.rs:160:13
[INFO] [stdout]     |
[INFO] [stdout] 160 |     items.push(quote_item!(ctxt,
[INFO] [stdout]     |                ^^^^^^^^^^
[INFO] [stdout] 
[INFO] [stdout] 
[INFO] [stdout] error: cannot find macro `quote_item` in this scope
[INFO] [stdout]    --> /opt/rustwide/cargo-home/git/checkouts/rust-peg-8006eb23f3dbf49a/59f75ef/src/translate.rs:168:13
[INFO] [stdout]     |
[INFO] [stdout] 168 |     items.push(quote_item!(ctxt,
[INFO] [stdout]     |                ^^^^^^^^^^
[INFO] [stdout] 
[INFO] [stdout] 
[INFO] [stdout] error: cannot find macro `quote_item` in this scope
[INFO] [stdout]    --> /opt/rustwide/cargo-home/git/checkouts/rust-peg-8006eb23f3dbf49a/59f75ef/src/translate.rs:176:13
[INFO] [stdout]     |
[INFO] [stdout] 176 |     items.push(quote_item!(ctxt,
[INFO] [stdout]     |                ^^^^^^^^^^
[INFO] [stdout] 
[INFO] [stdout] 
[INFO] [stdout] error: cannot find macro `quote_item` in this scope
[INFO] [stdout]    --> /opt/rustwide/cargo-home/git/checkouts/rust-peg-8006eb23f3dbf49a/59f75ef/src/translate.rs:186:13
[INFO] [stdout]     |
[INFO] [stdout] 186 |     items.push(quote_item!(ctxt,
[INFO] [stdout]     |                ^^^^^^^^^^
[INFO] [stdout] 
[INFO] [stdout] 
[INFO] [stdout] error: cannot find macro `quote_item` in this scope
[INFO] [stdout]    --> /opt/rustwide/cargo-home/git/checkouts/rust-peg-8006eb23f3dbf49a/59f75ef/src/translate.rs:190:13
[INFO] [stdout]     |
[INFO] [stdout] 190 |     items.push(quote_item!(ctxt,
[INFO] [stdout]     |                ^^^^^^^^^^
[INFO] [stdout] 
[INFO] [stdout] 
[INFO] [stdout] error: cannot find macro `quote_item` in this scope
[INFO] [stdout]    --> /opt/rustwide/cargo-home/git/checkouts/rust-peg-8006eb23f3dbf49a/59f75ef/src/translate.rs:212:13
[INFO] [stdout]     |
[INFO] [stdout] 212 |     items.push(quote_item!(ctxt,
[INFO] [stdout]     |                ^^^^^^^^^^
[INFO] [stdout] 
[INFO] [stdout] 
[INFO] [stdout] error: cannot find macro `quote_item` in this scope
[INFO] [stdout]    --> /opt/rustwide/cargo-home/git/checkouts/rust-peg-8006eb23f3dbf49a/59f75ef/src/translate.rs:220:13
[INFO] [stdout]     |
[INFO] [stdout] 220 |     items.push(quote_item!(ctxt,
[INFO] [stdout]     |                ^^^^^^^^^^
[INFO] [stdout] 
[INFO] [stdout] 
[INFO] [stdout] error: cannot find macro `quote_item` in this scope
[INFO] [stdout]    --> /opt/rustwide/cargo-home/git/checkouts/rust-peg-8006eb23f3dbf49a/59f75ef/src/translate.rs:234:13
[INFO] [stdout]     |
[INFO] [stdout] 234 |     items.push(quote_item!(ctxt,
[INFO] [stdout]     |                ^^^^^^^^^^
[INFO] [stdout] 
[INFO] [stdout] 
[INFO] [stdout] error: cannot find macro `quote_item` in this scope
[INFO] [stdout]    --> /opt/rustwide/cargo-home/git/checkouts/rust-peg-8006eb23f3dbf49a/59f75ef/src/translate.rs:257:13
[INFO] [stdout]     |
[INFO] [stdout] 257 |     items.push(quote_item!(ctxt,
[INFO] [stdout]     |                ^^^^^^^^^^
[INFO] [stdout] 
[INFO] [stdout] 
[INFO] [stdout] error: cannot find macro `quote_item` in this scope
[INFO] [stdout]    --> /opt/rustwide/cargo-home/git/checkouts/rust-peg-8006eb23f3dbf49a/59f75ef/src/translate.rs:272:13
[INFO] [stdout]     |
[INFO] [stdout] 272 |     items.push(quote_item!(ctxt,
[INFO] [stdout]     |                ^^^^^^^^^^
[INFO] [stdout] 
[INFO] [stdout] 
[INFO] [stdout] error: cannot find macro `quote_expr` in this scope
[INFO] [stdout]    --> /opt/rustwide/cargo-home/git/checkouts/rust-peg-8006eb23f3dbf49a/59f75ef/src/translate.rs:298:3
[INFO] [stdout]     |
[INFO] [stdout] 298 |         quote_expr!(ctxt, {
[INFO] [stdout]     |         ^^^^^^^^^^
[INFO] [stdout] 
[INFO] [stdout] 
[INFO] [stdout] error: cannot find macro `quote_item` in this scope
[INFO] [stdout]    --> /opt/rustwide/cargo-home/git/checkouts/rust-peg-8006eb23f3dbf49a/59f75ef/src/translate.rs:316:3
[INFO] [stdout]     |
[INFO] [stdout] 316 |         quote_item!(ctxt,
[INFO] [stdout]     |         ^^^^^^^^^^
[INFO] [stdout] 
[INFO] [stdout] 
[INFO] [stdout] error: cannot find macro `quote_item` in this scope
[INFO] [stdout]    --> /opt/rustwide/cargo-home/git/checkouts/rust-peg-8006eb23f3dbf49a/59f75ef/src/translate.rs:329:3
[INFO] [stdout]     |
[INFO] [stdout] 329 |         quote_item!(ctxt,
[INFO] [stdout]     |         ^^^^^^^^^^
[INFO] [stdout] 
[INFO] [stdout] 
[INFO] [stdout] error: cannot find macro `quote_item` in this scope
[INFO] [stdout]    --> /opt/rustwide/cargo-home/git/checkouts/rust-peg-8006eb23f3dbf49a/59f75ef/src/translate.rs:347:3
[INFO] [stdout]     |
[INFO] [stdout] 347 |     (quote_item!(ctxt,
[INFO] [stdout]     |      ^^^^^^^^^^
[INFO] [stdout] 
[INFO] [stdout] 
[INFO] [stdout] error: cannot find macro `quote_expr` in this scope
[INFO] [stdout]    --> /opt/rustwide/cargo-home/git/checkouts/rust-peg-8006eb23f3dbf49a/59f75ef/src/translate.rs:377:2
[INFO] [stdout]     |
[INFO] [stdout] 377 |     quote_expr!(ctxt, {
[INFO] [stdout]     |     ^^^^^^^^^^
[INFO] [stdout] 
[INFO] [stdout] 
[INFO] [stdout] error: cannot find macro `quote_expr` in this scope
[INFO] [stdout]    --> /opt/rustwide/cargo-home/git/checkouts/rust-peg-8006eb23f3dbf49a/59f75ef/src/translate.rs:417:4
[INFO] [stdout]     |
[INFO] [stdout] 417 |             quote_expr!(ctxt, any_char(input, state, pos))
[INFO] [stdout]     |             ^^^^^^^^^^
[INFO] [stdout] 
[INFO] [stdout] 
[INFO] [stdout] error: cannot find macro `quote_expr` in this scope
[INFO] [stdout]    --> /opt/rustwide/cargo-home/git/checkouts/rust-peg-8006eb23f3dbf49a/59f75ef/src/translate.rs:423:5
[INFO] [stdout]     |
[INFO] [stdout] 423 |                 quote_expr!(ctxt, slice_eq_case_insensitive(input, state, pos, $sl))
[INFO] [stdout]     |                 ^^^^^^^^^^
[INFO] [stdout] 
[INFO] [stdout] 
[INFO] [stdout] error: cannot find macro `quote_expr` in this scope
[INFO] [stdout]    --> /opt/rustwide/cargo-home/git/checkouts/rust-peg-8006eb23f3dbf49a/59f75ef/src/translate.rs:426:5
[INFO] [stdout]     |
[INFO] [stdout] 426 |                 quote_expr!(ctxt, slice_eq(input, state, pos, $sl))
[INFO] [stdout]     |                 ^^^^^^^^^^
[INFO] [stdout] 
[INFO] [stdout] 
[INFO] [stdout] error: cannot find macro `quote_expr` in this scope
[INFO] [stdout]    --> /opt/rustwide/cargo-home/git/checkouts/rust-peg-8006eb23f3dbf49a/59f75ef/src/translate.rs:435:5
[INFO] [stdout]     |
[INFO] [stdout] 435 |                 quote_expr!(ctxt, Matched(next, ())),
[INFO] [stdout]     |                 ^^^^^^^^^^
[INFO] [stdout] 
[INFO] [stdout] 
[INFO] [stdout] error: cannot find macro `quote_expr` in this scope
[INFO] [stdout]    --> /opt/rustwide/cargo-home/git/checkouts/rust-peg-8006eb23f3dbf49a/59f75ef/src/translate.rs:436:5
[INFO] [stdout]     |
[INFO] [stdout] 436 |                 quote_expr!(ctxt, state.mark_failure(pos, $expected_str)),
[INFO] [stdout]     |                 ^^^^^^^^^^
[INFO] [stdout] 
[INFO] [stdout] 
[INFO] [stdout] error: cannot find macro `quote_expr` in this scope
[INFO] [stdout]    --> /opt/rustwide/cargo-home/git/checkouts/rust-peg-8006eb23f3dbf49a/59f75ef/src/translate.rs:439:38
[INFO] [stdout]     |
[INFO] [stdout] 439 |             let m = ctxt.expr_match(DUMMY_SP, quote_expr!(ctxt, ch), vec!(
[INFO] [stdout]     |                                               ^^^^^^^^^^
[INFO] [stdout] 
[INFO] [stdout] 
[INFO] [stdout] error: cannot find macro `quote_expr` in this scope
[INFO] [stdout]    --> /opt/rustwide/cargo-home/git/checkouts/rust-peg-8006eb23f3dbf49a/59f75ef/src/translate.rs:453:4
[INFO] [stdout]     |
[INFO] [stdout] 453 |             quote_expr!(ctxt, if input.len() > pos {
[INFO] [stdout]     |             ^^^^^^^^^^
[INFO] [stdout] 
[INFO] [stdout] 
[INFO] [stdout] error: cannot find macro `quote_expr` in this scope
[INFO] [stdout]    --> /opt/rustwide/cargo-home/git/checkouts/rust-peg-8006eb23f3dbf49a/59f75ef/src/translate.rs:469:7
[INFO] [stdout]     |
[INFO] [stdout] 469 |                         quote_expr!(ctxt, {
[INFO] [stdout]     |                         ^^^^^^^^^^
[INFO] [stdout] 
[INFO] [stdout] 
[INFO] [stdout] error: cannot find macro `quote_expr` in this scope
[INFO] [stdout]    --> /opt/rustwide/cargo-home/git/checkouts/rust-peg-8006eb23f3dbf49a/59f75ef/src/translate.rs:481:7
[INFO] [stdout]     |
[INFO] [stdout] 481 |                         quote_expr!(ctxt, {
[INFO] [stdout]     |                         ^^^^^^^^^^
[INFO] [stdout] 
[INFO] [stdout] 
[INFO] [stdout] error: cannot find macro `quote_expr` in this scope
[INFO] [stdout]    --> /opt/rustwide/cargo-home/git/checkouts/rust-peg-8006eb23f3dbf49a/59f75ef/src/translate.rs:487:6
[INFO] [stdout]     |
[INFO] [stdout] 487 |                     quote_expr!(ctxt, $func(input, state, pos))
[INFO] [stdout]     |                     ^^^^^^^^^^
[INFO] [stdout] 
[INFO] [stdout] 
[INFO] [stdout] error: cannot find macro `quote_expr` in this scope
[INFO] [stdout]    --> /opt/rustwide/cargo-home/git/checkouts/rust-peg-8006eb23f3dbf49a/59f75ef/src/translate.rs:504:5
[INFO] [stdout]     |
[INFO] [stdout] 504 |                 quote_expr!(ctxt, Matched(pos, ()))
[INFO] [stdout]     |                 ^^^^^^^^^^
[INFO] [stdout] 
[INFO] [stdout] 
[INFO] [stdout] error: cannot find macro `quote_expr` in this scope
[INFO] [stdout]    --> /opt/rustwide/cargo-home/git/checkouts/rust-peg-8006eb23f3dbf49a/59f75ef/src/translate.rs:516:6
[INFO] [stdout]     |
[INFO] [stdout] 516 |                     quote_expr!(ctxt, {
[INFO] [stdout]     |                     ^^^^^^^^^^
[INFO] [stdout] 
[INFO] [stdout] 
[INFO] [stdout] error: cannot find macro `quote_expr` in this scope
[INFO] [stdout]    --> /opt/rustwide/cargo-home/git/checkouts/rust-peg-8006eb23f3dbf49a/59f75ef/src/translate.rs:529:5
[INFO] [stdout]     |
[INFO] [stdout] 529 |                 quote_expr!(ctxt, Matched(pos, ()))
[INFO] [stdout]     |                 ^^^^^^^^^^
[INFO] [stdout] 
[INFO] [stdout] 
[INFO] [stdout] error: cannot find macro `quote_expr` in this scope
[INFO] [stdout]    --> /opt/rustwide/cargo-home/git/checkouts/rust-peg-8006eb23f3dbf49a/59f75ef/src/translate.rs:535:4
[INFO] [stdout]     |
[INFO] [stdout] 535 |             quote_expr!(ctxt, match $optional_res {
[INFO] [stdout]     |             ^^^^^^^^^^
[INFO] [stdout] 
[INFO] [stdout] 
[INFO] [stdout] error: cannot find macro `quote_tokens` in this scope
[INFO] [stdout]    --> /opt/rustwide/cargo-home/git/checkouts/rust-peg-8006eb23f3dbf49a/59f75ef/src/translate.rs:547:6
[INFO] [stdout]     |
[INFO] [stdout] 547 |                     quote_tokens!(ctxt,
[INFO] [stdout]     |                     ^^^^^^^^^^^^
[INFO] [stdout] 
[INFO] [stdout] 
[INFO] [stdout] error: cannot find macro `quote_expr` in this scope
[INFO] [stdout]    --> /opt/rustwide/cargo-home/git/checkouts/rust-peg-8006eb23f3dbf49a/59f75ef/src/translate.rs:561:5
[INFO] [stdout]     |
[INFO] [stdout] 561 |                 quote_expr!(ctxt, repeat_value)
[INFO] [stdout]     |                 ^^^^^^^^^^
[INFO] [stdout] 
[INFO] [stdout] 
[INFO] [stdout] error: cannot find macro `quote_expr` in this scope
[INFO] [stdout]    --> /opt/rustwide/cargo-home/git/checkouts/rust-peg-8006eb23f3dbf49a/59f75ef/src/translate.rs:563:5
[INFO] [stdout]     |
[INFO] [stdout] 563 |                 quote_expr!(ctxt, ())
[INFO] [stdout]     |                 ^^^^^^^^^^
[INFO] [stdout] 
[INFO] [stdout] 
[INFO] [stdout] error: cannot find macro `quote_tokens` in this scope
[INFO] [stdout]    --> /opt/rustwide/cargo-home/git/checkouts/rust-peg-8006eb23f3dbf49a/59f75ef/src/translate.rs:568:6
[INFO] [stdout]     |
[INFO] [stdout] 568 |                 (quote_tokens!(ctxt, let mut repeat_value = vec!();),
[INFO] [stdout]     |                  ^^^^^^^^^^^^
[INFO] [stdout] 
[INFO] [stdout] 
[INFO] [stdout] error: cannot find macro `quote_tokens` in this scope
[INFO] [stdout]    --> /opt/rustwide/cargo-home/git/checkouts/rust-peg-8006eb23f3dbf49a/59f75ef/src/translate.rs:569:6
[INFO] [stdout]     |
[INFO] [stdout] 569 |                  quote_tokens!(ctxt, repeat_value.push(value);))
[INFO] [stdout]     |                  ^^^^^^^^^^^^
[INFO] [stdout] 
[INFO] [stdout] 
[INFO] [stdout] error: cannot find macro `quote_tokens` in this scope
[INFO] [stdout]    --> /opt/rustwide/cargo-home/git/checkouts/rust-peg-8006eb23f3dbf49a/59f75ef/src/translate.rs:576:18
[INFO] [stdout]     |
[INFO] [stdout] 576 |                 Some(max) => quote_tokens!(ctxt,
[INFO] [stdout]     |                              ^^^^^^^^^^^^
[INFO] [stdout] 
[INFO] [stdout] 
[INFO] [stdout] error: cannot find macro `quote_expr` in this scope
[INFO] [stdout]    --> /opt/rustwide/cargo-home/git/checkouts/rust-peg-8006eb23f3dbf49a/59f75ef/src/translate.rs:582:5
[INFO] [stdout]     |
[INFO] [stdout] 582 |                 quote_expr!(ctxt,
[INFO] [stdout]     |                 ^^^^^^^^^^
[INFO] [stdout] 
[INFO] [stdout] 
[INFO] [stdout] error: cannot find macro `quote_expr` in this scope
[INFO] [stdout]    --> /opt/rustwide/cargo-home/git/checkouts/rust-peg-8006eb23f3dbf49a/59f75ef/src/translate.rs:590:5
[INFO] [stdout]     |
[INFO] [stdout] 590 |                 quote_expr!(ctxt, Matched(repeat_pos, $result))
[INFO] [stdout]     |                 ^^^^^^^^^^
[INFO] [stdout] 
[INFO] [stdout] 
[INFO] [stdout] error: cannot find macro `quote_expr` in this scope
[INFO] [stdout]    --> /opt/rustwide/cargo-home/git/checkouts/rust-peg-8006eb23f3dbf49a/59f75ef/src/translate.rs:593:4
[INFO] [stdout]     |
[INFO] [stdout] 593 |             quote_expr!(ctxt, {
[INFO] [stdout]     |             ^^^^^^^^^^
[INFO] [stdout] 
[INFO] [stdout] 
[INFO] [stdout] error: cannot find macro `quote_expr` in this scope
[INFO] [stdout]    --> /opt/rustwide/cargo-home/git/checkouts/rust-peg-8006eb23f3dbf49a/59f75ef/src/translate.rs:621:4
[INFO] [stdout]     |
[INFO] [stdout] 621 |             quote_expr!(ctxt, {
[INFO] [stdout]     |             ^^^^^^^^^^
[INFO] [stdout] 
[INFO] [stdout] 
[INFO] [stdout] error: cannot find macro `quote_expr` in this scope
[INFO] [stdout]    --> /opt/rustwide/cargo-home/git/checkouts/rust-peg-8006eb23f3dbf49a/59f75ef/src/translate.rs:632:4
[INFO] [stdout]     |
[INFO] [stdout] 632 |             quote_expr!(ctxt, {
[INFO] [stdout]     |             ^^^^^^^^^^
[INFO] [stdout] 
[INFO] [stdout] 
[INFO] [stdout] error: cannot find macro `quote_expr` in this scope
[INFO] [stdout]    --> /opt/rustwide/cargo-home/git/checkouts/rust-peg-8006eb23f3dbf49a/59f75ef/src/translate.rs:654:8
[INFO] [stdout]     |
[INFO] [stdout] 654 | ...                   quote_expr!(ctxt, {
[INFO] [stdout]     |                       ^^^^^^^^^^
[INFO] [stdout] 
[INFO] [stdout] 
[INFO] [stdout] error: cannot find macro `quote_expr` in this scope
[INFO] [stdout]    --> /opt/rustwide/cargo-home/git/checkouts/rust-peg-8006eb23f3dbf49a/59f75ef/src/translate.rs:666:8
[INFO] [stdout]     |
[INFO] [stdout] 666 | ...                   quote_expr!(ctxt, {
[INFO] [stdout]     |                       ^^^^^^^^^^
[INFO] [stdout] 
[INFO] [stdout] 
[INFO] [stdout] error: cannot find macro `quote_expr` in this scope
[INFO] [stdout]    --> /opt/rustwide/cargo-home/git/checkouts/rust-peg-8006eb23f3dbf49a/59f75ef/src/translate.rs:676:4
[INFO] [stdout]     |
[INFO] [stdout] 676 |             quote_expr!(ctxt, {
[INFO] [stdout]     |             ^^^^^^^^^^
[INFO] [stdout] 
[INFO] [stdout] 
[INFO] [stdout] error: cannot find macro `panictry` in this scope
[INFO] [stdout]   --> /opt/rustwide/cargo-home/git/checkouts/rust-peg-8006eb23f3dbf49a/59f75ef/src/rustast.rs:22:10
[INFO] [stdout]    |
[INFO] [stdout] 22 |     let r = panictry!(p.parse_path(syntax::parse::parser::PathStyle::Mod));
[INFO] [stdout]    |             ^^^^^^^^
[INFO] [stdout] 
[INFO] [stdout] 
[INFO] [stdout] error: cannot find macro `panictry` in this scope
[INFO] [stdout]   --> /opt/rustwide/cargo-home/git/checkouts/rust-peg-8006eb23f3dbf49a/59f75ef/src/rustast.rs:33:10
[INFO] [stdout]    |
[INFO] [stdout] 33 |     let r = panictry!(p.parse_block());
[INFO] [stdout]    |             ^^^^^^^^
[INFO] [stdout] 
[INFO] [stdout] 
[INFO] [stdout] error: cannot find macro `panictry` in this scope
[INFO] [stdout]   --> /opt/rustwide/cargo-home/git/checkouts/rust-peg-8006eb23f3dbf49a/59f75ef/src/rustast.rs:40:10
[INFO] [stdout]    |
[INFO] [stdout] 40 |     let r = panictry!(p.parse_ty());
[INFO] [stdout]    |             ^^^^^^^^
[INFO] [stdout] 
[INFO] [stdout] 
[INFO] [stdout] error: cannot find attribute `plugin_registrar` in this scope
[INFO] [stdout]   --> /opt/rustwide/cargo-home/git/checkouts/rust-peg-8006eb23f3dbf49a/59f75ef/src/peg_syntax_ext.rs:26:3
[INFO] [stdout]    |
[INFO] [stdout] 26 | #[plugin_registrar]
[INFO] [stdout]    |   ^^^^^^^^^^^^^^^^
[INFO] [stdout]    |
[INFO] [stdout]    = note: `plugin_registrar` is in scope, but it is a function, not an attribute
[INFO] [stdout] 
[INFO] [stdout] 
[INFO] [stdout] error: cannot find macro `panictry` in this scope
[INFO] [stdout]   --> /opt/rustwide/cargo-home/git/checkouts/rust-peg-8006eb23f3dbf49a/59f75ef/src/peg_syntax_ext.rs:94:39
[INFO] [stdout]    |
[INFO] [stdout] 94 |     let arg = cx.expander().fold_expr(panictry!(parser.parse_expr()));
[INFO] [stdout]    |                                       ^^^^^^^^
[INFO] [stdout] 
[INFO] [stdout] 
[INFO] [stdout] error[E0554]: `#![feature]` may not be used on the beta release channel
[INFO] [stdout]  --> /opt/rustwide/cargo-home/git/checkouts/rust-peg-8006eb23f3dbf49a/59f75ef/src/peg_syntax_ext.rs:1:1
[INFO] [stdout]   |
[INFO] [stdout] 1 | #![feature(plugin_registrar, quote, rustc_private, box_patterns)]
[INFO] [stdout]   | ^^^^^^^^^^^^^^^^^^^^^^^^^^^^^^^^^^^^^^^^^^^^^^^^^^^^^^^^^^^^^^^^^
[INFO] [stdout] 
[INFO] [stdout] 
[INFO] [stderr]    Compiling kernel32-sys v0.2.2
[INFO] [stdout] error: aborting due to 61 previous errors
[INFO] [stdout] 
[INFO] [stdout] 
[INFO] [stdout] Some errors have detailed explanations: E0432, E0463, E0554, E0557.
[INFO] [stdout] 
[INFO] [stdout] For more information about an error, try `rustc --explain E0432`.
[INFO] [stdout] 
[INFO] [stderr] error: could not compile `peg` (lib) due to 62 previous errors
[INFO] [stderr] warning: build failed, waiting for other jobs to finish...
[INFO] running `Command { std: "docker" "inspect" "de78cb814d3699731193152f38bc67ca4df4494fcf4acf444a73d39c178b4f0e", kill_on_drop: false }`
[INFO] running `Command { std: "docker" "rm" "-f" "de78cb814d3699731193152f38bc67ca4df4494fcf4acf444a73d39c178b4f0e", kill_on_drop: false }`
[INFO] [stdout] de78cb814d3699731193152f38bc67ca4df4494fcf4acf444a73d39c178b4f0e
