[INFO] cloning repository https://github.com/edwinandrivet/gtkrs_discord_testing
[INFO] running `Command { std: "git" "-c" "credential.helper=" "-c" "credential.helper=/workspace/cargo-home/bin/git-credential-null" "clone" "--bare" "https://github.com/edwinandrivet/gtkrs_discord_testing" "/workspace/cache/git-repos/https%3A%2F%2Fgithub.com%2Fedwinandrivet%2Fgtkrs_discord_testing", kill_on_drop: false }`
[INFO] [stderr] Cloning into bare repository '/workspace/cache/git-repos/https%3A%2F%2Fgithub.com%2Fedwinandrivet%2Fgtkrs_discord_testing'...
[INFO] running `Command { std: "git" "rev-parse" "HEAD", kill_on_drop: false }`
[INFO] [stdout] 1b5ed3d05456277935a878064e7a50e576f2e3f5
[INFO] documenting edwinandrivet/gtkrs_discord_testing against 1.69.0 for beta-1.70-rustdoc-1
[INFO] running `Command { std: "git" "clone" "/workspace/cache/git-repos/https%3A%2F%2Fgithub.com%2Fedwinandrivet%2Fgtkrs_discord_testing" "/workspace/builds/worker-0-tc1/source", kill_on_drop: false }`
[INFO] [stderr] Cloning into '/workspace/builds/worker-0-tc1/source'...
[INFO] [stderr] done.
[INFO] validating manifest of git repo https://github.com/edwinandrivet/gtkrs_discord_testing on toolchain 1.69.0
[INFO] running `Command { std: CARGO_HOME="/workspace/cargo-home" RUSTUP_HOME="/workspace/rustup-home" "/workspace/cargo-home/bin/cargo" "+1.69.0" "metadata" "--manifest-path" "Cargo.toml" "--no-deps", kill_on_drop: false }`
[INFO] started tweaking git repo https://github.com/edwinandrivet/gtkrs_discord_testing
[INFO] finished tweaking git repo https://github.com/edwinandrivet/gtkrs_discord_testing
[INFO] tweaked toml for git repo https://github.com/edwinandrivet/gtkrs_discord_testing written to /workspace/builds/worker-0-tc1/source/Cargo.toml
[INFO] crate git repo https://github.com/edwinandrivet/gtkrs_discord_testing already has a lockfile, it will not be regenerated
[INFO] running `Command { std: CARGO_HOME="/workspace/cargo-home" RUSTUP_HOME="/workspace/rustup-home" "/workspace/cargo-home/bin/cargo" "+1.69.0" "fetch" "--manifest-path" "Cargo.toml", kill_on_drop: false }`
[INFO] [stderr]  Downloading crates ...
[INFO] [stderr]   Downloaded opus v0.2.0
[INFO] [stderr]   Downloaded gdk-pixbuf v0.1.3
[INFO] [stderr]   Downloaded gdk-pixbuf-sys v0.3.4
[INFO] [stderr]   Downloaded cairo-sys-rs v0.3.4
[INFO] [stderr]   Downloaded gio v0.1.3
[INFO] [stderr]   Downloaded cc v1.0.0
[INFO] [stderr]   Downloaded atk-sys v0.3.4
[INFO] [stderr]   Downloaded pango-sys v0.3.4
[INFO] [stderr]   Downloaded gobject-sys v0.3.4
[INFO] [stderr]   Downloaded mime_guess v1.8.2
[INFO] [stderr]   Downloaded cairo-rs v0.1.3
[INFO] [stderr]   Downloaded gdk-sys v0.3.4
[INFO] [stderr]   Downloaded glib-sys v0.3.4
[INFO] [stderr]   Downloaded discord v0.8.0
[INFO] [stderr]   Downloaded gio-sys v0.3.4
[INFO] [stderr]   Downloaded gdk v0.5.3
[INFO] [stderr]   Downloaded gtk-sys v0.3.4
[INFO] [stderr]   Downloaded opus-sys v0.2.1
[INFO] [stderr]   Downloaded glib v0.1.3
[INFO] [stderr]   Downloaded gtk v0.1.3
[INFO] [stderr]   Downloaded libsodium-sys v0.0.12
[INFO] [stderr]   Downloaded base64-rs v0.1.1
[INFO] [stderr]   Downloaded pango v0.1.3
[INFO] [stderr]   Downloaded sodiumoxide v0.0.12
[INFO] running `Command { std: "docker" "create" "-v" "/var/lib/crater-agent-workspace/builds/worker-0-tc1/target:/opt/rustwide/target:rw,Z" "-v" "/var/lib/crater-agent-workspace/builds/worker-0-tc1/source:/opt/rustwide/workdir:ro,Z" "-v" "/var/lib/crater-agent-workspace/cargo-home:/opt/rustwide/cargo-home:ro,Z" "-v" "/var/lib/crater-agent-workspace/rustup-home:/opt/rustwide/rustup-home:ro,Z" "-e" "SOURCE_DIR=/opt/rustwide/workdir" "-e" "CARGO_TARGET_DIR=/opt/rustwide/target" "-e" "CARGO_HOME=/opt/rustwide/cargo-home" "-e" "RUSTUP_HOME=/opt/rustwide/rustup-home" "-w" "/opt/rustwide/workdir" "-m" "1610612736" "--user" "0:0" "--network" "none" "ghcr.io/rust-lang/crates-build-env/linux@sha256:5ff2268d62e97bff2cde7d5815dd6ed5b47097566f13b8d0ca110b04b60e07ed" "/opt/rustwide/cargo-home/bin/cargo" "+1.69.0" "metadata" "--no-deps" "--format-version=1", kill_on_drop: false }`
[INFO] [stdout] 314865621a35a1f2409e1ec46d41abe39c2c6f4a04090947b81869d4ef73f18d
[INFO] running `Command { std: "docker" "start" "-a" "314865621a35a1f2409e1ec46d41abe39c2c6f4a04090947b81869d4ef73f18d", kill_on_drop: false }`
[INFO] running `Command { std: "docker" "inspect" "314865621a35a1f2409e1ec46d41abe39c2c6f4a04090947b81869d4ef73f18d", kill_on_drop: false }`
[INFO] running `Command { std: "docker" "rm" "-f" "314865621a35a1f2409e1ec46d41abe39c2c6f4a04090947b81869d4ef73f18d", kill_on_drop: false }`
[INFO] [stdout] 314865621a35a1f2409e1ec46d41abe39c2c6f4a04090947b81869d4ef73f18d
[INFO] running `Command { std: "docker" "create" "-v" "/var/lib/crater-agent-workspace/builds/worker-0-tc1/target:/opt/rustwide/target:rw,Z" "-v" "/var/lib/crater-agent-workspace/builds/worker-0-tc1/source:/opt/rustwide/workdir:ro,Z" "-v" "/var/lib/crater-agent-workspace/cargo-home:/opt/rustwide/cargo-home:ro,Z" "-v" "/var/lib/crater-agent-workspace/rustup-home:/opt/rustwide/rustup-home:ro,Z" "-e" "SOURCE_DIR=/opt/rustwide/workdir" "-e" "CARGO_TARGET_DIR=/opt/rustwide/target" "-e" "CARGO_INCREMENTAL=0" "-e" "RUST_BACKTRACE=full" "-e" "RUSTFLAGS=--cap-lints=warn" "-e" "RUSTDOCFLAGS=--cap-lints=warn" "-e" "CARGO_HOME=/opt/rustwide/cargo-home" "-e" "RUSTUP_HOME=/opt/rustwide/rustup-home" "-w" "/opt/rustwide/workdir" "-m" "1610612736" "--user" "0:0" "--network" "none" "ghcr.io/rust-lang/crates-build-env/linux@sha256:5ff2268d62e97bff2cde7d5815dd6ed5b47097566f13b8d0ca110b04b60e07ed" "/opt/rustwide/cargo-home/bin/cargo" "+1.69.0" "doc" "--frozen" "--no-deps" "--document-private-items" "--message-format=json", kill_on_drop: false }`
[INFO] [stdout] 4abbf2a4eb58d85ba3312f6d3530a710ce32c83770cb74e8154a057f7f5b8753
[INFO] running `Command { std: "docker" "start" "-a" "4abbf2a4eb58d85ba3312f6d3530a710ce32c83770cb74e8154a057f7f5b8753", kill_on_drop: false }`
[INFO] [stderr]    Compiling pkg-config v0.3.9
[INFO] [stderr]     Checking libc v0.2.31
[INFO] [stderr]    Compiling version_check v0.1.3
[INFO] [stderr]     Checking bitflags v0.8.2
[INFO] [stderr]     Checking lazy_static v0.2.9
[INFO] [stderr]    Compiling gcc v0.3.54
[INFO] [stderr]    Compiling siphasher v0.2.2
[INFO] [stderr]     Checking log v0.3.8
[INFO] [stderr]     Checking matches v0.1.6
[INFO] [stderr]     Checking bitflags v0.5.0
[INFO] [stderr]     Checking unicode-normalization v0.1.5
[INFO] [stderr]     Checking bitflags v0.7.0
[INFO] [stderr]     Checking percent-encoding v1.0.0
[INFO] [stderr]    Compiling cc v1.0.0
[INFO] [stderr]     Checking rustc-serialize v0.3.24
[INFO] [stderr]     Checking unicode-bidi v0.3.4
[INFO] [stderr]     Checking typeable v0.1.2
[INFO] [stderr]    Compiling gio v0.1.3
[INFO] [stderr]     Checking httparse v1.2.3
[INFO] [stderr]     Checking hpack v0.2.0
[INFO] [stderr]     Checking mime v0.2.6
[INFO] [stderr]     Checking language-tags v0.2.2
[INFO] [stderr]    Compiling gdk-pixbuf v0.1.3
[INFO] [stderr]     Checking traitobject v0.0.1
[INFO] [stderr]     Checking time v0.1.38
[INFO] [stderr]     Checking rand v0.3.16
[INFO] [stderr]     Checking num_cpus v1.7.0
[INFO] [stderr]     Checking solicit v0.4.4
[INFO] [stderr]    Compiling cairo-rs v0.1.3
[INFO] [stderr]    Compiling unicase v1.4.2
[INFO] [stderr]     Checking c_vec v1.2.1
[INFO] [stderr]    Compiling gdk v0.5.3
[INFO] [stderr]    Compiling glib-sys v0.3.4
[INFO] [stderr]    Compiling gobject-sys v0.3.4
[INFO] [stderr]    Compiling gio-sys v0.3.4
[INFO] [stderr]    Compiling cairo-sys-rs v0.3.4
[INFO] [stderr]    Compiling gdk-pixbuf-sys v0.3.4
[INFO] [stderr]    Compiling openssl-sys v0.7.17
[INFO] [stderr]    Compiling pango-sys v0.3.4
[INFO] [stderr]    Compiling gdk-sys v0.3.4
[INFO] [stderr]     Checking idna v0.1.4
[INFO] [stderr]    Compiling atk-sys v0.3.4
[INFO] [stderr]    Compiling openssl-sys-extras v0.7.14
[INFO] [stderr]    Compiling openssl v0.7.14
[INFO] [stderr]    Compiling phf_shared v0.7.21
[INFO] [stderr]    Compiling miniz-sys v0.1.10
[INFO] [stderr]    Compiling libsodium-sys v0.0.12
[INFO] [stderr]    Compiling opus-sys v0.2.1
[INFO] [stderr]    Compiling gtk-sys v0.3.4
[INFO] [stderr]    Compiling phf_generator v0.7.21
[INFO] [stderr]     Checking cfg-if v0.1.2
[INFO] [stderr]     Checking phf v0.7.21
[INFO] [stderr]     Checking tempdir v0.3.5
[INFO] [stderr]    Compiling phf_codegen v0.7.21
[INFO] [stderr]     Checking net2 v0.2.31
[INFO] [stderr]     Checking num-traits v0.1.40
[INFO] [stderr]     Checking serde v0.8.23
[INFO] [stderr]     Checking itoa v0.1.1
[INFO] [stderr]     Checking byteorder v0.5.3
[INFO] [stderr]    Compiling gtk v0.1.3
[INFO] [stderr]    Compiling mime_guess v1.8.2
[INFO] [stderr]     Checking dtoa v0.2.2
[INFO] [stderr]     Checking base64-rs v0.1.1
[INFO] [stderr]     Checking sodiumoxide v0.0.12
[INFO] [stderr]     Checking url v1.5.1
[INFO] [stderr] The following warnings were emitted during compilation:
[INFO] [stderr] 
[INFO] [stderr] warning: src/openssl_shim.c: In function 'HMAC_Init_ex_shim':
[INFO] [stderr] warning: src/openssl_shim.c:42:5: warning: 'HMAC_Init_ex' is deprecated: Since OpenSSL 3.0 [-Wdeprecated-declarations]
[INFO] [stderr] warning:    42 |     return HMAC_Init_ex(ctx, key, key_len, md, impl);
[INFO] [stderr] warning:       |     ^~~~~~
[INFO] [stderr] warning: In file included from src/openssl_shim.c:1:
[INFO] [stderr] warning: /usr/include/openssl/hmac.h:43:27: note: declared here
[INFO] [stderr] warning:    43 | OSSL_DEPRECATEDIN_3_0 int HMAC_Init_ex(HMAC_CTX *ctx, const void *key, int len,
[INFO] [stderr] warning:       |                           ^~~~~~~~~~~~
[INFO] [stderr] warning: src/openssl_shim.c: In function 'HMAC_Update_shim':
[INFO] [stderr] warning: src/openssl_shim.c:46:5: warning: 'HMAC_Update' is deprecated: Since OpenSSL 3.0 [-Wdeprecated-declarations]
[INFO] [stderr] warning:    46 |     return HMAC_Update(ctx, data, len);
[INFO] [stderr] warning:       |     ^~~~~~
[INFO] [stderr] warning: In file included from src/openssl_shim.c:1:
[INFO] [stderr] warning: /usr/include/openssl/hmac.h:45:27: note: declared here
[INFO] [stderr] warning:    45 | OSSL_DEPRECATEDIN_3_0 int HMAC_Update(HMAC_CTX *ctx, const unsigned char *data,
[INFO] [stderr] warning:       |                           ^~~~~~~~~~~
[INFO] [stderr] warning: src/openssl_shim.c: In function 'HMAC_Final_shim':
[INFO] [stderr] warning: src/openssl_shim.c:50:5: warning: 'HMAC_Final' is deprecated: Since OpenSSL 3.0 [-Wdeprecated-declarations]
[INFO] [stderr] warning:    50 |     return HMAC_Final(ctx, md, len);
[INFO] [stderr] warning:       |     ^~~~~~
[INFO] [stderr] warning: In file included from src/openssl_shim.c:1:
[INFO] [stderr] warning: /usr/include/openssl/hmac.h:47:27: note: declared here
[INFO] [stderr] warning:    47 | OSSL_DEPRECATEDIN_3_0 int HMAC_Final(HMAC_CTX *ctx, unsigned char *md,
[INFO] [stderr] warning:       |                           ^~~~~~~~~~
[INFO] [stderr] warning: src/openssl_shim.c: In function 'SSL_CTX_set_ecdh_auto_shim':
[INFO] [stderr] warning: src/openssl_shim.c:121:41: warning: unused parameter 'ctx' [-Wunused-parameter]
[INFO] [stderr] warning:   121 | int SSL_CTX_set_ecdh_auto_shim(SSL_CTX *ctx, int onoff) {
[INFO] [stderr] warning:       |                                ~~~~~~~~~^~~
[INFO] [stderr] warning: src/openssl_shim.c: In function 'DH_new_from_params':
[INFO] [stderr] warning: src/openssl_shim.c:129:5: warning: 'DH_new' is deprecated: Since OpenSSL 3.0 [-Wdeprecated-declarations]
[INFO] [stderr] warning:   129 |     if ((dh = DH_new()) == NULL) {
[INFO] [stderr] warning:       |     ^~
[INFO] [stderr] warning: In file included from /usr/include/openssl/dsa.h:51,
[INFO] [stderr] warning:                  from /usr/include/openssl/x509.h:37,
[INFO] [stderr] warning:                  from /usr/include/openssl/ssl.h:31,
[INFO] [stderr] warning:                  from src/openssl_shim.c:2:
[INFO] [stderr] warning: /usr/include/openssl/dh.h:199:27: note: declared here
[INFO] [stderr] warning:   199 | OSSL_DEPRECATEDIN_3_0 DH *DH_new(void);
[INFO] [stderr] warning:       |                           ^~~~~~
[INFO] [stderr] warning: src/openssl_shim.c:132:7: error: invalid use of incomplete typedef 'DH' {aka 'struct dh_st'}
[INFO] [stderr] warning:   132 |     dh->p = p;
[INFO] [stderr] warning:       |       ^~
[INFO] [stderr] warning: src/openssl_shim.c:133:7: error: invalid use of incomplete typedef 'DH' {aka 'struct dh_st'}
[INFO] [stderr] warning:   133 |     dh->g = g;
[INFO] [stderr] warning:       |       ^~
[INFO] [stderr] warning: src/openssl_shim.c:134:7: error: invalid use of incomplete typedef 'DH' {aka 'struct dh_st'}
[INFO] [stderr] warning:   134 |     dh->q = q;
[INFO] [stderr] warning:       |       ^~
[INFO] [stderr] warning: src/openssl_shim.c: In function 'X509_get_extensions_shim':
[INFO] [stderr] warning: src/openssl_shim.c:143:13: error: invalid use of incomplete typedef 'X509' {aka 'struct x509_st'}
[INFO] [stderr] warning:   143 |     return x->cert_info ? x->cert_info->extensions : NULL;
[INFO] [stderr] warning:       |             ^~
[INFO] [stderr] warning: src/openssl_shim.c:143:28: error: invalid use of incomplete typedef 'X509' {aka 'struct x509_st'}
[INFO] [stderr] warning:   143 |     return x->cert_info ? x->cert_info->extensions : NULL;
[INFO] [stderr] warning:       |                            ^~
[INFO] [stderr] warning: src/openssl_shim.c:144:1: warning: control reaches end of non-void function [-Wreturn-type]
[INFO] [stderr] warning:   144 | }
[INFO] [stderr] warning:       | ^
[INFO] [stderr] 
[INFO] [stderr] error: failed to run custom build command for `openssl-sys-extras v0.7.14`
[INFO] [stderr] note: To improve backtraces for build dependencies, set the CARGO_PROFILE_DEV_BUILD_OVERRIDE_DEBUG=true environment variable to enable debug information generation.
[INFO] [stderr] 
[INFO] [stderr] Caused by:
[INFO] [stderr]   process didn't exit successfully: `/opt/rustwide/target/debug/build/openssl-sys-extras-9730df2e00552b50/build-script-build` (exit status: 101)
[INFO] [stderr]   --- stdout
[INFO] [stderr]   TARGET = Some("x86_64-unknown-linux-gnu")
[INFO] [stderr]   OPT_LEVEL = Some("0")
[INFO] [stderr]   TARGET = Some("x86_64-unknown-linux-gnu")
[INFO] [stderr]   HOST = Some("x86_64-unknown-linux-gnu")
[INFO] [stderr]   TARGET = Some("x86_64-unknown-linux-gnu")
[INFO] [stderr]   TARGET = Some("x86_64-unknown-linux-gnu")
[INFO] [stderr]   HOST = Some("x86_64-unknown-linux-gnu")
[INFO] [stderr]   CC_x86_64-unknown-linux-gnu = None
[INFO] [stderr]   CC_x86_64_unknown_linux_gnu = None
[INFO] [stderr]   HOST_CC = None
[INFO] [stderr]   CC = None
[INFO] [stderr]   HOST = Some("x86_64-unknown-linux-gnu")
[INFO] [stderr]   TARGET = Some("x86_64-unknown-linux-gnu")
[INFO] [stderr]   HOST = Some("x86_64-unknown-linux-gnu")
[INFO] [stderr]   CFLAGS_x86_64-unknown-linux-gnu = None
[INFO] [stderr]   CFLAGS_x86_64_unknown_linux_gnu = None
[INFO] [stderr]   HOST_CFLAGS = None
[INFO] [stderr]   CFLAGS = None
[INFO] [stderr]   DEBUG = Some("true")
[INFO] [stderr]   running: "cc" "-O0" "-ffunction-sections" "-fdata-sections" "-fPIC" "-g" "-m64" "-Wall" "-Wextra" "-o" "/opt/rustwide/target/debug/build/openssl-sys-extras-74cf65077e80dfe3/out/src/openssl_shim.o" "-c" "src/openssl_shim.c"
[INFO] [stderr]   cargo:warning=src/openssl_shim.c: In function 'HMAC_Init_ex_shim':
[INFO] [stderr]   cargo:warning=src/openssl_shim.c:42:5: warning: 'HMAC_Init_ex' is deprecated: Since OpenSSL 3.0 [-Wdeprecated-declarations]
[INFO] [stderr]   cargo:warning=   42 |     return HMAC_Init_ex(ctx, key, key_len, md, impl);
[INFO] [stderr]   cargo:warning=      |     ^~~~~~
[INFO] [stderr]   cargo:warning=In file included from src/openssl_shim.c:1:
[INFO] [stderr]   cargo:warning=/usr/include/openssl/hmac.h:43:27: note: declared here
[INFO] [stderr]   cargo:warning=   43 | OSSL_DEPRECATEDIN_3_0 int HMAC_Init_ex(HMAC_CTX *ctx, const void *key, int len,
[INFO] [stderr]   cargo:warning=      |                           ^~~~~~~~~~~~
[INFO] [stderr]   cargo:warning=src/openssl_shim.c: In function 'HMAC_Update_shim':
[INFO] [stderr]   cargo:warning=src/openssl_shim.c:46:5: warning: 'HMAC_Update' is deprecated: Since OpenSSL 3.0 [-Wdeprecated-declarations]
[INFO] [stderr]   cargo:warning=   46 |     return HMAC_Update(ctx, data, len);
[INFO] [stderr]   cargo:warning=      |     ^~~~~~
[INFO] [stderr]   cargo:warning=In file included from src/openssl_shim.c:1:
[INFO] [stderr]   cargo:warning=/usr/include/openssl/hmac.h:45:27: note: declared here
[INFO] [stderr]   cargo:warning=   45 | OSSL_DEPRECATEDIN_3_0 int HMAC_Update(HMAC_CTX *ctx, const unsigned char *data,
[INFO] [stderr]   cargo:warning=      |                           ^~~~~~~~~~~
[INFO] [stderr]   cargo:warning=src/openssl_shim.c: In function 'HMAC_Final_shim':
[INFO] [stderr]   cargo:warning=src/openssl_shim.c:50:5: warning: 'HMAC_Final' is deprecated: Since OpenSSL 3.0 [-Wdeprecated-declarations]
[INFO] [stderr]   cargo:warning=   50 |     return HMAC_Final(ctx, md, len);
[INFO] [stderr]   cargo:warning=      |     ^~~~~~
[INFO] [stderr]   cargo:warning=In file included from src/openssl_shim.c:1:
[INFO] [stderr]   cargo:warning=/usr/include/openssl/hmac.h:47:27: note: declared here
[INFO] [stderr]   cargo:warning=   47 | OSSL_DEPRECATEDIN_3_0 int HMAC_Final(HMAC_CTX *ctx, unsigned char *md,
[INFO] [stderr]   cargo:warning=      |                           ^~~~~~~~~~
[INFO] [stderr]   cargo:warning=src/openssl_shim.c: In function 'SSL_CTX_set_ecdh_auto_shim':
[INFO] [stderr]   cargo:warning=src/openssl_shim.c:121:41: warning: unused parameter 'ctx' [-Wunused-parameter]
[INFO] [stderr]   cargo:warning=  121 | int SSL_CTX_set_ecdh_auto_shim(SSL_CTX *ctx, int onoff) {
[INFO] [stderr]   cargo:warning=      |                                ~~~~~~~~~^~~
[INFO] [stderr]   cargo:warning=src/openssl_shim.c: In function 'DH_new_from_params':
[INFO] [stderr]   cargo:warning=src/openssl_shim.c:129:5: warning: 'DH_new' is deprecated: Since OpenSSL 3.0 [-Wdeprecated-declarations]
[INFO] [stderr]   cargo:warning=  129 |     if ((dh = DH_new()) == NULL) {
[INFO] [stderr]   cargo:warning=      |     ^~
[INFO] [stderr]   cargo:warning=In file included from /usr/include/openssl/dsa.h:51,
[INFO] [stderr]   cargo:warning=                 from /usr/include/openssl/x509.h:37,
[INFO] [stderr]   cargo:warning=                 from /usr/include/openssl/ssl.h:31,
[INFO] [stderr]   cargo:warning=                 from src/openssl_shim.c:2:
[INFO] [stderr]   cargo:warning=/usr/include/openssl/dh.h:199:27: note: declared here
[INFO] [stderr]   cargo:warning=  199 | OSSL_DEPRECATEDIN_3_0 DH *DH_new(void);
[INFO] [stderr]   cargo:warning=      |                           ^~~~~~
[INFO] [stderr]   cargo:warning=src/openssl_shim.c:132:7: error: invalid use of incomplete typedef 'DH' {aka 'struct dh_st'}
[INFO] [stderr]   cargo:warning=  132 |     dh->p = p;
[INFO] [stderr]   cargo:warning=      |       ^~
[INFO] [stderr]   cargo:warning=src/openssl_shim.c:133:7: error: invalid use of incomplete typedef 'DH' {aka 'struct dh_st'}
[INFO] [stderr]   cargo:warning=  133 |     dh->g = g;
[INFO] [stderr]   cargo:warning=      |       ^~
[INFO] [stderr]   cargo:warning=src/openssl_shim.c:134:7: error: invalid use of incomplete typedef 'DH' {aka 'struct dh_st'}
[INFO] [stderr]   cargo:warning=  134 |     dh->q = q;
[INFO] [stderr]   cargo:warning=      |       ^~
[INFO] [stderr]   cargo:warning=src/openssl_shim.c: In function 'X509_get_extensions_shim':
[INFO] [stderr]   cargo:warning=src/openssl_shim.c:143:13: error: invalid use of incomplete typedef 'X509' {aka 'struct x509_st'}
[INFO] [stderr]   cargo:warning=  143 |     return x->cert_info ? x->cert_info->extensions : NULL;
[INFO] [stderr]   cargo:warning=      |             ^~
[INFO] [stderr]   cargo:warning=src/openssl_shim.c:143:28: error: invalid use of incomplete typedef 'X509' {aka 'struct x509_st'}
[INFO] [stderr]   cargo:warning=  143 |     return x->cert_info ? x->cert_info->extensions : NULL;
[INFO] [stderr]   cargo:warning=      |                            ^~
[INFO] [stderr]   cargo:warning=src/openssl_shim.c:144:1: warning: control reaches end of non-void function [-Wreturn-type]
[INFO] [stderr]   cargo:warning=  144 | }
[INFO] [stderr]   cargo:warning=      | ^
[INFO] [stderr]   exit status: 1
[INFO] [stderr] 
[INFO] [stderr]   --- stderr
[INFO] [stderr]   thread 'main' panicked at '
[INFO] [stderr] 
[INFO] [stderr]   Internal error occurred: Command "cc" "-O0" "-ffunction-sections" "-fdata-sections" "-fPIC" "-g" "-m64" "-Wall" "-Wextra" "-o" "/opt/rustwide/target/debug/build/openssl-sys-extras-74cf65077e80dfe3/out/src/openssl_shim.o" "-c" "src/openssl_shim.c" with args "cc" did not execute successfully (status code exit status: 1).
[INFO] [stderr] 
[INFO] [stderr]   ', /opt/rustwide/cargo-home/registry/src/github.com-1ecc6299db9ec823/gcc-0.3.54/src/lib.rs:1670:5
[INFO] [stderr]   stack backtrace:
[INFO] [stderr]      0:     0x558d8413d82a - std::backtrace_rs::backtrace::libunwind::trace::ha9053a9a07ca49cb
[INFO] [stderr]                                  at /rustc/84c898d65adf2f39a5a98507f1fe0ce10a2b8dbc/library/std/src/../../backtrace/src/backtrace/libunwind.rs:93:5
[INFO] [stderr]      1:     0x558d8413d82a - std::backtrace_rs::backtrace::trace_unsynchronized::h9c2852a457ad564e
[INFO] [stderr]                                  at /rustc/84c898d65adf2f39a5a98507f1fe0ce10a2b8dbc/library/std/src/../../backtrace/src/backtrace/mod.rs:66:5
[INFO] [stderr]      2:     0x558d8413d82a - std::sys_common::backtrace::_print_fmt::h457936fbfaa0070f
[INFO] [stderr]                                  at /rustc/84c898d65adf2f39a5a98507f1fe0ce10a2b8dbc/library/std/src/sys_common/backtrace.rs:65:5
[INFO] [stderr]      3:     0x558d8413d82a - <std::sys_common::backtrace::_print::DisplayBacktrace as core::fmt::Display>::fmt::h5779d7bf7f70cb0c
[INFO] [stderr]                                  at /rustc/84c898d65adf2f39a5a98507f1fe0ce10a2b8dbc/library/std/src/sys_common/backtrace.rs:44:22
[INFO] [stderr]      4:     0x558d8415d27e - core::fmt::write::h5a4baaff1bcd3eb5
[INFO] [stderr]                                  at /rustc/84c898d65adf2f39a5a98507f1fe0ce10a2b8dbc/library/core/src/fmt/mod.rs:1232:17
[INFO] [stderr]      5:     0x558d8413a645 - std::io::Write::write_fmt::h4bc1f301cb9e9cce
[INFO] [stderr]                                  at /rustc/84c898d65adf2f39a5a98507f1fe0ce10a2b8dbc/library/std/src/io/mod.rs:1684:15
[INFO] [stderr]      6:     0x558d8413d5f5 - std::sys_common::backtrace::_print::h5fcdc36060f177e8
[INFO] [stderr]                                  at /rustc/84c898d65adf2f39a5a98507f1fe0ce10a2b8dbc/library/std/src/sys_common/backtrace.rs:47:5
[INFO] [stderr]      7:     0x558d8413d5f5 - std::sys_common::backtrace::print::h54ca9458b876c8bf
[INFO] [stderr]                                  at /rustc/84c898d65adf2f39a5a98507f1fe0ce10a2b8dbc/library/std/src/sys_common/backtrace.rs:34:9
[INFO] [stderr]      8:     0x558d8413efcf - std::panicking::default_hook::{{closure}}::hbe471161c7664ed6
[INFO] [stderr]                                  at /rustc/84c898d65adf2f39a5a98507f1fe0ce10a2b8dbc/library/std/src/panicking.rs:271:22
[INFO] [stderr]      9:     0x558d8413ed0b - std::panicking::default_hook::ha3500da57aa4ac4f
[INFO] [stderr]                                  at /rustc/84c898d65adf2f39a5a98507f1fe0ce10a2b8dbc/library/std/src/panicking.rs:290:9
[INFO] [stderr]     10:     0x558d8413f578 - std::panicking::rust_panic_with_hook::h50c09d000dc561d2
[INFO] [stderr]                                  at /rustc/84c898d65adf2f39a5a98507f1fe0ce10a2b8dbc/library/std/src/panicking.rs:692:13
[INFO] [stderr]     11:     0x558d8413f479 - std::panicking::begin_panic_handler::{{closure}}::h9e2b2176e00e0d9c
[INFO] [stderr]                                  at /rustc/84c898d65adf2f39a5a98507f1fe0ce10a2b8dbc/library/std/src/panicking.rs:583:13
[INFO] [stderr]     12:     0x558d8413dc96 - std::sys_common::backtrace::__rust_end_short_backtrace::h5739b8e512c09d02
[INFO] [stderr]                                  at /rustc/84c898d65adf2f39a5a98507f1fe0ce10a2b8dbc/library/std/src/sys_common/backtrace.rs:150:18
[INFO] [stderr]     13:     0x558d8413f182 - rust_begin_unwind
[INFO] [stderr]                                  at /rustc/84c898d65adf2f39a5a98507f1fe0ce10a2b8dbc/library/std/src/panicking.rs:579:5
[INFO] [stderr]     14:     0x558d840ee703 - core::panicking::panic_fmt::hf33a1475b4dc5c3e
[INFO] [stderr]                                  at /rustc/84c898d65adf2f39a5a98507f1fe0ce10a2b8dbc/library/core/src/panicking.rs:64:14
[INFO] [stderr]     15:     0x558d84100b3f - gcc::fail::ha726d9209cb307d3
[INFO] [stderr]     16:     0x558d840f4a15 - gcc::Build::compile::h7340e688656521ee
[INFO] [stderr]     17:     0x558d840ef04d - build_script_build::main::h829fc395e59dec1b
[INFO] [stderr]     18:     0x558d840f0963 - core::ops::function::FnOnce::call_once::hd4b77e85c1baedfe
[INFO] [stderr]     19:     0x558d840f0909 - std::sys_common::backtrace::__rust_begin_short_backtrace::h5aee0e7a1b24b77e
[INFO] [stderr]     20:     0x558d840f10d9 - std::rt::lang_start::{{closure}}::hb34ca3cc8630f96d
[INFO] [stderr]     21:     0x558d84136f3c - core::ops::function::impls::<impl core::ops::function::FnOnce<A> for &F>::call_once::hd6efcd3bec896f2c
[INFO] [stderr]                                  at /rustc/84c898d65adf2f39a5a98507f1fe0ce10a2b8dbc/library/core/src/ops/function.rs:287:13
[INFO] [stderr]     22:     0x558d84136f3c - std::panicking::try::do_call::hce04e543bb1f4cbb
[INFO] [stderr]                                  at /rustc/84c898d65adf2f39a5a98507f1fe0ce10a2b8dbc/library/std/src/panicking.rs:487:40
[INFO] [stderr]     23:     0x558d84136f3c - std::panicking::try::h3342dd4e1f680968
[INFO] [stderr]                                  at /rustc/84c898d65adf2f39a5a98507f1fe0ce10a2b8dbc/library/std/src/panicking.rs:451:19
[INFO] [stderr]     24:     0x558d84136f3c - std::panic::catch_unwind::h148ce1e59ac0cee7
[INFO] [stderr]                                  at /rustc/84c898d65adf2f39a5a98507f1fe0ce10a2b8dbc/library/std/src/panic.rs:140:14
[INFO] [stderr]     25:     0x558d84136f3c - std::rt::lang_start_internal::{{closure}}::h25f9dda2057a67fe
[INFO] [stderr]                                  at /rustc/84c898d65adf2f39a5a98507f1fe0ce10a2b8dbc/library/std/src/rt.rs:148:48
[INFO] [stderr]     26:     0x558d84136f3c - std::panicking::try::do_call::h7caaaeaf9401650b
[INFO] [stderr]                                  at /rustc/84c898d65adf2f39a5a98507f1fe0ce10a2b8dbc/library/std/src/panicking.rs:487:40
[INFO] [stderr]     27:     0x558d84136f3c - std::panicking::try::he7d15285746cbbc2
[INFO] [stderr]                                  at /rustc/84c898d65adf2f39a5a98507f1fe0ce10a2b8dbc/library/std/src/panicking.rs:451:19
[INFO] [stderr]     28:     0x558d84136f3c - std::panic::catch_unwind::h89fb4f50c0301fe0
[INFO] [stderr]                                  at /rustc/84c898d65adf2f39a5a98507f1fe0ce10a2b8dbc/library/std/src/panic.rs:140:14
[INFO] [stderr]     29:     0x558d84136f3c - std::rt::lang_start_internal::h078acd489417d3c1
[INFO] [stderr]                                  at /rustc/84c898d65adf2f39a5a98507f1fe0ce10a2b8dbc/library/std/src/rt.rs:148:20
[INFO] [stderr]     30:     0x558d840f10b7 - std::rt::lang_start::h515161f651b5cfde
[INFO] [stderr]     31:     0x558d840f05e5 - main
[INFO] [stderr]     32:     0x7ff4525b5d90 - <unknown>
[INFO] [stderr]     33:     0x7ff4525b5e40 - __libc_start_main
[INFO] [stderr]     34:     0x558d840eec85 - _start
[INFO] [stderr]     35:                0x0 - <unknown>
[INFO] [stderr] warning: build failed, waiting for other jobs to finish...
[INFO] [stderr] The following warnings were emitted during compilation:
[INFO] [stderr] 
[INFO] [stderr] warning: src/c_helpers.c: In function 'rust_SSL_clone':
[INFO] [stderr] warning: src/c_helpers.c:4:5: warning: implicit declaration of function 'CRYPTO_add' [-Wimplicit-function-declaration]
[INFO] [stderr] warning:     4 |     CRYPTO_add(&ssl->references, 1, CRYPTO_LOCK_SSL);
[INFO] [stderr] warning:       |     ^~~~~~~~~~
[INFO] [stderr] warning: src/c_helpers.c:4:20: error: invalid use of incomplete typedef 'SSL' {aka 'struct ssl_st'}
[INFO] [stderr] warning:     4 |     CRYPTO_add(&ssl->references, 1, CRYPTO_LOCK_SSL);
[INFO] [stderr] warning:       |                    ^~
[INFO] [stderr] warning: src/c_helpers.c:4:37: error: 'CRYPTO_LOCK_SSL' undeclared (first use in this function); did you mean 'CRYPTO_LOCK'?
[INFO] [stderr] warning:     4 |     CRYPTO_add(&ssl->references, 1, CRYPTO_LOCK_SSL);
[INFO] [stderr] warning:       |                                     ^~~~~~~~~~~~~~~
[INFO] [stderr] warning:       |                                     CRYPTO_LOCK
[INFO] [stderr] warning: src/c_helpers.c:4:37: note: each undeclared identifier is reported only once for each function it appears in
[INFO] [stderr] warning: src/c_helpers.c: In function 'rust_SSL_CTX_clone':
[INFO] [stderr] warning: src/c_helpers.c:8:20: error: invalid use of incomplete typedef 'SSL_CTX' {aka 'struct ssl_ctx_st'}
[INFO] [stderr] warning:     8 |     CRYPTO_add(&ctx->references,1,CRYPTO_LOCK_SSL_CTX);
[INFO] [stderr] warning:       |                    ^~
[INFO] [stderr] warning: src/c_helpers.c:8:35: error: 'CRYPTO_LOCK_SSL_CTX' undeclared (first use in this function); did you mean 'CRYPTO_EX_INDEX_SSL_CTX'?
[INFO] [stderr] warning:     8 |     CRYPTO_add(&ctx->references,1,CRYPTO_LOCK_SSL_CTX);
[INFO] [stderr] warning:       |                                   ^~~~~~~~~~~~~~~~~~~
[INFO] [stderr] warning:       |                                   CRYPTO_EX_INDEX_SSL_CTX
[INFO] [stderr] warning: src/c_helpers.c: In function 'rust_X509_clone':
[INFO] [stderr] warning: src/c_helpers.c:12:21: error: invalid use of incomplete typedef 'X509' {aka 'struct x509_st'}
[INFO] [stderr] warning:    12 |     CRYPTO_add(&x509->references,1,CRYPTO_LOCK_X509);
[INFO] [stderr] warning:       |                     ^~
[INFO] [stderr] warning: src/c_helpers.c:12:36: error: 'CRYPTO_LOCK_X509' undeclared (first use in this function); did you mean 'CRYPTO_LOCK'?
[INFO] [stderr] warning:    12 |     CRYPTO_add(&x509->references,1,CRYPTO_LOCK_X509);
[INFO] [stderr] warning:       |                                    ^~~~~~~~~~~~~~~~
[INFO] [stderr] warning:       |                                    CRYPTO_LOCK
[INFO] [stderr] 
[INFO] [stderr] error: failed to run custom build command for `openssl v0.7.14`
[INFO] [stderr] note: To improve backtraces for build dependencies, set the CARGO_PROFILE_DEV_BUILD_OVERRIDE_DEBUG=true environment variable to enable debug information generation.
[INFO] [stderr] 
[INFO] [stderr] Caused by:
[INFO] [stderr]   process didn't exit successfully: `/opt/rustwide/target/debug/build/openssl-95d2b9e7ca6aade0/build-script-build` (exit status: 101)
[INFO] [stderr]   --- stdout
[INFO] [stderr]   TARGET = Some("x86_64-unknown-linux-gnu")
[INFO] [stderr]   OPT_LEVEL = Some("0")
[INFO] [stderr]   TARGET = Some("x86_64-unknown-linux-gnu")
[INFO] [stderr]   HOST = Some("x86_64-unknown-linux-gnu")
[INFO] [stderr]   TARGET = Some("x86_64-unknown-linux-gnu")
[INFO] [stderr]   TARGET = Some("x86_64-unknown-linux-gnu")
[INFO] [stderr]   HOST = Some("x86_64-unknown-linux-gnu")
[INFO] [stderr]   CC_x86_64-unknown-linux-gnu = None
[INFO] [stderr]   CC_x86_64_unknown_linux_gnu = None
[INFO] [stderr]   HOST_CC = None
[INFO] [stderr]   CC = None
[INFO] [stderr]   HOST = Some("x86_64-unknown-linux-gnu")
[INFO] [stderr]   TARGET = Some("x86_64-unknown-linux-gnu")
[INFO] [stderr]   HOST = Some("x86_64-unknown-linux-gnu")
[INFO] [stderr]   CFLAGS_x86_64-unknown-linux-gnu = None
[INFO] [stderr]   CFLAGS_x86_64_unknown_linux_gnu = None
[INFO] [stderr]   HOST_CFLAGS = None
[INFO] [stderr]   CFLAGS = None
[INFO] [stderr]   DEBUG = Some("true")
[INFO] [stderr]   running: "cc" "-O0" "-ffunction-sections" "-fdata-sections" "-fPIC" "-g" "-m64" "-Wall" "-Wextra" "-o" "/opt/rustwide/target/debug/build/openssl-d202d5b5ceff7678/out/src/c_helpers.o" "-c" "src/c_helpers.c"
[INFO] [stderr]   cargo:warning=src/c_helpers.c: In function 'rust_SSL_clone':
[INFO] [stderr]   cargo:warning=src/c_helpers.c:4:5: warning: implicit declaration of function 'CRYPTO_add' [-Wimplicit-function-declaration]
[INFO] [stderr]   cargo:warning=    4 |     CRYPTO_add(&ssl->references, 1, CRYPTO_LOCK_SSL);
[INFO] [stderr]   cargo:warning=      |     ^~~~~~~~~~
[INFO] [stderr]   cargo:warning=src/c_helpers.c:4:20: error: invalid use of incomplete typedef 'SSL' {aka 'struct ssl_st'}
[INFO] [stderr]   cargo:warning=    4 |     CRYPTO_add(&ssl->references, 1, CRYPTO_LOCK_SSL);
[INFO] [stderr]   cargo:warning=      |                    ^~
[INFO] [stderr]   cargo:warning=src/c_helpers.c:4:37: error: 'CRYPTO_LOCK_SSL' undeclared (first use in this function); did you mean 'CRYPTO_LOCK'?
[INFO] [stderr]   cargo:warning=    4 |     CRYPTO_add(&ssl->references, 1, CRYPTO_LOCK_SSL);
[INFO] [stderr]   cargo:warning=      |                                     ^~~~~~~~~~~~~~~
[INFO] [stderr]   cargo:warning=      |                                     CRYPTO_LOCK
[INFO] [stderr]   cargo:warning=src/c_helpers.c:4:37: note: each undeclared identifier is reported only once for each function it appears in
[INFO] [stderr]   cargo:warning=src/c_helpers.c: In function 'rust_SSL_CTX_clone':
[INFO] [stderr]   cargo:warning=src/c_helpers.c:8:20: error: invalid use of incomplete typedef 'SSL_CTX' {aka 'struct ssl_ctx_st'}
[INFO] [stderr]   cargo:warning=    8 |     CRYPTO_add(&ctx->references,1,CRYPTO_LOCK_SSL_CTX);
[INFO] [stderr]   cargo:warning=      |                    ^~
[INFO] [stderr]   cargo:warning=src/c_helpers.c:8:35: error: 'CRYPTO_LOCK_SSL_CTX' undeclared (first use in this function); did you mean 'CRYPTO_EX_INDEX_SSL_CTX'?
[INFO] [stderr]   cargo:warning=    8 |     CRYPTO_add(&ctx->references,1,CRYPTO_LOCK_SSL_CTX);
[INFO] [stderr]   cargo:warning=      |                                   ^~~~~~~~~~~~~~~~~~~
[INFO] [stderr]   cargo:warning=      |                                   CRYPTO_EX_INDEX_SSL_CTX
[INFO] [stderr]   cargo:warning=src/c_helpers.c: In function 'rust_X509_clone':
[INFO] [stderr]   cargo:warning=src/c_helpers.c:12:21: error: invalid use of incomplete typedef 'X509' {aka 'struct x509_st'}
[INFO] [stderr]   cargo:warning=   12 |     CRYPTO_add(&x509->references,1,CRYPTO_LOCK_X509);
[INFO] [stderr]   cargo:warning=      |                     ^~
[INFO] [stderr]   cargo:warning=src/c_helpers.c:12:36: error: 'CRYPTO_LOCK_X509' undeclared (first use in this function); did you mean 'CRYPTO_LOCK'?
[INFO] [stderr]   cargo:warning=   12 |     CRYPTO_add(&x509->references,1,CRYPTO_LOCK_X509);
[INFO] [stderr]   cargo:warning=      |                                    ^~~~~~~~~~~~~~~~
[INFO] [stderr]   cargo:warning=      |                                    CRYPTO_LOCK
[INFO] [stderr]   exit status: 1
[INFO] [stderr] 
[INFO] [stderr]   --- stderr
[INFO] [stderr]   thread 'main' panicked at '
[INFO] [stderr] 
[INFO] [stderr]   Internal error occurred: Command "cc" "-O0" "-ffunction-sections" "-fdata-sections" "-fPIC" "-g" "-m64" "-Wall" "-Wextra" "-o" "/opt/rustwide/target/debug/build/openssl-d202d5b5ceff7678/out/src/c_helpers.o" "-c" "src/c_helpers.c" with args "cc" did not execute successfully (status code exit status: 1).
[INFO] [stderr] 
[INFO] [stderr]   ', /opt/rustwide/cargo-home/registry/src/github.com-1ecc6299db9ec823/gcc-0.3.54/src/lib.rs:1670:5
[INFO] [stderr]   stack backtrace:
[INFO] [stderr]      0:     0x55c055a7e88a - std::backtrace_rs::backtrace::libunwind::trace::ha9053a9a07ca49cb
[INFO] [stderr]                                  at /rustc/84c898d65adf2f39a5a98507f1fe0ce10a2b8dbc/library/std/src/../../backtrace/src/backtrace/libunwind.rs:93:5
[INFO] [stderr]      1:     0x55c055a7e88a - std::backtrace_rs::backtrace::trace_unsynchronized::h9c2852a457ad564e
[INFO] [stderr]                                  at /rustc/84c898d65adf2f39a5a98507f1fe0ce10a2b8dbc/library/std/src/../../backtrace/src/backtrace/mod.rs:66:5
[INFO] [stderr]      2:     0x55c055a7e88a - std::sys_common::backtrace::_print_fmt::h457936fbfaa0070f
[INFO] [stderr]                                  at /rustc/84c898d65adf2f39a5a98507f1fe0ce10a2b8dbc/library/std/src/sys_common/backtrace.rs:65:5
[INFO] [stderr]      3:     0x55c055a7e88a - <std::sys_common::backtrace::_print::DisplayBacktrace as core::fmt::Display>::fmt::h5779d7bf7f70cb0c
[INFO] [stderr]                                  at /rustc/84c898d65adf2f39a5a98507f1fe0ce10a2b8dbc/library/std/src/sys_common/backtrace.rs:44:22
[INFO] [stderr]      4:     0x55c055a9e28e - core::fmt::write::h5a4baaff1bcd3eb5
[INFO] [stderr]                                  at /rustc/84c898d65adf2f39a5a98507f1fe0ce10a2b8dbc/library/core/src/fmt/mod.rs:1232:17
[INFO] [stderr]      5:     0x55c055a7b6a5 - std::io::Write::write_fmt::h4bc1f301cb9e9cce
[INFO] [stderr]                                  at /rustc/84c898d65adf2f39a5a98507f1fe0ce10a2b8dbc/library/std/src/io/mod.rs:1684:15
[INFO] [stderr]      6:     0x55c055a7e655 - std::sys_common::backtrace::_print::h5fcdc36060f177e8
[INFO] [stderr]                                  at /rustc/84c898d65adf2f39a5a98507f1fe0ce10a2b8dbc/library/std/src/sys_common/backtrace.rs:47:5
[INFO] [stderr]      7:     0x55c055a7e655 - std::sys_common::backtrace::print::h54ca9458b876c8bf
[INFO] [stderr]                                  at /rustc/84c898d65adf2f39a5a98507f1fe0ce10a2b8dbc/library/std/src/sys_common/backtrace.rs:34:9
[INFO] [stderr]      8:     0x55c055a8002f - std::panicking::default_hook::{{closure}}::hbe471161c7664ed6
[INFO] [stderr]                                  at /rustc/84c898d65adf2f39a5a98507f1fe0ce10a2b8dbc/library/std/src/panicking.rs:271:22
[INFO] [stderr]      9:     0x55c055a7fd6b - std::panicking::default_hook::ha3500da57aa4ac4f
[INFO] [stderr]                                  at /rustc/84c898d65adf2f39a5a98507f1fe0ce10a2b8dbc/library/std/src/panicking.rs:290:9
[INFO] [stderr]     10:     0x55c055a805d8 - std::panicking::rust_panic_with_hook::h50c09d000dc561d2
[INFO] [stderr]                                  at /rustc/84c898d65adf2f39a5a98507f1fe0ce10a2b8dbc/library/std/src/panicking.rs:692:13
[INFO] [stderr]     11:     0x55c055a804d9 - std::panicking::begin_panic_handler::{{closure}}::h9e2b2176e00e0d9c
[INFO] [stderr]                                  at /rustc/84c898d65adf2f39a5a98507f1fe0ce10a2b8dbc/library/std/src/panicking.rs:583:13
[INFO] [stderr]     12:     0x55c055a7ecf6 - std::sys_common::backtrace::__rust_end_short_backtrace::h5739b8e512c09d02
[INFO] [stderr]                                  at /rustc/84c898d65adf2f39a5a98507f1fe0ce10a2b8dbc/library/std/src/sys_common/backtrace.rs:150:18
[INFO] [stderr]     13:     0x55c055a801e2 - rust_begin_unwind
[INFO] [stderr]                                  at /rustc/84c898d65adf2f39a5a98507f1fe0ce10a2b8dbc/library/std/src/panicking.rs:579:5
[INFO] [stderr]     14:     0x55c055a31703 - core::panicking::panic_fmt::hf33a1475b4dc5c3e
[INFO] [stderr]                                  at /rustc/84c898d65adf2f39a5a98507f1fe0ce10a2b8dbc/library/core/src/panicking.rs:64:14
[INFO] [stderr]     15:     0x55c055a41b9f - gcc::fail::ha726d9209cb307d3
[INFO] [stderr]     16:     0x55c055a35a75 - gcc::Build::compile::h7340e688656521ee
[INFO] [stderr]     17:     0x55c055a32190 - build_script_build::main::h503f8146e859d0b3
[INFO] [stderr]     18:     0x55c055a31de3 - core::ops::function::FnOnce::call_once::h7fe34cca1fae394c
[INFO] [stderr]     19:     0x55c055a321e9 - std::sys_common::backtrace::__rust_begin_short_backtrace::h08ace8cd724c0f57
[INFO] [stderr]     20:     0x55c055a31d99 - std::rt::lang_start::{{closure}}::h1f30f5b6d53bcb86
[INFO] [stderr]     21:     0x55c055a77f9c - core::ops::function::impls::<impl core::ops::function::FnOnce<A> for &F>::call_once::hd6efcd3bec896f2c
[INFO] [stderr]                                  at /rustc/84c898d65adf2f39a5a98507f1fe0ce10a2b8dbc/library/core/src/ops/function.rs:287:13
[INFO] [stderr]     22:     0x55c055a77f9c - std::panicking::try::do_call::hce04e543bb1f4cbb
[INFO] [stderr]                                  at /rustc/84c898d65adf2f39a5a98507f1fe0ce10a2b8dbc/library/std/src/panicking.rs:487:40
[INFO] [stderr]     23:     0x55c055a77f9c - std::panicking::try::h3342dd4e1f680968
[INFO] [stderr]                                  at /rustc/84c898d65adf2f39a5a98507f1fe0ce10a2b8dbc/library/std/src/panicking.rs:451:19
[INFO] [stderr]     24:     0x55c055a77f9c - std::panic::catch_unwind::h148ce1e59ac0cee7
[INFO] [stderr]                                  at /rustc/84c898d65adf2f39a5a98507f1fe0ce10a2b8dbc/library/std/src/panic.rs:140:14
[INFO] [stderr]     25:     0x55c055a77f9c - std::rt::lang_start_internal::{{closure}}::h25f9dda2057a67fe
[INFO] [stderr]                                  at /rustc/84c898d65adf2f39a5a98507f1fe0ce10a2b8dbc/library/std/src/rt.rs:148:48
[INFO] [stderr]     26:     0x55c055a77f9c - std::panicking::try::do_call::h7caaaeaf9401650b
[INFO] [stderr]                                  at /rustc/84c898d65adf2f39a5a98507f1fe0ce10a2b8dbc/library/std/src/panicking.rs:487:40
[INFO] [stderr]     27:     0x55c055a77f9c - std::panicking::try::he7d15285746cbbc2
[INFO] [stderr]                                  at /rustc/84c898d65adf2f39a5a98507f1fe0ce10a2b8dbc/library/std/src/panicking.rs:451:19
[INFO] [stderr]     28:     0x55c055a77f9c - std::panic::catch_unwind::h89fb4f50c0301fe0
[INFO] [stderr]                                  at /rustc/84c898d65adf2f39a5a98507f1fe0ce10a2b8dbc/library/std/src/panic.rs:140:14
[INFO] [stderr]     29:     0x55c055a77f9c - std::rt::lang_start_internal::h078acd489417d3c1
[INFO] [stderr]                                  at /rustc/84c898d65adf2f39a5a98507f1fe0ce10a2b8dbc/library/std/src/rt.rs:148:20
[INFO] [stderr]     30:     0x55c055a31d77 - std::rt::lang_start::haf1992245af9617e
[INFO] [stderr]     31:     0x55c055a321d5 - main
[INFO] [stderr]     32:     0x7f2accf0ed90 - <unknown>
[INFO] [stderr]     33:     0x7f2accf0ee40 - __libc_start_main
[INFO] [stderr]     34:     0x55c055a31c85 - _start
[INFO] [stderr]     35:                0x0 - <unknown>
[INFO] [stdout] error[E0713]: borrow may still be in use when destructor runs
[INFO] [stdout]    --> /opt/rustwide/cargo-home/registry/src/github.com-1ecc6299db9ec823/url-1.5.1/src/form_urlencoded.rs:251:40
[INFO] [stdout]     |
[INFO] [stdout] 249 | impl<'a> Target for ::UrlQuery<'a> {
[INFO] [stdout]     |      -- lifetime `'a` defined here
[INFO] [stdout] 250 |     fn as_mut_string(&mut self) -> &mut String { &mut self.url.serialization }
[INFO] [stdout] 251 |     fn finish(self) -> &'a mut ::Url { self.url }
[INFO] [stdout]     |                                        ^^^^^^^^ - here, drop of `self` needs exclusive access to `*self.url`, because the type `UrlQuery<'_>` implements the `Drop` trait
[INFO] [stdout]     |                                        |
[INFO] [stdout]     |                                        returning this value requires that `*self.url` is borrowed for `'a`
[INFO] [stdout] 
[INFO] [stdout] 
[INFO] [stdout] error: aborting due to previous error
[INFO] [stdout] 
[INFO] [stdout] 
[INFO] [stdout] For more information about this error, try `rustc --explain E0713`.
[INFO] [stdout] 
[INFO] [stderr] error: could not compile `url` due to 2 previous errors
[INFO] running `Command { std: "docker" "inspect" "4abbf2a4eb58d85ba3312f6d3530a710ce32c83770cb74e8154a057f7f5b8753", kill_on_drop: false }`
[INFO] running `Command { std: "docker" "rm" "-f" "4abbf2a4eb58d85ba3312f6d3530a710ce32c83770cb74e8154a057f7f5b8753", kill_on_drop: false }`
[INFO] [stdout] 4abbf2a4eb58d85ba3312f6d3530a710ce32c83770cb74e8154a057f7f5b8753
