[INFO] cloning repository https://github.com/edgarcoime/sparrow
[INFO] running `Command { std: "git" "-c" "credential.helper=" "-c" "credential.helper=/workspace/cargo-home/bin/git-credential-null" "clone" "--bare" "https://github.com/edgarcoime/sparrow" "/workspace/cache/git-repos/https%3A%2F%2Fgithub.com%2Fedgarcoime%2Fsparrow", kill_on_drop: false }`
[INFO] [stderr] Cloning into bare repository '/workspace/cache/git-repos/https%3A%2F%2Fgithub.com%2Fedgarcoime%2Fsparrow'...
[INFO] running `Command { std: "git" "rev-parse" "HEAD", kill_on_drop: false }`
[INFO] [stdout] 177eef4be40373113151a5845103b13d26913018
[INFO] documenting edgarcoime/sparrow against beta-2023-04-20 for beta-1.70-rustdoc-1
[INFO] running `Command { std: "git" "clone" "/workspace/cache/git-repos/https%3A%2F%2Fgithub.com%2Fedgarcoime%2Fsparrow" "/workspace/builds/worker-3-tc2/source", kill_on_drop: false }`
[INFO] [stderr] Cloning into '/workspace/builds/worker-3-tc2/source'...
[INFO] [stderr] done.
[INFO] validating manifest of git repo https://github.com/edgarcoime/sparrow on toolchain beta-2023-04-20
[INFO] running `Command { std: CARGO_HOME="/workspace/cargo-home" RUSTUP_HOME="/workspace/rustup-home" "/workspace/cargo-home/bin/cargo" "+beta-2023-04-20" "metadata" "--manifest-path" "Cargo.toml" "--no-deps", kill_on_drop: false }`
[INFO] started tweaking git repo https://github.com/edgarcoime/sparrow
[INFO] finished tweaking git repo https://github.com/edgarcoime/sparrow
[INFO] tweaked toml for git repo https://github.com/edgarcoime/sparrow written to /workspace/builds/worker-3-tc2/source/Cargo.toml
[INFO] crate git repo https://github.com/edgarcoime/sparrow already has a lockfile, it will not be regenerated
[INFO] running `Command { std: CARGO_HOME="/workspace/cargo-home" RUSTUP_HOME="/workspace/rustup-home" "/workspace/cargo-home/bin/cargo" "+beta-2023-04-20" "fetch" "--manifest-path" "Cargo.toml", kill_on_drop: false }`
[INFO] [stderr]  Downloading crates ...
[INFO] [stderr]   Downloaded test-case v2.0.0
[INFO] running `Command { std: "docker" "create" "-v" "/var/lib/crater-agent-workspace/builds/worker-3-tc2/target:/opt/rustwide/target:rw,Z" "-v" "/var/lib/crater-agent-workspace/builds/worker-3-tc2/source:/opt/rustwide/workdir:ro,Z" "-v" "/var/lib/crater-agent-workspace/cargo-home:/opt/rustwide/cargo-home:ro,Z" "-v" "/var/lib/crater-agent-workspace/rustup-home:/opt/rustwide/rustup-home:ro,Z" "-e" "SOURCE_DIR=/opt/rustwide/workdir" "-e" "CARGO_TARGET_DIR=/opt/rustwide/target" "-e" "CARGO_HOME=/opt/rustwide/cargo-home" "-e" "RUSTUP_HOME=/opt/rustwide/rustup-home" "-w" "/opt/rustwide/workdir" "-m" "1610612736" "--user" "0:0" "--network" "none" "ghcr.io/rust-lang/crates-build-env/linux@sha256:5ff2268d62e97bff2cde7d5815dd6ed5b47097566f13b8d0ca110b04b60e07ed" "/opt/rustwide/cargo-home/bin/cargo" "+beta-2023-04-20" "metadata" "--no-deps" "--format-version=1", kill_on_drop: false }`
[INFO] [stdout] d0c9b9973ce9aa5cbfe90afbe7b4a5b0f06985d43d51604c5f0defe1d34476e6
[INFO] running `Command { std: "docker" "start" "-a" "d0c9b9973ce9aa5cbfe90afbe7b4a5b0f06985d43d51604c5f0defe1d34476e6", kill_on_drop: false }`
[INFO] running `Command { std: "docker" "inspect" "d0c9b9973ce9aa5cbfe90afbe7b4a5b0f06985d43d51604c5f0defe1d34476e6", kill_on_drop: false }`
[INFO] running `Command { std: "docker" "rm" "-f" "d0c9b9973ce9aa5cbfe90afbe7b4a5b0f06985d43d51604c5f0defe1d34476e6", kill_on_drop: false }`
[INFO] [stdout] d0c9b9973ce9aa5cbfe90afbe7b4a5b0f06985d43d51604c5f0defe1d34476e6
[INFO] running `Command { std: "docker" "create" "-v" "/var/lib/crater-agent-workspace/builds/worker-3-tc2/target:/opt/rustwide/target:rw,Z" "-v" "/var/lib/crater-agent-workspace/builds/worker-3-tc2/source:/opt/rustwide/workdir:ro,Z" "-v" "/var/lib/crater-agent-workspace/cargo-home:/opt/rustwide/cargo-home:ro,Z" "-v" "/var/lib/crater-agent-workspace/rustup-home:/opt/rustwide/rustup-home:ro,Z" "-e" "SOURCE_DIR=/opt/rustwide/workdir" "-e" "CARGO_TARGET_DIR=/opt/rustwide/target" "-e" "CARGO_INCREMENTAL=0" "-e" "RUST_BACKTRACE=full" "-e" "RUSTFLAGS=--cap-lints=warn" "-e" "RUSTDOCFLAGS=--cap-lints=warn" "-e" "CARGO_HOME=/opt/rustwide/cargo-home" "-e" "RUSTUP_HOME=/opt/rustwide/rustup-home" "-w" "/opt/rustwide/workdir" "-m" "1610612736" "--user" "0:0" "--network" "none" "ghcr.io/rust-lang/crates-build-env/linux@sha256:5ff2268d62e97bff2cde7d5815dd6ed5b47097566f13b8d0ca110b04b60e07ed" "/opt/rustwide/cargo-home/bin/cargo" "+beta-2023-04-20" "doc" "--frozen" "--no-deps" "--document-private-items" "--message-format=json", kill_on_drop: false }`
[INFO] [stdout] 9807b213b4f5a50184f255d4ba884e45443442175600f05bd995c371fa18eb81
[INFO] running `Command { std: "docker" "start" "-a" "9807b213b4f5a50184f255d4ba884e45443442175600f05bd995c371fa18eb81", kill_on_drop: false }`
[INFO] [stderr]    Compiling syn v1.0.88
[INFO] [stderr]    Compiling libc v0.2.120
[INFO] [stderr]     Checking ppv-lite86 v0.2.16
[INFO] [stderr]    Compiling serde_derive v1.0.136
[INFO] [stderr]     Checking bytemuck v1.8.0
[INFO] [stderr]    Compiling serde v1.0.136
[INFO] [stderr]    Compiling typenum v1.15.0
[INFO] [stderr]     Checking rawpointer v0.2.1
[INFO] [stderr]    Compiling paste v1.0.6
[INFO] [stderr]    Compiling num-traits v0.2.14
[INFO] [stderr]    Compiling num-integer v0.1.44
[INFO] [stderr]    Compiling num-rational v0.4.0
[INFO] [stderr]    Compiling serde_json v1.0.79
[INFO] [stderr]     Checking ryu v1.0.9
[INFO] [stderr]     Checking itoa v1.0.1
[INFO] [stderr]    Compiling wasm-bindgen v0.2.79
[INFO] [stderr]     Checking safe_arch v0.6.0
[INFO] [stderr]     Checking matrixmultiply v0.3.2
[INFO] [stderr]     Checking wide v0.7.4
[INFO] [stderr]     Checking getrandom v0.2.5
[INFO] [stderr]     Checking approx v0.5.1
[INFO] [stderr]     Checking num-complex v0.4.0
[INFO] [stderr]     Checking rand_core v0.6.3
[INFO] [stderr]     Checking rand_chacha v0.3.1
[INFO] [stderr]     Checking rand v0.8.5
[INFO] [stderr]     Checking simba v0.7.1
[INFO] [stderr]    Compiling wasm-bindgen-backend v0.2.79
[INFO] [stderr]    Compiling wasm-bindgen-macro-support v0.2.79
[INFO] [stderr]    Compiling thiserror-impl v1.0.30
[INFO] [stderr]    Compiling nalgebra-macros v0.1.0
[INFO] [stderr]    Compiling wasm-bindgen-macro v0.2.79
[INFO] [stderr]     Checking thiserror v1.0.30
[INFO] [stderr]     Checking lib-genetic-algorithm v0.1.0 (/opt/rustwide/workdir/libs/genetic-algorithm)
[INFO] [stderr]     Checking lib-neural-network v0.1.0 (/opt/rustwide/workdir/libs/neural-network)
[INFO] [stderr]  Documenting lib-neural-network v0.1.0 (/opt/rustwide/workdir/libs/neural-network)
[INFO] [stderr]  Documenting lib-genetic-algorithm v0.1.0 (/opt/rustwide/workdir/libs/genetic-algorithm)
[INFO] [stdout] error: expected one of `!` or `::`, found keyword `fn`
[INFO] [stdout]   --> libs/neural-network/src/lib.rs:20:11
[INFO] [stdout]    |
[INFO] [stdout] 19 | impl Network {
[INFO] [stdout]    |              - while parsing this item list starting here
[INFO] [stdout] 20 |     crate fn new(layers: Vec<Layer>) -> Self {
[INFO] [stdout]    |           ^^ expected one of `!` or `::`
[INFO] [stdout] ...
[INFO] [stdout] 78 | }
[INFO] [stdout]    | - the item list ends here
[INFO] [stdout] 
[INFO] [stdout] 
[INFO] [stdout] error: expected one of `!` or `::`, found keyword `fn`
[INFO] [stdout]   --> libs/neural-network/src/lib.rs:20:11
[INFO] [stdout]    |
[INFO] [stdout] 19 | impl Network {
[INFO] [stdout]    |              - while parsing this item list starting here
[INFO] [stdout] 20 |     crate fn new(layers: Vec<Layer>) -> Self {
[INFO] [stdout]    |           ^^ expected one of `!` or `::`
[INFO] [stdout] ...
[INFO] [stdout] 78 | }
[INFO] [stdout]    | - the item list ends here
[INFO] [stdout] 
[INFO] [stdout] 
[INFO] [stdout] error[E0557]: feature has been removed
[INFO] [stdout]  --> libs/genetic-algorithm/src/lib.rs:2:12
[INFO] [stdout]   |
[INFO] [stdout] 2 | #![feature(crate_visibility_modifier)]
[INFO] [stdout]   |            ^^^^^^^^^^^^^^^^^^^^^^^^^ feature has been removed
[INFO] [stdout]   |
[INFO] [stdout]   = note: removed in favor of `pub(crate)`
[INFO] [stdout] 
[INFO] [stdout] 
[INFO] [stdout] error[E0557]: feature has been removed
[INFO] [stdout]  --> libs/neural-network/src/lib.rs:1:12
[INFO] [stdout]   |
[INFO] [stdout] 1 | #![feature(crate_visibility_modifier)]
[INFO] [stdout]   |            ^^^^^^^^^^^^^^^^^^^^^^^^^ feature has been removed
[INFO] [stdout]   |
[INFO] [stdout]   = note: removed in favor of `pub(crate)`
[INFO] [stdout] 
[INFO] [stdout] 
[INFO] [stdout] error[E0557]: feature has been removed
[INFO] [stdout]  --> libs/genetic-algorithm/src/lib.rs:2:12
[INFO] [stdout]   |
[INFO] [stdout] 2 | #![feature(crate_visibility_modifier)]
[INFO] [stdout]   |            ^^^^^^^^^^^^^^^^^^^^^^^^^ feature has been removed
[INFO] [stdout]   |
[INFO] [stdout]   = note: removed in favor of `pub(crate)`
[INFO] [stdout] 
[INFO] [stdout] 
[INFO] [stdout] error[E0557]: feature has been removed
[INFO] [stdout]  --> libs/neural-network/src/lib.rs:1:12
[INFO] [stdout]   |
[INFO] [stdout] 1 | #![feature(crate_visibility_modifier)]
[INFO] [stdout]   |            ^^^^^^^^^^^^^^^^^^^^^^^^^ feature has been removed
[INFO] [stdout]   |
[INFO] [stdout]   = note: removed in favor of `pub(crate)`
[INFO] [stdout] 
[INFO] [stdout] 
[INFO] [stdout] error: Compilation failed, aborting rustdoc
[INFO] [stdout] 
[INFO] [stdout] 
[INFO] [stdout] error: Compilation failed, aborting rustdoc
[INFO] [stdout] 
[INFO] [stdout] 
[INFO] [stdout] error: aborting due to 2 previous errors
[INFO] [stdout] 
[INFO] [stdout] 
[INFO] [stdout] error: aborting due to 3 previous errors
[INFO] [stdout] 
[INFO] [stdout] 
[INFO] [stdout] error: expected identifier, found keyword `crate`
[INFO] [stdout]  --> libs/neural-network/src/layer.rs:6:5
[INFO] [stdout]   |
[INFO] [stdout] 5 | pub struct Layer {
[INFO] [stdout]   |            ----- while parsing this struct
[INFO] [stdout] 6 |     crate neurons: Vec<Neuron>
[INFO] [stdout]   |     ^^^^^ expected identifier, found keyword
[INFO] [stdout] 
[INFO] [stdout] 
[INFO] [stdout] For more information about this error, try `rustc --explain E0557`.
[INFO] [stdout] 
[INFO] [stdout] For more information about this error, try `rustc --explain E0557`.
[INFO] [stdout] 
[INFO] [stdout] error: expected one of `!` or `::`, found keyword `fn`
[INFO] [stdout]   --> libs/genetic-algorithm/src/statistics.rs:13:11
[INFO] [stdout]    |
[INFO] [stdout] 12 | impl Statistics {
[INFO] [stdout]    |                 - while parsing this item list starting here
[INFO] [stdout] 13 |     crate fn new<I>(population: &[I]) -> Self
[INFO] [stdout]    |           ^^ expected one of `!` or `::`
[INFO] [stdout] ...
[INFO] [stdout] 60 | }
[INFO] [stdout]    | - the item list ends here
[INFO] [stdout] 
[INFO] [stdout] 
[INFO] [stdout] error: expected identifier, found keyword `crate`
[INFO] [stdout]  --> libs/neural-network/src/neuron.rs:8:5
[INFO] [stdout]   |
[INFO] [stdout] 7 | pub struct Neuron {
[INFO] [stdout]   |            ------ while parsing this struct
[INFO] [stdout] 8 |     crate bias: f32,
[INFO] [stdout]   |     ^^^^^ expected identifier, found keyword
[INFO] [stdout] 
[INFO] [stdout] 
[INFO] [stderr] error: could not document `lib-genetic-algorithm`
[INFO] [stderr] 
[INFO] [stderr] Caused by:
[INFO] [stderr]   process didn't exit successfully: `rustdoc --edition=2021 --crate-type lib --crate-name lib_genetic_algorithm libs/genetic-algorithm/src/lib.rs -o /opt/rustwide/target/doc --error-format=json --json=diagnostic-rendered-ansi,artifacts,future-incompat --document-private-items -C metadata=bddb51267ab55f6b -L dependency=/opt/rustwide/target/debug/deps --extern rand=/opt/rustwide/target/debug/deps/librand-3951c63b51a3f1a6.rmeta --extern rand_chacha=/opt/rustwide/target/debug/deps/librand_chacha-92e98df028a94c88.rmeta --extern thiserror=/opt/rustwide/target/debug/deps/libthiserror-aa9e06ff2fcb492b.rmeta --cap-lints=warn --crate-version 0.1.0` (exit status: 1)
[INFO] [stderr] warning: build failed, waiting for other jobs to finish...
[INFO] [stderr] error: could not document `lib-neural-network`
[INFO] [stderr] 
[INFO] [stderr] Caused by:
[INFO] [stderr]   process didn't exit successfully: `rustdoc --edition=2021 --crate-type lib --crate-name lib_neural_network libs/neural-network/src/lib.rs -o /opt/rustwide/target/doc --error-format=json --json=diagnostic-rendered-ansi,artifacts,future-incompat --document-private-items -C metadata=b1a467a09aca6e5a -L dependency=/opt/rustwide/target/debug/deps --extern approx=/opt/rustwide/target/debug/deps/libapprox-7fdf8e1d73da44f7.rmeta --extern rand=/opt/rustwide/target/debug/deps/librand-3951c63b51a3f1a6.rmeta --extern rand_chacha=/opt/rustwide/target/debug/deps/librand_chacha-92e98df028a94c88.rmeta --extern thiserror=/opt/rustwide/target/debug/deps/libthiserror-aa9e06ff2fcb492b.rmeta --cap-lints=warn --crate-version 0.1.0` (exit status: 1)
[INFO] [stdout] warning: unused import: `Rng`
[INFO] [stdout]  --> libs/neural-network/src/lib.rs:5:12
[INFO] [stdout]   |
[INFO] [stdout] 5 | use rand::{Rng, RngCore};
[INFO] [stdout]   |            ^^^
[INFO] [stdout]   |
[INFO] [stdout]   = note: `#[warn(unused_imports)]` on by default
[INFO] [stdout] 
[INFO] [stdout] 
[INFO] [stdout] warning: unused import: `std::iter::once`
[INFO] [stdout]  --> libs/neural-network/src/lib.rs:6:5
[INFO] [stdout]   |
[INFO] [stdout] 6 | use std::iter::once;
[INFO] [stdout]   |     ^^^^^^^^^^^^^^^
[INFO] [stdout] 
[INFO] [stdout] 
[INFO] [stdout] warning: unused import: `crate::*`
[INFO] [stdout]  --> libs/neural-network/src/neuron.rs:3:5
[INFO] [stdout]   |
[INFO] [stdout] 3 | use crate::*;
[INFO] [stdout]   |     ^^^^^^^^
[INFO] [stdout] 
[INFO] [stdout] 
[INFO] [stdout] warning: unused import: `crate::*`
[INFO] [stdout]  --> libs/neural-network/src/layer_topology.rs:1:5
[INFO] [stdout]   |
[INFO] [stdout] 1 | use crate::*;
[INFO] [stdout]   |     ^^^^^^^^
[INFO] [stdout] 
[INFO] [stdout] 
[INFO] [stdout] error[E0554]: `#![feature]` may not be used on the beta release channel
[INFO] [stdout]  --> libs/genetic-algorithm/src/lib.rs:1:1
[INFO] [stdout]   |
[INFO] [stdout] 1 | #![feature(type_alias_impl_trait)]
[INFO] [stdout]   | ^^^^^^^^^^^^^^^^^^^^^^^^^^^^^^^^^^
[INFO] [stdout] 
[INFO] [stdout] 
[INFO] [stdout] error[E0554]: `#![feature]` may not be used on the beta release channel
[INFO] [stdout]  --> libs/genetic-algorithm/src/lib.rs:2:1
[INFO] [stdout]   |
[INFO] [stdout] 2 | #![feature(crate_visibility_modifier)]
[INFO] [stdout]   | ^^^^^^^^^^^^^^^^^^^^^^^^^^^^^^^^^^^^^^
[INFO] [stdout] 
[INFO] [stdout] 
[INFO] [stdout] error[E0658]: `impl Trait` in associated types is unstable
[INFO] [stdout]   --> libs/genetic-algorithm/src/chromosome.rs:42:21
[INFO] [stdout]    |
[INFO] [stdout] 42 |     type IntoIter = impl Iterator<Item = f32>;
[INFO] [stdout]    |                     ^^^^^^^^^^^^^^^^^^^^^^^^^
[INFO] [stdout]    |
[INFO] [stdout]    = note: see issue #63063 <https://github.com/rust-lang/rust/issues/63063> for more information
[INFO] [stdout] 
[INFO] [stdout] 
[INFO] [stdout] warning: unused import: `crate::*`
[INFO] [stdout]  --> libs/genetic-algorithm/src/statistics.rs:1:5
[INFO] [stdout]   |
[INFO] [stdout] 1 | use crate::*;
[INFO] [stdout]   |     ^^^^^^^^
[INFO] [stdout]   |
[INFO] [stdout]   = note: `#[warn(unused_imports)]` on by default
[INFO] [stdout] 
[INFO] [stdout] 
[INFO] [stdout] warning: unused import: `std::cmp::Ordering`
[INFO] [stdout]  --> libs/genetic-algorithm/src/statistics.rs:2:5
[INFO] [stdout]   |
[INFO] [stdout] 2 | use std::cmp::Ordering;
[INFO] [stdout]   |     ^^^^^^^^^^^^^^^^^^
[INFO] [stdout] 
[INFO] [stdout] 
[INFO] [stdout] error[E0609]: no field `weights` on type `&neuron::Neuron`
[INFO] [stdout]   --> libs/neural-network/src/layer.rs:16:38
[INFO] [stdout]    |
[INFO] [stdout] 16 |                 .all(|neuron| neuron.weights.len() == neurons[0].weights.len())
[INFO] [stdout]    |                                      ^^^^^^^ unknown field
[INFO] [stdout] 
[INFO] [stdout] 
[INFO] [stdout] error[E0609]: no field `weights` on type `neuron::Neuron`
[INFO] [stdout]   --> libs/neural-network/src/layer.rs:16:66
[INFO] [stdout]    |
[INFO] [stdout] 16 |                 .all(|neuron| neuron.weights.len() == neurons[0].weights.len())
[INFO] [stdout]    |                                                                  ^^^^^^^ unknown field
[INFO] [stdout] 
[INFO] [stdout] 
[INFO] [stdout] error[E0609]: no field `neurons` on type `&layer::Layer`
[INFO] [stdout]   --> libs/neural-network/src/layer.rs:31:14
[INFO] [stdout]    |
[INFO] [stdout] 31 |         self.neurons
[INFO] [stdout]    |              ^^^^^^^ unknown field
[INFO] [stdout] 
[INFO] [stdout] 
[INFO] [stdout] error[E0599]: no function or associated item named `new` found for struct `statistics::Statistics` in the current scope
[INFO] [stdout]   --> libs/genetic-algorithm/src/lib.rs:73:38
[INFO] [stdout]    |
[INFO] [stdout] 73 |         (new_population, Statistics::new(population))
[INFO] [stdout]    |                                      ^^^ function or associated item not found in `Statistics`
[INFO] [stdout]    |
[INFO] [stdout]   ::: libs/genetic-algorithm/src/statistics.rs:5:1
[INFO] [stdout]    |
[INFO] [stdout] 5  | pub struct Statistics {
[INFO] [stdout]    | --------------------- function or associated item `new` not found for this struct
[INFO] [stdout]    |
[INFO] [stdout]    = help: items from traits can only be used if the trait is implemented and in scope
[INFO] [stdout]    = note: the following trait defines an item `new`, perhaps you need to implement it:
[INFO] [stdout]            candidate #1: `UniformSampler`
[INFO] [stdout] 
[INFO] [stdout] 
[INFO] [stdout] error[E0609]: no field `weights` on type `&neuron::Neuron`
[INFO] [stdout]   --> libs/neural-network/src/neuron.rs:35:24
[INFO] [stdout]    |
[INFO] [stdout] 35 |             .zip(&self.weights)
[INFO] [stdout]    |                        ^^^^^^^ unknown field
[INFO] [stdout] 
[INFO] [stdout] 
[INFO] [stdout] error[E0609]: no field `bias` on type `&neuron::Neuron`
[INFO] [stdout]   --> libs/neural-network/src/neuron.rs:39:15
[INFO] [stdout]    |
[INFO] [stdout] 39 |         (self.bias + output).max(0.)
[INFO] [stdout]    |               ^^^^ unknown field
[INFO] [stdout] 
[INFO] [stdout] 
[INFO] [stdout] error: aborting due to 6 previous errors; 2 warnings emitted
[INFO] [stdout] 
[INFO] [stdout] 
[INFO] [stdout] Some errors have detailed explanations: E0554, E0557, E0599, E0658.
[INFO] [stdout] 
[INFO] [stdout] For more information about an error, try `rustc --explain E0554`.
[INFO] [stdout] 
[INFO] [stdout] error: aborting due to 9 previous errors; 4 warnings emitted
[INFO] [stdout] 
[INFO] [stdout] 
[INFO] [stdout] Some errors have detailed explanations: E0557, E0609.
[INFO] [stdout] 
[INFO] [stdout] For more information about an error, try `rustc --explain E0557`.
[INFO] [stdout] 
[INFO] [stderr] error: could not compile `lib-genetic-algorithm` (lib) due to 7 previous errors; 2 warnings emitted
[INFO] [stderr] error: could not compile `lib-neural-network` (lib) due to 10 previous errors; 4 warnings emitted
[INFO] running `Command { std: "docker" "inspect" "9807b213b4f5a50184f255d4ba884e45443442175600f05bd995c371fa18eb81", kill_on_drop: false }`
[INFO] running `Command { std: "docker" "rm" "-f" "9807b213b4f5a50184f255d4ba884e45443442175600f05bd995c371fa18eb81", kill_on_drop: false }`
[INFO] [stdout] 9807b213b4f5a50184f255d4ba884e45443442175600f05bd995c371fa18eb81
