[INFO] cloning repository https://github.com/ear7h/photos1
[INFO] running `Command { std: "git" "-c" "credential.helper=" "-c" "credential.helper=/workspace/cargo-home/bin/git-credential-null" "clone" "--bare" "https://github.com/ear7h/photos1" "/workspace/cache/git-repos/https%3A%2F%2Fgithub.com%2Fear7h%2Fphotos1", kill_on_drop: false }`
[INFO] [stderr] Cloning into bare repository '/workspace/cache/git-repos/https%3A%2F%2Fgithub.com%2Fear7h%2Fphotos1'...
[INFO] running `Command { std: "git" "rev-parse" "HEAD", kill_on_drop: false }`
[INFO] [stdout] 909e3696e36ab87c54e3bdc27a33525015914708
[INFO] documenting ear7h/photos1 against beta-2023-04-20 for beta-1.70-rustdoc-1
[INFO] running `Command { std: "git" "clone" "/workspace/cache/git-repos/https%3A%2F%2Fgithub.com%2Fear7h%2Fphotos1" "/workspace/builds/worker-3-tc2/source", kill_on_drop: false }`
[INFO] [stderr] Cloning into '/workspace/builds/worker-3-tc2/source'...
[INFO] [stderr] done.
[INFO] validating manifest of git repo https://github.com/ear7h/photos1 on toolchain beta-2023-04-20
[INFO] running `Command { std: CARGO_HOME="/workspace/cargo-home" RUSTUP_HOME="/workspace/rustup-home" "/workspace/cargo-home/bin/cargo" "+beta-2023-04-20" "metadata" "--manifest-path" "Cargo.toml" "--no-deps", kill_on_drop: false }`
[INFO] started tweaking git repo https://github.com/ear7h/photos1
[INFO] finished tweaking git repo https://github.com/ear7h/photos1
[INFO] tweaked toml for git repo https://github.com/ear7h/photos1 written to /workspace/builds/worker-3-tc2/source/Cargo.toml
[INFO] crate git repo https://github.com/ear7h/photos1 already has a lockfile, it will not be regenerated
[INFO] running `Command { std: CARGO_HOME="/workspace/cargo-home" RUSTUP_HOME="/workspace/rustup-home" "/workspace/cargo-home/bin/cargo" "+beta-2023-04-20" "fetch" "--manifest-path" "Cargo.toml", kill_on_drop: false }`
[INFO] [stderr]     Updating crates.io index
[INFO] [stderr]  Downloading crates ...
[INFO] [stderr]   Downloaded quick_from v0.1.0
[INFO] [stderr]   Downloaded egui_glium v0.13.1
[INFO] [stderr]   Downloaded glam v0.17.1
[INFO] [stderr]   Downloaded glium v0.30.0
[INFO] running `Command { std: "docker" "create" "-v" "/var/lib/crater-agent-workspace/builds/worker-3-tc2/target:/opt/rustwide/target:rw,Z" "-v" "/var/lib/crater-agent-workspace/builds/worker-3-tc2/source:/opt/rustwide/workdir:ro,Z" "-v" "/var/lib/crater-agent-workspace/cargo-home:/opt/rustwide/cargo-home:ro,Z" "-v" "/var/lib/crater-agent-workspace/rustup-home:/opt/rustwide/rustup-home:ro,Z" "-e" "SOURCE_DIR=/opt/rustwide/workdir" "-e" "CARGO_TARGET_DIR=/opt/rustwide/target" "-e" "CARGO_HOME=/opt/rustwide/cargo-home" "-e" "RUSTUP_HOME=/opt/rustwide/rustup-home" "-w" "/opt/rustwide/workdir" "-m" "1610612736" "--user" "0:0" "--network" "none" "ghcr.io/rust-lang/crates-build-env/linux@sha256:5ff2268d62e97bff2cde7d5815dd6ed5b47097566f13b8d0ca110b04b60e07ed" "/opt/rustwide/cargo-home/bin/cargo" "+beta-2023-04-20" "metadata" "--no-deps" "--format-version=1", kill_on_drop: false }`
[INFO] [stdout] b5a62c232ce1913b6be01402f783c91aa11fd6b6c32961344f79eb64106d2f2f
[INFO] running `Command { std: "docker" "start" "-a" "b5a62c232ce1913b6be01402f783c91aa11fd6b6c32961344f79eb64106d2f2f", kill_on_drop: false }`
[INFO] running `Command { std: "docker" "inspect" "b5a62c232ce1913b6be01402f783c91aa11fd6b6c32961344f79eb64106d2f2f", kill_on_drop: false }`
[INFO] running `Command { std: "docker" "rm" "-f" "b5a62c232ce1913b6be01402f783c91aa11fd6b6c32961344f79eb64106d2f2f", kill_on_drop: false }`
[INFO] [stdout] b5a62c232ce1913b6be01402f783c91aa11fd6b6c32961344f79eb64106d2f2f
[INFO] running `Command { std: "docker" "create" "-v" "/var/lib/crater-agent-workspace/builds/worker-3-tc2/target:/opt/rustwide/target:rw,Z" "-v" "/var/lib/crater-agent-workspace/builds/worker-3-tc2/source:/opt/rustwide/workdir:ro,Z" "-v" "/var/lib/crater-agent-workspace/cargo-home:/opt/rustwide/cargo-home:ro,Z" "-v" "/var/lib/crater-agent-workspace/rustup-home:/opt/rustwide/rustup-home:ro,Z" "-e" "SOURCE_DIR=/opt/rustwide/workdir" "-e" "CARGO_TARGET_DIR=/opt/rustwide/target" "-e" "CARGO_INCREMENTAL=0" "-e" "RUST_BACKTRACE=full" "-e" "RUSTFLAGS=--cap-lints=warn" "-e" "RUSTDOCFLAGS=--cap-lints=warn" "-e" "CARGO_HOME=/opt/rustwide/cargo-home" "-e" "RUSTUP_HOME=/opt/rustwide/rustup-home" "-w" "/opt/rustwide/workdir" "-m" "1610612736" "--user" "0:0" "--network" "none" "ghcr.io/rust-lang/crates-build-env/linux@sha256:5ff2268d62e97bff2cde7d5815dd6ed5b47097566f13b8d0ca110b04b60e07ed" "/opt/rustwide/cargo-home/bin/cargo" "+beta-2023-04-20" "doc" "--frozen" "--no-deps" "--document-private-items" "--message-format=json", kill_on_drop: false }`
[INFO] [stdout] 7137816b5e8154cc806eba8fb3c6d03ba96dadb659c76a7f7212cee869178869
[INFO] running `Command { std: "docker" "start" "-a" "7137816b5e8154cc806eba8fb3c6d03ba96dadb659c76a7f7212cee869178869", kill_on_drop: false }`
[INFO] [stderr]     Checking cfg-if v1.0.0
[INFO] [stderr]    Compiling libc v0.2.97
[INFO] [stderr]     Checking lazy_static v1.4.0
[INFO] [stderr]    Compiling bitflags v1.2.1
[INFO] [stderr]    Compiling crossbeam-utils v0.8.5
[INFO] [stderr]     Checking once_cell v1.8.0
[INFO] [stderr]     Checking scopeguard v1.1.0
[INFO] [stderr]    Compiling wayland-scanner v0.28.5
[INFO] [stderr]    Compiling memoffset v0.6.4
[INFO] [stderr]     Checking libloading v0.7.0
[INFO] [stderr]    Compiling wayland-sys v0.28.5
[INFO] [stderr]     Checking smallvec v1.6.1
[INFO] [stderr]    Compiling crossbeam-epoch v0.9.5
[INFO] [stderr]    Compiling log v0.4.14
[INFO] [stderr]     Checking dlib v0.5.0
[INFO] [stderr]     Checking ab_glyph_rasterizer v0.1.4
[INFO] [stderr]    Compiling memchr v2.3.4
[INFO] [stderr]     Checking crossbeam-channel v0.5.1
[INFO] [stderr]    Compiling gl_generator v0.14.0
[INFO] [stderr]     Checking crossbeam-deque v0.8.0
[INFO] [stderr]    Compiling nom v6.2.1
[INFO] [stderr]    Compiling num-traits v0.2.14
[INFO] [stderr]     Checking scoped-tls v1.0.0
[INFO] [stderr]     Checking downcast-rs v1.2.0
[INFO] [stderr]    Compiling nix v0.18.0
[INFO] [stderr]     Checking ttf-parser v0.6.2
[INFO] [stderr]     Checking same-file v1.0.6
[INFO] [stderr]     Checking cfg-if v0.1.10
[INFO] [stderr]     Checking walkdir v2.3.2
[INFO] [stderr]     Checking libloading v0.6.7
[INFO] [stderr]     Checking xdg v2.2.0
[INFO] [stderr]     Checking xml-rs v0.8.3
[INFO] [stderr]    Compiling crossbeam-queue v0.3.2
[INFO] [stderr]    Compiling wayland-client v0.28.5
[INFO] [stderr]    Compiling wayland-protocols v0.28.5
[INFO] [stderr]     Checking nix v0.20.0
[INFO] [stderr]     Checking memmap2 v0.1.0
[INFO] [stderr]     Checking owned_ttf_parser v0.6.0
[INFO] [stderr]     Checking dlib v0.4.2
[INFO] [stderr]    Compiling maybe-uninit v2.0.0
[INFO] [stderr]     Checking rusttype v0.9.2
[INFO] [stderr]    Compiling miniz_oxide v0.4.4
[INFO] [stderr]    Compiling rayon-core v1.9.1
[INFO] [stderr]     Checking andrew v0.3.1
[INFO] [stderr]    Compiling x11-dl v2.18.5
[INFO] [stderr]     Checking xcursor v0.3.3
[INFO] [stderr]     Checking num_cpus v1.13.0
[INFO] [stderr]     Checking instant v0.1.9
[INFO] [stderr]    Compiling ahash v0.7.4
[INFO] [stderr]     Checking ttf-parser v0.12.3
[INFO] [stderr]     Checking adler v1.0.2
[INFO] [stderr]     Checking parking_lot_core v0.8.3
[INFO] [stderr]     Checking crossbeam v0.8.1
[INFO] [stderr]     Checking getrandom v0.2.3
[INFO] [stderr]     Checking mio v0.7.13
[INFO] [stderr]    Compiling glutin_glx_sys v0.1.7
[INFO] [stderr]    Compiling xcb v0.9.0
[INFO] [stderr]     Checking owned_ttf_parser v0.12.1
[INFO] [stderr]    Compiling glutin_egl_sys v0.1.5
[INFO] [stderr]     Checking lock_api v0.4.4
[INFO] [stderr]    Compiling num-integer v0.1.44
[INFO] [stderr]    Compiling winit v0.25.0
[INFO] [stderr]    Compiling backtrace v0.3.59
[INFO] [stderr]     Checking wayland-commons v0.28.5
[INFO] [stderr]     Checking calloop v0.6.5
[INFO] [stderr]    Compiling rayon v1.5.1
[INFO] [stderr]     Checking parking_lot v0.11.1
[INFO] [stderr]     Checking ab_glyph v0.2.11
[INFO] [stderr]     Checking mio-misc v1.2.1
[INFO] [stderr]     Checking ordered-float v2.5.1
[INFO] [stderr]     Checking shared_library v0.1.9
[INFO] [stderr]     Checking raw-window-handle v0.3.3
[INFO] [stderr]     Checking atomic_refcell v0.1.7
[INFO] [stderr]     Checking either v1.6.1
[INFO] [stderr]     Checking percent-encoding v2.1.0
[INFO] [stderr]     Checking adler32 v1.2.0
[INFO] [stderr]     Checking gimli v0.24.0
[INFO] [stderr]     Checking emath v0.13.0
[INFO] [stderr]    Compiling syn v1.0.73
[INFO] [stderr]    Compiling crc32fast v1.2.1
[INFO] [stderr]     Checking epaint v0.13.0
[INFO] [stderr]     Checking osmesa-sys v0.1.2
[INFO] [stderr]     Checking wayland-cursor v0.28.5
[INFO] [stderr]     Checking wayland-egl v0.28.5
[INFO] [stderr]    Compiling glium v0.30.0
[INFO] [stderr]    Compiling num-rational v0.3.2
[INFO] [stderr]     Checking byteorder v1.4.3
[INFO] [stderr]     Checking weezl v0.1.5
[INFO] [stderr]     Checking object v0.24.0
[INFO] [stderr]     Checking rustc-demangle v0.1.20
[INFO] [stderr]     Checking deflate v0.8.6
[INFO] [stderr]    Compiling num-iter v0.1.42
[INFO] [stderr]     Checking egui v0.13.1
[INFO] [stderr]     Checking addr2line v0.15.2
[INFO] [stderr]     Checking jpeg-decoder v0.1.22
[INFO] [stderr]     Checking miniz_oxide v0.3.7
[INFO] [stderr]    Compiling tokio v1.7.1
[INFO] [stderr]     Checking fnv v1.0.7
[INFO] [stderr]     Checking takeable-option v0.5.0
[INFO] [stderr]    Compiling async-trait v0.1.50
[INFO] [stderr]     Checking color_quant v1.1.0
[INFO] [stderr]     Checking gif v0.11.2
[INFO] [stderr]     Checking epi v0.13.0
[INFO] [stderr]     Checking png v0.16.8
[INFO] [stderr]     Checking tiff v0.6.1
[INFO] [stderr]     Checking pin-project-lite v0.2.7
[INFO] [stderr]     Checking scoped_threadpool v0.1.9
[INFO] [stderr]     Checking webbrowser v0.5.5
[INFO] [stderr]     Checking bytemuck v1.7.0
[INFO] [stderr]     Checking glam v0.17.1
[INFO] [stderr]     Checking image v0.23.14
[INFO] [stderr]    Compiling quick_from v0.1.0
[INFO] [stderr]     Checking x11-clipboard v0.5.2
[INFO] [stderr]     Checking smithay-client-toolkit v0.12.3
[INFO] [stderr]     Checking smithay-clipboard v0.6.3
[INFO] [stderr]     Checking copypasta v0.7.1
[INFO] [stderr]     Checking glutin v0.27.0
[INFO] [stderr]     Checking egui_glium v0.13.1
[INFO] [stderr]     Checking photos1 v0.1.0 (/opt/rustwide/workdir)
[INFO] [stderr]  Documenting photos1 v0.1.0 (/opt/rustwide/workdir)
[INFO] [stdout] error[E0557]: feature has been removed
[INFO] [stdout]  --> src/lib.rs:1:12
[INFO] [stdout]   |
[INFO] [stdout] 1 | #![feature(crate_visibility_modifier)]
[INFO] [stdout]   |            ^^^^^^^^^^^^^^^^^^^^^^^^^ feature has been removed
[INFO] [stdout]   |
[INFO] [stdout]   = note: removed in favor of `pub(crate)`
[INFO] [stdout] 
[INFO] [stdout] 
[INFO] [stdout] error: Compilation failed, aborting rustdoc
[INFO] [stdout] 
[INFO] [stdout] 
[INFO] [stdout] error: aborting due to 2 previous errors
[INFO] [stdout] 
[INFO] [stdout] 
[INFO] [stdout] For more information about this error, try `rustc --explain E0557`.
[INFO] [stdout] 
[INFO] [stdout] error[E0557]: feature has been removed
[INFO] [stdout]  --> src/lib.rs:1:12
[INFO] [stdout]   |
[INFO] [stdout] 1 | #![feature(crate_visibility_modifier)]
[INFO] [stdout]   |            ^^^^^^^^^^^^^^^^^^^^^^^^^ feature has been removed
[INFO] [stdout]   |
[INFO] [stdout]   = note: removed in favor of `pub(crate)`
[INFO] [stdout] 
[INFO] [stdout] 
[INFO] [stdout] error: expected one of `!` or `::`, found keyword `struct`
[INFO] [stdout]  --> src/task_channel.rs:8:7
[INFO] [stdout]   |
[INFO] [stdout] 8 | crate struct TaskChannel<A : App> {
[INFO] [stdout]   |       ^^^^^^ expected one of `!` or `::`
[INFO] [stdout] 
[INFO] [stdout] 
[INFO] [stderr] error: could not document `photos1`
[INFO] [stderr] 
[INFO] [stderr] Caused by:
[INFO] [stderr]   process didn't exit successfully: `rustdoc --edition=2018 --crate-type lib --crate-name photos1 src/lib.rs -o /opt/rustwide/target/doc --error-format=json --json=diagnostic-rendered-ansi,artifacts,future-incompat --document-private-items -C metadata=7aae99511bdb8da1 -L dependency=/opt/rustwide/target/debug/deps --extern async_trait=/opt/rustwide/target/debug/deps/libasync_trait-e504c9f3f9c08efa.so --extern egui=/opt/rustwide/target/debug/deps/libegui-005ef84bbb5f2125.rmeta --extern egui_glium=/opt/rustwide/target/debug/deps/libegui_glium-73f54de455c7c532.rmeta --extern glam=/opt/rustwide/target/debug/deps/libglam-af2f7e2f9fe3e191.rmeta --extern glium=/opt/rustwide/target/debug/deps/libglium-911a323f93693feb.rmeta --extern image=/opt/rustwide/target/debug/deps/libimage-7bf8f8e5beea42b3.rmeta --extern quick_from=/opt/rustwide/target/debug/deps/libquick_from-3b8c9c4f91221a39.so --extern tokio=/opt/rustwide/target/debug/deps/libtokio-2efdd426be806c9b.rmeta --cap-lints=warn --crate-version 0.1.0` (exit status: 1)
[INFO] [stdout] error: expected one of `!` or `::`, found keyword `fn`
[INFO] [stdout]   --> src/input.rs:15:11
[INFO] [stdout]    |
[INFO] [stdout] 14 | impl Input {
[INFO] [stdout]    |            - while parsing this item list starting here
[INFO] [stdout] 15 |     crate fn frame_reset(&mut self) {
[INFO] [stdout]    |           ^^ expected one of `!` or `::`
[INFO] [stdout] ...
[INFO] [stdout] 77 | }
[INFO] [stdout]    | - the item list ends here
[INFO] [stdout] 
[INFO] [stdout] 
[INFO] [stderr] warning: build failed, waiting for other jobs to finish...
[INFO] [stdout] error: expected one of `!` or `::`, found keyword `struct`
[INFO] [stdout]  --> src/utils.rs:3:7
[INFO] [stdout]   |
[INFO] [stdout] 3 | crate struct UniformsCons<'a, X, Xs> {
[INFO] [stdout]   |       ^^^^^^ expected one of `!` or `::`
[INFO] [stdout] 
[INFO] [stdout] 
[INFO] [stdout] error[E0432]: unresolved import `task_channel::TaskChannel`
[INFO] [stdout]  --> src/lib.rs:7:5
[INFO] [stdout]   |
[INFO] [stdout] 7 | use task_channel::TaskChannel;
[INFO] [stdout]   |     ^^^^^^^^^^^^^^^^^^^^^^^^^ no `TaskChannel` in `task_channel`
[INFO] [stdout] 
[INFO] [stdout] 
[INFO] [stdout] error[E0432]: unresolved imports `utils::UniformsCons`, `utils::create_display`
[INFO] [stdout]   --> src/lib.rs:23:5
[INFO] [stdout]    |
[INFO] [stdout] 23 |     UniformsCons,
[INFO] [stdout]    |     ^^^^^^^^^^^^ no `UniformsCons` in `utils`
[INFO] [stdout] 24 |     create_display,
[INFO] [stdout]    |     ^^^^^^^^^^^^^^ no `create_display` in `utils`
[INFO] [stdout] 
[INFO] [stdout] 
[INFO] [stdout] error[E0599]: no method named `frame_reset` found for mutable reference `&mut Input` in the current scope
[INFO] [stdout]    --> src/lib.rs:410:27
[INFO] [stdout]     |
[INFO] [stdout] 410 |                     input.frame_reset();
[INFO] [stdout]     |                           ^^^^^^^^^^^ method not found in `&mut Input`
[INFO] [stdout] 
[INFO] [stdout] 
[INFO] [stdout] error[E0599]: no method named `update` found for mutable reference `&mut Input` in the current scope
[INFO] [stdout]    --> src/lib.rs:438:56
[INFO] [stdout]     |
[INFO] [stdout] 438 |                     background_input.as_mut().unwrap().update(event);
[INFO] [stdout]     |                                                        ^^^^^^ method not found in `&mut Input`
[INFO] [stdout]     |
[INFO] [stdout]     = help: items from traits can only be used if the trait is implemented and in scope
[INFO] [stdout]     = note: the following traits define an item `update`, perhaps you need to implement one of them:
[INFO] [stdout]             candidate #1: `App`
[INFO] [stdout]             candidate #2: `epi::App`
[INFO] [stdout]             candidate #3: `rayon::iter::ParallelIterator`
[INFO] [stdout]             candidate #4: `deflate::checksum::RollingChecksum`
[INFO] [stdout] 
[INFO] [stdout] 
[INFO] [stdout] error: aborting due to 8 previous errors
[INFO] [stdout] 
[INFO] [stdout] 
[INFO] [stdout] Some errors have detailed explanations: E0432, E0557, E0599.
[INFO] [stdout] 
[INFO] [stdout] For more information about an error, try `rustc --explain E0432`.
[INFO] [stdout] 
[INFO] [stderr] error: could not compile `photos1` (lib) due to 9 previous errors
[INFO] running `Command { std: "docker" "inspect" "7137816b5e8154cc806eba8fb3c6d03ba96dadb659c76a7f7212cee869178869", kill_on_drop: false }`
[INFO] running `Command { std: "docker" "rm" "-f" "7137816b5e8154cc806eba8fb3c6d03ba96dadb659c76a7f7212cee869178869", kill_on_drop: false }`
[INFO] [stdout] 7137816b5e8154cc806eba8fb3c6d03ba96dadb659c76a7f7212cee869178869
