[INFO] cloning repository https://github.com/dommi10/solana-twitter
[INFO] running `Command { std: "git" "-c" "credential.helper=" "-c" "credential.helper=/workspace/cargo-home/bin/git-credential-null" "clone" "--bare" "https://github.com/dommi10/solana-twitter" "/workspace/cache/git-repos/https%3A%2F%2Fgithub.com%2Fdommi10%2Fsolana-twitter", kill_on_drop: false }`
[INFO] [stderr] Cloning into bare repository '/workspace/cache/git-repos/https%3A%2F%2Fgithub.com%2Fdommi10%2Fsolana-twitter'...
[INFO] running `Command { std: "git" "rev-parse" "HEAD", kill_on_drop: false }`
[INFO] [stdout] 0a5f4924db0bab5de8b6f566e277e140ad498dd8
[INFO] documenting dommi10/solana-twitter against beta-2023-04-20 for beta-1.70-rustdoc-1
[INFO] running `Command { std: "git" "clone" "/workspace/cache/git-repos/https%3A%2F%2Fgithub.com%2Fdommi10%2Fsolana-twitter" "/workspace/builds/worker-0-tc2/source", kill_on_drop: false }`
[INFO] [stderr] Cloning into '/workspace/builds/worker-0-tc2/source'...
[INFO] [stderr] done.
[INFO] validating manifest of git repo https://github.com/dommi10/solana-twitter on toolchain beta-2023-04-20
[INFO] running `Command { std: CARGO_HOME="/workspace/cargo-home" RUSTUP_HOME="/workspace/rustup-home" "/workspace/cargo-home/bin/cargo" "+beta-2023-04-20" "metadata" "--manifest-path" "Cargo.toml" "--no-deps", kill_on_drop: false }`
[INFO] started tweaking git repo https://github.com/dommi10/solana-twitter
[INFO] finished tweaking git repo https://github.com/dommi10/solana-twitter
[INFO] tweaked toml for git repo https://github.com/dommi10/solana-twitter written to /workspace/builds/worker-0-tc2/source/Cargo.toml
[INFO] crate git repo https://github.com/dommi10/solana-twitter already has a lockfile, it will not be regenerated
[INFO] running `Command { std: CARGO_HOME="/workspace/cargo-home" RUSTUP_HOME="/workspace/rustup-home" "/workspace/cargo-home/bin/cargo" "+beta-2023-04-20" "fetch" "--manifest-path" "Cargo.toml", kill_on_drop: false }`
[INFO] [stderr]  Downloading crates ...
[INFO] [stderr]   Downloaded solana-sdk-macro v1.10.2
[INFO] [stderr]   Downloaded solana-frozen-abi-macro v1.10.2
[INFO] [stderr]   Downloaded solana-frozen-abi v1.10.2
[INFO] [stderr]   Downloaded solana-program v1.10.2
[INFO] running `Command { std: "docker" "create" "-v" "/var/lib/crater-agent-workspace/builds/worker-0-tc2/target:/opt/rustwide/target:rw,Z" "-v" "/var/lib/crater-agent-workspace/builds/worker-0-tc2/source:/opt/rustwide/workdir:ro,Z" "-v" "/var/lib/crater-agent-workspace/cargo-home:/opt/rustwide/cargo-home:ro,Z" "-v" "/var/lib/crater-agent-workspace/rustup-home:/opt/rustwide/rustup-home:ro,Z" "-e" "SOURCE_DIR=/opt/rustwide/workdir" "-e" "CARGO_TARGET_DIR=/opt/rustwide/target" "-e" "CARGO_HOME=/opt/rustwide/cargo-home" "-e" "RUSTUP_HOME=/opt/rustwide/rustup-home" "-w" "/opt/rustwide/workdir" "-m" "1610612736" "--user" "0:0" "--network" "none" "ghcr.io/rust-lang/crates-build-env/linux@sha256:5ff2268d62e97bff2cde7d5815dd6ed5b47097566f13b8d0ca110b04b60e07ed" "/opt/rustwide/cargo-home/bin/cargo" "+beta-2023-04-20" "metadata" "--no-deps" "--format-version=1", kill_on_drop: false }`
[INFO] [stdout] 7a20a4f200f6920c2cdc8b64897882f994b0a7b0b015744b9350450cf2a88a3b
[INFO] running `Command { std: "docker" "start" "-a" "7a20a4f200f6920c2cdc8b64897882f994b0a7b0b015744b9350450cf2a88a3b", kill_on_drop: false }`
[INFO] running `Command { std: "docker" "inspect" "7a20a4f200f6920c2cdc8b64897882f994b0a7b0b015744b9350450cf2a88a3b", kill_on_drop: false }`
[INFO] running `Command { std: "docker" "rm" "-f" "7a20a4f200f6920c2cdc8b64897882f994b0a7b0b015744b9350450cf2a88a3b", kill_on_drop: false }`
[INFO] [stdout] 7a20a4f200f6920c2cdc8b64897882f994b0a7b0b015744b9350450cf2a88a3b
[INFO] running `Command { std: "docker" "create" "-v" "/var/lib/crater-agent-workspace/builds/worker-0-tc2/target:/opt/rustwide/target:rw,Z" "-v" "/var/lib/crater-agent-workspace/builds/worker-0-tc2/source:/opt/rustwide/workdir:ro,Z" "-v" "/var/lib/crater-agent-workspace/cargo-home:/opt/rustwide/cargo-home:ro,Z" "-v" "/var/lib/crater-agent-workspace/rustup-home:/opt/rustwide/rustup-home:ro,Z" "-e" "SOURCE_DIR=/opt/rustwide/workdir" "-e" "CARGO_TARGET_DIR=/opt/rustwide/target" "-e" "CARGO_INCREMENTAL=0" "-e" "RUST_BACKTRACE=full" "-e" "RUSTFLAGS=--cap-lints=warn" "-e" "RUSTDOCFLAGS=--cap-lints=warn" "-e" "CARGO_HOME=/opt/rustwide/cargo-home" "-e" "RUSTUP_HOME=/opt/rustwide/rustup-home" "-w" "/opt/rustwide/workdir" "-m" "1610612736" "--user" "0:0" "--network" "none" "ghcr.io/rust-lang/crates-build-env/linux@sha256:5ff2268d62e97bff2cde7d5815dd6ed5b47097566f13b8d0ca110b04b60e07ed" "/opt/rustwide/cargo-home/bin/cargo" "+beta-2023-04-20" "doc" "--frozen" "--no-deps" "--document-private-items" "--message-format=json", kill_on_drop: false }`
[INFO] [stdout] feb4c8ed6a094291bc2b82db1e8b583018324fc843853589345bd3c2a8e534f4
[INFO] running `Command { std: "docker" "start" "-a" "feb4c8ed6a094291bc2b82db1e8b583018324fc843853589345bd3c2a8e534f4", kill_on_drop: false }`
[INFO] [stderr]    Compiling proc-macro2 v1.0.36
[INFO] [stderr]    Compiling unicode-xid v0.2.2
[INFO] [stderr]    Compiling syn v1.0.88
[INFO] [stderr]    Compiling serde_derive v1.0.136
[INFO] [stderr]    Compiling serde v1.0.136
[INFO] [stderr]    Compiling version_check v0.9.4
[INFO] [stderr]    Compiling typenum v1.15.0
[INFO] [stderr]    Compiling cfg-if v1.0.0
[INFO] [stderr]    Compiling libc v0.2.120
[INFO] [stderr]    Compiling serde_json v1.0.79
[INFO] [stderr]     Checking subtle v2.4.1
[INFO] [stderr]    Compiling semver v1.0.6
[INFO] [stderr]    Compiling anyhow v1.0.56
[INFO] [stderr]    Compiling yansi v0.5.0
[INFO] [stderr]    Compiling unicode-segmentation v1.9.0
[INFO] [stderr]    Compiling opaque-debug v0.3.0
[INFO] [stderr]    Compiling crunchy v0.2.2
[INFO] [stderr]    Compiling itoa v1.0.1
[INFO] [stderr]    Compiling cpufeatures v0.2.1
[INFO] [stderr]    Compiling ryu v1.0.9
[INFO] [stderr]    Compiling bs58 v0.3.1
[INFO] [stderr]    Compiling log v0.4.14
[INFO] [stderr]    Compiling getrandom v0.1.16
[INFO] [stderr]    Compiling wasm-bindgen-shared v0.2.79
[INFO] [stderr]    Compiling heck v0.3.3
[INFO] [stderr]    Compiling generic-array v0.14.5
[INFO] [stderr]    Compiling proc-macro2-diagnostics v0.9.1
[INFO] [stderr]    Compiling ahash v0.7.6
[INFO] [stderr]    Compiling rustversion v1.0.6
[INFO] [stderr]    Compiling bumpalo v3.9.1
[INFO] [stderr]    Compiling lazy_static v1.4.0
[INFO] [stderr]    Compiling feature-probe v0.1.1
[INFO] [stderr]    Compiling memchr v2.4.1
[INFO] [stderr]    Compiling rustc_version v0.4.0
[INFO] [stderr]     Checking once_cell v1.10.0
[INFO] [stderr]     Checking ppv-lite86 v0.2.16
[INFO] [stderr]    Compiling cc v1.0.73
[INFO] [stderr]    Compiling autocfg v1.1.0
[INFO] [stderr]    Compiling wasm-bindgen v0.2.79
[INFO] [stderr]    Compiling bv v0.11.1
[INFO] [stderr]    Compiling bs58 v0.4.0
[INFO] [stderr]     Checking arrayref v0.3.6
[INFO] [stderr]    Compiling quote v1.0.15
[INFO] [stderr]     Checking keccak v0.1.0
[INFO] [stderr]     Checking byteorder v1.4.3
[INFO] [stderr]    Compiling solana-frozen-abi-macro v1.10.2
[INFO] [stderr]     Checking getrandom v0.2.5
[INFO] [stderr]    Compiling solana-frozen-abi v1.10.2
[INFO] [stderr]     Checking memmap2 v0.5.3
[INFO] [stderr]    Compiling num-traits v0.2.14
[INFO] [stderr]    Compiling solana-program v1.10.2
[INFO] [stderr]     Checking rand_core v0.5.1
[INFO] [stderr]     Checking base64 v0.12.3
[INFO] [stderr]     Checking arrayvec v0.7.2
[INFO] [stderr]    Compiling regex-syntax v0.6.25
[INFO] [stderr]     Checking hashbrown v0.11.2
[INFO] [stderr]     Checking constant_time_eq v0.1.5
[INFO] [stderr]     Checking either v1.6.1
[INFO] [stderr]     Checking rand_chacha v0.2.2
[INFO] [stderr]    Compiling aho-corasick v0.7.18
[INFO] [stderr]     Checking zeroize v1.3.0
[INFO] [stderr]     Checking base64 v0.13.0
[INFO] [stderr]     Checking itertools v0.10.3
[INFO] [stderr]     Checking bitflags v1.3.2
[INFO] [stderr]     Checking rand v0.7.3
[INFO] [stderr]    Compiling blake3 v1.3.1
[INFO] [stderr]    Compiling regex v1.5.5
[INFO] [stderr]    Compiling wasm-bindgen-backend v0.2.79
[INFO] [stderr]    Compiling borsh-schema-derive-internal v0.9.3
[INFO] [stderr]    Compiling borsh-derive-internal v0.9.3
[INFO] [stderr]    Compiling thiserror-impl v1.0.30
[INFO] [stderr]    Compiling bytemuck_derive v1.0.1
[INFO] [stderr]    Compiling solana-sdk-macro v1.10.2
[INFO] [stderr]    Compiling num-derive v0.3.3
[INFO] [stderr]    Compiling wasm-bindgen-macro-support v0.2.79
[INFO] [stderr]     Checking bytemuck v1.8.0
[INFO] [stderr]    Compiling wasm-bindgen-macro v0.2.79
[INFO] [stderr]    Compiling thiserror v1.0.30
[INFO] [stderr]     Checking bincode v1.3.3
[INFO] [stderr]     Checking serde_bytes v0.11.5
[INFO] [stderr]    Compiling toml v0.5.8
[INFO] [stderr]     Checking digest v0.9.0
[INFO] [stderr]     Checking crypto-common v0.1.3
[INFO] [stderr]     Checking block-buffer v0.10.2
[INFO] [stderr]     Checking crypto-mac v0.8.0
[INFO] [stderr]     Checking block-buffer v0.9.0
[INFO] [stderr]     Checking libsecp256k1-core v0.2.2
[INFO] [stderr]     Checking curve25519-dalek v3.2.1
[INFO] [stderr]     Checking digest v0.10.3
[INFO] [stderr]     Checking hmac v0.8.1
[INFO] [stderr]     Checking sha2 v0.9.9
[INFO] [stderr]     Checking hmac-drbg v0.3.0
[INFO] [stderr]     Checking sha2 v0.10.2
[INFO] [stderr]     Checking sha3 v0.10.1
[INFO] [stderr]    Compiling proc-macro-crate v0.1.5
[INFO] [stderr]    Compiling borsh-derive v0.9.3
[INFO] [stderr]    Compiling anchor-syn v0.22.1
[INFO] [stderr]    Compiling libsecp256k1-gen-ecmult v0.2.1
[INFO] [stderr]    Compiling libsecp256k1-gen-genmult v0.2.1
[INFO] [stderr]     Checking borsh v0.9.3
[INFO] [stderr]    Compiling libsecp256k1 v0.6.0
[INFO] [stderr]    Compiling anchor-derive-accounts v0.22.1
[INFO] [stderr]    Compiling anchor-attribute-constant v0.22.1
[INFO] [stderr]    Compiling anchor-attribute-program v0.22.1
[INFO] [stderr]    Compiling anchor-attribute-state v0.22.1
[INFO] [stderr]    Compiling anchor-attribute-access-control v0.22.1
[INFO] [stderr]    Compiling anchor-attribute-account v0.22.1
[INFO] [stderr]    Compiling anchor-attribute-error v0.22.1
[INFO] [stderr]    Compiling anchor-attribute-event v0.22.1
[INFO] [stderr]    Compiling anchor-attribute-interface v0.22.1
[INFO] [stdout] error: linking with `cc` failed: exit status: 1
[INFO] [stdout]   |
[INFO] [stdout]   = note: LC_ALL="C" PATH="/opt/rustwide/rustup-home/toolchains/beta-2023-04-20-x86_64-unknown-linux-gnu/lib/rustlib/x86_64-unknown-linux-gnu/bin:/opt/rustwide/cargo-home/bin:/usr/local/sbin:/usr/local/bin:/usr/sbin:/usr/bin:/sbin:/bin" VSLANG="1033" "cc" "-Wl,--version-script=/tmp/rustcV5yCea/list" "-Wl,--no-undefined-version" "-m64" "/tmp/rustcV5yCea/symbols.o" "/opt/rustwide/target/debug/deps/anchor_attribute_error-f8b56108d33c1cc1.anchor_attribute_error.aec77529-cgu.0.rcgu.o" "/opt/rustwide/target/debug/deps/anchor_attribute_error-f8b56108d33c1cc1.anchor_attribute_error.aec77529-cgu.1.rcgu.o" "/opt/rustwide/target/debug/deps/anchor_attribute_error-f8b56108d33c1cc1.anchor_attribute_error.aec77529-cgu.10.rcgu.o" "/opt/rustwide/target/debug/deps/anchor_attribute_error-f8b56108d33c1cc1.anchor_attribute_error.aec77529-cgu.11.rcgu.o" "/opt/rustwide/target/debug/deps/anchor_attribute_error-f8b56108d33c1cc1.anchor_attribute_error.aec77529-cgu.12.rcgu.o" "/opt/rustwide/target/debug/deps/anchor_attribute_error-f8b56108d33c1cc1.anchor_attribute_error.aec77529-cgu.13.rcgu.o" "/opt/rustwide/target/debug/deps/anchor_attribute_error-f8b56108d33c1cc1.anchor_attribute_error.aec77529-cgu.14.rcgu.o" "/opt/rustwide/target/debug/deps/anchor_attribute_error-f8b56108d33c1cc1.anchor_attribute_error.aec77529-cgu.15.rcgu.o" "/opt/rustwide/target/debug/deps/anchor_attribute_error-f8b56108d33c1cc1.anchor_attribute_error.aec77529-cgu.2.rcgu.o" "/opt/rustwide/target/debug/deps/anchor_attribute_error-f8b56108d33c1cc1.anchor_attribute_error.aec77529-cgu.3.rcgu.o" "/opt/rustwide/target/debug/deps/anchor_attribute_error-f8b56108d33c1cc1.anchor_attribute_error.aec77529-cgu.4.rcgu.o" "/opt/rustwide/target/debug/deps/anchor_attribute_error-f8b56108d33c1cc1.anchor_attribute_error.aec77529-cgu.5.rcgu.o" "/opt/rustwide/target/debug/deps/anchor_attribute_error-f8b56108d33c1cc1.anchor_attribute_error.aec77529-cgu.6.rcgu.o" "/opt/rustwide/target/debug/deps/anchor_attribute_error-f8b56108d33c1cc1.anchor_attribute_error.aec77529-cgu.7.rcgu.o" "/opt/rustwide/target/debug/deps/anchor_attribute_error-f8b56108d33c1cc1.anchor_attribute_error.aec77529-cgu.8.rcgu.o" "/opt/rustwide/target/debug/deps/anchor_attribute_error-f8b56108d33c1cc1.anchor_attribute_error.aec77529-cgu.9.rcgu.o" "/opt/rustwide/target/debug/deps/anchor_attribute_error-f8b56108d33c1cc1.5ajaufreckaoflfq.rcgu.rmeta" "/opt/rustwide/target/debug/deps/anchor_attribute_error-f8b56108d33c1cc1.1b8sqcm1zsv5zyv2.rcgu.o" "-Wl,--as-needed" "-L" "/opt/rustwide/target/debug/deps" "-L" "/opt/rustwide/rustup-home/toolchains/beta-2023-04-20-x86_64-unknown-linux-gnu/lib/rustlib/x86_64-unknown-linux-gnu/lib" "-Wl,-Bstatic" "/opt/rustwide/target/debug/deps/libanchor_syn-413e6be505c2f92d.rlib" "/opt/rustwide/target/debug/deps/libbs58-e5af11e1b2f0e10d.rlib" "/opt/rustwide/target/debug/deps/libanyhow-3c2c41703e4b948c.rlib" "/opt/rustwide/target/debug/deps/libthiserror-50d968d3ae266f47.rlib" "/opt/rustwide/target/debug/deps/libsha2-cf1df3b315c5a901.rlib" "/opt/rustwide/target/debug/deps/libcpufeatures-ae4c8430969e3d61.rlib" "/opt/rustwide/target/debug/deps/libcfg_if-74c9c72b00f2b333.rlib" "/opt/rustwide/target/debug/deps/libopaque_debug-37842fe39ed2f232.rlib" "/opt/rustwide/target/debug/deps/libdigest-ec952fcacf342615.rlib" "/opt/rustwide/target/debug/deps/libblock_buffer-c3ed6fb5bcf8d89e.rlib" "/opt/rustwide/target/debug/deps/libgeneric_array-22aa2c39bc90c305.rlib" "/opt/rustwide/target/debug/deps/libtypenum-196f8be3f6a33069.rlib" "/opt/rustwide/target/debug/deps/libserde-96fa838843f5a25e.rlib" "/opt/rustwide/target/debug/deps/libproc_macro2_diagnostics-90362e746ab31a0d.rlib" "/opt/rustwide/target/debug/deps/libyansi-de85cbb61e0c29b4.rlib" "/opt/rustwide/target/debug/deps/libheck-739203a1a6fb264c.rlib" "/opt/rustwide/target/debug/deps/libunicode_segmentation-c20899454311a45b.rlib" "/opt/rustwide/target/debug/deps/libsyn-a8716dd1b9361cc2.rlib" "/opt/rustwide/target/debug/deps/libquote-a6de4e527a1fee8e.rlib" "/opt/rustwide/target/debug/deps/libproc_macro2-c7e0f7e0d105de45.rlib" "/opt/rustwide/target/debug/deps/libunicode_xid-fb78da16da33d955.rlib" "/opt/rustwide/rustup-home/toolchains/beta-2023-04-20-x86_64-unknown-linux-gnu/lib/rustlib/x86_64-unknown-linux-gnu/lib/libproc_macro-4ae0b5c8ec17d92d.rlib" "/opt/rustwide/rustup-home/toolchains/beta-2023-04-20-x86_64-unknown-linux-gnu/lib/rustlib/x86_64-unknown-linux-gnu/lib/libstd-0e29cc23c5e02021.rlib" "/opt/rustwide/rustup-home/toolchains/beta-2023-04-20-x86_64-unknown-linux-gnu/lib/rustlib/x86_64-unknown-linux-gnu/lib/libpanic_unwind-d903621768a861d9.rlib" "/opt/rustwide/rustup-home/toolchains/beta-2023-04-20-x86_64-unknown-linux-gnu/lib/rustlib/x86_64-unknown-linux-gnu/lib/libobject-6d0225e655f31c13.rlib" "/opt/rustwide/rustup-home/toolchains/beta-2023-04-20-x86_64-unknown-linux-gnu/lib/rustlib/x86_64-unknown-linux-gnu/lib/libmemchr-9dbaf4eac7eaa079.rlib" "/opt/rustwide/rustup-home/toolchains/beta-2023-04-20-x86_64-unknown-linux-gnu/lib/rustlib/x86_64-unknown-linux-gnu/lib/libaddr2line-27f05b3d42a66dd0.rlib" "/opt/rustwide/rustup-home/toolchains/beta-2023-04-20-x86_64-unknown-linux-gnu/lib/rustlib/x86_64-unknown-linux-gnu/lib/libgimli-4d73f1030321c9a2.rlib" "/opt/rustwide/rustup-home/toolchains/beta-2023-04-20-x86_64-unknown-linux-gnu/lib/rustlib/x86_64-unknown-linux-gnu/lib/librustc_demangle-2846c9e58abd0acb.rlib" "/opt/rustwide/rustup-home/toolchains/beta-2023-04-20-x86_64-unknown-linux-gnu/lib/rustlib/x86_64-unknown-linux-gnu/lib/libstd_detect-a53d0f50415947be.rlib" "/opt/rustwide/rustup-home/toolchains/beta-2023-04-20-x86_64-unknown-linux-gnu/lib/rustlib/x86_64-unknown-linux-gnu/lib/libhashbrown-d48e4b6abc25b9dc.rlib" "/opt/rustwide/rustup-home/toolchains/beta-2023-04-20-x86_64-unknown-linux-gnu/lib/rustlib/x86_64-unknown-linux-gnu/lib/libminiz_oxide-2991859439ef1207.rlib" "/opt/rustwide/rustup-home/toolchains/beta-2023-04-20-x86_64-unknown-linux-gnu/lib/rustlib/x86_64-unknown-linux-gnu/lib/libadler-8a687517e4221bae.rlib" "/opt/rustwide/rustup-home/toolchains/beta-2023-04-20-x86_64-unknown-linux-gnu/lib/rustlib/x86_64-unknown-linux-gnu/lib/librustc_std_workspace_alloc-e07b554f6a67f5b3.rlib" "/opt/rustwide/rustup-home/toolchains/beta-2023-04-20-x86_64-unknown-linux-gnu/lib/rustlib/x86_64-unknown-linux-gnu/lib/libunwind-b68238b7c3c619dd.rlib" "/opt/rustwide/rustup-home/toolchains/beta-2023-04-20-x86_64-unknown-linux-gnu/lib/rustlib/x86_64-unknown-linux-gnu/lib/libcfg_if-d5e213e896c017e4.rlib" "/opt/rustwide/rustup-home/toolchains/beta-2023-04-20-x86_64-unknown-linux-gnu/lib/rustlib/x86_64-unknown-linux-gnu/lib/liblibc-0211a3b2e61d8689.rlib" "/opt/rustwide/rustup-home/toolchains/beta-2023-04-20-x86_64-unknown-linux-gnu/lib/rustlib/x86_64-unknown-linux-gnu/lib/liballoc-b371f055239ba51f.rlib" "/opt/rustwide/rustup-home/toolchains/beta-2023-04-20-x86_64-unknown-linux-gnu/lib/rustlib/x86_64-unknown-linux-gnu/lib/librustc_std_workspace_core-e60518d2760eb01e.rlib" "/opt/rustwide/rustup-home/toolchains/beta-2023-04-20-x86_64-unknown-linux-gnu/lib/rustlib/x86_64-unknown-linux-gnu/lib/libcore-1ad943f92a4b1081.rlib" "/opt/rustwide/rustup-home/toolchains/beta-2023-04-20-x86_64-unknown-linux-gnu/lib/rustlib/x86_64-unknown-linux-gnu/lib/libcompiler_builtins-f0d6e4d0fc1e80b4.rlib" "-Wl,-Bdynamic" "-lgcc_s" "-lutil" "-lrt" "-lpthread" "-lm" "-ldl" "-lc" "-Wl,--eh-frame-hdr" "-Wl,-z,noexecstack" "-L" "/opt/rustwide/rustup-home/toolchains/beta-2023-04-20-x86_64-unknown-linux-gnu/lib/rustlib/x86_64-unknown-linux-gnu/lib" "-o" "/opt/rustwide/target/debug/deps/libanchor_attribute_error-f8b56108d33c1cc1.so" "-Wl,--gc-sections" "-shared" "-Wl,-z,relro,-z,now" "-nodefaultlibs"
[INFO] [stdout]   = note: /usr/bin/ld: final link failed: No space left on device
[INFO] [stdout]           collect2: error: ld returned 1 exit status
[INFO] [stdout]           
[INFO] [stdout] 
[INFO] [stdout] 
[INFO] [stdout] error: aborting due to previous error
[INFO] [stdout] 
[INFO] [stdout] 
[INFO] [stdout] error: linking with `cc` failed: exit status: 1
[INFO] [stdout]   |
[INFO] [stdout]   = note: LC_ALL="C" PATH="/opt/rustwide/rustup-home/toolchains/beta-2023-04-20-x86_64-unknown-linux-gnu/lib/rustlib/x86_64-unknown-linux-gnu/bin:/opt/rustwide/cargo-home/bin:/usr/local/sbin:/usr/local/bin:/usr/sbin:/usr/bin:/sbin:/bin" VSLANG="1033" "cc" "-Wl,--version-script=/tmp/rustcIQBdAq/list" "-Wl,--no-undefined-version" "-m64" "/tmp/rustcIQBdAq/symbols.o" "/opt/rustwide/target/debug/deps/anchor_derive_accounts-69fc1c1f3a42d63e.anchor_derive_accounts.d5a8a702-cgu.0.rcgu.o" "/opt/rustwide/target/debug/deps/anchor_derive_accounts-69fc1c1f3a42d63e.anchor_derive_accounts.d5a8a702-cgu.1.rcgu.o" "/opt/rustwide/target/debug/deps/anchor_derive_accounts-69fc1c1f3a42d63e.anchor_derive_accounts.d5a8a702-cgu.10.rcgu.o" "/opt/rustwide/target/debug/deps/anchor_derive_accounts-69fc1c1f3a42d63e.anchor_derive_accounts.d5a8a702-cgu.11.rcgu.o" "/opt/rustwide/target/debug/deps/anchor_derive_accounts-69fc1c1f3a42d63e.anchor_derive_accounts.d5a8a702-cgu.12.rcgu.o" "/opt/rustwide/target/debug/deps/anchor_derive_accounts-69fc1c1f3a42d63e.anchor_derive_accounts.d5a8a702-cgu.13.rcgu.o" "/opt/rustwide/target/debug/deps/anchor_derive_accounts-69fc1c1f3a42d63e.anchor_derive_accounts.d5a8a702-cgu.14.rcgu.o" "/opt/rustwide/target/debug/deps/anchor_derive_accounts-69fc1c1f3a42d63e.anchor_derive_accounts.d5a8a702-cgu.15.rcgu.o" "/opt/rustwide/target/debug/deps/anchor_derive_accounts-69fc1c1f3a42d63e.anchor_derive_accounts.d5a8a702-cgu.2.rcgu.o" "/opt/rustwide/target/debug/deps/anchor_derive_accounts-69fc1c1f3a42d63e.anchor_derive_accounts.d5a8a702-cgu.3.rcgu.o" "/opt/rustwide/target/debug/deps/anchor_derive_accounts-69fc1c1f3a42d63e.anchor_derive_accounts.d5a8a702-cgu.4.rcgu.o" "/opt/rustwide/target/debug/deps/anchor_derive_accounts-69fc1c1f3a42d63e.anchor_derive_accounts.d5a8a702-cgu.5.rcgu.o" "/opt/rustwide/target/debug/deps/anchor_derive_accounts-69fc1c1f3a42d63e.anchor_derive_accounts.d5a8a702-cgu.6.rcgu.o" "/opt/rustwide/target/debug/deps/anchor_derive_accounts-69fc1c1f3a42d63e.anchor_derive_accounts.d5a8a702-cgu.7.rcgu.o" "/opt/rustwide/target/debug/deps/anchor_derive_accounts-69fc1c1f3a42d63e.anchor_derive_accounts.d5a8a702-cgu.8.rcgu.o" "/opt/rustwide/target/debug/deps/anchor_derive_accounts-69fc1c1f3a42d63e.anchor_derive_accounts.d5a8a702-cgu.9.rcgu.o" "/opt/rustwide/target/debug/deps/anchor_derive_accounts-69fc1c1f3a42d63e.2j687ygsr0znzj0k.rcgu.rmeta" "/opt/rustwide/target/debug/deps/anchor_derive_accounts-69fc1c1f3a42d63e.1ollj0j6aujggqog.rcgu.o" "-Wl,--as-needed" "-L" "/opt/rustwide/target/debug/deps" "-L" "/opt/rustwide/rustup-home/toolchains/beta-2023-04-20-x86_64-unknown-linux-gnu/lib/rustlib/x86_64-unknown-linux-gnu/lib" "-Wl,-Bstatic" "/opt/rustwide/target/debug/deps/libanchor_syn-413e6be505c2f92d.rlib" "/opt/rustwide/target/debug/deps/libbs58-e5af11e1b2f0e10d.rlib" "/opt/rustwide/target/debug/deps/libanyhow-3c2c41703e4b948c.rlib" "/opt/rustwide/target/debug/deps/libthiserror-50d968d3ae266f47.rlib" "/opt/rustwide/target/debug/deps/libsha2-cf1df3b315c5a901.rlib" "/opt/rustwide/target/debug/deps/libcpufeatures-ae4c8430969e3d61.rlib" "/opt/rustwide/target/debug/deps/libcfg_if-74c9c72b00f2b333.rlib" "/opt/rustwide/target/debug/deps/libopaque_debug-37842fe39ed2f232.rlib" "/opt/rustwide/target/debug/deps/libdigest-ec952fcacf342615.rlib" "/opt/rustwide/target/debug/deps/libblock_buffer-c3ed6fb5bcf8d89e.rlib" "/opt/rustwide/target/debug/deps/libgeneric_array-22aa2c39bc90c305.rlib" "/opt/rustwide/target/debug/deps/libtypenum-196f8be3f6a33069.rlib" "/opt/rustwide/target/debug/deps/libserde-96fa838843f5a25e.rlib" "/opt/rustwide/target/debug/deps/libproc_macro2_diagnostics-90362e746ab31a0d.rlib" "/opt/rustwide/target/debug/deps/libyansi-de85cbb61e0c29b4.rlib" "/opt/rustwide/target/debug/deps/libheck-739203a1a6fb264c.rlib" "/opt/rustwide/target/debug/deps/libunicode_segmentation-c20899454311a45b.rlib" "/opt/rustwide/target/debug/deps/libsyn-a8716dd1b9361cc2.rlib" "/opt/rustwide/target/debug/deps/libquote-a6de4e527a1fee8e.rlib" "/opt/rustwide/target/debug/deps/libproc_macro2-c7e0f7e0d105de45.rlib" "/opt/rustwide/target/debug/deps/libunicode_xid-fb78da16da33d955.rlib" "/opt/rustwide/rustup-home/toolchains/beta-2023-04-20-x86_64-unknown-linux-gnu/lib/rustlib/x86_64-unknown-linux-gnu/lib/libproc_macro-4ae0b5c8ec17d92d.rlib" "/opt/rustwide/rustup-home/toolchains/beta-2023-04-20-x86_64-unknown-linux-gnu/lib/rustlib/x86_64-unknown-linux-gnu/lib/libstd-0e29cc23c5e02021.rlib" "/opt/rustwide/rustup-home/toolchains/beta-2023-04-20-x86_64-unknown-linux-gnu/lib/rustlib/x86_64-unknown-linux-gnu/lib/libpanic_unwind-d903621768a861d9.rlib" "/opt/rustwide/rustup-home/toolchains/beta-2023-04-20-x86_64-unknown-linux-gnu/lib/rustlib/x86_64-unknown-linux-gnu/lib/libobject-6d0225e655f31c13.rlib" "/opt/rustwide/rustup-home/toolchains/beta-2023-04-20-x86_64-unknown-linux-gnu/lib/rustlib/x86_64-unknown-linux-gnu/lib/libmemchr-9dbaf4eac7eaa079.rlib" "/opt/rustwide/rustup-home/toolchains/beta-2023-04-20-x86_64-unknown-linux-gnu/lib/rustlib/x86_64-unknown-linux-gnu/lib/libaddr2line-27f05b3d42a66dd0.rlib" "/opt/rustwide/rustup-home/toolchains/beta-2023-04-20-x86_64-unknown-linux-gnu/lib/rustlib/x86_64-unknown-linux-gnu/lib/libgimli-4d73f1030321c9a2.rlib" "/opt/rustwide/rustup-home/toolchains/beta-2023-04-20-x86_64-unknown-linux-gnu/lib/rustlib/x86_64-unknown-linux-gnu/lib/librustc_demangle-2846c9e58abd0acb.rlib" "/opt/rustwide/rustup-home/toolchains/beta-2023-04-20-x86_64-unknown-linux-gnu/lib/rustlib/x86_64-unknown-linux-gnu/lib/libstd_detect-a53d0f50415947be.rlib" "/opt/rustwide/rustup-home/toolchains/beta-2023-04-20-x86_64-unknown-linux-gnu/lib/rustlib/x86_64-unknown-linux-gnu/lib/libhashbrown-d48e4b6abc25b9dc.rlib" "/opt/rustwide/rustup-home/toolchains/beta-2023-04-20-x86_64-unknown-linux-gnu/lib/rustlib/x86_64-unknown-linux-gnu/lib/libminiz_oxide-2991859439ef1207.rlib" "/opt/rustwide/rustup-home/toolchains/beta-2023-04-20-x86_64-unknown-linux-gnu/lib/rustlib/x86_64-unknown-linux-gnu/lib/libadler-8a687517e4221bae.rlib" "/opt/rustwide/rustup-home/toolchains/beta-2023-04-20-x86_64-unknown-linux-gnu/lib/rustlib/x86_64-unknown-linux-gnu/lib/librustc_std_workspace_alloc-e07b554f6a67f5b3.rlib" "/opt/rustwide/rustup-home/toolchains/beta-2023-04-20-x86_64-unknown-linux-gnu/lib/rustlib/x86_64-unknown-linux-gnu/lib/libunwind-b68238b7c3c619dd.rlib" "/opt/rustwide/rustup-home/toolchains/beta-2023-04-20-x86_64-unknown-linux-gnu/lib/rustlib/x86_64-unknown-linux-gnu/lib/libcfg_if-d5e213e896c017e4.rlib" "/opt/rustwide/rustup-home/toolchains/beta-2023-04-20-x86_64-unknown-linux-gnu/lib/rustlib/x86_64-unknown-linux-gnu/lib/liblibc-0211a3b2e61d8689.rlib" "/opt/rustwide/rustup-home/toolchains/beta-2023-04-20-x86_64-unknown-linux-gnu/lib/rustlib/x86_64-unknown-linux-gnu/lib/liballoc-b371f055239ba51f.rlib" "/opt/rustwide/rustup-home/toolchains/beta-2023-04-20-x86_64-unknown-linux-gnu/lib/rustlib/x86_64-unknown-linux-gnu/lib/librustc_std_workspace_core-e60518d2760eb01e.rlib" "/opt/rustwide/rustup-home/toolchains/beta-2023-04-20-x86_64-unknown-linux-gnu/lib/rustlib/x86_64-unknown-linux-gnu/lib/libcore-1ad943f92a4b1081.rlib" "/opt/rustwide/rustup-home/toolchains/beta-2023-04-20-x86_64-unknown-linux-gnu/lib/rustlib/x86_64-unknown-linux-gnu/lib/libcompiler_builtins-f0d6e4d0fc1e80b4.rlib" "-Wl,-Bdynamic" "-lgcc_s" "-lutil" "-lrt" "-lpthread" "-lm" "-ldl" "-lc" "-Wl,--eh-frame-hdr" "-Wl,-z,noexecstack" "-L" "/opt/rustwide/rustup-home/toolchains/beta-2023-04-20-x86_64-unknown-linux-gnu/lib/rustlib/x86_64-unknown-linux-gnu/lib" "-o" "/opt/rustwide/target/debug/deps/libanchor_derive_accounts-69fc1c1f3a42d63e.so" "-Wl,--gc-sections" "-shared" "-Wl,-z,relro,-z,now" "-nodefaultlibs"
[INFO] [stdout]   = note: /usr/bin/ld: final link failed: No space left on device
[INFO] [stdout]           collect2: error: ld returned 1 exit status
[INFO] [stdout]           
[INFO] [stdout] 
[INFO] [stdout] 
[INFO] [stdout] error: aborting due to previous error
[INFO] [stdout] 
[INFO] [stdout] 
[INFO] [stderr] error: could not compile `anchor-derive-accounts` (lib) due to 2 previous errors
[INFO] [stderr] warning: build failed, waiting for other jobs to finish...
[INFO] [stderr] error: could not compile `anchor-attribute-error` (lib) due to 2 previous errors
[INFO] [stdout] error: linking with `cc` failed: exit status: 1
[INFO] [stdout]   |
[INFO] [stdout]   = note: LC_ALL="C" PATH="/opt/rustwide/rustup-home/toolchains/beta-2023-04-20-x86_64-unknown-linux-gnu/lib/rustlib/x86_64-unknown-linux-gnu/bin:/opt/rustwide/cargo-home/bin:/usr/local/sbin:/usr/local/bin:/usr/sbin:/usr/bin:/sbin:/bin" VSLANG="1033" "cc" "-Wl,--version-script=/tmp/rustcaSip3M/list" "-Wl,--no-undefined-version" "-m64" "/tmp/rustcaSip3M/symbols.o" "/opt/rustwide/target/debug/deps/anchor_attribute_interface-35677b063bc8ab4f.anchor_attribute_interface.a8a0895b-cgu.0.rcgu.o" "/opt/rustwide/target/debug/deps/anchor_attribute_interface-35677b063bc8ab4f.anchor_attribute_interface.a8a0895b-cgu.1.rcgu.o" "/opt/rustwide/target/debug/deps/anchor_attribute_interface-35677b063bc8ab4f.anchor_attribute_interface.a8a0895b-cgu.10.rcgu.o" "/opt/rustwide/target/debug/deps/anchor_attribute_interface-35677b063bc8ab4f.anchor_attribute_interface.a8a0895b-cgu.11.rcgu.o" "/opt/rustwide/target/debug/deps/anchor_attribute_interface-35677b063bc8ab4f.anchor_attribute_interface.a8a0895b-cgu.12.rcgu.o" "/opt/rustwide/target/debug/deps/anchor_attribute_interface-35677b063bc8ab4f.anchor_attribute_interface.a8a0895b-cgu.13.rcgu.o" "/opt/rustwide/target/debug/deps/anchor_attribute_interface-35677b063bc8ab4f.anchor_attribute_interface.a8a0895b-cgu.14.rcgu.o" "/opt/rustwide/target/debug/deps/anchor_attribute_interface-35677b063bc8ab4f.anchor_attribute_interface.a8a0895b-cgu.15.rcgu.o" "/opt/rustwide/target/debug/deps/anchor_attribute_interface-35677b063bc8ab4f.anchor_attribute_interface.a8a0895b-cgu.2.rcgu.o" "/opt/rustwide/target/debug/deps/anchor_attribute_interface-35677b063bc8ab4f.anchor_attribute_interface.a8a0895b-cgu.3.rcgu.o" "/opt/rustwide/target/debug/deps/anchor_attribute_interface-35677b063bc8ab4f.anchor_attribute_interface.a8a0895b-cgu.4.rcgu.o" "/opt/rustwide/target/debug/deps/anchor_attribute_interface-35677b063bc8ab4f.anchor_attribute_interface.a8a0895b-cgu.5.rcgu.o" "/opt/rustwide/target/debug/deps/anchor_attribute_interface-35677b063bc8ab4f.anchor_attribute_interface.a8a0895b-cgu.6.rcgu.o" "/opt/rustwide/target/debug/deps/anchor_attribute_interface-35677b063bc8ab4f.anchor_attribute_interface.a8a0895b-cgu.7.rcgu.o" "/opt/rustwide/target/debug/deps/anchor_attribute_interface-35677b063bc8ab4f.anchor_attribute_interface.a8a0895b-cgu.8.rcgu.o" "/opt/rustwide/target/debug/deps/anchor_attribute_interface-35677b063bc8ab4f.anchor_attribute_interface.a8a0895b-cgu.9.rcgu.o" "/opt/rustwide/target/debug/deps/anchor_attribute_interface-35677b063bc8ab4f.28as9vol699r3amo.rcgu.rmeta" "/opt/rustwide/target/debug/deps/anchor_attribute_interface-35677b063bc8ab4f.xnoicw0a43sstu2.rcgu.o" "-Wl,--as-needed" "-L" "/opt/rustwide/target/debug/deps" "-L" "/opt/rustwide/rustup-home/toolchains/beta-2023-04-20-x86_64-unknown-linux-gnu/lib/rustlib/x86_64-unknown-linux-gnu/lib" "-Wl,-Bstatic" "/opt/rustwide/target/debug/deps/libanchor_syn-413e6be505c2f92d.rlib" "/opt/rustwide/target/debug/deps/libbs58-e5af11e1b2f0e10d.rlib" "/opt/rustwide/target/debug/deps/libanyhow-3c2c41703e4b948c.rlib" "/opt/rustwide/target/debug/deps/libthiserror-50d968d3ae266f47.rlib" "/opt/rustwide/target/debug/deps/libsha2-cf1df3b315c5a901.rlib" "/opt/rustwide/target/debug/deps/libcpufeatures-ae4c8430969e3d61.rlib" "/opt/rustwide/target/debug/deps/libcfg_if-74c9c72b00f2b333.rlib" "/opt/rustwide/target/debug/deps/libopaque_debug-37842fe39ed2f232.rlib" "/opt/rustwide/target/debug/deps/libdigest-ec952fcacf342615.rlib" "/opt/rustwide/target/debug/deps/libblock_buffer-c3ed6fb5bcf8d89e.rlib" "/opt/rustwide/target/debug/deps/libgeneric_array-22aa2c39bc90c305.rlib" "/opt/rustwide/target/debug/deps/libtypenum-196f8be3f6a33069.rlib" "/opt/rustwide/target/debug/deps/libserde-96fa838843f5a25e.rlib" "/opt/rustwide/target/debug/deps/libproc_macro2_diagnostics-90362e746ab31a0d.rlib" "/opt/rustwide/target/debug/deps/libyansi-de85cbb61e0c29b4.rlib" "/opt/rustwide/target/debug/deps/libheck-739203a1a6fb264c.rlib" "/opt/rustwide/target/debug/deps/libunicode_segmentation-c20899454311a45b.rlib" "/opt/rustwide/target/debug/deps/libsyn-a8716dd1b9361cc2.rlib" "/opt/rustwide/target/debug/deps/libquote-a6de4e527a1fee8e.rlib" "/opt/rustwide/target/debug/deps/libproc_macro2-c7e0f7e0d105de45.rlib" "/opt/rustwide/target/debug/deps/libunicode_xid-fb78da16da33d955.rlib" "/opt/rustwide/rustup-home/toolchains/beta-2023-04-20-x86_64-unknown-linux-gnu/lib/rustlib/x86_64-unknown-linux-gnu/lib/libproc_macro-4ae0b5c8ec17d92d.rlib" "/opt/rustwide/rustup-home/toolchains/beta-2023-04-20-x86_64-unknown-linux-gnu/lib/rustlib/x86_64-unknown-linux-gnu/lib/libstd-0e29cc23c5e02021.rlib" "/opt/rustwide/rustup-home/toolchains/beta-2023-04-20-x86_64-unknown-linux-gnu/lib/rustlib/x86_64-unknown-linux-gnu/lib/libpanic_unwind-d903621768a861d9.rlib" "/opt/rustwide/rustup-home/toolchains/beta-2023-04-20-x86_64-unknown-linux-gnu/lib/rustlib/x86_64-unknown-linux-gnu/lib/libobject-6d0225e655f31c13.rlib" "/opt/rustwide/rustup-home/toolchains/beta-2023-04-20-x86_64-unknown-linux-gnu/lib/rustlib/x86_64-unknown-linux-gnu/lib/libmemchr-9dbaf4eac7eaa079.rlib" "/opt/rustwide/rustup-home/toolchains/beta-2023-04-20-x86_64-unknown-linux-gnu/lib/rustlib/x86_64-unknown-linux-gnu/lib/libaddr2line-27f05b3d42a66dd0.rlib" "/opt/rustwide/rustup-home/toolchains/beta-2023-04-20-x86_64-unknown-linux-gnu/lib/rustlib/x86_64-unknown-linux-gnu/lib/libgimli-4d73f1030321c9a2.rlib" "/opt/rustwide/rustup-home/toolchains/beta-2023-04-20-x86_64-unknown-linux-gnu/lib/rustlib/x86_64-unknown-linux-gnu/lib/librustc_demangle-2846c9e58abd0acb.rlib" "/opt/rustwide/rustup-home/toolchains/beta-2023-04-20-x86_64-unknown-linux-gnu/lib/rustlib/x86_64-unknown-linux-gnu/lib/libstd_detect-a53d0f50415947be.rlib" "/opt/rustwide/rustup-home/toolchains/beta-2023-04-20-x86_64-unknown-linux-gnu/lib/rustlib/x86_64-unknown-linux-gnu/lib/libhashbrown-d48e4b6abc25b9dc.rlib" "/opt/rustwide/rustup-home/toolchains/beta-2023-04-20-x86_64-unknown-linux-gnu/lib/rustlib/x86_64-unknown-linux-gnu/lib/libminiz_oxide-2991859439ef1207.rlib" "/opt/rustwide/rustup-home/toolchains/beta-2023-04-20-x86_64-unknown-linux-gnu/lib/rustlib/x86_64-unknown-linux-gnu/lib/libadler-8a687517e4221bae.rlib" "/opt/rustwide/rustup-home/toolchains/beta-2023-04-20-x86_64-unknown-linux-gnu/lib/rustlib/x86_64-unknown-linux-gnu/lib/librustc_std_workspace_alloc-e07b554f6a67f5b3.rlib" "/opt/rustwide/rustup-home/toolchains/beta-2023-04-20-x86_64-unknown-linux-gnu/lib/rustlib/x86_64-unknown-linux-gnu/lib/libunwind-b68238b7c3c619dd.rlib" "/opt/rustwide/rustup-home/toolchains/beta-2023-04-20-x86_64-unknown-linux-gnu/lib/rustlib/x86_64-unknown-linux-gnu/lib/libcfg_if-d5e213e896c017e4.rlib" "/opt/rustwide/rustup-home/toolchains/beta-2023-04-20-x86_64-unknown-linux-gnu/lib/rustlib/x86_64-unknown-linux-gnu/lib/liblibc-0211a3b2e61d8689.rlib" "/opt/rustwide/rustup-home/toolchains/beta-2023-04-20-x86_64-unknown-linux-gnu/lib/rustlib/x86_64-unknown-linux-gnu/lib/liballoc-b371f055239ba51f.rlib" "/opt/rustwide/rustup-home/toolchains/beta-2023-04-20-x86_64-unknown-linux-gnu/lib/rustlib/x86_64-unknown-linux-gnu/lib/librustc_std_workspace_core-e60518d2760eb01e.rlib" "/opt/rustwide/rustup-home/toolchains/beta-2023-04-20-x86_64-unknown-linux-gnu/lib/rustlib/x86_64-unknown-linux-gnu/lib/libcore-1ad943f92a4b1081.rlib" "/opt/rustwide/rustup-home/toolchains/beta-2023-04-20-x86_64-unknown-linux-gnu/lib/rustlib/x86_64-unknown-linux-gnu/lib/libcompiler_builtins-f0d6e4d0fc1e80b4.rlib" "-Wl,-Bdynamic" "-lgcc_s" "-lutil" "-lrt" "-lpthread" "-lm" "-ldl" "-lc" "-Wl,--eh-frame-hdr" "-Wl,-z,noexecstack" "-L" "/opt/rustwide/rustup-home/toolchains/beta-2023-04-20-x86_64-unknown-linux-gnu/lib/rustlib/x86_64-unknown-linux-gnu/lib" "-o" "/opt/rustwide/target/debug/deps/libanchor_attribute_interface-35677b063bc8ab4f.so" "-Wl,--gc-sections" "-shared" "-Wl,-z,relro,-z,now" "-nodefaultlibs"
[INFO] [stdout]   = note: /usr/bin/ld: final link failed: No space left on device
[INFO] [stdout]           collect2: error: ld returned 1 exit status
[INFO] [stdout]           
[INFO] [stdout] 
[INFO] [stdout] 
[INFO] [stdout] error: aborting due to previous error
[INFO] [stdout] 
[INFO] [stdout] 
[INFO] [stderr] error: could not compile `anchor-attribute-interface` (lib) due to 2 previous errors
[INFO] [stderr] thread 'rustc' panicked at 'assertion failed: pos.get() <= self.position()', compiler/rustc_metadata/src/rmeta/encoder.rs:433:9
[INFO] [stderr] error: could not compile `libsecp256k1` (lib)
[INFO] running `Command { std: "docker" "inspect" "feb4c8ed6a094291bc2b82db1e8b583018324fc843853589345bd3c2a8e534f4", kill_on_drop: false }`
[INFO] running `Command { std: "docker" "rm" "-f" "feb4c8ed6a094291bc2b82db1e8b583018324fc843853589345bd3c2a8e534f4", kill_on_drop: false }`
[INFO] [stdout] feb4c8ed6a094291bc2b82db1e8b583018324fc843853589345bd3c2a8e534f4
