[INFO] cloning repository https://github.com/dimension-labs/dimension-node
[INFO] running `Command { std: "git" "-c" "credential.helper=" "-c" "credential.helper=/workspace/cargo-home/bin/git-credential-null" "clone" "--bare" "https://github.com/dimension-labs/dimension-node" "/workspace/cache/git-repos/https%3A%2F%2Fgithub.com%2Fdimension-labs%2Fdimension-node", kill_on_drop: false }`
[INFO] [stderr] Cloning into bare repository '/workspace/cache/git-repos/https%3A%2F%2Fgithub.com%2Fdimension-labs%2Fdimension-node'...
[INFO] running `Command { std: "git" "rev-parse" "HEAD", kill_on_drop: false }`
[INFO] [stdout] 9d07c74f99b6e88e1e1921458310d1099d0fc45c
[INFO] documenting dimension-labs/dimension-node against beta-2023-04-20 for beta-1.70-rustdoc-1
[INFO] running `Command { std: "git" "clone" "/workspace/cache/git-repos/https%3A%2F%2Fgithub.com%2Fdimension-labs%2Fdimension-node" "/workspace/builds/worker-4-tc2/source", kill_on_drop: false }`
[INFO] [stderr] Cloning into '/workspace/builds/worker-4-tc2/source'...
[INFO] [stderr] done.
[INFO] validating manifest of git repo https://github.com/dimension-labs/dimension-node on toolchain beta-2023-04-20
[INFO] running `Command { std: CARGO_HOME="/workspace/cargo-home" RUSTUP_HOME="/workspace/rustup-home" "/workspace/cargo-home/bin/cargo" "+beta-2023-04-20" "metadata" "--manifest-path" "Cargo.toml" "--no-deps", kill_on_drop: false }`
[INFO] started tweaking git repo https://github.com/dimension-labs/dimension-node
[INFO] finished tweaking git repo https://github.com/dimension-labs/dimension-node
[INFO] tweaked toml for git repo https://github.com/dimension-labs/dimension-node written to /workspace/builds/worker-4-tc2/source/Cargo.toml
[INFO] crate git repo https://github.com/dimension-labs/dimension-node already has a lockfile, it will not be regenerated
[INFO] running `Command { std: CARGO_HOME="/workspace/cargo-home" RUSTUP_HOME="/workspace/rustup-home" "/workspace/cargo-home/bin/cargo" "+beta-2023-04-20" "fetch" "--manifest-path" "Cargo.toml", kill_on_drop: false }`
[INFO] [stderr]     Updating crates.io index
[INFO] [stderr]  Downloading crates ...
[INFO] [stderr]   Downloaded atomic-shim v0.1.0
[INFO] [stderr]   Downloaded quanta v0.7.2
[INFO] [stderr]   Downloaded wabt v0.10.0
[INFO] [stderr]   Downloaded derp v0.0.14
[INFO] [stderr]   Downloaded datasize v0.2.10
[INFO] [stderr]   Downloaded datasize_derive v0.2.10
[INFO] [stderr]   Downloaded serde_test v1.0.136
[INFO] [stderr]   Downloaded jemallocator v0.3.2
[INFO] [stderr]   Downloaded warp-json-rpc v0.3.0
[INFO] [stderr]   Downloaded sys-info v0.8.0
[INFO] [stderr]   Downloaded indicatif v0.17.0-rc.9
[INFO] [stderr]   Downloaded der v0.1.0
[INFO] [stderr]   Downloaded proptest-attr-macro v1.0.0
[INFO] [stderr]   Downloaded const-oid v0.4.5
[INFO] [stderr]   Downloaded raw-cpuid v9.1.1
[INFO] [stderr]   Downloaded cbindgen v0.18.0
[INFO] [stderr]   Downloaded pkcs8 v0.3.3
[INFO] [stderr]   Downloaded wabt-sys v0.8.0
[INFO] [stderr]   Downloaded wheelbuf v0.2.0
[INFO] [stderr]   Downloaded fake_instant v0.4.0
[INFO] [stderr]   Downloaded jsonrpc-lite v0.5.0
[INFO] [stderr]   Downloaded openssl-src v111.18.0+1.1.1n
[INFO] running `Command { std: "docker" "create" "-v" "/var/lib/crater-agent-workspace/builds/worker-4-tc2/target:/opt/rustwide/target:rw,Z" "-v" "/var/lib/crater-agent-workspace/builds/worker-4-tc2/source:/opt/rustwide/workdir:ro,Z" "-v" "/var/lib/crater-agent-workspace/cargo-home:/opt/rustwide/cargo-home:ro,Z" "-v" "/var/lib/crater-agent-workspace/rustup-home:/opt/rustwide/rustup-home:ro,Z" "-e" "SOURCE_DIR=/opt/rustwide/workdir" "-e" "CARGO_TARGET_DIR=/opt/rustwide/target" "-e" "CARGO_HOME=/opt/rustwide/cargo-home" "-e" "RUSTUP_HOME=/opt/rustwide/rustup-home" "-w" "/opt/rustwide/workdir" "-m" "1610612736" "--user" "0:0" "--network" "none" "ghcr.io/rust-lang/crates-build-env/linux@sha256:5ff2268d62e97bff2cde7d5815dd6ed5b47097566f13b8d0ca110b04b60e07ed" "/opt/rustwide/cargo-home/bin/cargo" "+beta-2023-04-20" "metadata" "--no-deps" "--format-version=1", kill_on_drop: false }`
[INFO] [stdout] df779dd2f2a94fb935d594cab85e27c47405605a4c6dca3cdf38440440862911
[INFO] running `Command { std: "docker" "start" "-a" "df779dd2f2a94fb935d594cab85e27c47405605a4c6dca3cdf38440440862911", kill_on_drop: false }`
[INFO] running `Command { std: "docker" "inspect" "df779dd2f2a94fb935d594cab85e27c47405605a4c6dca3cdf38440440862911", kill_on_drop: false }`
[INFO] running `Command { std: "docker" "rm" "-f" "df779dd2f2a94fb935d594cab85e27c47405605a4c6dca3cdf38440440862911", kill_on_drop: false }`
[INFO] [stdout] df779dd2f2a94fb935d594cab85e27c47405605a4c6dca3cdf38440440862911
[INFO] running `Command { std: "docker" "create" "-v" "/var/lib/crater-agent-workspace/builds/worker-4-tc2/target:/opt/rustwide/target:rw,Z" "-v" "/var/lib/crater-agent-workspace/builds/worker-4-tc2/source:/opt/rustwide/workdir:ro,Z" "-v" "/var/lib/crater-agent-workspace/cargo-home:/opt/rustwide/cargo-home:ro,Z" "-v" "/var/lib/crater-agent-workspace/rustup-home:/opt/rustwide/rustup-home:ro,Z" "-e" "SOURCE_DIR=/opt/rustwide/workdir" "-e" "CARGO_TARGET_DIR=/opt/rustwide/target" "-e" "CARGO_INCREMENTAL=0" "-e" "RUST_BACKTRACE=full" "-e" "RUSTFLAGS=--cap-lints=warn" "-e" "RUSTDOCFLAGS=--cap-lints=warn" "-e" "CARGO_HOME=/opt/rustwide/cargo-home" "-e" "RUSTUP_HOME=/opt/rustwide/rustup-home" "-w" "/opt/rustwide/workdir" "-m" "1610612736" "--user" "0:0" "--network" "none" "ghcr.io/rust-lang/crates-build-env/linux@sha256:5ff2268d62e97bff2cde7d5815dd6ed5b47097566f13b8d0ca110b04b60e07ed" "/opt/rustwide/cargo-home/bin/cargo" "+beta-2023-04-20" "doc" "--frozen" "--no-deps" "--document-private-items" "--message-format=json", kill_on_drop: false }`
[INFO] [stdout] 5f29f7a8b6a91f7e8a1b60a1b9d852852aa5e13e48a9edd9fca094d037c0f805
[INFO] running `Command { std: "docker" "start" "-a" "5f29f7a8b6a91f7e8a1b60a1b9d852852aa5e13e48a9edd9fca094d037c0f805", kill_on_drop: false }`
[INFO] [stderr]    Compiling proc-macro2 v1.0.36
[INFO] [stderr]    Compiling syn v1.0.89
[INFO] [stderr]    Compiling libc v0.2.121
[INFO] [stderr]    Compiling version_check v0.9.4
[INFO] [stderr]    Compiling autocfg v1.1.0
[INFO] [stderr]    Compiling serde_derive v1.0.136
[INFO] [stderr]    Compiling serde v1.0.136
[INFO] [stderr]    Compiling memchr v2.4.1
[INFO] [stderr]    Compiling log v0.4.16
[INFO] [stderr]    Compiling num-traits v0.2.14
[INFO] [stderr]    Compiling typenum v1.15.0
[INFO] [stderr]    Compiling value-bag v1.0.0-alpha.8
[INFO] [stderr]    Compiling generic-array v0.14.5
[INFO] [stderr]    Compiling cc v1.0.73
[INFO] [stderr]     Checking pin-project-lite v0.2.8
[INFO] [stderr]    Compiling quote v1.0.17
[INFO] [stderr]    Compiling num-integer v0.1.44
[INFO] [stderr]     Checking bitflags v1.3.2
[INFO] [stderr]    Compiling futures-core v0.3.21
[INFO] [stderr]     Checking futures-sink v0.3.21
[INFO] [stderr]     Checking itoa v1.0.1
[INFO] [stderr]    Compiling indexmap v1.8.0
[INFO] [stderr]     Checking fnv v1.0.7
[INFO] [stderr]    Compiling futures-channel v0.3.21
[INFO] [stderr]    Compiling futures-task v0.3.21
[INFO] [stderr]    Compiling futures-util v0.3.21
[INFO] [stderr]     Checking once_cell v1.10.0
[INFO] [stderr]    Compiling serde_json v1.0.79
[INFO] [stderr]     Checking slab v0.4.5
[INFO] [stderr]     Checking futures-io v0.3.21
[INFO] [stderr]     Checking pin-utils v0.1.0
[INFO] [stderr]     Checking getrandom v0.2.5
[INFO] [stderr]     Checking ppv-lite86 v0.2.16
[INFO] [stderr]     Checking byteorder v1.4.3
[INFO] [stderr]     Checking subtle v2.4.1
[INFO] [stderr]     Checking rand_core v0.5.1
[INFO] [stderr]     Checking cpufeatures v0.2.2
[INFO] [stderr]     Checking hashbrown v0.11.2
[INFO] [stderr]     Checking regex-syntax v0.6.25
[INFO] [stderr]     Checking rand_core v0.6.3
[INFO] [stderr]     Checking ryu v1.0.9
[INFO] [stderr]     Checking opaque-debug v0.3.0
[INFO] [stderr]     Checking digest v0.9.0
[INFO] [stderr]     Checking block-buffer v0.9.0
[INFO] [stderr]    Compiling num-bigint v0.4.3
[INFO] [stderr]    Compiling pkg-config v0.3.24
[INFO] [stderr]     Checking base64 v0.13.0
[INFO] [stderr]     Checking rand_chacha v0.3.1
[INFO] [stderr]     Checking remove_dir_all v0.5.3
[INFO] [stderr]     Checking fastrand v1.7.0
[INFO] [stderr]     Checking radium v0.3.0
[INFO] [stderr]     Checking funty v1.1.0
[INFO] [stderr]     Checking wyz v0.2.0
[INFO] [stderr]     Checking rand v0.8.5
[INFO] [stderr]     Checking tempfile v3.3.0
[INFO] [stderr]     Checking const-oid v0.4.5
[INFO] [stderr]     Checking quick-error v1.2.3
[INFO] [stderr]     Checking signature v1.2.2
[INFO] [stderr]     Checking der v0.1.0
[INFO] [stderr]     Checking tracing-core v0.1.23
[INFO] [stderr]     Checking crypto-mac v0.10.1
[INFO] [stderr]    Compiling num-rational v0.4.0
[INFO] [stderr]    Compiling num-iter v0.1.42
[INFO] [stderr]     Checking bitvec v0.18.5
[INFO] [stderr]     Checking pkcs8 v0.3.3
[INFO] [stderr]    Compiling crunchy v0.2.2
[INFO] [stderr]     Checking hmac v0.10.1
[INFO] [stderr]     Checking sha2 v0.9.9
[INFO] [stderr]     Checking rand_chacha v0.2.2
[INFO] [stderr]     Checking wait-timeout v0.2.0
[INFO] [stderr]     Checking bytes v1.1.0
[INFO] [stderr]    Compiling schemars v0.8.5
[INFO] [stderr]     Checking rusty-fork v0.3.0
[INFO] [stderr]     Checking rand v0.7.3
[INFO] [stderr]     Checking rand_xorshift v0.3.0
[INFO] [stderr]     Checking crypto-mac v0.8.0
[INFO] [stderr]     Checking num-complex v0.4.0
[INFO] [stderr]     Checking fake_instant v0.4.0
[INFO] [stderr]     Checking static_assertions v1.1.0
[INFO] [stderr]     Checking quick-error v2.0.1
[INFO] [stderr]     Checking dyn-clone v1.0.5
[INFO] [stderr]     Checking proptest v1.0.0
[INFO] [stderr]     Checking blake2 v0.9.2
[INFO] [stderr]     Checking hex_fmt v0.3.0
[INFO] [stderr]     Checking base16 v0.2.1
[INFO] [stderr]     Checking num_cpus v1.13.1
[INFO] [stderr]     Checking socket2 v0.4.4
[INFO] [stderr]    Compiling num-bigint v0.2.6
[INFO] [stderr]    Compiling lmdb-sys v0.8.0
[INFO] [stderr]    Compiling num-rational v0.2.4
[INFO] [stderr]     Checking parity-wasm v0.41.0
[INFO] [stderr]     Checking ff v0.8.0
[INFO] [stderr]     Checking group v0.8.0
[INFO] [stderr]    Compiling anyhow v1.0.56
[INFO] [stderr]     Checking either v1.6.1
[INFO] [stderr]     Checking itertools v0.10.3
[INFO] [stderr]     Checking time v0.1.43
[INFO] [stderr]    Compiling synstructure v0.12.6
[INFO] [stderr]    Compiling serde_derive_internals v0.25.0
[INFO] [stderr]     Checking wasmi-validation v0.3.0
[INFO] [stderr]     Checking chrono v0.4.19
[INFO] [stderr]     Checking atty v0.2.14
[INFO] [stderr]     Checking aho-corasick v0.7.18
[INFO] [stderr]     Checking downcast-rs v1.2.0
[INFO] [stderr]     Checking memory_units v0.3.0
[INFO] [stderr]     Checking match_cfg v0.1.0
[INFO] [stderr]     Checking wasmi v0.8.0
[INFO] [stderr]     Checking hostname v0.3.1
[INFO] [stderr]     Checking http v0.2.6
[INFO] [stderr]    Compiling openssl-sys v0.9.72
[INFO] [stderr]     Checking regex v1.5.5
[INFO] [stderr]    Compiling unicase v2.6.0
[INFO] [stderr]     Checking linked-hash-map v0.5.4
[INFO] [stderr]     Checking unicode-width v0.1.9
[INFO] [stderr]     Checking tinyvec_macros v0.1.0
[INFO] [stderr]     Checking matches v0.1.9
[INFO] [stderr]    Compiling httparse v1.6.0
[INFO] [stderr]     Checking tinyvec v1.5.1
[INFO] [stderr]     Checking ansi_term v0.12.1
[INFO] [stderr]     Checking form_urlencoded v1.0.1
[INFO] [stderr]     Checking lmdb v0.8.0
[INFO] [stderr]     Checking textwrap v0.11.0
[INFO] [stderr]    Compiling miniz_oxide v0.4.4
[INFO] [stderr]    Compiling semver v1.0.6
[INFO] [stderr]     Checking unicode-bidi v0.3.7
[INFO] [stderr]     Checking vec_map v0.8.2
[INFO] [stderr]     Checking strsim v0.8.0
[INFO] [stderr]    Compiling crc32fast v1.3.2
[INFO] [stderr]     Checking clap v2.34.0
[INFO] [stderr]     Checking adler v1.0.2
[INFO] [stderr]    Compiling parking_lot_core v0.8.5
[INFO] [stderr]     Checking foreign-types-shared v0.1.1
[INFO] [stderr]    Compiling openssl v0.10.38
[INFO] [stderr]     Checking alloc-no-stdlib v2.0.3
[INFO] [stderr]     Checking foreign-types v0.3.2
[INFO] [stderr]    Compiling ctor v0.1.22
[INFO] [stderr]    Compiling futures-macro v0.3.21
[INFO] [stderr]    Compiling zeroize_derive v1.3.2
[INFO] [stderr]    Compiling tracing-attributes v0.1.20
[INFO] [stderr]    Compiling datasize_derive v0.2.10
[INFO] [stderr]    Compiling schemars_derive v0.8.5
[INFO] [stderr]     Checking zeroize v1.3.0
[INFO] [stderr]    Compiling thiserror-impl v1.0.30
[INFO] [stderr]     Checking elliptic-curve v0.8.5
[INFO] [stderr]     Checking curve25519-dalek v3.2.1
[INFO] [stderr]    Compiling num-derive v0.3.3
[INFO] [stderr]     Checking ecdsa v0.10.2
[INFO] [stderr]     Checking k256 v0.7.3
[INFO] [stderr]    Compiling tokio-macros v1.7.0
[INFO] [stderr]     Checking unicode-normalization v0.1.19
[INFO] [stderr]     Checking alloc-stdlib v0.2.1
[INFO] [stderr]    Compiling pin-project-internal v1.0.10
[INFO] [stderr]     Checking thiserror v1.0.30
[INFO] [stderr]     Checking idna v0.2.3
[INFO] [stderr]     Checking instant v0.1.12
[INFO] [stderr]     Checking mime v0.3.16
[INFO] [stderr]     Checking httpdate v1.0.2
[INFO] [stderr]     Checking try-lock v0.2.3
[INFO] [stderr]    Compiling unicode-segmentation v1.9.0
[INFO] [stderr]     Checking tower-service v0.3.1
[INFO] [stderr]     Checking humantime v2.1.0
[INFO] [stderr]     Checking url v2.2.2
[INFO] [stderr]     Checking lock_api v0.4.6
[INFO] [stderr]    Compiling heck v0.3.3
[INFO] [stderr]    Compiling mime_guess v2.0.4
[INFO] [stderr]     Checking brotli-decompressor v2.3.2
[INFO] [stderr]     Checking pin-project v1.0.10
[INFO] [stderr]     Checking futures-executor v0.3.21
[INFO] [stderr]     Checking http-body v0.4.4
[INFO] [stderr]     Checking crypto-common v0.1.3
[INFO] [stderr]     Checking futures v0.3.21
[INFO] [stderr]     Checking block-buffer v0.10.2
[INFO] [stderr]     Checking signal-hook-registry v1.4.0
[INFO] [stderr]    Compiling proc-macro-error-attr v1.0.4
[INFO] [stderr]    Compiling proc-macro-hack v0.5.19
[INFO] [stderr]    Compiling fs_extra v1.2.0
[INFO] [stderr]    Compiling vergen v3.2.0
[INFO] [stderr]     Checking digest v0.10.3
[INFO] [stderr]     Checking brotli v3.3.3
[INFO] [stderr]    Compiling jemalloc-sys v0.3.2
[INFO] [stderr]     Checking flate2 v1.0.22
[INFO] [stderr]     Checking sha-1 v0.9.8
[INFO] [stderr]    Compiling proc-macro-error v1.0.4
[INFO] [stderr]     Checking safemem v0.3.3
[INFO] [stderr]     Checking utf-8 v0.7.6
[INFO] [stderr]     Checking buf_redux v0.8.4
[INFO] [stderr]    Compiling rustc_version v0.4.0
[INFO] [stderr]     Checking sha-1 v0.10.0
[INFO] [stderr]     Checking headers-core v0.2.0
[INFO] [stderr]    Compiling sys-info v0.8.0
[INFO] [stderr]    Compiling cmake v0.1.48
[INFO] [stderr]     Checking twoway v0.1.8
[INFO] [stderr]    Compiling native-tls v0.2.8
[INFO] [stderr]    Compiling protobuf v2.27.1
[INFO] [stderr]     Checking termcolor v1.1.3
[INFO] [stderr]     Checking smallvec v1.8.0
[INFO] [stderr]     Checking hex v0.4.3
[INFO] [stderr]     Checking tracing v0.1.32
[INFO] [stderr]     Checking ed25519 v1.2.0
[INFO] [stderr]     Checking serde_bytes v0.11.5
[INFO] [stderr]     Checking uint v0.9.3
[INFO] [stderr]     Checking datasize v0.2.10
[INFO] [stderr]     Checking mio v0.8.2
[INFO] [stderr]     Checking hex-buffer-serde v0.3.0
[INFO] [stderr]     Checking ed25519-dalek v1.0.1
[INFO] [stderr]     Checking num v0.4.0
[INFO] [stderr]     Checking bincode v1.3.3
[INFO] [stderr]     Checking hex-buffer-serde v0.2.2
[INFO] [stderr]     Checking pwasm-utils v0.16.0
[INFO] [stderr]     Checking tokio v1.17.0
[INFO] [stderr]     Checking uuid v0.8.2
[INFO] [stderr]     Checking want v0.3.0
[INFO] [stderr]     Checking parking_lot v0.11.2
[INFO] [stderr]     Checking tungstenite v0.14.0
[INFO] [stderr]     Checking serde_urlencoded v0.7.1
[INFO] [stderr]    Compiling erased-serde v0.3.20
[INFO] [stderr]    Compiling enum-ordinalize v3.1.11
[INFO] [stderr]     Checking multipart v0.18.0
[INFO] [stderr]    Compiling wabt-sys v0.8.0
[INFO] [stderr]     Checking dimension-types v1.4.6 (/opt/rustwide/workdir/types)
[INFO] [stderr]    Compiling paste-impl v0.1.18
[INFO] [stderr]     Checking headers v0.3.7
[INFO] [stderr]     Checking regex-automata v0.1.10
[INFO] [stderr]    Compiling backtrace v0.3.64
[INFO] [stderr]    Compiling tokio-openssl v0.6.3
[INFO] [stderr]    Compiling prometheus v0.12.0
[INFO] [stderr]    Compiling async-trait v0.1.53
[INFO] [stderr]     Checking gimli v0.26.1
[INFO] [stderr]    Compiling crossbeam-utils v0.8.8
[INFO] [stderr]    Compiling convert_case v0.4.0
[INFO] [stderr]     Checking openssl-probe v0.1.5
[INFO] [stderr]    Compiling signal-hook v0.3.13
[INFO] [stderr]     Checking matchers v0.0.1
[INFO] [stderr]     Checking tokio-util v0.6.9
[INFO] [stderr]     Checking async-compression v0.3.12
[INFO] [stderr]     Checking tokio-tungstenite v0.15.0
[INFO] [stderr]    Compiling derive_more v0.99.17
[INFO] [stderr]     Checking h2 v0.3.12
[INFO] [stderr]     Checking tokio-stream v0.1.8
[INFO] [stderr]     Checking tokio-util v0.7.0
[INFO] [stderr]    Compiling Inflector v0.11.4
[INFO] [stderr]    Compiling dimension-node v1.0.0 (/opt/rustwide/workdir/node)
[INFO] [stderr]     Checking paste v0.1.18
[INFO] [stderr]    Compiling structopt-derive v0.4.18
[INFO] [stderr]    Compiling educe v0.4.19
[INFO] [stderr]     Checking dimension-hashing v1.4.3 (/opt/rustwide/workdir/hashing)
[INFO] [stderr]     Checking dimension-contract v1.4.3 (/opt/rustwide/workdir/smart_contracts/contract)
[INFO] [stderr]     Checking dimension-execution-engine v1.4.4 (/opt/rustwide/workdir/execution_engine)
[INFO] [stderr]     Checking addr2line v0.17.0
[INFO] [stderr]     Checking tracing-log v0.1.2
[INFO] [stderr]     Checking toml v0.5.8
[INFO] [stderr]     Checking tracing-serde v0.1.3
[INFO] [stderr]    Compiling enum-iterator-derive v0.6.0
[INFO] [stderr]     Checking rmp v0.8.10
[INFO] [stderr]     Checking thread_local v1.1.4
[INFO] [stderr]     Checking raw-cpuid v9.1.1
[INFO] [stderr]     Checking hyper v0.14.18
[INFO] [stderr]     Checking sharded-slab v0.1.4
[INFO] [stderr]     Checking object v0.27.1
[INFO] [stderr]     Checking tower-layer v0.3.1
[INFO] [stderr]     Checking atomic-shim v0.1.0
[INFO] [stderr]    Compiling encoding_rs v0.8.30
[INFO] [stderr]     Checking rustc-demangle v0.1.21
[INFO] [stderr]     Checking untrusted v0.7.1
[INFO] [stderr]     Checking tracing-subscriber v0.2.25
[INFO] [stderr]     Checking derp v0.0.14
[INFO] [stderr]     Checking quanta v0.7.2
[INFO] [stderr]     Checking tower v0.4.12
[INFO] [stderr]     Checking enum-iterator v0.6.0
[INFO] [stderr]     Checking rmp-serde v0.14.4
[INFO] [stderr]     Checking structopt v0.3.26
[INFO] [stderr]     Checking dimension-engine-test-support v2.0.3 (/opt/rustwide/workdir/execution_engine_testing/test_support)
[INFO] [stderr]     Checking tokio-serde v0.8.0
[INFO] [stderr]     Checking dictionary v0.1.0 (/opt/rustwide/workdir/smart_contracts/contracts/test/dictionary)
[INFO] [stderr]    Compiling dimension-node-macros v1.4.2 (/opt/rustwide/workdir/node_macros)
[INFO] [stderr]     Checking tokio-native-tls v0.3.0
[INFO] [stderr]     Checking tracing-futures v0.2.5
[INFO] [stderr]     Checking serde-big-array v0.3.3
[INFO] [stderr]    Compiling serde_repr v0.1.7
[INFO] [stderr]     Checking pem v0.8.3
[INFO] [stderr]     Checking fs2 v0.4.3
[INFO] [stderr]    Compiling cfg-if v1.0.0
[INFO] [stderr]     Checking wheelbuf v0.2.0
[INFO] [stderr]     Checking crossbeam-channel v0.5.4
[INFO] [stderr]     Checking dictionary-call v0.1.0 (/opt/rustwide/workdir/smart_contracts/contracts/test/dictionary-call)
[INFO] [stderr]     Checking get-call-stack-recursive-subcall v0.1.0 (/opt/rustwide/workdir/smart_contracts/contracts/test/get-call-stack-recursive-subcall)
[INFO] [stderr]     Checking env_logger v0.8.4
[INFO] [stderr]     Checking warp v0.3.2
[INFO] [stderr]     Checking hyper-tls v0.5.0
[INFO] [stderr]     Checking terminal_size v0.1.17
[INFO] [stderr]    Compiling cbindgen v0.18.0
[INFO] [stderr]     Checking ipnet v2.4.0
[INFO] [stderr]     Checking unicode-xid v0.2.2
[INFO] [stderr]     Checking reqwest v0.11.10
[INFO] [stderr]     Checking console v0.15.0
[INFO] [stderr]     Checking jsonrpc-lite v0.5.0
[INFO] [stderr]     Checking mio v0.7.14
[INFO] [stderr]     Checking number_prefix v0.4.0
[INFO] [stderr]    Compiling pulldown-cmark v0.8.0
[INFO] [stderr]     Checking signal-hook v0.1.17
[INFO] [stderr]     Checking indicatif v0.17.0-rc.9
[INFO] [stderr]     Checking os_str_bytes v6.0.0
[INFO] [stderr]     Checking textwrap v0.15.0
[INFO] [stderr]     Checking strsim v0.10.0
[INFO] [stderr]     Checking clap v3.1.6
[INFO] [stderr] error: failed to run custom build command for `wabt-sys v0.8.0`
[INFO] [stderr] note: To improve backtraces for build dependencies, set the CARGO_PROFILE_DEV_BUILD_OVERRIDE_DEBUG=true environment variable to enable debug information generation.
[INFO] [stderr] 
[INFO] [stderr] Caused by:
[INFO] [stderr]   process didn't exit successfully: `/opt/rustwide/target/debug/build/wabt-sys-818a0a3062289299/build-script-build` (exit status: 101)
[INFO] [stderr]   --- stdout
[INFO] [stderr]   cargo:rerun-if-env-changed=WABT_CXXSTDLIB
[INFO] [stderr]   cargo:rerun-if-env-changed=CXXSTDLIB
[INFO] [stderr]   CMAKE_TOOLCHAIN_FILE_x86_64-unknown-linux-gnu = None
[INFO] [stderr]   CMAKE_TOOLCHAIN_FILE_x86_64_unknown_linux_gnu = None
[INFO] [stderr]   HOST_CMAKE_TOOLCHAIN_FILE = None
[INFO] [stderr]   CMAKE_TOOLCHAIN_FILE = None
[INFO] [stderr]   CMAKE_GENERATOR_x86_64-unknown-linux-gnu = None
[INFO] [stderr]   CMAKE_GENERATOR_x86_64_unknown_linux_gnu = None
[INFO] [stderr]   HOST_CMAKE_GENERATOR = None
[INFO] [stderr]   CMAKE_GENERATOR = None
[INFO] [stderr]   CMAKE_PREFIX_PATH_x86_64-unknown-linux-gnu = None
[INFO] [stderr]   CMAKE_PREFIX_PATH_x86_64_unknown_linux_gnu = None
[INFO] [stderr]   HOST_CMAKE_PREFIX_PATH = None
[INFO] [stderr]   CMAKE_PREFIX_PATH = None
[INFO] [stderr]   CMAKE_x86_64-unknown-linux-gnu = None
[INFO] [stderr]   CMAKE_x86_64_unknown_linux_gnu = None
[INFO] [stderr]   HOST_CMAKE = None
[INFO] [stderr]   CMAKE = None
[INFO] [stderr]   running: cd "/opt/rustwide/target/debug/build/wabt-sys-21358eb459175103/out/build" && CMAKE_PREFIX_PATH="" "cmake" "/opt/rustwide/cargo-home/registry/src/index.crates.io-6f17d22bba15001f/wabt-sys-0.8.0/wabt" "-DBUILD_TESTS=OFF" "-DBUILD_TOOLS=OFF" "-DCMAKE_INSTALL_PREFIX=/opt/rustwide/target/debug/build/wabt-sys-21358eb459175103/out" "-DCMAKE_C_FLAGS= -ffunction-sections -fdata-sections -fPIC -m64" "-DCMAKE_C_COMPILER=/usr/bin/cc" "-DCMAKE_CXX_FLAGS= -ffunction-sections -fdata-sections -fPIC -m64" "-DCMAKE_CXX_COMPILER=/usr/bin/c++" "-DCMAKE_ASM_FLAGS= -ffunction-sections -fdata-sections -fPIC -m64" "-DCMAKE_ASM_COMPILER=/usr/bin/cc" "-DCMAKE_BUILD_TYPE=Debug"
[INFO] [stderr]   -- The C compiler identification is GNU 11.3.0
[INFO] [stderr]   -- The CXX compiler identification is GNU 11.3.0
[INFO] [stderr]   -- Detecting C compiler ABI info
[INFO] [stderr]   -- Detecting C compiler ABI info - done
[INFO] [stderr]   -- Check for working C compiler: /usr/bin/cc - skipped
[INFO] [stderr]   -- Detecting C compile features
[INFO] [stderr]   -- Detecting C compile features - done
[INFO] [stderr]   -- Detecting CXX compiler ABI info
[INFO] [stderr]   -- Detecting CXX compiler ABI info - done
[INFO] [stderr]   -- Check for working CXX compiler: /usr/bin/c++ - skipped
[INFO] [stderr]   -- Detecting CXX compile features
[INFO] [stderr]   -- Detecting CXX compile features - done
[INFO] [stderr]   -- Looking for alloca.h
[INFO] [stderr]   -- Looking for alloca.h - found
[INFO] [stderr]   -- Looking for unistd.h
[INFO] [stderr]   -- Looking for unistd.h - found
[INFO] [stderr]   -- Looking for snprintf
[INFO] [stderr]   -- Looking for snprintf - found
[INFO] [stderr]   -- Looking for strcasecmp
[INFO] [stderr]   -- Looking for strcasecmp - found
[INFO] [stderr]   -- Looking for sys/types.h
[INFO] [stderr]   -- Looking for sys/types.h - found
[INFO] [stderr]   -- Looking for stdint.h
[INFO] [stderr]   -- Looking for stdint.h - found
[INFO] [stderr]   -- Looking for stddef.h
[INFO] [stderr]   -- Looking for stddef.h - found
[INFO] [stderr]   -- Check size of ssize_t
[INFO] [stderr]   -- Check size of ssize_t - done
[INFO] [stderr]   -- Check size of size_t
[INFO] [stderr]   -- Check size of size_t - done
[INFO] [stderr]   -- Found PythonInterp: /usr/bin/python3 (found suitable version "3.10.6", minimum required is "3.5") 
[INFO] [stderr]   -- Looking for pthread.h
[INFO] [stderr]   -- Looking for pthread.h - found
[INFO] [stderr]   -- Performing Test CMAKE_HAVE_LIBC_PTHREAD
[INFO] [stderr]   -- Performing Test CMAKE_HAVE_LIBC_PTHREAD - Success
[INFO] [stderr]   -- Found Threads: TRUE  
[INFO] [stderr]   -- Configuring done
[INFO] [stderr]   -- Generating done
[INFO] [stderr]   -- Build files have been written to: /opt/rustwide/target/debug/build/wabt-sys-21358eb459175103/out/build
[INFO] [stderr]   running: cd "/opt/rustwide/target/debug/build/wabt-sys-21358eb459175103/out/build" && MAKEFLAGS="-j --jobserver-fds=7,8 --jobserver-auth=7,8" "cmake" "--build" "." "--config" "Debug" "--parallel" "8"
[INFO] [stderr]   [  1%] Building CXX object CMakeFiles/wabt.dir/src/apply-names.cc.o
[INFO] [stderr]   [  2%] Building CXX object CMakeFiles/wabt.dir/src/binary-reader.cc.o
[INFO] [stderr]   [  3%] Building CXX object CMakeFiles/wabt.dir/src/binary.cc.o
[INFO] [stderr]   [  4%] Building CXX object CMakeFiles/wabt.dir/src/binary-reader-ir.cc.o
[INFO] [stderr]   [  5%] Building CXX object CMakeFiles/wabt.dir/src/binary-reader-logging.cc.o
[INFO] [stderr]   [  6%] Building CXX object CMakeFiles/wabt.dir/src/binary-writer-spec.cc.o
[INFO] [stderr]   [  7%] Building CXX object CMakeFiles/wabt.dir/src/binary-writer.cc.o
[INFO] [stderr]   [  8%] Building CXX object CMakeFiles/wabt.dir/src/binding-hash.cc.o
[INFO] [stderr]   [ 10%] Building CXX object CMakeFiles/wabt.dir/src/color.cc.o
[INFO] [stderr]   [ 11%] Building CXX object CMakeFiles/wabt.dir/src/common.cc.o
[INFO] [stderr]   [ 12%] Building CXX object CMakeFiles/wabt.dir/src/config.cc.o
[INFO] [stderr]   [ 13%] Building CXX object CMakeFiles/wabt.dir/src/decompiler.cc.o
[INFO] [stderr]   [ 14%] Building CXX object CMakeFiles/wabt.dir/src/error-formatter.cc.o
[INFO] [stderr]   [ 15%] Building CXX object CMakeFiles/wabt.dir/src/expr-visitor.cc.o
[INFO] [stderr]   [ 16%] Building CXX object CMakeFiles/wabt.dir/src/feature.cc.o
[INFO] [stderr]   [ 17%] Building CXX object CMakeFiles/wabt.dir/src/filenames.cc.o
[INFO] [stderr]   [ 19%] Building CXX object CMakeFiles/wabt.dir/src/generate-names.cc.o
[INFO] [stderr]   [ 20%] Building CXX object CMakeFiles/wabt.dir/src/hash-util.cc.o
[INFO] [stderr]   [ 21%] Building CXX object CMakeFiles/wabt.dir/src/ir.cc.o
[INFO] [stderr]   [ 22%] Building CXX object CMakeFiles/wabt.dir/src/ir-util.cc.o
[INFO] [stderr]   [ 23%] Building CXX object CMakeFiles/wabt.dir/src/leb128.cc.o
[INFO] [stderr]   [ 24%] Building CXX object CMakeFiles/wabt.dir/src/lexer-source.cc.o
[INFO] [stderr]   [ 25%] Building CXX object CMakeFiles/wabt.dir/src/lexer-source-line-finder.cc.o
[INFO] [stderr]   [ 26%] Building CXX object CMakeFiles/wabt.dir/src/literal.cc.o
[INFO] [stderr]   [ 28%] Building CXX object CMakeFiles/wabt.dir/src/opcode.cc.o
[INFO] [stderr]   [ 29%] Building C object CMakeFiles/wabt.dir/src/opcode-code-table.c.o
[INFO] [stderr]   [ 30%] Building CXX object CMakeFiles/wabt.dir/src/option-parser.cc.o
[INFO] [stderr]   [ 31%] Building CXX object CMakeFiles/wabt.dir/src/resolve-names.cc.o
[INFO] [stderr]   [ 32%] Building CXX object CMakeFiles/wabt.dir/src/shared-validator.cc.o
[INFO] [stderr]   [ 33%] Building CXX object CMakeFiles/wabt.dir/src/stream.cc.o
[INFO] [stderr]   [ 34%] Building CXX object CMakeFiles/wabt.dir/src/string-view.cc.o
[INFO] [stderr]   [ 35%] Building CXX object CMakeFiles/wabt.dir/src/token.cc.o
[INFO] [stderr]   [ 37%] Building CXX object CMakeFiles/wabt.dir/src/tracing.cc.o
[INFO] [stderr]   [ 38%] Building CXX object CMakeFiles/wabt.dir/src/type-checker.cc.o
[INFO] [stderr]   [ 39%] Building CXX object CMakeFiles/wabt.dir/src/utf8.cc.o
[INFO] [stderr]   [ 40%] Building CXX object CMakeFiles/wabt.dir/src/validator.cc.o
[INFO] [stderr]   [ 41%] Building CXX object CMakeFiles/wabt.dir/src/wast-lexer.cc.o
[INFO] [stderr]   [ 42%] Building CXX object CMakeFiles/wabt.dir/src/wast-parser.cc.o
[INFO] [stderr]   [ 43%] Building CXX object CMakeFiles/wabt.dir/src/wat-writer.cc.o
[INFO] [stderr]   [ 44%] Building CXX object CMakeFiles/wabt.dir/src/interp/binary-reader-interp.cc.o
[INFO] [stderr]   [ 46%] Building CXX object CMakeFiles/wabt.dir/src/interp/interp.cc.o
[INFO] [stderr]   [ 47%] Building CXX object CMakeFiles/wabt.dir/src/interp/interp-util.cc.o
[INFO] [stderr] 
[INFO] [stderr]   --- stderr
[INFO] [stderr]   CMake Warning (dev) at CMakeLists.txt:325 (add_library):
[INFO] [stderr]     Policy CMP0115 is not set: Source file extensions must be explicit.  Run
[INFO] [stderr]     "cmake --help-policy CMP0115" for policy details.  Use the cmake_policy
[INFO] [stderr]     command to set the policy and suppress this warning.
[INFO] [stderr] 
[INFO] [stderr]     File:
[INFO] [stderr] 
[INFO] [stderr]       /opt/rustwide/cargo-home/registry/src/index.crates.io-6f17d22bba15001f/wabt-sys-0.8.0/wabt/src/config.h.in
[INFO] [stderr]   This warning is for project developers.  Use -Wno-dev to suppress it.
[INFO] [stderr] 
[INFO] [stderr]   CMake Warning:
[INFO] [stderr]     Manually-specified variables were not used by the project:
[INFO] [stderr] 
[INFO] [stderr]       CMAKE_ASM_COMPILER
[INFO] [stderr]       CMAKE_ASM_FLAGS
[INFO] [stderr] 
[INFO] [stderr] 
[INFO] [stderr]   gmake: warning: -j8 forced in submake: resetting jobserver mode.
[INFO] [stderr]   c++: fatal error: Killed signal terminated program cc1plus
[INFO] [stderr]   compilation terminated.
[INFO] [stderr]   gmake[2]: *** [CMakeFiles/wabt.dir/build.make:118: CMakeFiles/wabt.dir/src/binary-reader-ir.cc.o] Error 1
[INFO] [stderr]   gmake[2]: *** Waiting for unfinished jobs....
[INFO] [stderr]   c++: fatal error: Killed signal terminated program cc1plus
[INFO] [stderr]   compilation terminated.
[INFO] [stderr]   gmake[2]: *** [CMakeFiles/wabt.dir/build.make:594: CMakeFiles/wabt.dir/src/wast-parser.cc.o] Error 1
[INFO] [stderr]   gmake[1]: *** [CMakeFiles/Makefile2:112: CMakeFiles/wabt.dir/all] Error 2
[INFO] [stderr]   gmake: *** [Makefile:91: all] Error 2
[INFO] [stderr]   thread 'main' panicked at '
[INFO] [stderr]   command did not execute successfully, got: exit status: 2
[INFO] [stderr] 
[INFO] [stderr]   build script failed, must exit now', /opt/rustwide/cargo-home/registry/src/index.crates.io-6f17d22bba15001f/cmake-0.1.48/src/lib.rs:975:5
[INFO] [stderr]   stack backtrace:
[INFO] [stderr]      0:     0x563f29b655fa - std::backtrace_rs::backtrace::libunwind::trace::h2f05d0192276a8f6
[INFO] [stderr]                                  at /rustc/1b7dd2252b99671ce5d1cb9664c5f8636329436d/library/std/src/../../backtrace/src/backtrace/libunwind.rs:93:5
[INFO] [stderr]      1:     0x563f29b655fa - std::backtrace_rs::backtrace::trace_unsynchronized::hedc23dff7a1af150
[INFO] [stderr]                                  at /rustc/1b7dd2252b99671ce5d1cb9664c5f8636329436d/library/std/src/../../backtrace/src/backtrace/mod.rs:66:5
[INFO] [stderr]      2:     0x563f29b655fa - std::sys_common::backtrace::_print_fmt::h17541ef7592f3ce2
[INFO] [stderr]                                  at /rustc/1b7dd2252b99671ce5d1cb9664c5f8636329436d/library/std/src/sys_common/backtrace.rs:65:5
[INFO] [stderr]      3:     0x563f29b655fa - <std::sys_common::backtrace::_print::DisplayBacktrace as core::fmt::Display>::fmt::h20f75df5ab0c0792
[INFO] [stderr]                                  at /rustc/1b7dd2252b99671ce5d1cb9664c5f8636329436d/library/std/src/sys_common/backtrace.rs:44:22
[INFO] [stderr]      4:     0x563f29b86f9f - core::fmt::write::h78109e6f466b3af6
[INFO] [stderr]                                  at /rustc/1b7dd2252b99671ce5d1cb9664c5f8636329436d/library/core/src/fmt/mod.rs:1254:17
[INFO] [stderr]      5:     0x563f29b61da5 - std::io::Write::write_fmt::hc59e1b02dd273c8a
[INFO] [stderr]                                  at /rustc/1b7dd2252b99671ce5d1cb9664c5f8636329436d/library/std/src/io/mod.rs:1698:15
[INFO] [stderr]      6:     0x563f29b653c5 - std::sys_common::backtrace::_print::h8dac57a9f8fbf9a5
[INFO] [stderr]                                  at /rustc/1b7dd2252b99671ce5d1cb9664c5f8636329436d/library/std/src/sys_common/backtrace.rs:47:5
[INFO] [stderr]      7:     0x563f29b653c5 - std::sys_common::backtrace::print::hf9ecbf41d1aa712f
[INFO] [stderr]                                  at /rustc/1b7dd2252b99671ce5d1cb9664c5f8636329436d/library/std/src/sys_common/backtrace.rs:34:9
[INFO] [stderr]      8:     0x563f29b672fe - std::panicking::default_hook::{{closure}}::h04c07acfc84ca028
[INFO] [stderr]                                  at /rustc/1b7dd2252b99671ce5d1cb9664c5f8636329436d/library/std/src/panicking.rs:269:22
[INFO] [stderr]      9:     0x563f29b670a5 - std::panicking::default_hook::h01f6bb23e1eceb2c
[INFO] [stderr]                                  at /rustc/1b7dd2252b99671ce5d1cb9664c5f8636329436d/library/std/src/panicking.rs:288:9
[INFO] [stderr]     10:     0x563f29b6785e - std::panicking::rust_panic_with_hook::h2bb3722bbaf2f6df
[INFO] [stderr]                                  at /rustc/1b7dd2252b99671ce5d1cb9664c5f8636329436d/library/std/src/panicking.rs:691:13
[INFO] [stderr]     11:     0x563f29b67759 - std::panicking::begin_panic_handler::{{closure}}::h91bc7f36a4be011b
[INFO] [stderr]                                  at /rustc/1b7dd2252b99671ce5d1cb9664c5f8636329436d/library/std/src/panicking.rs:582:13
[INFO] [stderr]     12:     0x563f29b65a66 - std::sys_common::backtrace::__rust_end_short_backtrace::h8b3d3717114f9e59
[INFO] [stderr]                                  at /rustc/1b7dd2252b99671ce5d1cb9664c5f8636329436d/library/std/src/sys_common/backtrace.rs:150:18
[INFO] [stderr]     13:     0x563f29b674b2 - rust_begin_unwind
[INFO] [stderr]                                  at /rustc/1b7dd2252b99671ce5d1cb9664c5f8636329436d/library/std/src/panicking.rs:578:5
[INFO] [stderr]     14:     0x563f29ae19c3 - core::panicking::panic_fmt::hfd368e3fbdabea26
[INFO] [stderr]                                  at /rustc/1b7dd2252b99671ce5d1cb9664c5f8636329436d/library/core/src/panicking.rs:67:14
[INFO] [stderr]     15:     0x563f29aec71f - cmake::fail::hce22fcb56e6823ab
[INFO] [stderr]     16:     0x563f29aec183 - cmake::run::hb80de42d90a023dc
[INFO] [stderr]     17:     0x563f29ae95d6 - cmake::Config::build::h7639dbec53f22975
[INFO] [stderr]     18:     0x563f29ae2730 - build_script_build::main::h491c25459f1bd451
[INFO] [stderr]     19:     0x563f29ae4553 - core::ops::function::FnOnce::call_once::h67fd8d2fca6cd13c
[INFO] [stderr]     20:     0x563f29ae3786 - std::sys_common::backtrace::__rust_begin_short_backtrace::h0426a9db75e2fa8c
[INFO] [stderr]     21:     0x563f29ae3549 - std::rt::lang_start::{{closure}}::hd2aa6b8e28cf8052
[INFO] [stderr]     22:     0x563f29b5e10e - core::ops::function::impls::<impl core::ops::function::FnOnce<A> for &F>::call_once::h2eb19b8ce4148df4
[INFO] [stderr]                                  at /rustc/1b7dd2252b99671ce5d1cb9664c5f8636329436d/library/core/src/ops/function.rs:287:13
[INFO] [stderr]     23:     0x563f29b5e10e - std::panicking::try::do_call::h2e900feff5d504c5
[INFO] [stderr]                                  at /rustc/1b7dd2252b99671ce5d1cb9664c5f8636329436d/library/std/src/panicking.rs:485:40
[INFO] [stderr]     24:     0x563f29b5e10e - std::panicking::try::h8854836cb85aa9f2
[INFO] [stderr]                                  at /rustc/1b7dd2252b99671ce5d1cb9664c5f8636329436d/library/std/src/panicking.rs:449:19
[INFO] [stderr]     25:     0x563f29b5e10e - std::panic::catch_unwind::h706025dd4c48f64b
[INFO] [stderr]                                  at /rustc/1b7dd2252b99671ce5d1cb9664c5f8636329436d/library/std/src/panic.rs:140:14
[INFO] [stderr]     26:     0x563f29b5e10e - std::rt::lang_start_internal::{{closure}}::h7be5b97f4a07a91a
[INFO] [stderr]                                  at /rustc/1b7dd2252b99671ce5d1cb9664c5f8636329436d/library/std/src/rt.rs:148:48
[INFO] [stderr]     27:     0x563f29b5e10e - std::panicking::try::do_call::h59847e9d0a176965
[INFO] [stderr]                                  at /rustc/1b7dd2252b99671ce5d1cb9664c5f8636329436d/library/std/src/panicking.rs:485:40
[INFO] [stderr]     28:     0x563f29b5e10e - std::panicking::try::h399a918ba8522823
[INFO] [stderr]                                  at /rustc/1b7dd2252b99671ce5d1cb9664c5f8636329436d/library/std/src/panicking.rs:449:19
[INFO] [stderr]     29:     0x563f29b5e10e - std::panic::catch_unwind::hca7ca6c55b2a2e26
[INFO] [stderr]                                  at /rustc/1b7dd2252b99671ce5d1cb9664c5f8636329436d/library/std/src/panic.rs:140:14
[INFO] [stderr]     30:     0x563f29b5e10e - std::rt::lang_start_internal::h2c807a81560459eb
[INFO] [stderr]                                  at /rustc/1b7dd2252b99671ce5d1cb9664c5f8636329436d/library/std/src/rt.rs:148:20
[INFO] [stderr]     31:     0x563f29ae3527 - std::rt::lang_start::he0afb6d4d81c2233
[INFO] [stderr]     32:     0x563f29ae34f5 - main
[INFO] [stderr]     33:     0x7fedaacc9d90 - <unknown>
[INFO] [stderr]     34:     0x7fedaacc9e40 - __libc_start_main
[INFO] [stderr]     35:     0x563f29ae1f45 - _start
[INFO] [stderr]     36:                0x0 - <unknown>
[INFO] [stderr] warning: build failed, waiting for other jobs to finish...
[INFO] running `Command { std: "docker" "inspect" "5f29f7a8b6a91f7e8a1b60a1b9d852852aa5e13e48a9edd9fca094d037c0f805", kill_on_drop: false }`
[INFO] running `Command { std: "docker" "rm" "-f" "5f29f7a8b6a91f7e8a1b60a1b9d852852aa5e13e48a9edd9fca094d037c0f805", kill_on_drop: false }`
[INFO] [stdout] 5f29f7a8b6a91f7e8a1b60a1b9d852852aa5e13e48a9edd9fca094d037c0f805
