[INFO] cloning repository https://github.com/derniercri/snatch
[INFO] running `Command { std: "git" "-c" "credential.helper=" "-c" "credential.helper=/workspace/cargo-home/bin/git-credential-null" "clone" "--bare" "https://github.com/derniercri/snatch" "/workspace/cache/git-repos/https%3A%2F%2Fgithub.com%2Fderniercri%2Fsnatch", kill_on_drop: false }`
[INFO] [stderr] Cloning into bare repository '/workspace/cache/git-repos/https%3A%2F%2Fgithub.com%2Fderniercri%2Fsnatch'...
[INFO] running `Command { std: "git" "rev-parse" "HEAD", kill_on_drop: false }`
[INFO] [stdout] 4e9d7046606be369b6ee1a946d346c510593d11e
[INFO] documenting derniercri/snatch against beta-2023-04-20 for beta-1.70-rustdoc-1
[INFO] running `Command { std: "git" "clone" "/workspace/cache/git-repos/https%3A%2F%2Fgithub.com%2Fderniercri%2Fsnatch" "/workspace/builds/worker-1-tc2/source", kill_on_drop: false }`
[INFO] [stderr] Cloning into '/workspace/builds/worker-1-tc2/source'...
[INFO] [stderr] done.
[INFO] validating manifest of git repo https://github.com/derniercri/snatch on toolchain beta-2023-04-20
[INFO] running `Command { std: CARGO_HOME="/workspace/cargo-home" RUSTUP_HOME="/workspace/rustup-home" "/workspace/cargo-home/bin/cargo" "+beta-2023-04-20" "metadata" "--manifest-path" "Cargo.toml" "--no-deps", kill_on_drop: false }`
[INFO] started tweaking git repo https://github.com/derniercri/snatch
[INFO] finished tweaking git repo https://github.com/derniercri/snatch
[INFO] tweaked toml for git repo https://github.com/derniercri/snatch written to /workspace/builds/worker-1-tc2/source/Cargo.toml
[INFO] crate git repo https://github.com/derniercri/snatch already has a lockfile, it will not be regenerated
[INFO] running `Command { std: CARGO_HOME="/workspace/cargo-home" RUSTUP_HOME="/workspace/rustup-home" "/workspace/cargo-home/bin/cargo" "+beta-2023-04-20" "fetch" "--manifest-path" "Cargo.toml", kill_on_drop: false }`
[INFO] [stderr] warning: `panic` setting is ignored for `test` profile
[INFO] [stderr]     Updating crates.io index
[INFO] [stderr]  Downloading crates ...
[INFO] [stderr]   Downloaded mime v0.2.3
[INFO] [stderr]   Downloaded same-file v0.1.3
[INFO] [stderr]   Downloaded pnacl-build-helper v1.4.11
[INFO] [stderr]   Downloaded httparse v1.2.2
[INFO] [stderr]   Downloaded idna v0.1.1
[INFO] [stderr]   Downloaded unicode-bidi v0.2.5
[INFO] [stderr]   Downloaded openssl-sys-extras v0.7.14
[INFO] [stderr]   Downloaded openssl v0.7.14
[INFO] [stderr]   Downloaded openssl-sys v0.7.17
[INFO] [stderr]   Downloaded walkdir v1.0.7
[INFO] [stderr]   Downloaded openssl-verify v0.1.0
[INFO] [stderr]   Downloaded unicode-normalization v0.1.4
[INFO] [stderr]   Downloaded pbr v1.0.0
[INFO] [stderr]   Downloaded hyper v0.9.18
[INFO] running `Command { std: "docker" "create" "-v" "/var/lib/crater-agent-workspace/builds/worker-1-tc2/target:/opt/rustwide/target:rw,Z" "-v" "/var/lib/crater-agent-workspace/builds/worker-1-tc2/source:/opt/rustwide/workdir:ro,Z" "-v" "/var/lib/crater-agent-workspace/cargo-home:/opt/rustwide/cargo-home:ro,Z" "-v" "/var/lib/crater-agent-workspace/rustup-home:/opt/rustwide/rustup-home:ro,Z" "-e" "SOURCE_DIR=/opt/rustwide/workdir" "-e" "CARGO_TARGET_DIR=/opt/rustwide/target" "-e" "CARGO_HOME=/opt/rustwide/cargo-home" "-e" "RUSTUP_HOME=/opt/rustwide/rustup-home" "-w" "/opt/rustwide/workdir" "-m" "1610612736" "--user" "0:0" "--network" "none" "ghcr.io/rust-lang/crates-build-env/linux@sha256:5ff2268d62e97bff2cde7d5815dd6ed5b47097566f13b8d0ca110b04b60e07ed" "/opt/rustwide/cargo-home/bin/cargo" "+beta-2023-04-20" "metadata" "--no-deps" "--format-version=1", kill_on_drop: false }`
[INFO] [stdout] 24cc00d2006240f9178ab98777831869b39e1b18fc7db4d3c0c1d82f5434f328
[INFO] running `Command { std: "docker" "start" "-a" "24cc00d2006240f9178ab98777831869b39e1b18fc7db4d3c0c1d82f5434f328", kill_on_drop: false }`
[INFO] running `Command { std: "docker" "inspect" "24cc00d2006240f9178ab98777831869b39e1b18fc7db4d3c0c1d82f5434f328", kill_on_drop: false }`
[INFO] running `Command { std: "docker" "rm" "-f" "24cc00d2006240f9178ab98777831869b39e1b18fc7db4d3c0c1d82f5434f328", kill_on_drop: false }`
[INFO] [stdout] 24cc00d2006240f9178ab98777831869b39e1b18fc7db4d3c0c1d82f5434f328
[INFO] running `Command { std: "docker" "create" "-v" "/var/lib/crater-agent-workspace/builds/worker-1-tc2/target:/opt/rustwide/target:rw,Z" "-v" "/var/lib/crater-agent-workspace/builds/worker-1-tc2/source:/opt/rustwide/workdir:ro,Z" "-v" "/var/lib/crater-agent-workspace/cargo-home:/opt/rustwide/cargo-home:ro,Z" "-v" "/var/lib/crater-agent-workspace/rustup-home:/opt/rustwide/rustup-home:ro,Z" "-e" "SOURCE_DIR=/opt/rustwide/workdir" "-e" "CARGO_TARGET_DIR=/opt/rustwide/target" "-e" "CARGO_INCREMENTAL=0" "-e" "RUST_BACKTRACE=full" "-e" "RUSTFLAGS=--cap-lints=warn" "-e" "RUSTDOCFLAGS=--cap-lints=warn" "-e" "CARGO_HOME=/opt/rustwide/cargo-home" "-e" "RUSTUP_HOME=/opt/rustwide/rustup-home" "-w" "/opt/rustwide/workdir" "-m" "1610612736" "--user" "0:0" "--network" "none" "ghcr.io/rust-lang/crates-build-env/linux@sha256:5ff2268d62e97bff2cde7d5815dd6ed5b47097566f13b8d0ca110b04b60e07ed" "/opt/rustwide/cargo-home/bin/cargo" "+beta-2023-04-20" "doc" "--frozen" "--no-deps" "--document-private-items" "--message-format=json", kill_on_drop: false }`
[INFO] [stdout] 3add5c590b3ac81a992bc75634e457f568a2a0bfc061788703e886c0c84b3f45
[INFO] running `Command { std: "docker" "start" "-a" "3add5c590b3ac81a992bc75634e457f568a2a0bfc061788703e886c0c84b3f45", kill_on_drop: false }`
[INFO] [stderr] warning: `panic` setting is ignored for `test` profile
[INFO] [stderr]     Checking libc v0.2.22
[INFO] [stderr]    Compiling pkg-config v0.3.9
[INFO] [stderr]    Compiling gcc v0.3.45
[INFO] [stderr]     Checking matches v0.1.4
[INFO] [stderr]     Checking unicode-normalization v0.1.4
[INFO] [stderr]     Checking log v0.3.7
[INFO] [stderr]     Checking bitflags v0.7.0
[INFO] [stderr]     Checking lazy_static v0.2.8
[INFO] [stderr]     Checking unicode-bidi v0.2.5
[INFO] [stderr]     Checking rustc-serialize v0.3.24
[INFO] [stderr]     Checking hpack v0.2.0
[INFO] [stderr]     Checking mime v0.2.3
[INFO] [stderr]     Checking time v0.1.37
[INFO] [stderr]     Checking atty v0.2.2
[INFO] [stderr]     Checking solicit v0.4.4
[INFO] [stderr]     Checking term_size v0.3.0
[INFO] [stderr]    Compiling openssl-sys v0.7.17
[INFO] [stderr]     Checking num_cpus v1.4.0
[INFO] [stderr]     Checking ansi_term v0.9.0
[INFO] [stderr]     Checking idna v0.1.1
[INFO] [stderr]     Checking vec_map v0.7.0
[INFO] [stderr]    Compiling openssl-sys-extras v0.7.14
[INFO] [stderr]    Compiling openssl v0.7.14
[INFO] [stderr]     Checking strsim v0.6.0
[INFO] [stderr]     Checking unicode-width v0.1.4
[INFO] [stderr]     Checking bitflags v0.8.2
[INFO] [stderr]     Checking unicode-segmentation v1.1.0
[INFO] [stderr]     Checking httparse v1.2.2
[INFO] [stderr]     Checking pbr v1.0.0
[INFO] [stderr]     Checking url v1.4.0
[INFO] [stderr]     Checking clap v2.24.1
[INFO] [stderr] The following warnings were emitted during compilation:
[INFO] [stderr] 
[INFO] [stderr] warning: src/openssl_shim.c: In function 'HMAC_Init_ex_shim':
[INFO] [stderr] warning: src/openssl_shim.c:42:5: warning: 'HMAC_Init_ex' is deprecated: Since OpenSSL 3.0 [-Wdeprecated-declarations]
[INFO] [stderr] warning:    42 |     return HMAC_Init_ex(ctx, key, key_len, md, impl);
[INFO] [stderr] warning:       |     ^~~~~~
[INFO] [stderr] warning: In file included from src/openssl_shim.c:1:
[INFO] [stderr] warning: /usr/include/openssl/hmac.h:43:27: note: declared here
[INFO] [stderr] warning:    43 | OSSL_DEPRECATEDIN_3_0 int HMAC_Init_ex(HMAC_CTX *ctx, const void *key, int len,
[INFO] [stderr] warning:       |                           ^~~~~~~~~~~~
[INFO] [stderr] warning: src/openssl_shim.c: In function 'HMAC_Update_shim':
[INFO] [stderr] warning: src/openssl_shim.c:46:5: warning: 'HMAC_Update' is deprecated: Since OpenSSL 3.0 [-Wdeprecated-declarations]
[INFO] [stderr] warning:    46 |     return HMAC_Update(ctx, data, len);
[INFO] [stderr] warning:       |     ^~~~~~
[INFO] [stderr] warning: In file included from src/openssl_shim.c:1:
[INFO] [stderr] warning: /usr/include/openssl/hmac.h:45:27: note: declared here
[INFO] [stderr] warning:    45 | OSSL_DEPRECATEDIN_3_0 int HMAC_Update(HMAC_CTX *ctx, const unsigned char *data,
[INFO] [stderr] warning:       |                           ^~~~~~~~~~~
[INFO] [stderr] warning: src/openssl_shim.c: In function 'HMAC_Final_shim':
[INFO] [stderr] warning: src/openssl_shim.c:50:5: warning: 'HMAC_Final' is deprecated: Since OpenSSL 3.0 [-Wdeprecated-declarations]
[INFO] [stderr] warning:    50 |     return HMAC_Final(ctx, md, len);
[INFO] [stderr] warning:       |     ^~~~~~
[INFO] [stderr] warning: In file included from src/openssl_shim.c:1:
[INFO] [stderr] warning: /usr/include/openssl/hmac.h:47:27: note: declared here
[INFO] [stderr] warning:    47 | OSSL_DEPRECATEDIN_3_0 int HMAC_Final(HMAC_CTX *ctx, unsigned char *md,
[INFO] [stderr] warning:       |                           ^~~~~~~~~~
[INFO] [stderr] warning: src/openssl_shim.c: In function 'DH_new_from_params':
[INFO] [stderr] warning: src/openssl_shim.c:129:5: warning: 'DH_new' is deprecated: Since OpenSSL 3.0 [-Wdeprecated-declarations]
[INFO] [stderr] warning:   129 |     if ((dh = DH_new()) == NULL) {
[INFO] [stderr] warning:       |     ^~
[INFO] [stderr] warning: In file included from /usr/include/openssl/dsa.h:51,
[INFO] [stderr] warning:                  from /usr/include/openssl/x509.h:37,
[INFO] [stderr] warning:                  from /usr/include/openssl/ssl.h:31,
[INFO] [stderr] warning:                  from src/openssl_shim.c:2:
[INFO] [stderr] warning: /usr/include/openssl/dh.h:199:27: note: declared here
[INFO] [stderr] warning:   199 | OSSL_DEPRECATEDIN_3_0 DH *DH_new(void);
[INFO] [stderr] warning:       |                           ^~~~~~
[INFO] [stderr] warning: src/openssl_shim.c:132:7: error: invalid use of incomplete typedef 'DH' {aka 'struct dh_st'}
[INFO] [stderr] warning:   132 |     dh->p = p;
[INFO] [stderr] warning:       |       ^~
[INFO] [stderr] warning: src/openssl_shim.c:133:7: error: invalid use of incomplete typedef 'DH' {aka 'struct dh_st'}
[INFO] [stderr] warning:   133 |     dh->g = g;
[INFO] [stderr] warning:       |       ^~
[INFO] [stderr] warning: src/openssl_shim.c:134:7: error: invalid use of incomplete typedef 'DH' {aka 'struct dh_st'}
[INFO] [stderr] warning:   134 |     dh->q = q;
[INFO] [stderr] warning:       |       ^~
[INFO] [stderr] warning: src/openssl_shim.c: In function 'X509_get_extensions_shim':
[INFO] [stderr] warning: src/openssl_shim.c:143:13: error: invalid use of incomplete typedef 'X509' {aka 'struct x509_st'}
[INFO] [stderr] warning:   143 |     return x->cert_info ? x->cert_info->extensions : NULL;
[INFO] [stderr] warning:       |             ^~
[INFO] [stderr] warning: src/openssl_shim.c:143:28: error: invalid use of incomplete typedef 'X509' {aka 'struct x509_st'}
[INFO] [stderr] warning:   143 |     return x->cert_info ? x->cert_info->extensions : NULL;
[INFO] [stderr] warning:       |                            ^~
[INFO] [stderr] 
[INFO] [stderr] error: failed to run custom build command for `openssl-sys-extras v0.7.14`
[INFO] [stderr] note: To improve backtraces for build dependencies, set the CARGO_PROFILE_DEV_BUILD_OVERRIDE_DEBUG=true environment variable to enable debug information generation.
[INFO] [stderr] 
[INFO] [stderr] Caused by:
[INFO] [stderr]   process didn't exit successfully: `/opt/rustwide/target/debug/build/openssl-sys-extras-8f1cf8ef8f1cd901/build-script-build` (exit status: 101)
[INFO] [stderr]   --- stdout
[INFO] [stderr]   TARGET = Some("x86_64-unknown-linux-gnu")
[INFO] [stderr]   OPT_LEVEL = Some("0")
[INFO] [stderr]   TARGET = Some("x86_64-unknown-linux-gnu")
[INFO] [stderr]   HOST = Some("x86_64-unknown-linux-gnu")
[INFO] [stderr]   TARGET = Some("x86_64-unknown-linux-gnu")
[INFO] [stderr]   TARGET = Some("x86_64-unknown-linux-gnu")
[INFO] [stderr]   HOST = Some("x86_64-unknown-linux-gnu")
[INFO] [stderr]   CC_x86_64-unknown-linux-gnu = None
[INFO] [stderr]   CC_x86_64_unknown_linux_gnu = None
[INFO] [stderr]   HOST_CC = None
[INFO] [stderr]   CC = None
[INFO] [stderr]   HOST = Some("x86_64-unknown-linux-gnu")
[INFO] [stderr]   TARGET = Some("x86_64-unknown-linux-gnu")
[INFO] [stderr]   HOST = Some("x86_64-unknown-linux-gnu")
[INFO] [stderr]   CFLAGS_x86_64-unknown-linux-gnu = None
[INFO] [stderr]   CFLAGS_x86_64_unknown_linux_gnu = None
[INFO] [stderr]   HOST_CFLAGS = None
[INFO] [stderr]   CFLAGS = None
[INFO] [stderr]   PROFILE = Some("debug")
[INFO] [stderr]   running: "cc" "-O0" "-ffunction-sections" "-fdata-sections" "-fPIC" "-g" "-m64" "-o" "/opt/rustwide/target/debug/build/openssl-sys-extras-ccebc77d66a33594/out/src/openssl_shim.o" "-c" "src/openssl_shim.c"
[INFO] [stderr]   cargo:warning=src/openssl_shim.c: In function 'HMAC_Init_ex_shim':
[INFO] [stderr]   cargo:warning=src/openssl_shim.c:42:5: warning: 'HMAC_Init_ex' is deprecated: Since OpenSSL 3.0 [-Wdeprecated-declarations]
[INFO] [stderr]   cargo:warning=   42 |     return HMAC_Init_ex(ctx, key, key_len, md, impl);
[INFO] [stderr]   cargo:warning=      |     ^~~~~~
[INFO] [stderr]   cargo:warning=In file included from src/openssl_shim.c:1:
[INFO] [stderr]   cargo:warning=/usr/include/openssl/hmac.h:43:27: note: declared here
[INFO] [stderr]   cargo:warning=   43 | OSSL_DEPRECATEDIN_3_0 int HMAC_Init_ex(HMAC_CTX *ctx, const void *key, int len,
[INFO] [stderr]   cargo:warning=      |                           ^~~~~~~~~~~~
[INFO] [stderr]   cargo:warning=src/openssl_shim.c: In function 'HMAC_Update_shim':
[INFO] [stderr]   cargo:warning=src/openssl_shim.c:46:5: warning: 'HMAC_Update' is deprecated: Since OpenSSL 3.0 [-Wdeprecated-declarations]
[INFO] [stderr]   cargo:warning=   46 |     return HMAC_Update(ctx, data, len);
[INFO] [stderr]   cargo:warning=      |     ^~~~~~
[INFO] [stderr]   cargo:warning=In file included from src/openssl_shim.c:1:
[INFO] [stderr]   cargo:warning=/usr/include/openssl/hmac.h:45:27: note: declared here
[INFO] [stderr]   cargo:warning=   45 | OSSL_DEPRECATEDIN_3_0 int HMAC_Update(HMAC_CTX *ctx, const unsigned char *data,
[INFO] [stderr]   cargo:warning=      |                           ^~~~~~~~~~~
[INFO] [stderr]   cargo:warning=src/openssl_shim.c: In function 'HMAC_Final_shim':
[INFO] [stderr]   cargo:warning=src/openssl_shim.c:50:5: warning: 'HMAC_Final' is deprecated: Since OpenSSL 3.0 [-Wdeprecated-declarations]
[INFO] [stderr]   cargo:warning=   50 |     return HMAC_Final(ctx, md, len);
[INFO] [stderr]   cargo:warning=      |     ^~~~~~
[INFO] [stderr]   cargo:warning=In file included from src/openssl_shim.c:1:
[INFO] [stderr]   cargo:warning=/usr/include/openssl/hmac.h:47:27: note: declared here
[INFO] [stderr]   cargo:warning=   47 | OSSL_DEPRECATEDIN_3_0 int HMAC_Final(HMAC_CTX *ctx, unsigned char *md,
[INFO] [stderr]   cargo:warning=      |                           ^~~~~~~~~~
[INFO] [stderr]   cargo:warning=src/openssl_shim.c: In function 'DH_new_from_params':
[INFO] [stderr]   cargo:warning=src/openssl_shim.c:129:5: warning: 'DH_new' is deprecated: Since OpenSSL 3.0 [-Wdeprecated-declarations]
[INFO] [stderr]   cargo:warning=  129 |     if ((dh = DH_new()) == NULL) {
[INFO] [stderr]   cargo:warning=      |     ^~
[INFO] [stderr]   cargo:warning=In file included from /usr/include/openssl/dsa.h:51,
[INFO] [stderr]   cargo:warning=                 from /usr/include/openssl/x509.h:37,
[INFO] [stderr]   cargo:warning=                 from /usr/include/openssl/ssl.h:31,
[INFO] [stderr]   cargo:warning=                 from src/openssl_shim.c:2:
[INFO] [stderr]   cargo:warning=/usr/include/openssl/dh.h:199:27: note: declared here
[INFO] [stderr]   cargo:warning=  199 | OSSL_DEPRECATEDIN_3_0 DH *DH_new(void);
[INFO] [stderr]   cargo:warning=      |                           ^~~~~~
[INFO] [stderr]   cargo:warning=src/openssl_shim.c:132:7: error: invalid use of incomplete typedef 'DH' {aka 'struct dh_st'}
[INFO] [stderr]   cargo:warning=  132 |     dh->p = p;
[INFO] [stderr]   cargo:warning=      |       ^~
[INFO] [stderr]   cargo:warning=src/openssl_shim.c:133:7: error: invalid use of incomplete typedef 'DH' {aka 'struct dh_st'}
[INFO] [stderr]   cargo:warning=  133 |     dh->g = g;
[INFO] [stderr]   cargo:warning=      |       ^~
[INFO] [stderr]   cargo:warning=src/openssl_shim.c:134:7: error: invalid use of incomplete typedef 'DH' {aka 'struct dh_st'}
[INFO] [stderr]   cargo:warning=  134 |     dh->q = q;
[INFO] [stderr]   cargo:warning=      |       ^~
[INFO] [stderr]   cargo:warning=src/openssl_shim.c: In function 'X509_get_extensions_shim':
[INFO] [stderr]   cargo:warning=src/openssl_shim.c:143:13: error: invalid use of incomplete typedef 'X509' {aka 'struct x509_st'}
[INFO] [stderr]   cargo:warning=  143 |     return x->cert_info ? x->cert_info->extensions : NULL;
[INFO] [stderr]   cargo:warning=      |             ^~
[INFO] [stderr]   cargo:warning=src/openssl_shim.c:143:28: error: invalid use of incomplete typedef 'X509' {aka 'struct x509_st'}
[INFO] [stderr]   cargo:warning=  143 |     return x->cert_info ? x->cert_info->extensions : NULL;
[INFO] [stderr]   cargo:warning=      |                            ^~
[INFO] [stderr]   ExitStatus(unix_wait_status(256))
[INFO] [stderr] 
[INFO] [stderr] 
[INFO] [stderr]   command did not execute successfully, got: exit status: 1
[INFO] [stderr] 
[INFO] [stderr] 
[INFO] [stderr] 
[INFO] [stderr]   --- stderr
[INFO] [stderr]   thread 'main' panicked at 'explicit panic', /opt/rustwide/cargo-home/registry/src/index.crates.io-6f17d22bba15001f/gcc-0.3.45/src/lib.rs:1152:5
[INFO] [stderr]   stack backtrace:
[INFO] [stderr]      0:     0x55aab6f7948a - std::backtrace_rs::backtrace::libunwind::trace::h2f05d0192276a8f6
[INFO] [stderr]                                  at /rustc/1b7dd2252b99671ce5d1cb9664c5f8636329436d/library/std/src/../../backtrace/src/backtrace/libunwind.rs:93:5
[INFO] [stderr]      1:     0x55aab6f7948a - std::backtrace_rs::backtrace::trace_unsynchronized::hedc23dff7a1af150
[INFO] [stderr]                                  at /rustc/1b7dd2252b99671ce5d1cb9664c5f8636329436d/library/std/src/../../backtrace/src/backtrace/mod.rs:66:5
[INFO] [stderr]      2:     0x55aab6f7948a - std::sys_common::backtrace::_print_fmt::h17541ef7592f3ce2
[INFO] [stderr]                                  at /rustc/1b7dd2252b99671ce5d1cb9664c5f8636329436d/library/std/src/sys_common/backtrace.rs:65:5
[INFO] [stderr]      3:     0x55aab6f7948a - <std::sys_common::backtrace::_print::DisplayBacktrace as core::fmt::Display>::fmt::h20f75df5ab0c0792
[INFO] [stderr]                                  at /rustc/1b7dd2252b99671ce5d1cb9664c5f8636329436d/library/std/src/sys_common/backtrace.rs:44:22
[INFO] [stderr]      4:     0x55aab6f9959f - core::fmt::write::h78109e6f466b3af6
[INFO] [stderr]                                  at /rustc/1b7dd2252b99671ce5d1cb9664c5f8636329436d/library/core/src/fmt/mod.rs:1254:17
[INFO] [stderr]      5:     0x55aab6f76015 - std::io::Write::write_fmt::hc59e1b02dd273c8a
[INFO] [stderr]                                  at /rustc/1b7dd2252b99671ce5d1cb9664c5f8636329436d/library/std/src/io/mod.rs:1698:15
[INFO] [stderr]      6:     0x55aab6f79255 - std::sys_common::backtrace::_print::h8dac57a9f8fbf9a5
[INFO] [stderr]                                  at /rustc/1b7dd2252b99671ce5d1cb9664c5f8636329436d/library/std/src/sys_common/backtrace.rs:47:5
[INFO] [stderr]      7:     0x55aab6f79255 - std::sys_common::backtrace::print::hf9ecbf41d1aa712f
[INFO] [stderr]                                  at /rustc/1b7dd2252b99671ce5d1cb9664c5f8636329436d/library/std/src/sys_common/backtrace.rs:34:9
[INFO] [stderr]      8:     0x55aab6f7ab1e - std::panicking::default_hook::{{closure}}::h04c07acfc84ca028
[INFO] [stderr]                                  at /rustc/1b7dd2252b99671ce5d1cb9664c5f8636329436d/library/std/src/panicking.rs:269:22
[INFO] [stderr]      9:     0x55aab6f7a8c5 - std::panicking::default_hook::h01f6bb23e1eceb2c
[INFO] [stderr]                                  at /rustc/1b7dd2252b99671ce5d1cb9664c5f8636329436d/library/std/src/panicking.rs:288:9
[INFO] [stderr]     10:     0x55aab6f7b07e - std::panicking::rust_panic_with_hook::h2bb3722bbaf2f6df
[INFO] [stderr]                                  at /rustc/1b7dd2252b99671ce5d1cb9664c5f8636329436d/library/std/src/panicking.rs:691:13
[INFO] [stderr]     11:     0x55aab6f38e8a - std::panicking::begin_panic::{{closure}}::h9193662d912a35c6
[INFO] [stderr]     12:     0x55aab6f4c86a - std::sys_common::backtrace::__rust_end_short_backtrace::h383ee9bbe7c609a0
[INFO] [stderr]     13:     0x55aab6f38ddb - std::panicking::begin_panic::h3eb9a67dd35b0bed
[INFO] [stderr]     14:     0x55aab6f4a144 - gcc::fail::h2617775d3680251a
[INFO] [stderr]     15:     0x55aab6f497ce - gcc::run::h594310227699457f
[INFO] [stderr]     16:     0x55aab6f41739 - gcc::Config::compile_object::hb999066f934d1351
[INFO] [stderr]     17:     0x55aab6f40fc6 - gcc::Config::compile_objects::h6e5792d947681bae
[INFO] [stderr]     18:     0x55aab6f402c8 - gcc::Config::compile::ha9d21f6befff247f
[INFO] [stderr]     19:     0x55aab6f3317d - build_script_build::main::h067eef3869050a91
[INFO] [stderr]     20:     0x55aab6f34a93 - core::ops::function::FnOnce::call_once::h90718b06658debfb
[INFO] [stderr]     21:     0x55aab6f34b26 - std::sys_common::backtrace::__rust_begin_short_backtrace::hfd43014dc9ba93b9
[INFO] [stderr]     22:     0x55aab6f355c9 - std::rt::lang_start::{{closure}}::h84bb8cfb726b4ca3
[INFO] [stderr]     23:     0x55aab6f72c4e - core::ops::function::impls::<impl core::ops::function::FnOnce<A> for &F>::call_once::h2eb19b8ce4148df4
[INFO] [stderr]                                  at /rustc/1b7dd2252b99671ce5d1cb9664c5f8636329436d/library/core/src/ops/function.rs:287:13
[INFO] [stderr]     24:     0x55aab6f72c4e - std::panicking::try::do_call::h2e900feff5d504c5
[INFO] [stderr]                                  at /rustc/1b7dd2252b99671ce5d1cb9664c5f8636329436d/library/std/src/panicking.rs:485:40
[INFO] [stderr]     25:     0x55aab6f72c4e - std::panicking::try::h8854836cb85aa9f2
[INFO] [stderr]                                  at /rustc/1b7dd2252b99671ce5d1cb9664c5f8636329436d/library/std/src/panicking.rs:449:19
[INFO] [stderr]     26:     0x55aab6f72c4e - std::panic::catch_unwind::h706025dd4c48f64b
[INFO] [stderr]                                  at /rustc/1b7dd2252b99671ce5d1cb9664c5f8636329436d/library/std/src/panic.rs:140:14
[INFO] [stderr]     27:     0x55aab6f72c4e - std::rt::lang_start_internal::{{closure}}::h7be5b97f4a07a91a
[INFO] [stderr]                                  at /rustc/1b7dd2252b99671ce5d1cb9664c5f8636329436d/library/std/src/rt.rs:148:48
[INFO] [stderr]     28:     0x55aab6f72c4e - std::panicking::try::do_call::h59847e9d0a176965
[INFO] [stderr]                                  at /rustc/1b7dd2252b99671ce5d1cb9664c5f8636329436d/library/std/src/panicking.rs:485:40
[INFO] [stderr]     29:     0x55aab6f72c4e - std::panicking::try::h399a918ba8522823
[INFO] [stderr]                                  at /rustc/1b7dd2252b99671ce5d1cb9664c5f8636329436d/library/std/src/panicking.rs:449:19
[INFO] [stderr]     30:     0x55aab6f72c4e - std::panic::catch_unwind::hca7ca6c55b2a2e26
[INFO] [stderr]                                  at /rustc/1b7dd2252b99671ce5d1cb9664c5f8636329436d/library/std/src/panic.rs:140:14
[INFO] [stderr]     31:     0x55aab6f72c4e - std::rt::lang_start_internal::h2c807a81560459eb
[INFO] [stderr]                                  at /rustc/1b7dd2252b99671ce5d1cb9664c5f8636329436d/library/std/src/rt.rs:148:20
[INFO] [stderr]     32:     0x55aab6f355a7 - std::rt::lang_start::h98440117645738cd
[INFO] [stderr]     33:     0x55aab6f346f5 - main
[INFO] [stderr]     34:     0x7f68f4dafd90 - <unknown>
[INFO] [stderr]     35:     0x7f68f4dafe40 - __libc_start_main
[INFO] [stderr]     36:     0x55aab6f32db5 - _start
[INFO] [stderr]     37:                0x0 - <unknown>
[INFO] [stderr] warning: build failed, waiting for other jobs to finish...
[INFO] [stderr] The following warnings were emitted during compilation:
[INFO] [stderr] 
[INFO] [stderr] warning: src/c_helpers.c: In function 'rust_SSL_clone':
[INFO] [stderr] warning: src/c_helpers.c:4:5: warning: implicit declaration of function 'CRYPTO_add' [-Wimplicit-function-declaration]
[INFO] [stderr] warning:     4 |     CRYPTO_add(&ssl->references, 1, CRYPTO_LOCK_SSL);
[INFO] [stderr] warning:       |     ^~~~~~~~~~
[INFO] [stderr] warning: src/c_helpers.c:4:20: error: invalid use of incomplete typedef 'SSL' {aka 'struct ssl_st'}
[INFO] [stderr] warning:     4 |     CRYPTO_add(&ssl->references, 1, CRYPTO_LOCK_SSL);
[INFO] [stderr] warning:       |                    ^~
[INFO] [stderr] warning: src/c_helpers.c:4:37: error: 'CRYPTO_LOCK_SSL' undeclared (first use in this function); did you mean 'CRYPTO_LOCK'?
[INFO] [stderr] warning:     4 |     CRYPTO_add(&ssl->references, 1, CRYPTO_LOCK_SSL);
[INFO] [stderr] warning:       |                                     ^~~~~~~~~~~~~~~
[INFO] [stderr] warning:       |                                     CRYPTO_LOCK
[INFO] [stderr] warning: src/c_helpers.c:4:37: note: each undeclared identifier is reported only once for each function it appears in
[INFO] [stderr] warning: src/c_helpers.c: In function 'rust_SSL_CTX_clone':
[INFO] [stderr] warning: src/c_helpers.c:8:20: error: invalid use of incomplete typedef 'SSL_CTX' {aka 'struct ssl_ctx_st'}
[INFO] [stderr] warning:     8 |     CRYPTO_add(&ctx->references,1,CRYPTO_LOCK_SSL_CTX);
[INFO] [stderr] warning:       |                    ^~
[INFO] [stderr] warning: src/c_helpers.c:8:35: error: 'CRYPTO_LOCK_SSL_CTX' undeclared (first use in this function); did you mean 'CRYPTO_EX_INDEX_SSL_CTX'?
[INFO] [stderr] warning:     8 |     CRYPTO_add(&ctx->references,1,CRYPTO_LOCK_SSL_CTX);
[INFO] [stderr] warning:       |                                   ^~~~~~~~~~~~~~~~~~~
[INFO] [stderr] warning:       |                                   CRYPTO_EX_INDEX_SSL_CTX
[INFO] [stderr] warning: src/c_helpers.c: In function 'rust_X509_clone':
[INFO] [stderr] warning: src/c_helpers.c:12:21: error: invalid use of incomplete typedef 'X509' {aka 'struct x509_st'}
[INFO] [stderr] warning:    12 |     CRYPTO_add(&x509->references,1,CRYPTO_LOCK_X509);
[INFO] [stderr] warning:       |                     ^~
[INFO] [stderr] warning: src/c_helpers.c:12:36: error: 'CRYPTO_LOCK_X509' undeclared (first use in this function); did you mean 'CRYPTO_LOCK'?
[INFO] [stderr] warning:    12 |     CRYPTO_add(&x509->references,1,CRYPTO_LOCK_X509);
[INFO] [stderr] warning:       |                                    ^~~~~~~~~~~~~~~~
[INFO] [stderr] warning:       |                                    CRYPTO_LOCK
[INFO] [stderr] 
[INFO] [stderr] error: failed to run custom build command for `openssl v0.7.14`
[INFO] [stderr] note: To improve backtraces for build dependencies, set the CARGO_PROFILE_DEV_BUILD_OVERRIDE_DEBUG=true environment variable to enable debug information generation.
[INFO] [stderr] 
[INFO] [stderr] Caused by:
[INFO] [stderr]   process didn't exit successfully: `/opt/rustwide/target/debug/build/openssl-8aeb84ba51c9cd99/build-script-build` (exit status: 101)
[INFO] [stderr]   --- stdout
[INFO] [stderr]   TARGET = Some("x86_64-unknown-linux-gnu")
[INFO] [stderr]   OPT_LEVEL = Some("0")
[INFO] [stderr]   TARGET = Some("x86_64-unknown-linux-gnu")
[INFO] [stderr]   HOST = Some("x86_64-unknown-linux-gnu")
[INFO] [stderr]   TARGET = Some("x86_64-unknown-linux-gnu")
[INFO] [stderr]   TARGET = Some("x86_64-unknown-linux-gnu")
[INFO] [stderr]   HOST = Some("x86_64-unknown-linux-gnu")
[INFO] [stderr]   CC_x86_64-unknown-linux-gnu = None
[INFO] [stderr]   CC_x86_64_unknown_linux_gnu = None
[INFO] [stderr]   HOST_CC = None
[INFO] [stderr]   CC = None
[INFO] [stderr]   HOST = Some("x86_64-unknown-linux-gnu")
[INFO] [stderr]   TARGET = Some("x86_64-unknown-linux-gnu")
[INFO] [stderr]   HOST = Some("x86_64-unknown-linux-gnu")
[INFO] [stderr]   CFLAGS_x86_64-unknown-linux-gnu = None
[INFO] [stderr]   CFLAGS_x86_64_unknown_linux_gnu = None
[INFO] [stderr]   HOST_CFLAGS = None
[INFO] [stderr]   CFLAGS = None
[INFO] [stderr]   PROFILE = Some("debug")
[INFO] [stderr]   running: "cc" "-O0" "-ffunction-sections" "-fdata-sections" "-fPIC" "-g" "-m64" "-o" "/opt/rustwide/target/debug/build/openssl-8c6b496d9b93a4bf/out/src/c_helpers.o" "-c" "src/c_helpers.c"
[INFO] [stderr]   cargo:warning=src/c_helpers.c: In function 'rust_SSL_clone':
[INFO] [stderr]   cargo:warning=src/c_helpers.c:4:5: warning: implicit declaration of function 'CRYPTO_add' [-Wimplicit-function-declaration]
[INFO] [stderr]   cargo:warning=    4 |     CRYPTO_add(&ssl->references, 1, CRYPTO_LOCK_SSL);
[INFO] [stderr]   cargo:warning=      |     ^~~~~~~~~~
[INFO] [stderr]   cargo:warning=src/c_helpers.c:4:20: error: invalid use of incomplete typedef 'SSL' {aka 'struct ssl_st'}
[INFO] [stderr]   cargo:warning=    4 |     CRYPTO_add(&ssl->references, 1, CRYPTO_LOCK_SSL);
[INFO] [stderr]   cargo:warning=      |                    ^~
[INFO] [stderr]   cargo:warning=src/c_helpers.c:4:37: error: 'CRYPTO_LOCK_SSL' undeclared (first use in this function); did you mean 'CRYPTO_LOCK'?
[INFO] [stderr]   cargo:warning=    4 |     CRYPTO_add(&ssl->references, 1, CRYPTO_LOCK_SSL);
[INFO] [stderr]   cargo:warning=      |                                     ^~~~~~~~~~~~~~~
[INFO] [stderr]   cargo:warning=      |                                     CRYPTO_LOCK
[INFO] [stderr]   cargo:warning=src/c_helpers.c:4:37: note: each undeclared identifier is reported only once for each function it appears in
[INFO] [stderr]   cargo:warning=src/c_helpers.c: In function 'rust_SSL_CTX_clone':
[INFO] [stderr]   cargo:warning=src/c_helpers.c:8:20: error: invalid use of incomplete typedef 'SSL_CTX' {aka 'struct ssl_ctx_st'}
[INFO] [stderr]   cargo:warning=    8 |     CRYPTO_add(&ctx->references,1,CRYPTO_LOCK_SSL_CTX);
[INFO] [stderr]   cargo:warning=      |                    ^~
[INFO] [stderr]   cargo:warning=src/c_helpers.c:8:35: error: 'CRYPTO_LOCK_SSL_CTX' undeclared (first use in this function); did you mean 'CRYPTO_EX_INDEX_SSL_CTX'?
[INFO] [stderr]   cargo:warning=    8 |     CRYPTO_add(&ctx->references,1,CRYPTO_LOCK_SSL_CTX);
[INFO] [stderr]   cargo:warning=      |                                   ^~~~~~~~~~~~~~~~~~~
[INFO] [stderr]   cargo:warning=      |                                   CRYPTO_EX_INDEX_SSL_CTX
[INFO] [stderr]   cargo:warning=src/c_helpers.c: In function 'rust_X509_clone':
[INFO] [stderr]   cargo:warning=src/c_helpers.c:12:21: error: invalid use of incomplete typedef 'X509' {aka 'struct x509_st'}
[INFO] [stderr]   cargo:warning=   12 |     CRYPTO_add(&x509->references,1,CRYPTO_LOCK_X509);
[INFO] [stderr]   cargo:warning=      |                     ^~
[INFO] [stderr]   cargo:warning=src/c_helpers.c:12:36: error: 'CRYPTO_LOCK_X509' undeclared (first use in this function); did you mean 'CRYPTO_LOCK'?
[INFO] [stderr]   cargo:warning=   12 |     CRYPTO_add(&x509->references,1,CRYPTO_LOCK_X509);
[INFO] [stderr]   cargo:warning=      |                                    ^~~~~~~~~~~~~~~~
[INFO] [stderr]   cargo:warning=      |                                    CRYPTO_LOCK
[INFO] [stderr]   ExitStatus(unix_wait_status(256))
[INFO] [stderr] 
[INFO] [stderr] 
[INFO] [stderr]   command did not execute successfully, got: exit status: 1
[INFO] [stderr] 
[INFO] [stderr] 
[INFO] [stderr] 
[INFO] [stderr]   --- stderr
[INFO] [stderr]   thread 'main' panicked at 'explicit panic', /opt/rustwide/cargo-home/registry/src/index.crates.io-6f17d22bba15001f/gcc-0.3.45/src/lib.rs:1152:5
[INFO] [stderr]   stack backtrace:
[INFO] [stderr]      0:     0x560939f5604a - std::backtrace_rs::backtrace::libunwind::trace::h2f05d0192276a8f6
[INFO] [stderr]                                  at /rustc/1b7dd2252b99671ce5d1cb9664c5f8636329436d/library/std/src/../../backtrace/src/backtrace/libunwind.rs:93:5
[INFO] [stderr]      1:     0x560939f5604a - std::backtrace_rs::backtrace::trace_unsynchronized::hedc23dff7a1af150
[INFO] [stderr]                                  at /rustc/1b7dd2252b99671ce5d1cb9664c5f8636329436d/library/std/src/../../backtrace/src/backtrace/mod.rs:66:5
[INFO] [stderr]      2:     0x560939f5604a - std::sys_common::backtrace::_print_fmt::h17541ef7592f3ce2
[INFO] [stderr]                                  at /rustc/1b7dd2252b99671ce5d1cb9664c5f8636329436d/library/std/src/sys_common/backtrace.rs:65:5
[INFO] [stderr]      3:     0x560939f5604a - <std::sys_common::backtrace::_print::DisplayBacktrace as core::fmt::Display>::fmt::h20f75df5ab0c0792
[INFO] [stderr]                                  at /rustc/1b7dd2252b99671ce5d1cb9664c5f8636329436d/library/std/src/sys_common/backtrace.rs:44:22
[INFO] [stderr]      4:     0x560939f7610f - core::fmt::write::h78109e6f466b3af6
[INFO] [stderr]                                  at /rustc/1b7dd2252b99671ce5d1cb9664c5f8636329436d/library/core/src/fmt/mod.rs:1254:17
[INFO] [stderr]      5:     0x560939f52c35 - std::io::Write::write_fmt::hc59e1b02dd273c8a
[INFO] [stderr]                                  at /rustc/1b7dd2252b99671ce5d1cb9664c5f8636329436d/library/std/src/io/mod.rs:1698:15
[INFO] [stderr]      6:     0x560939f55e15 - std::sys_common::backtrace::_print::h8dac57a9f8fbf9a5
[INFO] [stderr]                                  at /rustc/1b7dd2252b99671ce5d1cb9664c5f8636329436d/library/std/src/sys_common/backtrace.rs:47:5
[INFO] [stderr]      7:     0x560939f55e15 - std::sys_common::backtrace::print::hf9ecbf41d1aa712f
[INFO] [stderr]                                  at /rustc/1b7dd2252b99671ce5d1cb9664c5f8636329436d/library/std/src/sys_common/backtrace.rs:34:9
[INFO] [stderr]      8:     0x560939f576de - std::panicking::default_hook::{{closure}}::h04c07acfc84ca028
[INFO] [stderr]                                  at /rustc/1b7dd2252b99671ce5d1cb9664c5f8636329436d/library/std/src/panicking.rs:269:22
[INFO] [stderr]      9:     0x560939f57485 - std::panicking::default_hook::h01f6bb23e1eceb2c
[INFO] [stderr]                                  at /rustc/1b7dd2252b99671ce5d1cb9664c5f8636329436d/library/std/src/panicking.rs:288:9
[INFO] [stderr]     10:     0x560939f57c3e - std::panicking::rust_panic_with_hook::h2bb3722bbaf2f6df
[INFO] [stderr]                                  at /rustc/1b7dd2252b99671ce5d1cb9664c5f8636329436d/library/std/src/panicking.rs:691:13
[INFO] [stderr]     11:     0x560939f15bca - std::panicking::begin_panic::{{closure}}::h9193662d912a35c6
[INFO] [stderr]     12:     0x560939f295aa - std::sys_common::backtrace::__rust_end_short_backtrace::h383ee9bbe7c609a0
[INFO] [stderr]     13:     0x560939f15b1b - std::panicking::begin_panic::h3eb9a67dd35b0bed
[INFO] [stderr]     14:     0x560939f26e84 - gcc::fail::h2617775d3680251a
[INFO] [stderr]     15:     0x560939f2650e - gcc::run::h594310227699457f
[INFO] [stderr]     16:     0x560939f1e479 - gcc::Config::compile_object::hb999066f934d1351
[INFO] [stderr]     17:     0x560939f1dd06 - gcc::Config::compile_objects::h6e5792d947681bae
[INFO] [stderr]     18:     0x560939f1d008 - gcc::Config::compile::ha9d21f6befff247f
[INFO] [stderr]     19:     0x560939f12110 - build_script_build::main::hb37ec980c7e853dc
[INFO] [stderr]     20:     0x560939f121d3 - core::ops::function::FnOnce::call_once::ha0ffbce3fa3d81ed
[INFO] [stderr]     21:     0x560939f12266 - std::sys_common::backtrace::__rust_begin_short_backtrace::h952241bc6af11381
[INFO] [stderr]     22:     0x560939f121a9 - std::rt::lang_start::{{closure}}::h4d769058275d4f63
[INFO] [stderr]     23:     0x560939f4f98e - core::ops::function::impls::<impl core::ops::function::FnOnce<A> for &F>::call_once::h2eb19b8ce4148df4
[INFO] [stderr]                                  at /rustc/1b7dd2252b99671ce5d1cb9664c5f8636329436d/library/core/src/ops/function.rs:287:13
[INFO] [stderr]     24:     0x560939f4f98e - std::panicking::try::do_call::h2e900feff5d504c5
[INFO] [stderr]                                  at /rustc/1b7dd2252b99671ce5d1cb9664c5f8636329436d/library/std/src/panicking.rs:485:40
[INFO] [stderr]     25:     0x560939f4f98e - std::panicking::try::h8854836cb85aa9f2
[INFO] [stderr]                                  at /rustc/1b7dd2252b99671ce5d1cb9664c5f8636329436d/library/std/src/panicking.rs:449:19
[INFO] [stderr]     26:     0x560939f4f98e - std::panic::catch_unwind::h706025dd4c48f64b
[INFO] [stderr]                                  at /rustc/1b7dd2252b99671ce5d1cb9664c5f8636329436d/library/std/src/panic.rs:140:14
[INFO] [stderr]     27:     0x560939f4f98e - std::rt::lang_start_internal::{{closure}}::h7be5b97f4a07a91a
[INFO] [stderr]                                  at /rustc/1b7dd2252b99671ce5d1cb9664c5f8636329436d/library/std/src/rt.rs:148:48
[INFO] [stderr]     28:     0x560939f4f98e - std::panicking::try::do_call::h59847e9d0a176965
[INFO] [stderr]                                  at /rustc/1b7dd2252b99671ce5d1cb9664c5f8636329436d/library/std/src/panicking.rs:485:40
[INFO] [stderr]     29:     0x560939f4f98e - std::panicking::try::h399a918ba8522823
[INFO] [stderr]                                  at /rustc/1b7dd2252b99671ce5d1cb9664c5f8636329436d/library/std/src/panicking.rs:449:19
[INFO] [stderr]     30:     0x560939f4f98e - std::panic::catch_unwind::hca7ca6c55b2a2e26
[INFO] [stderr]                                  at /rustc/1b7dd2252b99671ce5d1cb9664c5f8636329436d/library/std/src/panic.rs:140:14
[INFO] [stderr]     31:     0x560939f4f98e - std::rt::lang_start_internal::h2c807a81560459eb
[INFO] [stderr]                                  at /rustc/1b7dd2252b99671ce5d1cb9664c5f8636329436d/library/std/src/rt.rs:148:20
[INFO] [stderr]     32:     0x560939f12187 - std::rt::lang_start::hdf14fdbf3ebf20d5
[INFO] [stderr]     33:     0x560939f12155 - main
[INFO] [stderr]     34:     0x7f60f2aa9d90 - <unknown>
[INFO] [stderr]     35:     0x7f60f2aa9e40 - __libc_start_main
[INFO] [stderr]     36:     0x560939f11db5 - _start
[INFO] [stderr]     37:                0x0 - <unknown>
[INFO] [stdout] error[E0713]: borrow may still be in use when destructor runs
[INFO] [stdout]    --> /opt/rustwide/cargo-home/registry/src/index.crates.io-6f17d22bba15001f/url-1.4.0/src/form_urlencoded.rs:246:40
[INFO] [stdout]     |
[INFO] [stdout] 244 | impl<'a> Target for ::UrlQuery<'a> {
[INFO] [stdout]     |      -- lifetime `'a` defined here
[INFO] [stdout] 245 |     fn as_mut_string(&mut self) -> &mut String { &mut self.url.serialization }
[INFO] [stdout] 246 |     fn finish(self) -> &'a mut ::Url { self.url }
[INFO] [stdout]     |                                        ^^^^^^^^ - here, drop of `self` needs exclusive access to `*self.url`, because the type `UrlQuery<'_>` implements the `Drop` trait
[INFO] [stdout]     |                                        |
[INFO] [stdout]     |                                        returning this value requires that `*self.url` is borrowed for `'a`
[INFO] [stdout] 
[INFO] [stdout] 
[INFO] [stdout] error: aborting due to previous error
[INFO] [stdout] 
[INFO] [stdout] 
[INFO] [stdout] For more information about this error, try `rustc --explain E0713`.
[INFO] [stdout] 
[INFO] [stderr] error: could not compile `url` (lib) due to 2 previous errors
[INFO] running `Command { std: "docker" "inspect" "3add5c590b3ac81a992bc75634e457f568a2a0bfc061788703e886c0c84b3f45", kill_on_drop: false }`
[INFO] running `Command { std: "docker" "rm" "-f" "3add5c590b3ac81a992bc75634e457f568a2a0bfc061788703e886c0c84b3f45", kill_on_drop: false }`
[INFO] [stdout] 3add5c590b3ac81a992bc75634e457f568a2a0bfc061788703e886c0c84b3f45
