[INFO] cloning repository https://github.com/denis2glez/moneta
[INFO] running `Command { std: "git" "-c" "credential.helper=" "-c" "credential.helper=/workspace/cargo-home/bin/git-credential-null" "clone" "--bare" "https://github.com/denis2glez/moneta" "/workspace/cache/git-repos/https%3A%2F%2Fgithub.com%2Fdenis2glez%2Fmoneta", kill_on_drop: false }`
[INFO] [stderr] Cloning into bare repository '/workspace/cache/git-repos/https%3A%2F%2Fgithub.com%2Fdenis2glez%2Fmoneta'...
[INFO] running `Command { std: "git" "rev-parse" "HEAD", kill_on_drop: false }`
[INFO] [stdout] 019322918278bfe1aaa79a433c980eddd7f22578
[INFO] documenting denis2glez/moneta against 1.69.0 for beta-1.70-rustdoc-1
[INFO] running `Command { std: "git" "clone" "/workspace/cache/git-repos/https%3A%2F%2Fgithub.com%2Fdenis2glez%2Fmoneta" "/workspace/builds/worker-1-tc1/source", kill_on_drop: false }`
[INFO] [stderr] Cloning into '/workspace/builds/worker-1-tc1/source'...
[INFO] [stderr] done.
[INFO] validating manifest of git repo https://github.com/denis2glez/moneta on toolchain 1.69.0
[INFO] running `Command { std: CARGO_HOME="/workspace/cargo-home" RUSTUP_HOME="/workspace/rustup-home" "/workspace/cargo-home/bin/cargo" "+1.69.0" "metadata" "--manifest-path" "Cargo.toml" "--no-deps", kill_on_drop: false }`
[INFO] started tweaking git repo https://github.com/denis2glez/moneta
[INFO] finished tweaking git repo https://github.com/denis2glez/moneta
[INFO] tweaked toml for git repo https://github.com/denis2glez/moneta written to /workspace/builds/worker-1-tc1/source/Cargo.toml
[INFO] crate git repo https://github.com/denis2glez/moneta already has a lockfile, it will not be regenerated
[INFO] running `Command { std: CARGO_HOME="/workspace/cargo-home" RUSTUP_HOME="/workspace/rustup-home" "/workspace/cargo-home/bin/cargo" "+1.69.0" "fetch" "--manifest-path" "Cargo.toml", kill_on_drop: false }`
[INFO] [stderr]  Downloading crates ...
[INFO] [stderr]   Downloaded postgres v0.19.2
[INFO] [stderr]   Downloaded actix-http v3.0.0-beta.11
[INFO] [stderr]   Downloaded actix-tls v3.0.0-beta.7
[INFO] [stderr]   Downloaded serde_ignored v0.1.2
[INFO] [stderr]   Downloaded postgres-protocol v0.6.2
[INFO] [stderr]   Downloaded actix-web-codegen v0.5.0-beta.5
[INFO] [stderr]   Downloaded rust_decimal v1.17.0
[INFO] [stderr]   Downloaded tokio-postgres v0.7.3
[INFO] [stderr]   Downloaded actix-web v4.0.0-beta.10
[INFO] [stderr]   Downloaded tokio v1.13.1
[INFO] [stderr]   Downloaded coinbase-pro-rs v0.7.1
[INFO] running `Command { std: "docker" "create" "-v" "/var/lib/crater-agent-workspace/builds/worker-1-tc1/target:/opt/rustwide/target:rw,Z" "-v" "/var/lib/crater-agent-workspace/builds/worker-1-tc1/source:/opt/rustwide/workdir:ro,Z" "-v" "/var/lib/crater-agent-workspace/cargo-home:/opt/rustwide/cargo-home:ro,Z" "-v" "/var/lib/crater-agent-workspace/rustup-home:/opt/rustwide/rustup-home:ro,Z" "-e" "SOURCE_DIR=/opt/rustwide/workdir" "-e" "CARGO_TARGET_DIR=/opt/rustwide/target" "-e" "CARGO_HOME=/opt/rustwide/cargo-home" "-e" "RUSTUP_HOME=/opt/rustwide/rustup-home" "-w" "/opt/rustwide/workdir" "-m" "1610612736" "--user" "0:0" "--network" "none" "ghcr.io/rust-lang/crates-build-env/linux@sha256:5ff2268d62e97bff2cde7d5815dd6ed5b47097566f13b8d0ca110b04b60e07ed" "/opt/rustwide/cargo-home/bin/cargo" "+1.69.0" "metadata" "--no-deps" "--format-version=1", kill_on_drop: false }`
[INFO] [stdout] 4574b4c9cbe1ef6b7965cc3145b4263a6975a92e65c97cf484d763d0e3d3547b
[INFO] running `Command { std: "docker" "start" "-a" "4574b4c9cbe1ef6b7965cc3145b4263a6975a92e65c97cf484d763d0e3d3547b", kill_on_drop: false }`
[INFO] running `Command { std: "docker" "inspect" "4574b4c9cbe1ef6b7965cc3145b4263a6975a92e65c97cf484d763d0e3d3547b", kill_on_drop: false }`
[INFO] running `Command { std: "docker" "rm" "-f" "4574b4c9cbe1ef6b7965cc3145b4263a6975a92e65c97cf484d763d0e3d3547b", kill_on_drop: false }`
[INFO] [stdout] 4574b4c9cbe1ef6b7965cc3145b4263a6975a92e65c97cf484d763d0e3d3547b
[INFO] running `Command { std: "docker" "create" "-v" "/var/lib/crater-agent-workspace/builds/worker-1-tc1/target:/opt/rustwide/target:rw,Z" "-v" "/var/lib/crater-agent-workspace/builds/worker-1-tc1/source:/opt/rustwide/workdir:ro,Z" "-v" "/var/lib/crater-agent-workspace/cargo-home:/opt/rustwide/cargo-home:ro,Z" "-v" "/var/lib/crater-agent-workspace/rustup-home:/opt/rustwide/rustup-home:ro,Z" "-e" "SOURCE_DIR=/opt/rustwide/workdir" "-e" "CARGO_TARGET_DIR=/opt/rustwide/target" "-e" "CARGO_INCREMENTAL=0" "-e" "RUST_BACKTRACE=full" "-e" "RUSTFLAGS=--cap-lints=warn" "-e" "RUSTDOCFLAGS=--cap-lints=warn" "-e" "CARGO_HOME=/opt/rustwide/cargo-home" "-e" "RUSTUP_HOME=/opt/rustwide/rustup-home" "-w" "/opt/rustwide/workdir" "-m" "1610612736" "--user" "0:0" "--network" "none" "ghcr.io/rust-lang/crates-build-env/linux@sha256:5ff2268d62e97bff2cde7d5815dd6ed5b47097566f13b8d0ca110b04b60e07ed" "/opt/rustwide/cargo-home/bin/cargo" "+1.69.0" "doc" "--frozen" "--no-deps" "--document-private-items" "--message-format=json", kill_on_drop: false }`
[INFO] [stdout] b428c9d171be0987a31a4dc7336da6595feb5e7fe167924d24ebe5370e3bfaca
[INFO] running `Command { std: "docker" "start" "-a" "b428c9d171be0987a31a4dc7336da6595feb5e7fe167924d24ebe5370e3bfaca", kill_on_drop: false }`
[INFO] [stderr]    Compiling libc v0.2.103
[INFO] [stderr]    Compiling proc-macro2 v1.0.29
[INFO] [stderr]    Compiling unicode-xid v0.2.2
[INFO] [stderr]    Compiling syn v1.0.80
[INFO] [stderr]    Compiling memchr v2.4.1
[INFO] [stderr]    Compiling futures-core v0.3.17
[INFO] [stderr]    Compiling parking_lot_core v0.8.5
[INFO] [stderr]    Compiling typenum v1.14.0
[INFO] [stderr]    Compiling cfg-if v1.0.0
[INFO] [stderr]     Checking once_cell v1.8.0
[INFO] [stderr]     Checking bytes v1.1.0
[INFO] [stderr]     Checking pin-project-lite v0.2.7
[INFO] [stderr]    Compiling tokio v1.13.1
[INFO] [stderr]    Compiling serde_derive v1.0.130
[INFO] [stderr]    Compiling serde v1.0.130
[INFO] [stderr]    Compiling futures-task v0.3.17
[INFO] [stderr]    Compiling futures-channel v0.3.17
[INFO] [stderr]     Checking instant v0.1.11
[INFO] [stderr]    Compiling futures-macro v0.3.17
[INFO] [stderr]     Checking smallvec v1.7.0
[INFO] [stderr]     Checking lock_api v0.4.5
[INFO] [stderr]    Compiling futures-util v0.3.17
[INFO] [stderr]    Compiling ahash v0.7.4
[INFO] [stderr]     Checking futures-sink v0.3.17
[INFO] [stderr]     Checking itoa v0.4.8
[INFO] [stderr]    Compiling indexmap v1.7.0
[INFO] [stderr]     Checking slab v0.4.4
[INFO] [stderr]    Compiling num-traits v0.2.14
[INFO] [stderr]     Checking futures-io v0.3.17
[INFO] [stderr]     Checking futures v0.1.31
[INFO] [stderr]     Checking tinyvec v1.5.0
[INFO] [stderr]    Compiling log v0.4.14
[INFO] [stderr]     Checking bitflags v1.3.2
[INFO] [stderr]     Checking unicode-bidi v0.3.7
[INFO] [stderr]     Checking cpufeatures v0.2.1
[INFO] [stderr]    Compiling scopeguard v1.1.0
[INFO] [stderr]     Checking http v0.2.5
[INFO] [stderr]    Compiling async-trait v0.1.51
[INFO] [stderr]    Compiling num-integer v0.1.44
[INFO] [stderr]    Compiling quote v1.0.10
[INFO] [stderr]    Compiling serde_json v1.0.68
[INFO] [stderr]    Compiling jobserver v0.1.24
[INFO] [stderr]     Checking getrandom v0.2.3
[INFO] [stderr]     Checking num_cpus v1.13.0
[INFO] [stderr]     Checking signal-hook-registry v1.4.0
[INFO] [stderr]     Checking mio v0.7.13
[INFO] [stderr]    Compiling cc v1.0.71
[INFO] [stderr]     Checking parking_lot v0.11.2
[INFO] [stderr]     Checking rand_core v0.6.3
[INFO] [stderr]     Checking subtle v2.4.1
[INFO] [stderr]    Compiling tinyvec_macros v0.1.0
[INFO] [stderr]     Checking unicode-normalization v0.1.19
[INFO] [stderr]     Checking generic-array v0.14.4
[INFO] [stderr]     Checking socket2 v0.4.2
[INFO] [stderr]     Checking rand_chacha v0.3.1
[INFO] [stderr]     Checking hashbrown v0.11.2
[INFO] [stderr]    Compiling httparse v1.5.1
[INFO] [stderr]     Checking matches v0.1.9
[INFO] [stderr]     Checking rand v0.8.4
[INFO] [stderr]    Compiling opaque-debug v0.3.0
[INFO] [stderr]     Checking digest v0.9.0
[INFO] [stderr]     Checking block-buffer v0.9.0
[INFO] [stderr]    Compiling crossbeam-utils v0.8.5
[INFO] [stderr]     Checking spin v0.5.2
[INFO] [stderr]     Checking untrusted v0.7.1
[INFO] [stderr]    Compiling base64 v0.13.0
[INFO] [stderr]    Compiling pkg-config v0.3.22
[INFO] [stderr]     Checking form_urlencoded v1.0.1
[INFO] [stderr]     Checking tracing-core v0.1.21
[INFO] [stderr]    Compiling ppv-lite86 v0.2.10
[INFO] [stderr]     Checking idna v0.2.3
[INFO] [stderr]     Checking sha2 v0.9.8
[INFO] [stderr]    Compiling crypto-mac v0.11.1
[INFO] [stderr]    Compiling proc-macro-nested v0.1.7
[INFO] [stderr]     Checking tracing v0.1.29
[INFO] [stderr]    Compiling nom v7.0.0
[INFO] [stderr]    Compiling pin-utils v0.1.0
[INFO] [stderr]    Compiling hmac v0.11.0
[INFO] [stderr]    Compiling ring v0.16.20
[INFO] [stderr]    Compiling openssl-sys v0.9.70
[INFO] [stderr]    Compiling md-5 v0.9.1
[INFO] [stderr]     Checking sha-1 v0.9.8
[INFO] [stderr]    Compiling percent-encoding v2.1.0
[INFO] [stderr]    Compiling siphasher v0.3.7
[INFO] [stderr]     Checking url v2.2.2
[INFO] [stderr]     Checking httpdate v1.0.1
[INFO] [stderr]    Compiling fallible-iterator v0.2.0
[INFO] [stderr]    Compiling byteorder v1.4.3
[INFO] [stderr]    Compiling phf_shared v0.10.0
[INFO] [stderr]     Checking stringprep v0.1.2
[INFO] [stderr]    Compiling num-bigint v0.3.3
[INFO] [stderr]    Compiling openssl v0.10.38
[INFO] [stderr]    Compiling crossbeam-queue v0.3.2
[INFO] [stderr]     Checking foreign-types-shared v0.1.1
[INFO] [stderr]    Compiling whoami v1.1.5
[INFO] [stderr]    Compiling phf v0.10.0
[INFO] [stderr]     Checking foreign-types v0.3.2
[INFO] [stderr]    Compiling zstd-sys v1.5.0+zstd.1.4.9
[INFO] [stderr]     Checking aho-corasick v0.7.18
[INFO] [stderr]     Checking try-lock v0.2.3
[INFO] [stderr]     Checking arrayvec v0.5.2
[INFO] [stderr]    Compiling native-tls v0.2.8
[INFO] [stderr]     Checking postgres-protocol v0.6.2
[INFO] [stderr]    Compiling lazy_static v1.4.0
[INFO] [stderr]    Compiling const_fn v0.4.8
[INFO] [stderr]     Checking regex-syntax v0.6.25
[INFO] [stderr]     Checking want v0.3.0
[INFO] [stderr]     Checking postgres-types v0.2.2
[INFO] [stderr]     Checking http-body v0.4.3
[INFO] [stderr]     Checking time v0.1.44
[INFO] [stderr]    Compiling ryu v1.0.5
[INFO] [stderr]    Compiling time v0.2.27
[INFO] [stderr]     Checking tower-service v0.3.1
[INFO] [stderr]     Checking openssl-probe v0.1.4
[INFO] [stderr]     Checking local-waker v0.1.1
[INFO] [stderr]    Compiling minimal-lexical v0.1.4
[INFO] [stderr]     Checking flate2 v1.0.22
[INFO] [stderr]    Compiling brotli-sys v0.3.2
[INFO] [stderr]    Compiling dirs-sys v0.3.6
[INFO] [stderr]    Compiling zstd-safe v3.1.0+zstd.1.4.9
[INFO] [stderr]    Compiling lexical-core v0.7.6
[INFO] [stderr]    Compiling unicode_categories v0.1.1
[INFO] [stderr]    Compiling paste v1.0.5
[INFO] [stderr]    Compiling crc-catalog v1.1.1
[INFO] [stderr]    Compiling crc v2.0.0
[INFO] [stderr]    Compiling dirs v3.0.2
[INFO] [stderr]     Checking actix-utils v3.0.0
[INFO] [stderr]    Compiling crossbeam-channel v0.5.1
[INFO] [stderr]    Compiling atoi v0.4.0
[INFO] [stderr]    Compiling hashlink v0.7.0
[INFO] [stderr]    Compiling futures-intrusive v0.4.0
[INFO] [stderr]     Checking actix-service v2.0.0
[INFO] [stderr]     Checking regex v1.5.4
[INFO] [stderr]    Compiling fnv v1.0.7
[INFO] [stderr]    Compiling unicode-segmentation v1.8.0
[INFO] [stderr]    Compiling hex v0.4.3
[INFO] [stderr]     Checking humantime v1.3.0
[INFO] [stderr]     Checking webpki v0.21.4
[INFO] [stderr]     Checking sct v0.6.1
[INFO] [stderr]    Compiling heck v0.3.3
[INFO] [stderr]     Checking rustls v0.19.1
[INFO] [stderr]     Checking webpki-roots v0.21.1
[INFO] [stderr]     Checking atty v0.2.14
[INFO] [stderr]    Compiling bytestring v1.0.0
[INFO] [stderr]     Checking input_buffer v0.4.0
[INFO] [stderr]    Compiling cookie v0.15.1
[INFO] [stderr]    Compiling dotenv v0.15.0
[INFO] [stderr]     Checking utf-8 v0.7.6
[INFO] [stderr]    Compiling firestorm v0.4.6
[INFO] [stderr]     Checking env_logger v0.7.1
[INFO] [stderr]     Checking crypto-mac v0.10.1
[INFO] [stderr]     Checking tungstenite v0.12.0
[INFO] [stderr]     Checking language-tags v0.3.2
[INFO] [stderr]     Checking hmac v0.10.1
[INFO] [stderr]     Checking time v0.3.5
[INFO] [stderr]     Checking ipnet v2.3.1
[INFO] [stderr]     Checking pretty_env_logger v0.4.0
[INFO] [stderr]     Checking nom v5.1.2
[INFO] [stderr]    Compiling tokio-macros v1.4.1
[INFO] [stderr]    Compiling actix-macros v0.2.3
[INFO] [stderr]    Compiling thiserror-impl v1.0.30
[INFO] [stderr]    Compiling pin-project-internal v1.0.8
[INFO] [stderr]    Compiling time-macros-impl v0.1.2
[INFO] [stderr]     Checking time-macros v0.1.1
[INFO] [stderr]    Compiling derive_more v0.99.16
[INFO] [stderr]     Checking pin-project v1.0.8
[INFO] [stderr]     Checking thiserror v1.0.30
[INFO] [stderr]     Checking brotli2 v0.3.2
[INFO] [stderr]     Checking futures-executor v0.3.17
[INFO] [stderr]     Checking futures v0.3.17
[INFO] [stderr]     Checking local-channel v0.1.2
[INFO] [stderr]     Checking tokio-util v0.6.8
[INFO] [stderr]     Checking actix-rt v2.2.0
[INFO] [stderr]     Checking tokio-rustls v0.22.0
[INFO] [stderr]     Checking sqlx-rt v0.5.9
[INFO] [stderr]     Checking h2 v0.3.6
[INFO] [stderr]     Checking tokio-postgres v0.7.3
[INFO] [stderr]     Checking actix-codec v0.4.0
[INFO] [stderr]     Checking tokio-stream v0.1.7
[INFO] [stderr]     Checking tokio-native-tls v0.3.0
[INFO] [stderr]     Checking actix-server v2.0.0-beta.5
[INFO] [stderr]     Checking tokio-tungstenite v0.13.0
[INFO] [stderr]     Checking async-compression v0.3.8
[INFO] [stderr]     Checking actix-tls v3.0.0-beta.7
[INFO] [stderr]     Checking postgres v0.19.2
[INFO] [stderr]     Checking either v1.6.1
[INFO] [stderr]     Checking chrono v0.4.19
[INFO] [stderr]     Checking uuid v0.8.2
[INFO] [stderr]     Checking serde_urlencoded v0.7.0
[INFO] [stderr]     Checking actix-router v0.5.0-beta.2
[INFO] [stderr]     Checking config v0.11.0
[INFO] [stderr]     Checking itertools v0.10.1
[INFO] [stderr]     Checking hyper v0.14.13
[INFO] [stderr]     Checking rust_decimal v1.17.0
[INFO] [stderr]     Checking sqlformat v0.1.8
[INFO] [stderr]    Compiling actix-web-codegen v0.5.0-beta.5
[INFO] [stderr]     Checking hyper-rustls v0.22.1
[INFO] [stderr]     Checking hyper-tls v0.5.0
[INFO] [stderr]     Checking coinbase-pro-rs v0.7.1
[INFO] [stderr]     Checking reqwest v0.11.6
[INFO] [stderr]     Checking sqlx-core v0.5.9
[INFO] [stderr]  Documenting coin-base v0.1.0 (/opt/rustwide/workdir/coin-base)
[INFO] [stderr]    Compiling sqlx-macros v0.5.9
[INFO] [stderr]     Checking zstd v0.7.0+zstd.1.4.9
[INFO] [stderr]     Checking actix-http v3.0.0-beta.11
[INFO] [stderr]     Checking actix-web v4.0.0-beta.10
[INFO] [stderr]     Checking sqlx v0.5.9
[INFO] [stderr]  Documenting coin-market-cap v0.2.0 (/opt/rustwide/workdir/coin-market-cap)
[INFO] [stdout] error: error communicating with the server: Cannot assign requested address (os error 99)
[INFO] [stdout]   --> coin-market-cap/src/database.rs:14:13
[INFO] [stdout]    |
[INFO] [stdout] 14 | /             sqlx::query!(
[INFO] [stdout] 15 | |                 "INSERT INTO crypto_platform VALUES ($1, $2, $3);",
[INFO] [stdout] 16 | |                 data.id as i32,     // crypto_map's derived blockchain id
[INFO] [stdout] 17 | |                 platform.id as i32, // crypto_map's base blockchain id
[INFO] [stdout] 18 | |                 platform.token_address,
[INFO] [stdout] 19 | |             )
[INFO] [stdout]    | |_____________^
[INFO] [stdout]    |
[INFO] [stdout]    = note: this error originates in the macro `$crate::sqlx_macros::expand_query` which comes from the expansion of the macro `sqlx::query` (in Nightly builds, run with -Z macro-backtrace for more info)
[INFO] [stdout] 
[INFO] [stdout] 
[INFO] [stdout] error: error communicating with the server: Cannot assign requested address (os error 99)
[INFO] [stdout]   --> coin-market-cap/src/database.rs:24:9
[INFO] [stdout]    |
[INFO] [stdout] 24 | /         sqlx::query!(
[INFO] [stdout] 25 | |             "INSERT INTO crypto_map VALUES ($1, $2, $3, $4, $5, $6, $7, $8, $9);",
[INFO] [stdout] 26 | |             data.id as i32,
[INFO] [stdout] 27 | |             data.name,
[INFO] [stdout] ...  |
[INFO] [stdout] 34 | |             platform_id,
[INFO] [stdout] 35 | |         )
[INFO] [stdout]    | |_________^
[INFO] [stdout]    |
[INFO] [stdout]    = note: this error originates in the macro `$crate::sqlx_macros::expand_query` which comes from the expansion of the macro `sqlx::query` (in Nightly builds, run with -Z macro-backtrace for more info)
[INFO] [stdout] 
[INFO] [stdout] 
[INFO] [stdout] error: error communicating with the server: Cannot assign requested address (os error 99)
[INFO] [stdout]   --> coin-market-cap/src/database.rs:53:9
[INFO] [stdout]    |
[INFO] [stdout] 53 | /         sqlx::query!(
[INFO] [stdout] 54 | |             r#"INSERT INTO crypto_listing VALUES ($1, $2, $3, $4, $5, $6, $7, $8, $9, $10, $11,
[INFO] [stdout] 55 | |                                 $12, $13, $14, $15, $16, $17, $18, $19, $20, $21, $22);"#,
[INFO] [stdout] 56 | |             data.id as i32,
[INFO] [stdout] ...  |
[INFO] [stdout] 77 | |             data.quote.usd.last_updated
[INFO] [stdout] 78 | |         )
[INFO] [stdout]    | |_________^
[INFO] [stdout]    |
[INFO] [stdout]    = note: this error originates in the macro `$crate::sqlx_macros::expand_query` which comes from the expansion of the macro `sqlx::query` (in Nightly builds, run with -Z macro-backtrace for more info)
[INFO] [stdout] 
[INFO] [stdout] 
[INFO] [stdout] error: error communicating with the server: Cannot assign requested address (os error 99)
[INFO] [stdout]   --> coin-market-cap/src/database.rs:88:5
[INFO] [stdout]    |
[INFO] [stdout] 88 |     sqlx::query!("TRUNCATE TABLE crypto_platform CASCADE;")
[INFO] [stdout]    |     ^^^^^^^^^^^^^^^^^^^^^^^^^^^^^^^^^^^^^^^^^^^^^^^^^^^^^^^
[INFO] [stdout]    |
[INFO] [stdout]    = note: this error originates in the macro `$crate::sqlx_macros::expand_query` which comes from the expansion of the macro `sqlx::query` (in Nightly builds, run with -Z macro-backtrace for more info)
[INFO] [stdout] 
[INFO] [stdout] 
[INFO] [stdout] error: aborting due to 4 previous errors
[INFO] [stdout] 
[INFO] [stdout] 
[INFO] [stderr] error: could not document `coin-market-cap`
[INFO] [stderr] 
[INFO] [stderr] Caused by:
[INFO] [stderr]   process didn't exit successfully: `rustdoc --edition=2021 --crate-type lib --crate-name coin_market_cap coin-market-cap/src/lib.rs -o /opt/rustwide/target/doc --error-format=json --json=diagnostic-rendered-ansi,artifacts,future-incompat --document-private-items -C metadata=6e34e1bd299e34e7 -L dependency=/opt/rustwide/target/debug/deps --extern chrono=/opt/rustwide/target/debug/deps/libchrono-08dc10ed319cce89.rmeta --extern config=/opt/rustwide/target/debug/deps/libconfig-4997c9584cff84a3.rmeta --extern log=/opt/rustwide/target/debug/deps/liblog-cfdf503dbcd0d4be.rmeta --extern reqwest=/opt/rustwide/target/debug/deps/libreqwest-1cca88d41d812450.rmeta --extern rust_decimal=/opt/rustwide/target/debug/deps/librust_decimal-a7c0bffa2fbb16ec.rmeta --extern serde=/opt/rustwide/target/debug/deps/libserde-3641a610e4616bba.rmeta --extern serde_json=/opt/rustwide/target/debug/deps/libserde_json-7aaf0a38f13d44e1.rmeta --extern sqlx=/opt/rustwide/target/debug/deps/libsqlx-f0e29f764f69c59f.rmeta --extern thiserror=/opt/rustwide/target/debug/deps/libthiserror-c7205fe9f0665e16.rmeta --extern tokio=/opt/rustwide/target/debug/deps/libtokio-c97b417efe712cae.rmeta --cap-lints=warn --crate-version 0.2.0` (exit status: 1)
[INFO] [stderr] warning: build failed, waiting for other jobs to finish...
[INFO] running `Command { std: "docker" "inspect" "b428c9d171be0987a31a4dc7336da6595feb5e7fe167924d24ebe5370e3bfaca", kill_on_drop: false }`
[INFO] running `Command { std: "docker" "rm" "-f" "b428c9d171be0987a31a4dc7336da6595feb5e7fe167924d24ebe5370e3bfaca", kill_on_drop: false }`
[INFO] [stdout] b428c9d171be0987a31a4dc7336da6595feb5e7fe167924d24ebe5370e3bfaca
