[INFO] cloning repository https://github.com/davidhollis/cardboard-rs
[INFO] running `Command { std: "git" "-c" "credential.helper=" "-c" "credential.helper=/workspace/cargo-home/bin/git-credential-null" "clone" "--bare" "https://github.com/davidhollis/cardboard-rs" "/workspace/cache/git-repos/https%3A%2F%2Fgithub.com%2Fdavidhollis%2Fcardboard-rs", kill_on_drop: false }`
[INFO] [stderr] Cloning into bare repository '/workspace/cache/git-repos/https%3A%2F%2Fgithub.com%2Fdavidhollis%2Fcardboard-rs'...
[INFO] running `Command { std: "git" "rev-parse" "HEAD", kill_on_drop: false }`
[INFO] [stdout] 0eb389bd7848ea1154ed7a6ca7768becf0348a14
[INFO] documenting davidhollis/cardboard-rs against 1.69.0 for beta-1.70-rustdoc-1
[INFO] running `Command { std: "git" "clone" "/workspace/cache/git-repos/https%3A%2F%2Fgithub.com%2Fdavidhollis%2Fcardboard-rs" "/workspace/builds/worker-4-tc1/source", kill_on_drop: false }`
[INFO] [stderr] Cloning into '/workspace/builds/worker-4-tc1/source'...
[INFO] [stderr] done.
[INFO] validating manifest of git repo https://github.com/davidhollis/cardboard-rs on toolchain 1.69.0
[INFO] running `Command { std: CARGO_HOME="/workspace/cargo-home" RUSTUP_HOME="/workspace/rustup-home" "/workspace/cargo-home/bin/cargo" "+1.69.0" "metadata" "--manifest-path" "Cargo.toml" "--no-deps", kill_on_drop: false }`
[INFO] removed /workspace/builds/worker-4-tc1/source/rust-toolchain.toml
[INFO] started tweaking git repo https://github.com/davidhollis/cardboard-rs
[INFO] finished tweaking git repo https://github.com/davidhollis/cardboard-rs
[INFO] tweaked toml for git repo https://github.com/davidhollis/cardboard-rs written to /workspace/builds/worker-4-tc1/source/Cargo.toml
[INFO] crate git repo https://github.com/davidhollis/cardboard-rs already has a lockfile, it will not be regenerated
[INFO] running `Command { std: CARGO_HOME="/workspace/cargo-home" RUSTUP_HOME="/workspace/rustup-home" "/workspace/cargo-home/bin/cargo" "+1.69.0" "fetch" "--manifest-path" "Cargo.toml", kill_on_drop: false }`
[INFO] [stderr]  Downloading crates ...
[INFO] [stderr]   Downloaded gazebo_derive v0.4.1
[INFO] [stderr]   Downloaded cairo-sys-rs v0.14.9
[INFO] [stderr]   Downloaded debugserver-types v0.5.0
[INFO] [stderr]   Downloaded lsp-server v0.5.2
[INFO] [stderr]   Downloaded gazebo v0.4.1
[INFO] [stderr]   Downloaded cairo-rs v0.14.9
[INFO] [stderr]   Downloaded schemafy v0.5.2
[INFO] [stderr]   Downloaded rustyline v7.1.0
[INFO] [stderr]   Downloaded starlark v0.5.0
[INFO] [stderr]   Downloaded starlark_derive v0.5.0
[INFO] [stderr]   Downloaded gazebo v0.2.2
[INFO] [stderr]   Downloaded gazebo_derive v0.1.1
[INFO] running `Command { std: "docker" "create" "-v" "/var/lib/crater-agent-workspace/builds/worker-4-tc1/target:/opt/rustwide/target:rw,Z" "-v" "/var/lib/crater-agent-workspace/builds/worker-4-tc1/source:/opt/rustwide/workdir:ro,Z" "-v" "/var/lib/crater-agent-workspace/cargo-home:/opt/rustwide/cargo-home:ro,Z" "-v" "/var/lib/crater-agent-workspace/rustup-home:/opt/rustwide/rustup-home:ro,Z" "-e" "SOURCE_DIR=/opt/rustwide/workdir" "-e" "CARGO_TARGET_DIR=/opt/rustwide/target" "-e" "CARGO_HOME=/opt/rustwide/cargo-home" "-e" "RUSTUP_HOME=/opt/rustwide/rustup-home" "-w" "/opt/rustwide/workdir" "-m" "1610612736" "--user" "0:0" "--network" "none" "ghcr.io/rust-lang/crates-build-env/linux@sha256:5ff2268d62e97bff2cde7d5815dd6ed5b47097566f13b8d0ca110b04b60e07ed" "/opt/rustwide/cargo-home/bin/cargo" "+1.69.0" "metadata" "--no-deps" "--format-version=1", kill_on_drop: false }`
[INFO] [stdout] e4a10579266869640700981fc462e411084ca79a1a6962fb7e390ac121f55d9b
[INFO] running `Command { std: "docker" "start" "-a" "e4a10579266869640700981fc462e411084ca79a1a6962fb7e390ac121f55d9b", kill_on_drop: false }`
[INFO] running `Command { std: "docker" "inspect" "e4a10579266869640700981fc462e411084ca79a1a6962fb7e390ac121f55d9b", kill_on_drop: false }`
[INFO] running `Command { std: "docker" "rm" "-f" "e4a10579266869640700981fc462e411084ca79a1a6962fb7e390ac121f55d9b", kill_on_drop: false }`
[INFO] [stdout] e4a10579266869640700981fc462e411084ca79a1a6962fb7e390ac121f55d9b
[INFO] running `Command { std: "docker" "create" "-v" "/var/lib/crater-agent-workspace/builds/worker-4-tc1/target:/opt/rustwide/target:rw,Z" "-v" "/var/lib/crater-agent-workspace/builds/worker-4-tc1/source:/opt/rustwide/workdir:ro,Z" "-v" "/var/lib/crater-agent-workspace/cargo-home:/opt/rustwide/cargo-home:ro,Z" "-v" "/var/lib/crater-agent-workspace/rustup-home:/opt/rustwide/rustup-home:ro,Z" "-e" "SOURCE_DIR=/opt/rustwide/workdir" "-e" "CARGO_TARGET_DIR=/opt/rustwide/target" "-e" "CARGO_INCREMENTAL=0" "-e" "RUST_BACKTRACE=full" "-e" "RUSTFLAGS=--cap-lints=warn" "-e" "RUSTDOCFLAGS=--cap-lints=warn" "-e" "CARGO_HOME=/opt/rustwide/cargo-home" "-e" "RUSTUP_HOME=/opt/rustwide/rustup-home" "-w" "/opt/rustwide/workdir" "-m" "1610612736" "--user" "0:0" "--network" "none" "ghcr.io/rust-lang/crates-build-env/linux@sha256:5ff2268d62e97bff2cde7d5815dd6ed5b47097566f13b8d0ca110b04b60e07ed" "/opt/rustwide/cargo-home/bin/cargo" "+1.69.0" "doc" "--frozen" "--no-deps" "--document-private-items" "--message-format=json", kill_on_drop: false }`
[INFO] [stdout] fbd25ebb315dfbafccae9cdedba777557e20c44bcf623656d5fe8a4d0cbad93b
[INFO] running `Command { std: "docker" "start" "-a" "fbd25ebb315dfbafccae9cdedba777557e20c44bcf623656d5fe8a4d0cbad93b", kill_on_drop: false }`
[INFO] [stderr]    Compiling proc-macro2 v1.0.29
[INFO] [stderr]    Compiling unicode-xid v0.2.2
[INFO] [stderr]    Compiling syn v1.0.77
[INFO] [stderr]    Compiling libc v0.2.102
[INFO] [stderr]    Compiling memchr v2.4.1
[INFO] [stderr]    Compiling version_check v0.9.3
[INFO] [stderr]    Compiling serde_derive v1.0.130
[INFO] [stderr]    Compiling serde v1.0.130
[INFO] [stderr]    Compiling regex-syntax v0.6.25
[INFO] [stderr]    Compiling cfg-if v1.0.0
[INFO] [stderr]    Compiling ahash v0.7.4
[INFO] [stderr]    Compiling ryu v1.0.5
[INFO] [stderr]    Compiling serde_json v1.0.68
[INFO] [stderr]    Compiling aho-corasick v0.7.18
[INFO] [stderr]    Compiling log v0.4.14
[INFO] [stderr]    Compiling quote v1.0.9
[INFO] [stderr]    Compiling autocfg v1.0.1
[INFO] [stderr]    Compiling lazy_static v1.4.0
[INFO] [stderr]    Compiling once_cell v1.8.0
[INFO] [stderr]    Compiling crunchy v0.2.2
[INFO] [stderr]     Checking unicode-width v0.1.9
[INFO] [stderr]    Compiling regex v1.5.4
[INFO] [stderr]    Compiling indexmap v1.7.0
[INFO] [stderr]    Compiling proc-macro-error-attr v1.0.4
[INFO] [stderr]    Compiling getrandom v0.2.3
[INFO] [stderr]    Compiling dirs-sys-next v0.1.2
[INFO] [stderr]    Compiling siphasher v0.3.7
[INFO] [stderr]     Checking tinyvec_macros v0.1.0
[INFO] [stderr]    Compiling tiny-keccak v2.0.2
[INFO] [stderr]    Compiling dirs-next v2.0.0
[INFO] [stderr]    Compiling itoa v0.4.8
[INFO] [stderr]    Compiling hashbrown v0.11.2
[INFO] [stderr]     Checking bitflags v1.3.2
[INFO] [stderr]    Compiling term v0.7.0
[INFO] [stderr]     Checking tinyvec v1.5.0
[INFO] [stderr]    Compiling phf_shared v0.8.0
[INFO] [stderr]    Compiling proc-macro-error v1.0.4
[INFO] [stderr]     Checking matches v0.1.9
[INFO] [stderr]    Compiling either v1.6.1
[INFO] [stderr]    Compiling fixedbitset v0.2.0
[INFO] [stderr]    Compiling bit-vec v0.6.3
[INFO] [stderr]    Compiling precomputed-hash v0.1.1
[INFO] [stderr]    Compiling crossbeam-utils v0.8.5
[INFO] [stderr]    Compiling new_debug_unreachable v1.0.4
[INFO] [stderr]     Checking unicode-normalization v0.1.19
[INFO] [stderr]    Compiling itertools v0.10.1
[INFO] [stderr]    Compiling string_cache v0.8.1
[INFO] [stderr]    Compiling bit-set v0.5.2
[INFO] [stderr]    Compiling ena v0.14.0
[INFO] [stderr]    Compiling lalrpop-util v0.19.6
[INFO] [stderr]    Compiling Inflector v0.11.4
[INFO] [stderr]    Compiling ascii-canvas v3.0.0
[INFO] [stderr]    Compiling atty v0.2.14
[INFO] [stderr]     Checking unicode-bidi v0.3.6
[INFO] [stderr]     Checking percent-encoding v2.1.0
[INFO] [stderr]    Compiling diff v0.1.12
[INFO] [stderr]    Compiling unicode-segmentation v1.8.0
[INFO] [stderr]    Compiling pico-args v0.4.2
[INFO] [stderr]     Checking form_urlencoded v1.0.1
[INFO] [stderr]     Checking idna v0.2.3
[INFO] [stderr]    Compiling heck v0.3.3
[INFO] [stderr]     Checking textwrap v0.11.0
[INFO] [stderr]    Compiling unicode-linebreak v0.1.2
[INFO] [stderr]    Compiling utf8-ranges v1.0.4
[INFO] [stderr]    Compiling fnv v1.0.7
[INFO] [stderr]    Compiling beef v0.4.4
[INFO] [stderr]     Checking strsim v0.8.0
[INFO] [stderr]     Checking ansi_term v0.11.0
[INFO] [stderr]    Compiling anyhow v1.0.44
[INFO] [stderr]     Checking vec_map v0.8.2
[INFO] [stderr]     Checking crossbeam-channel v0.5.1
[INFO] [stderr]     Checking clap v2.33.3
[INFO] [stderr]     Checking nix v0.19.1
[INFO] [stderr]     Checking fs2 v0.4.3
[INFO] [stderr]     Checking yansi-term v0.1.2
[INFO] [stderr]    Compiling convert_case v0.4.0
[INFO] [stderr]     Checking same-file v1.0.6
[INFO] [stderr]     Checking utf8parse v0.2.0
[INFO] [stderr]     Checking smawk v0.3.1
[INFO] [stderr]     Checking walkdir v2.3.2
[INFO] [stderr]     Checking itertools v0.9.0
[INFO] [stderr]     Checking annotate-snippets v0.9.1
[INFO] [stderr]     Checking static_assertions v1.1.0
[INFO] [stderr]     Checking maplit v1.0.2
[INFO] [stderr]     Checking bumpalo v3.7.1
[INFO] [stderr]    Compiling paste v1.0.5
[INFO] [stderr]     Checking textwrap v0.14.2
[INFO] [stderr]    Compiling serde_repr v0.1.7
[INFO] [stderr]    Compiling gazebo_derive v0.1.1
[INFO] [stderr]    Compiling logos-derive v0.11.5
[INFO] [stderr]    Compiling structopt-derive v0.4.16
[INFO] [stderr]    Compiling gazebo_derive v0.4.1
[INFO] [stderr]    Compiling thiserror-impl v1.0.29
[INFO] [stderr]    Compiling derivative v2.2.0
[INFO] [stderr]    Compiling gazebo v0.2.2
[INFO] [stdout] error[E0554]: `#![feature]` may not be used on the stable release channel
[INFO] [stdout]   --> /opt/rustwide/cargo-home/registry/src/github.com-1ecc6299db9ec823/gazebo-0.2.2/src/lib.rs:10:49
[INFO] [stdout]    |
[INFO] [stdout] 10 | #![cfg_attr(feature = "str_pattern_extensions", feature(pattern))]
[INFO] [stdout]    |                                                 ^^^^^^^^^^^^^^^^
[INFO] [stdout] 
[INFO] [stdout] 
[INFO] [stdout] error[E0554]: `#![feature]` may not be used on the stable release channel
[INFO] [stdout]   --> /opt/rustwide/cargo-home/registry/src/github.com-1ecc6299db9ec823/gazebo-0.2.2/src/lib.rs:11:49
[INFO] [stdout]    |
[INFO] [stdout] 11 | #![cfg_attr(feature = "str_pattern_extensions", feature(associated_type_bounds))]
[INFO] [stdout]    |                                                 ^^^^^^^^^^^^^^^^^^^^^^^^^^^^^^^
[INFO] [stdout] 
[INFO] [stdout] 
[INFO] [stdout] error[E0554]: `#![feature]` may not be used on the stable release channel
[INFO] [stdout]   --> /opt/rustwide/cargo-home/registry/src/github.com-1ecc6299db9ec823/gazebo-0.2.2/src/lib.rs:10:57
[INFO] [stdout]    |
[INFO] [stdout] 10 | #![cfg_attr(feature = "str_pattern_extensions", feature(pattern))]
[INFO] [stdout]    |                                                         ^^^^^^^
[INFO] [stdout] 
[INFO] [stdout] 
[INFO] [stdout] error: aborting due to 3 previous errors
[INFO] [stdout] 
[INFO] [stdout] 
[INFO] [stdout] For more information about this error, try `rustc --explain E0554`.
[INFO] [stdout] 
[INFO] [stderr] error: could not compile `gazebo` due to 4 previous errors
[INFO] [stderr] warning: build failed, waiting for other jobs to finish...
[INFO] running `Command { std: "docker" "inspect" "fbd25ebb315dfbafccae9cdedba777557e20c44bcf623656d5fe8a4d0cbad93b", kill_on_drop: false }`
[INFO] running `Command { std: "docker" "rm" "-f" "fbd25ebb315dfbafccae9cdedba777557e20c44bcf623656d5fe8a4d0cbad93b", kill_on_drop: false }`
[INFO] [stdout] fbd25ebb315dfbafccae9cdedba777557e20c44bcf623656d5fe8a4d0cbad93b
