[INFO] cloning repository https://github.com/dat2/rpack
[INFO] running `Command { std: "git" "-c" "credential.helper=" "-c" "credential.helper=/workspace/cargo-home/bin/git-credential-null" "clone" "--bare" "https://github.com/dat2/rpack" "/workspace/cache/git-repos/https%3A%2F%2Fgithub.com%2Fdat2%2Frpack", kill_on_drop: false }`
[INFO] [stderr] Cloning into bare repository '/workspace/cache/git-repos/https%3A%2F%2Fgithub.com%2Fdat2%2Frpack'...
[INFO] running `Command { std: "git" "rev-parse" "HEAD", kill_on_drop: false }`
[INFO] [stdout] ff69c0b7657770dadf547606f8eed1f935560920
[INFO] documenting dat2/rpack against beta-2023-04-20 for beta-1.70-rustdoc-1
[INFO] running `Command { std: "git" "clone" "/workspace/cache/git-repos/https%3A%2F%2Fgithub.com%2Fdat2%2Frpack" "/workspace/builds/worker-6-tc2/source", kill_on_drop: false }`
[INFO] [stderr] Cloning into '/workspace/builds/worker-6-tc2/source'...
[INFO] [stderr] done.
[INFO] validating manifest of git repo https://github.com/dat2/rpack on toolchain beta-2023-04-20
[INFO] running `Command { std: CARGO_HOME="/workspace/cargo-home" RUSTUP_HOME="/workspace/rustup-home" "/workspace/cargo-home/bin/cargo" "+beta-2023-04-20" "metadata" "--manifest-path" "Cargo.toml" "--no-deps", kill_on_drop: false }`
[INFO] started tweaking git repo https://github.com/dat2/rpack
[INFO] finished tweaking git repo https://github.com/dat2/rpack
[INFO] tweaked toml for git repo https://github.com/dat2/rpack written to /workspace/builds/worker-6-tc2/source/Cargo.toml
[INFO] crate git repo https://github.com/dat2/rpack already has a lockfile, it will not be regenerated
[INFO] running `Command { std: CARGO_HOME="/workspace/cargo-home" RUSTUP_HOME="/workspace/rustup-home" "/workspace/cargo-home/bin/cargo" "+beta-2023-04-20" "fetch" "--manifest-path" "Cargo.toml", kill_on_drop: false }`
[INFO] [stderr]     Updating crates.io index
[INFO] [stderr]  Downloading crates ...
[INFO] [stderr]   Downloaded combine v3.3.2
[INFO] [stderr]   Downloaded ascii v0.7.1
[INFO] [stderr]   Downloaded petgraph v0.4.12
[INFO] [stderr]   Downloaded ecmascript v0.0.1
[INFO] running `Command { std: "docker" "create" "-v" "/var/lib/crater-agent-workspace/builds/worker-6-tc2/target:/opt/rustwide/target:rw,Z" "-v" "/var/lib/crater-agent-workspace/builds/worker-6-tc2/source:/opt/rustwide/workdir:ro,Z" "-v" "/var/lib/crater-agent-workspace/cargo-home:/opt/rustwide/cargo-home:ro,Z" "-v" "/var/lib/crater-agent-workspace/rustup-home:/opt/rustwide/rustup-home:ro,Z" "-e" "SOURCE_DIR=/opt/rustwide/workdir" "-e" "CARGO_TARGET_DIR=/opt/rustwide/target" "-e" "CARGO_HOME=/opt/rustwide/cargo-home" "-e" "RUSTUP_HOME=/opt/rustwide/rustup-home" "-w" "/opt/rustwide/workdir" "-m" "1610612736" "--user" "0:0" "--network" "none" "ghcr.io/rust-lang/crates-build-env/linux@sha256:5ff2268d62e97bff2cde7d5815dd6ed5b47097566f13b8d0ca110b04b60e07ed" "/opt/rustwide/cargo-home/bin/cargo" "+beta-2023-04-20" "metadata" "--no-deps" "--format-version=1", kill_on_drop: false }`
[INFO] [stdout] 3a4ab45ff98117cb680a90008e0af4146f5b3e0613292d536b2cd666615ba179
[INFO] running `Command { std: "docker" "start" "-a" "3a4ab45ff98117cb680a90008e0af4146f5b3e0613292d536b2cd666615ba179", kill_on_drop: false }`
[INFO] running `Command { std: "docker" "inspect" "3a4ab45ff98117cb680a90008e0af4146f5b3e0613292d536b2cd666615ba179", kill_on_drop: false }`
[INFO] running `Command { std: "docker" "rm" "-f" "3a4ab45ff98117cb680a90008e0af4146f5b3e0613292d536b2cd666615ba179", kill_on_drop: false }`
[INFO] [stdout] 3a4ab45ff98117cb680a90008e0af4146f5b3e0613292d536b2cd666615ba179
[INFO] running `Command { std: "docker" "create" "-v" "/var/lib/crater-agent-workspace/builds/worker-6-tc2/target:/opt/rustwide/target:rw,Z" "-v" "/var/lib/crater-agent-workspace/builds/worker-6-tc2/source:/opt/rustwide/workdir:ro,Z" "-v" "/var/lib/crater-agent-workspace/cargo-home:/opt/rustwide/cargo-home:ro,Z" "-v" "/var/lib/crater-agent-workspace/rustup-home:/opt/rustwide/rustup-home:ro,Z" "-e" "SOURCE_DIR=/opt/rustwide/workdir" "-e" "CARGO_TARGET_DIR=/opt/rustwide/target" "-e" "CARGO_INCREMENTAL=0" "-e" "RUST_BACKTRACE=full" "-e" "RUSTFLAGS=--cap-lints=warn" "-e" "RUSTDOCFLAGS=--cap-lints=warn" "-e" "CARGO_HOME=/opt/rustwide/cargo-home" "-e" "RUSTUP_HOME=/opt/rustwide/rustup-home" "-w" "/opt/rustwide/workdir" "-m" "1610612736" "--user" "0:0" "--network" "none" "ghcr.io/rust-lang/crates-build-env/linux@sha256:5ff2268d62e97bff2cde7d5815dd6ed5b47097566f13b8d0ca110b04b60e07ed" "/opt/rustwide/cargo-home/bin/cargo" "+beta-2023-04-20" "doc" "--frozen" "--no-deps" "--document-private-items" "--message-format=json", kill_on_drop: false }`
[INFO] [stdout] 2982749c31a24025e3c15fa40fe2140022b77fb9851bff787ed1a86d133c11cf
[INFO] running `Command { std: "docker" "start" "-a" "2982749c31a24025e3c15fa40fe2140022b77fb9851bff787ed1a86d133c11cf", kill_on_drop: false }`
[INFO] [stderr]     Checking libc v0.2.42
[INFO] [stderr]    Compiling nodrop v0.1.12
[INFO] [stderr]    Compiling cfg-if v0.1.3
[INFO] [stderr]    Compiling scopeguard v0.3.3
[INFO] [stderr]    Compiling memoffset v0.2.1
[INFO] [stderr]    Compiling lazy_static v1.0.1
[INFO] [stderr]    Compiling unicode-xid v0.0.4
[INFO] [stderr]    Compiling rayon-core v1.4.0
[INFO] [stderr]    Compiling cc v1.0.17
[INFO] [stderr]    Compiling quote v0.3.15
[INFO] [stderr]    Compiling gcc v0.3.54
[INFO] [stderr]     Checking void v1.0.2
[INFO] [stderr]     Checking rustc-demangle v0.1.8
[INFO] [stderr]     Checking unicode-width v0.1.5
[INFO] [stderr]     Checking ascii v0.7.1
[INFO] [stderr]    Compiling crossbeam-utils v0.2.2
[INFO] [stderr]    Compiling arrayvec v0.4.7
[INFO] [stderr]     Checking byteorder v1.2.3
[INFO] [stderr]     Checking either v1.5.0
[INFO] [stderr]     Checking vec_map v0.8.1
[INFO] [stderr]    Compiling synom v0.11.3
[INFO] [stderr]     Checking unreachable v1.0.0
[INFO] [stderr]     Checking textwrap v0.9.0
[INFO] [stderr]     Checking strsim v0.7.0
[INFO] [stderr]     Checking lazy_static v0.2.11
[INFO] [stderr]    Compiling syn v0.11.11
[INFO] [stderr]     Checking untrusted v0.5.1
[INFO] [stderr]     Checking unicode-xid v0.1.0
[INFO] [stderr]     Checking fixedbitset v0.1.9
[INFO] [stderr]     Checking ordermap v0.3.5
[INFO] [stderr]     Checking bitflags v1.0.3
[INFO] [stderr]     Checking ansi_term v0.11.0
[INFO] [stderr]     Checking hex v0.3.2
[INFO] [stderr]    Compiling crossbeam-epoch v0.3.1
[INFO] [stderr]    Compiling rand v0.4.2
[INFO] [stderr]    Compiling num_cpus v1.8.0
[INFO] [stderr]     Checking memchr v2.0.1
[INFO] [stderr]     Checking atty v0.2.10
[INFO] [stderr]     Checking clap v2.31.2
[INFO] [stderr]     Checking combine v3.3.2
[INFO] [stderr]    Compiling crossbeam-deque v0.2.0
[INFO] [stderr]     Checking petgraph v0.4.12
[INFO] [stderr]    Compiling backtrace-sys v0.1.23
[INFO] [stdout] error[E0034]: multiple applicable items in scope
[INFO] [stdout]     --> /opt/rustwide/cargo-home/registry/src/index.crates.io-6f17d22bba15001f/petgraph-0.4.12/src/graph_impl/stable_graph/mod.rs:1171:19
[INFO] [stdout]      |
[INFO] [stdout] 1171 |         self.iter.find_map(|(i, node)| {
[INFO] [stdout]      |                   ^^^^^^^^ multiple `find_map` found
[INFO] [stdout]      |
[INFO] [stdout] note: candidate #1 is defined in an impl of the trait `IterUtilsExt` for the type `I`
[INFO] [stdout]     --> /opt/rustwide/cargo-home/registry/src/index.crates.io-6f17d22bba15001f/petgraph-0.4.12/src/iter_utils.rs:5:5
[INFO] [stdout]      |
[INFO] [stdout] 5    | /     fn find_map<F, R>(&mut self, mut f: F) -> Option<R>
[INFO] [stdout] 6    | |         where F: FnMut(Self::Item) -> Option<R>
[INFO] [stdout]      | |_______________________________________________^
[INFO] [stdout]      = note: candidate #2 is defined in an impl of the trait `Iterator` for the type `Enumerate<I>`
[INFO] [stdout] help: disambiguate the method for candidate #1
[INFO] [stdout]      |
[INFO] [stdout] 1171 ~         IterUtilsExt::find_map(&mut self.iter, |(i, node)| {
[INFO] [stdout] 1172 +             node.weight.as_ref().map(move |w| (node_index(i), w))
[INFO] [stdout] 1173 +         })
[INFO] [stdout]      |
[INFO] [stdout] help: disambiguate the method for candidate #2
[INFO] [stdout]      |
[INFO] [stdout] 1171 ~         Iterator::find_map(&mut self.iter, |(i, node)| {
[INFO] [stdout] 1172 +             node.weight.as_ref().map(move |w| (node_index(i), w))
[INFO] [stdout] 1173 +         })
[INFO] [stdout]      |
[INFO] [stdout] 
[INFO] [stdout] 
[INFO] [stdout] error[E0034]: multiple applicable items in scope
[INFO] [stdout]     --> /opt/rustwide/cargo-home/registry/src/index.crates.io-6f17d22bba15001f/petgraph-0.4.12/src/graph_impl/stable_graph/mod.rs:1363:19
[INFO] [stdout]      |
[INFO] [stdout] 1363 |         self.iter.find_map(|(i, edge)|
[INFO] [stdout]      |                   ^^^^^^^^ multiple `find_map` found
[INFO] [stdout]      |
[INFO] [stdout] note: candidate #1 is defined in an impl of the trait `IterUtilsExt` for the type `I`
[INFO] [stdout]     --> /opt/rustwide/cargo-home/registry/src/index.crates.io-6f17d22bba15001f/petgraph-0.4.12/src/iter_utils.rs:5:5
[INFO] [stdout]      |
[INFO] [stdout] 5    | /     fn find_map<F, R>(&mut self, mut f: F) -> Option<R>
[INFO] [stdout] 6    | |         where F: FnMut(Self::Item) -> Option<R>
[INFO] [stdout]      | |_______________________________________________^
[INFO] [stdout]      = note: candidate #2 is defined in an impl of the trait `Iterator` for the type `Enumerate<I>`
[INFO] [stdout] help: disambiguate the method for candidate #1
[INFO] [stdout]      |
[INFO] [stdout] 1363 ~         IterUtilsExt::find_map(&mut self.iter, |(i, edge)|
[INFO] [stdout] 1364 +             edge.weight.as_ref().map(move |weight| {
[INFO] [stdout] 1365 +                 EdgeReference {
[INFO] [stdout] 1366 +                     index: edge_index(i),
[INFO] [stdout] 1367 +                     node: edge.node,
[INFO] [stdout] 1368 +                     weight: weight,
[INFO] [stdout] 1369 +                 }
[INFO] [stdout] 1370 +             }))
[INFO] [stdout]      |
[INFO] [stdout] help: disambiguate the method for candidate #2
[INFO] [stdout]      |
[INFO] [stdout] 1363 ~         Iterator::find_map(&mut self.iter, |(i, edge)|
[INFO] [stdout] 1364 +             edge.weight.as_ref().map(move |weight| {
[INFO] [stdout] 1365 +                 EdgeReference {
[INFO] [stdout] 1366 +                     index: edge_index(i),
[INFO] [stdout] 1367 +                     node: edge.node,
[INFO] [stdout] 1368 +                     weight: weight,
[INFO] [stdout] 1369 +                 }
[INFO] [stdout] 1370 +             }))
[INFO] [stdout]      |
[INFO] [stdout] 
[INFO] [stdout] 
[INFO] [stdout] error[E0034]: multiple applicable items in scope
[INFO] [stdout]     --> /opt/rustwide/cargo-home/registry/src/index.crates.io-6f17d22bba15001f/petgraph-0.4.12/src/graph_impl/stable_graph/mod.rs:1527:19
[INFO] [stdout]      |
[INFO] [stdout] 1527 |         self.iter.find_map(|(i, node)| {
[INFO] [stdout]      |                   ^^^^^^^^ multiple `find_map` found
[INFO] [stdout]      |
[INFO] [stdout] note: candidate #1 is defined in an impl of the trait `IterUtilsExt` for the type `I`
[INFO] [stdout]     --> /opt/rustwide/cargo-home/registry/src/index.crates.io-6f17d22bba15001f/petgraph-0.4.12/src/iter_utils.rs:5:5
[INFO] [stdout]      |
[INFO] [stdout] 5    | /     fn find_map<F, R>(&mut self, mut f: F) -> Option<R>
[INFO] [stdout] 6    | |         where F: FnMut(Self::Item) -> Option<R>
[INFO] [stdout]      | |_______________________________________________^
[INFO] [stdout]      = note: candidate #2 is defined in an impl of the trait `Iterator` for the type `Enumerate<I>`
[INFO] [stdout] help: disambiguate the method for candidate #1
[INFO] [stdout]      |
[INFO] [stdout] 1527 ~         IterUtilsExt::find_map(&mut self.iter, |(i, node)| {
[INFO] [stdout] 1528 +             if node.weight.is_some() {
[INFO] [stdout] 1529 +                 Some(node_index(i))
[INFO] [stdout] 1530 +             } else { None }
[INFO] [stdout] 1531 +         })
[INFO] [stdout]      |
[INFO] [stdout] help: disambiguate the method for candidate #2
[INFO] [stdout]      |
[INFO] [stdout] 1527 ~         Iterator::find_map(&mut self.iter, |(i, node)| {
[INFO] [stdout] 1528 +             if node.weight.is_some() {
[INFO] [stdout] 1529 +                 Some(node_index(i))
[INFO] [stdout] 1530 +             } else { None }
[INFO] [stdout] 1531 +         })
[INFO] [stdout]      |
[INFO] [stdout] 
[INFO] [stdout] 
[INFO] [stdout] error[E0034]: multiple applicable items in scope
[INFO] [stdout]     --> /opt/rustwide/cargo-home/registry/src/index.crates.io-6f17d22bba15001f/petgraph-0.4.12/src/graph_impl/stable_graph/mod.rs:1573:19
[INFO] [stdout]      |
[INFO] [stdout] 1573 |         self.iter.find_map(|(i, node)| {
[INFO] [stdout]      |                   ^^^^^^^^ multiple `find_map` found
[INFO] [stdout]      |
[INFO] [stdout] note: candidate #1 is defined in an impl of the trait `IterUtilsExt` for the type `I`
[INFO] [stdout]     --> /opt/rustwide/cargo-home/registry/src/index.crates.io-6f17d22bba15001f/petgraph-0.4.12/src/iter_utils.rs:5:5
[INFO] [stdout]      |
[INFO] [stdout] 5    | /     fn find_map<F, R>(&mut self, mut f: F) -> Option<R>
[INFO] [stdout] 6    | |         where F: FnMut(Self::Item) -> Option<R>
[INFO] [stdout]      | |_______________________________________________^
[INFO] [stdout]      = note: candidate #2 is defined in an impl of the trait `Iterator` for the type `Enumerate<I>`
[INFO] [stdout] help: disambiguate the method for candidate #1
[INFO] [stdout]      |
[INFO] [stdout] 1573 ~         IterUtilsExt::find_map(&mut self.iter, |(i, node)| {
[INFO] [stdout] 1574 +             if node.weight.is_some() {
[INFO] [stdout] 1575 +                 Some(edge_index(i))
[INFO] [stdout] 1576 +             } else { None }
[INFO] [stdout] 1577 +         })
[INFO] [stdout]      |
[INFO] [stdout] help: disambiguate the method for candidate #2
[INFO] [stdout]      |
[INFO] [stdout] 1573 ~         Iterator::find_map(&mut self.iter, |(i, node)| {
[INFO] [stdout] 1574 +             if node.weight.is_some() {
[INFO] [stdout] 1575 +                 Some(edge_index(i))
[INFO] [stdout] 1576 +             } else { None }
[INFO] [stdout] 1577 +         })
[INFO] [stdout]      |
[INFO] [stdout] 
[INFO] [stdout] 
[INFO] [stderr]    Compiling synstructure v0.6.1
[INFO] [stdout] error: aborting due to 4 previous errors
[INFO] [stdout] 
[INFO] [stdout] 
[INFO] [stdout] For more information about this error, try `rustc --explain E0034`.
[INFO] [stdout] 
[INFO] [stderr] error: could not compile `petgraph` (lib) due to 5 previous errors
[INFO] [stderr] warning: build failed, waiting for other jobs to finish...
[INFO] running `Command { std: "docker" "inspect" "2982749c31a24025e3c15fa40fe2140022b77fb9851bff787ed1a86d133c11cf", kill_on_drop: false }`
[INFO] running `Command { std: "docker" "rm" "-f" "2982749c31a24025e3c15fa40fe2140022b77fb9851bff787ed1a86d133c11cf", kill_on_drop: false }`
[INFO] [stdout] 2982749c31a24025e3c15fa40fe2140022b77fb9851bff787ed1a86d133c11cf
