[INFO] cloning repository https://github.com/daogangtang/jsontable
[INFO] running `Command { std: "git" "-c" "credential.helper=" "-c" "credential.helper=/workspace/cargo-home/bin/git-credential-null" "clone" "--bare" "https://github.com/daogangtang/jsontable" "/workspace/cache/git-repos/https%3A%2F%2Fgithub.com%2Fdaogangtang%2Fjsontable", kill_on_drop: false }`
[INFO] [stderr] Cloning into bare repository '/workspace/cache/git-repos/https%3A%2F%2Fgithub.com%2Fdaogangtang%2Fjsontable'...
[INFO] running `Command { std: "git" "rev-parse" "HEAD", kill_on_drop: false }`
[INFO] [stdout] 08bc00f63071404faefd6edbeb8cb4f9aa47a06d
[INFO] documenting daogangtang/jsontable against beta-2023-04-20 for beta-1.70-rustdoc-1
[INFO] running `Command { std: "git" "clone" "/workspace/cache/git-repos/https%3A%2F%2Fgithub.com%2Fdaogangtang%2Fjsontable" "/workspace/builds/worker-0-tc2/source", kill_on_drop: false }`
[INFO] [stderr] Cloning into '/workspace/builds/worker-0-tc2/source'...
[INFO] [stderr] done.
[INFO] validating manifest of git repo https://github.com/daogangtang/jsontable on toolchain beta-2023-04-20
[INFO] running `Command { std: CARGO_HOME="/workspace/cargo-home" RUSTUP_HOME="/workspace/rustup-home" "/workspace/cargo-home/bin/cargo" "+beta-2023-04-20" "metadata" "--manifest-path" "Cargo.toml" "--no-deps", kill_on_drop: false }`
[INFO] started tweaking git repo https://github.com/daogangtang/jsontable
[INFO] finished tweaking git repo https://github.com/daogangtang/jsontable
[INFO] tweaked toml for git repo https://github.com/daogangtang/jsontable written to /workspace/builds/worker-0-tc2/source/Cargo.toml
[INFO] crate git repo https://github.com/daogangtang/jsontable already has a lockfile, it will not be regenerated
[INFO] running `Command { std: CARGO_HOME="/workspace/cargo-home" RUSTUP_HOME="/workspace/rustup-home" "/workspace/cargo-home/bin/cargo" "+beta-2023-04-20" "fetch" "--manifest-path" "Cargo.toml", kill_on_drop: false }`
[INFO] [stderr]     Updating crates.io index
[INFO] [stderr]  Downloading crates ...
[INFO] [stderr]   Downloaded quasi v0.16.0
[INFO] [stderr]   Downloaded quasi_macros v0.16.0
[INFO] [stderr]   Downloaded aster v0.22.1
[INFO] [stderr]   Downloaded serde_codegen_internals v0.4.0
[INFO] [stderr]   Downloaded unicode-bidi v0.2.6
[INFO] [stderr]   Downloaded prettytable-rs v0.6.7
[INFO] [stderr]   Downloaded serde_macros v0.7.15
[INFO] [stderr]   Downloaded serde_codegen v0.7.15
[INFO] [stderr]   Downloaded quasi_codegen v0.16.0
[INFO] running `Command { std: "docker" "create" "-v" "/var/lib/crater-agent-workspace/builds/worker-0-tc2/target:/opt/rustwide/target:rw,Z" "-v" "/var/lib/crater-agent-workspace/builds/worker-0-tc2/source:/opt/rustwide/workdir:ro,Z" "-v" "/var/lib/crater-agent-workspace/cargo-home:/opt/rustwide/cargo-home:ro,Z" "-v" "/var/lib/crater-agent-workspace/rustup-home:/opt/rustwide/rustup-home:ro,Z" "-e" "SOURCE_DIR=/opt/rustwide/workdir" "-e" "CARGO_TARGET_DIR=/opt/rustwide/target" "-e" "CARGO_HOME=/opt/rustwide/cargo-home" "-e" "RUSTUP_HOME=/opt/rustwide/rustup-home" "-w" "/opt/rustwide/workdir" "-m" "1610612736" "--user" "0:0" "--network" "none" "ghcr.io/rust-lang/crates-build-env/linux@sha256:5ff2268d62e97bff2cde7d5815dd6ed5b47097566f13b8d0ca110b04b60e07ed" "/opt/rustwide/cargo-home/bin/cargo" "+beta-2023-04-20" "metadata" "--no-deps" "--format-version=1", kill_on_drop: false }`
[INFO] [stdout] d24c5fa4d9afc30d8a75a9b553ea40a2e99e7e7b736abe906a4ffc3654b00168
[INFO] running `Command { std: "docker" "start" "-a" "d24c5fa4d9afc30d8a75a9b553ea40a2e99e7e7b736abe906a4ffc3654b00168", kill_on_drop: false }`
[INFO] running `Command { std: "docker" "inspect" "d24c5fa4d9afc30d8a75a9b553ea40a2e99e7e7b736abe906a4ffc3654b00168", kill_on_drop: false }`
[INFO] running `Command { std: "docker" "rm" "-f" "d24c5fa4d9afc30d8a75a9b553ea40a2e99e7e7b736abe906a4ffc3654b00168", kill_on_drop: false }`
[INFO] [stdout] d24c5fa4d9afc30d8a75a9b553ea40a2e99e7e7b736abe906a4ffc3654b00168
[INFO] running `Command { std: "docker" "create" "-v" "/var/lib/crater-agent-workspace/builds/worker-0-tc2/target:/opt/rustwide/target:rw,Z" "-v" "/var/lib/crater-agent-workspace/builds/worker-0-tc2/source:/opt/rustwide/workdir:ro,Z" "-v" "/var/lib/crater-agent-workspace/cargo-home:/opt/rustwide/cargo-home:ro,Z" "-v" "/var/lib/crater-agent-workspace/rustup-home:/opt/rustwide/rustup-home:ro,Z" "-e" "SOURCE_DIR=/opt/rustwide/workdir" "-e" "CARGO_TARGET_DIR=/opt/rustwide/target" "-e" "CARGO_INCREMENTAL=0" "-e" "RUST_BACKTRACE=full" "-e" "RUSTFLAGS=--cap-lints=warn" "-e" "RUSTDOCFLAGS=--cap-lints=warn" "-e" "CARGO_HOME=/opt/rustwide/cargo-home" "-e" "RUSTUP_HOME=/opt/rustwide/rustup-home" "-w" "/opt/rustwide/workdir" "-m" "1610612736" "--user" "0:0" "--network" "none" "ghcr.io/rust-lang/crates-build-env/linux@sha256:5ff2268d62e97bff2cde7d5815dd6ed5b47097566f13b8d0ca110b04b60e07ed" "/opt/rustwide/cargo-home/bin/cargo" "+beta-2023-04-20" "doc" "--frozen" "--no-deps" "--document-private-items" "--message-format=json", kill_on_drop: false }`
[INFO] [stdout] 4b1fec4593d9a1ba47c88e937ee64a66d21515f5592731c8ece2c598a86c60d8
[INFO] running `Command { std: "docker" "start" "-a" "4b1fec4593d9a1ba47c88e937ee64a66d21515f5592731c8ece2c598a86c60d8", kill_on_drop: false }`
[INFO] [stderr]    Compiling libc v0.2.142
[INFO] [stderr]    Compiling openssl-sys v0.7.17
[INFO] [stderr]    Compiling gcc v0.3.55
[INFO] [stderr]     Checking tinyvec_macros v0.1.1
[INFO] [stderr]     Checking matches v0.1.10
[INFO] [stderr]     Checking unicode-bidi v0.3.13
[INFO] [stderr]     Checking lazy_static v0.2.11
[INFO] [stderr]    Compiling aster v0.22.1
[INFO] [stderr]    Compiling httparse v1.8.0
[INFO] [stderr]    Compiling num-traits v0.2.15
[INFO] [stderr]    Compiling serde_codegen v0.7.15
[INFO] [stderr]     Checking byteorder v1.4.3
[INFO] [stderr]    Compiling quasi v0.16.0
[INFO] [stderr]    Compiling serde_codegen_internals v0.4.0
[INFO] [stderr]     Checking log v0.3.9
[INFO] [stderr]     Checking unicase v1.4.2
[INFO] [stderr]     Checking tinyvec v1.6.0
[INFO] [stdout] error[E0463]: can't find crate for `syntax`
[INFO] [stdout]   --> /opt/rustwide/cargo-home/registry/src/index.crates.io-6f17d22bba15001f/quasi-0.16.0/src/lib.rs:23:1
[INFO] [stdout]    |
[INFO] [stdout] 23 | extern crate syntax;
[INFO] [stdout]    | ^^^^^^^^^^^^^^^^^^^^ can't find crate
[INFO] [stdout] 
[INFO] [stdout] 
[INFO] [stdout] error[E0463]: can't find crate for `rustc_errors`
[INFO] [stdout]   --> /opt/rustwide/cargo-home/registry/src/index.crates.io-6f17d22bba15001f/quasi-0.16.0/src/lib.rs:25:1
[INFO] [stdout]    |
[INFO] [stdout] 25 | extern crate rustc_errors as errors;
[INFO] [stdout]    | ^^^^^^^^^^^^^^^^^^^^^^^^^^^^^^^^^^^^ can't find crate
[INFO] [stdout]    |
[INFO] [stdout]    = help: maybe you need to install the missing components with: `rustup component add rust-src rustc-dev llvm-tools-preview`
[INFO] [stdout] 
[INFO] [stdout] 
[INFO] [stderr]     Checking unicode-bidi v0.2.6
[INFO] [stderr]     Checking traitobject v0.0.1
[INFO] [stdout] error[E0463]: can't find crate for `syntax`
[INFO] [stdout]   --> /opt/rustwide/cargo-home/registry/src/index.crates.io-6f17d22bba15001f/aster-0.22.1/src/lib.rs:10:1
[INFO] [stdout]    |
[INFO] [stdout] 10 | extern crate syntax;
[INFO] [stdout]    | ^^^^^^^^^^^^^^^^^^^^ can't find crate
[INFO] [stdout] 
[INFO] [stdout] 
[INFO] [stdout] error: cannot find macro `panictry` in this scope
[INFO] [stdout]    --> /opt/rustwide/cargo-home/registry/src/index.crates.io-6f17d22bba15001f/quasi-0.16.0/src/lib.rs:401:9
[INFO] [stdout]     |
[INFO] [stdout] 401 |         panictry!(parser.parse_attribute(permit_inner))
[INFO] [stdout]     |         ^^^^^^^^
[INFO] [stdout] 
[INFO] [stdout] 
[INFO] [stdout] error: cannot find macro `panictry` in this scope
[INFO] [stdout]    --> /opt/rustwide/cargo-home/registry/src/index.crates.io-6f17d22bba15001f/quasi-0.16.0/src/lib.rs:397:5
[INFO] [stdout]     |
[INFO] [stdout] 397 |     panictry!(parser.parse_stmt())
[INFO] [stdout]     |     ^^^^^^^^
[INFO] [stdout] 
[INFO] [stdout] 
[INFO] [stdout] error: cannot find macro `panictry` in this scope
[INFO] [stdout]    --> /opt/rustwide/cargo-home/registry/src/index.crates.io-6f17d22bba15001f/quasi-0.16.0/src/lib.rs:393:9
[INFO] [stdout]     |
[INFO] [stdout] 393 |         panictry!(parser.parse_ty())
[INFO] [stdout]     |         ^^^^^^^^
[INFO] [stdout] 
[INFO] [stdout] 
[INFO] [stdout] error: cannot find macro `panictry` in this scope
[INFO] [stdout]    --> /opt/rustwide/cargo-home/registry/src/index.crates.io-6f17d22bba15001f/quasi-0.16.0/src/lib.rs:389:9
[INFO] [stdout]     |
[INFO] [stdout] 389 |         panictry!(parser.parse_arm())
[INFO] [stdout]     |         ^^^^^^^^
[INFO] [stdout] 
[INFO] [stdout] 
[INFO] [stdout] error: cannot find macro `panictry` in this scope
[INFO] [stdout]    --> /opt/rustwide/cargo-home/registry/src/index.crates.io-6f17d22bba15001f/quasi-0.16.0/src/lib.rs:385:9
[INFO] [stdout]     |
[INFO] [stdout] 385 |         panictry!(parser.parse_pat())
[INFO] [stdout]     |         ^^^^^^^^
[INFO] [stdout] 
[INFO] [stdout] 
[INFO] [stdout] error: cannot find macro `panictry` in this scope
[INFO] [stdout]    --> /opt/rustwide/cargo-home/registry/src/index.crates.io-6f17d22bba15001f/quasi-0.16.0/src/lib.rs:381:9
[INFO] [stdout]     |
[INFO] [stdout] 381 |         panictry!(parser.parse_item())
[INFO] [stdout]     |         ^^^^^^^^
[INFO] [stdout] 
[INFO] [stdout] 
[INFO] [stdout] error: cannot find macro `panictry` in this scope
[INFO] [stdout]    --> /opt/rustwide/cargo-home/registry/src/index.crates.io-6f17d22bba15001f/quasi-0.16.0/src/lib.rs:377:9
[INFO] [stdout]     |
[INFO] [stdout] 377 |         panictry!(parser.parse_expr())
[INFO] [stdout]     |         ^^^^^^^^
[INFO] [stdout] 
[INFO] [stdout] 
[INFO] [stdout] error: cannot find macro `panictry` in this scope
[INFO] [stdout]    --> /opt/rustwide/cargo-home/registry/src/index.crates.io-6f17d22bba15001f/quasi-0.16.0/src/lib.rs:368:9
[INFO] [stdout]     |
[INFO] [stdout] 368 |         panictry!(parse::parse_tts_from_source_str(
[INFO] [stdout]     |         ^^^^^^^^
[INFO] [stdout] 
[INFO] [stdout] 
[INFO] [stdout] error: cannot find macro `panictry` in this scope
[INFO] [stdout]    --> /opt/rustwide/cargo-home/registry/src/index.crates.io-6f17d22bba15001f/quasi-0.16.0/src/lib.rs:360:9
[INFO] [stdout]     |
[INFO] [stdout] 360 |         panictry!(parse::parse_expr_from_source_str(
[INFO] [stdout]     |         ^^^^^^^^
[INFO] [stdout] 
[INFO] [stdout] 
[INFO] [stdout] error: cannot find macro `panictry` in this scope
[INFO] [stdout]    --> /opt/rustwide/cargo-home/registry/src/index.crates.io-6f17d22bba15001f/quasi-0.16.0/src/lib.rs:352:9
[INFO] [stdout]     |
[INFO] [stdout] 352 |         panictry!(parse::parse_stmt_from_source_str(
[INFO] [stdout]     |         ^^^^^^^^
[INFO] [stdout] 
[INFO] [stdout] 
[INFO] [stdout] error: cannot find macro `panictry` in this scope
[INFO] [stdout]    --> /opt/rustwide/cargo-home/registry/src/index.crates.io-6f17d22bba15001f/quasi-0.16.0/src/lib.rs:344:9
[INFO] [stdout]     |
[INFO] [stdout] 344 |         panictry!(parse::parse_item_from_source_str(
[INFO] [stdout]     |         ^^^^^^^^
[INFO] [stdout] 
[INFO] [stdout] 
[INFO] [stdout] error: cannot find macro `panictry` in this scope
[INFO] [stdout]    --> /opt/rustwide/cargo-home/registry/src/index.crates.io-6f17d22bba15001f/quasi-0.16.0/src/lib.rs:159:9
[INFO] [stdout]     |
[INFO] [stdout] 159 |         panictry!(parse_tts_from_source_str("<quote expansion>".to_string(), s, cx.cfg(), cx.parse_sess()))
[INFO] [stdout]     |         ^^^^^^^^
[INFO] [stdout] 
[INFO] [stdout] 
[INFO] [stdout] error: cannot find macro `panictry` in this scope
[INFO] [stdout]    --> /opt/rustwide/cargo-home/registry/src/index.crates.io-6f17d22bba15001f/quasi-0.16.0/src/lib.rs:144:9
[INFO] [stdout]     |
[INFO] [stdout] 144 |         panictry!(parse_tts_from_source_str("<quote expansion>".to_string(), s, cx.cfg(), cx.parse_sess()))
[INFO] [stdout]     |         ^^^^^^^^
[INFO] [stdout] 
[INFO] [stdout] 
[INFO] [stdout] error[E0554]: `#![feature]` may not be used on the beta release channel
[INFO] [stdout]   --> /opt/rustwide/cargo-home/registry/src/index.crates.io-6f17d22bba15001f/quasi-0.16.0/src/lib.rs:11:43
[INFO] [stdout]    |
[INFO] [stdout] 11 | #![cfg_attr(not(feature = "with-syntex"), feature(rustc_private))]
[INFO] [stdout]    |                                           ^^^^^^^^^^^^^^^^^^^^^^
[INFO] [stdout] 
[INFO] [stdout] 
[INFO] [stdout] error[E0463]: can't find crate for `syntax`
[INFO] [stdout]   --> /opt/rustwide/cargo-home/registry/src/index.crates.io-6f17d22bba15001f/serde_codegen_internals-0.4.0/src/lib.rs:13:1
[INFO] [stdout]    |
[INFO] [stdout] 13 | extern crate syntax;
[INFO] [stdout]    | ^^^^^^^^^^^^^^^^^^^^ can't find crate
[INFO] [stdout] 
[INFO] [stdout] 
[INFO] [stdout] error[E0463]: can't find crate for `rustc_errors`
[INFO] [stdout]   --> /opt/rustwide/cargo-home/registry/src/index.crates.io-6f17d22bba15001f/serde_codegen_internals-0.4.0/src/lib.rs:15:1
[INFO] [stdout]    |
[INFO] [stdout] 15 | extern crate rustc_errors as errors;
[INFO] [stdout]    | ^^^^^^^^^^^^^^^^^^^^^^^^^^^^^^^^^^^^ can't find crate
[INFO] [stdout]    |
[INFO] [stdout]    = help: maybe you need to install the missing components with: `rustup component add rust-src rustc-dev llvm-tools-preview`
[INFO] [stdout] 
[INFO] [stdout] 
[INFO] [stdout] error[E0554]: `#![feature]` may not be used on the beta release channel
[INFO] [stdout]  --> /opt/rustwide/cargo-home/registry/src/index.crates.io-6f17d22bba15001f/aster-0.22.1/src/lib.rs:1:43
[INFO] [stdout]   |
[INFO] [stdout] 1 | #![cfg_attr(not(feature = "with-syntex"), feature(rustc_private))]
[INFO] [stdout]   |                                           ^^^^^^^^^^^^^^^^^^^^^^
[INFO] [stdout] 
[INFO] [stdout] 
[INFO] [stdout] error: cannot find macro `panictry` in this scope
[INFO] [stdout]    --> /opt/rustwide/cargo-home/registry/src/index.crates.io-6f17d22bba15001f/serde_codegen_internals-0.4.0/src/attr.rs:587:15
[INFO] [stdout]     |
[INFO] [stdout] 587 |     let tts = panictry!(parse::parse_tts_from_source_str(
[INFO] [stdout]     |               ^^^^^^^^
[INFO] [stdout] 
[INFO] [stdout] 
[INFO] [stderr]     Checking typeable v0.1.2
[INFO] [stdout] error[E0554]: `#![feature]` may not be used on the beta release channel
[INFO] [stdout]  --> /opt/rustwide/cargo-home/registry/src/index.crates.io-6f17d22bba15001f/serde_codegen_internals-0.4.0/src/lib.rs:3:43
[INFO] [stdout]   |
[INFO] [stdout] 3 | #![cfg_attr(not(feature = "with-syntex"), feature(rustc_private, plugin))]
[INFO] [stdout]   |                                           ^^^^^^^^^^^^^^^^^^^^^^^^^^^^^^
[INFO] [stdout] 
[INFO] [stdout] 
[INFO] [stdout] error: aborting due to 4 previous errors
[INFO] [stdout] 
[INFO] [stdout] 
[INFO] [stdout] Some errors have detailed explanations: E0463, E0554.
[INFO] [stdout] 
[INFO] [stdout] For more information about an error, try `rustc --explain E0463`.
[INFO] [stdout] 
[INFO] [stderr] error: could not compile `serde_codegen_internals` (lib) due to 5 previous errors
[INFO] [stderr] warning: build failed, waiting for other jobs to finish...
[INFO] [stdout] error: aborting due to 16 previous errors
[INFO] [stdout] 
[INFO] [stdout] 
[INFO] [stdout] Some errors have detailed explanations: E0463, E0554.
[INFO] [stdout] 
[INFO] [stdout] For more information about an error, try `rustc --explain E0463`.
[INFO] [stdout] 
[INFO] [stderr] error: could not compile `quasi` (lib) due to 17 previous errors; 18 warnings emitted
[INFO] [stdout] error: aborting due to 2 previous errors
[INFO] [stdout] 
[INFO] [stdout] 
[INFO] [stdout] Some errors have detailed explanations: E0463, E0554.
[INFO] [stdout] 
[INFO] [stdout] For more information about an error, try `rustc --explain E0463`.
[INFO] [stdout] 
[INFO] [stderr] error: could not compile `aster` (lib) due to 3 previous errors
[INFO] running `Command { std: "docker" "inspect" "4b1fec4593d9a1ba47c88e937ee64a66d21515f5592731c8ece2c598a86c60d8", kill_on_drop: false }`
[INFO] running `Command { std: "docker" "rm" "-f" "4b1fec4593d9a1ba47c88e937ee64a66d21515f5592731c8ece2c598a86c60d8", kill_on_drop: false }`
[INFO] [stdout] 4b1fec4593d9a1ba47c88e937ee64a66d21515f5592731c8ece2c598a86c60d8
