[INFO] cloning repository https://github.com/danielbintar/qwe-2
[INFO] running `Command { std: "git" "-c" "credential.helper=" "-c" "credential.helper=/workspace/cargo-home/bin/git-credential-null" "clone" "--bare" "https://github.com/danielbintar/qwe-2" "/workspace/cache/git-repos/https%3A%2F%2Fgithub.com%2Fdanielbintar%2Fqwe-2", kill_on_drop: false }`
[INFO] [stderr] Cloning into bare repository '/workspace/cache/git-repos/https%3A%2F%2Fgithub.com%2Fdanielbintar%2Fqwe-2'...
[INFO] running `Command { std: "git" "rev-parse" "HEAD", kill_on_drop: false }`
[INFO] [stdout] b44500fd24f8763cbe9c45bea0a1707137a1604b
[INFO] documenting danielbintar/qwe-2 against 1.69.0 for beta-1.70-rustdoc-1
[INFO] running `Command { std: "git" "clone" "/workspace/cache/git-repos/https%3A%2F%2Fgithub.com%2Fdanielbintar%2Fqwe-2" "/workspace/builds/worker-2-tc1/source", kill_on_drop: false }`
[INFO] [stderr] Cloning into '/workspace/builds/worker-2-tc1/source'...
[INFO] [stderr] done.
[INFO] validating manifest of git repo https://github.com/danielbintar/qwe-2 on toolchain 1.69.0
[INFO] running `Command { std: CARGO_HOME="/workspace/cargo-home" RUSTUP_HOME="/workspace/rustup-home" "/workspace/cargo-home/bin/cargo" "+1.69.0" "metadata" "--manifest-path" "Cargo.toml" "--no-deps", kill_on_drop: false }`
[INFO] started tweaking git repo https://github.com/danielbintar/qwe-2
[INFO] finished tweaking git repo https://github.com/danielbintar/qwe-2
[INFO] tweaked toml for git repo https://github.com/danielbintar/qwe-2 written to /workspace/builds/worker-2-tc1/source/Cargo.toml
[INFO] crate git repo https://github.com/danielbintar/qwe-2 already has a lockfile, it will not be regenerated
[INFO] running `Command { std: CARGO_HOME="/workspace/cargo-home" RUSTUP_HOME="/workspace/rustup-home" "/workspace/cargo-home/bin/cargo" "+1.69.0" "fetch" "--manifest-path" "Cargo.toml", kill_on_drop: false }`
[INFO] [stderr]  Downloading crates ...
[INFO] [stderr]   Downloaded fuchsia-cprng v0.1.0
[INFO] [stderr]   Downloaded specs-hierarchy v0.3.0
[INFO] [stderr]   Downloaded shrev v1.0.1
[INFO] [stderr]   Downloaded shred v0.7.1
[INFO] [stderr]   Downloaded ron v0.4.1
[INFO] [stderr]   Downloaded nalgebra v0.16.13
[INFO] [stderr]   Downloaded euclid v0.19.5
[INFO] [stderr]   Downloaded minimp3 v0.3.2
[INFO] [stderr]   Downloaded lyon_geom v0.12.2
[INFO] [stderr]   Downloaded x11-clipboard v0.3.1
[INFO] [stderr]   Downloaded core-text v13.1.1
[INFO] [stderr]   Downloaded intl_pluralrules v1.0.2
[INFO] [stderr]   Downloaded clipboard-win v2.1.2
[INFO] [stderr]   Downloaded lewton v0.9.3
[INFO] [stderr]   Downloaded serde v1.0.86
[INFO] [stderr]   Downloaded rand_jitter v0.1.2
[INFO] [stderr]   Downloaded rusttype v0.7.4
[INFO] [stderr]   Downloaded getset v0.0.6
[INFO] [stderr]   Downloaded reqwest v0.9.9
[INFO] [stderr]   Downloaded crossbeam v0.6.0
[INFO] [stderr]   Downloaded tokio-threadpool v0.1.11
[INFO] [stderr]   Downloaded gfx_glyph v0.13.2
[INFO] [stderr]   Downloaded glyph_brush v0.3.0
[INFO] [stderr]   Downloaded glyph_brush_layout v0.1.4
[INFO] [stderr]   Downloaded slice-deque v0.1.16
[INFO] [stderr]   Downloaded colored v1.7.0
[INFO] [stderr]   Downloaded fern v0.5.7
[INFO] [stderr]   Downloaded encoding_rs v0.8.15
[INFO] running `Command { std: "docker" "create" "-v" "/var/lib/crater-agent-workspace/builds/worker-2-tc1/target:/opt/rustwide/target:rw,Z" "-v" "/var/lib/crater-agent-workspace/builds/worker-2-tc1/source:/opt/rustwide/workdir:ro,Z" "-v" "/var/lib/crater-agent-workspace/cargo-home:/opt/rustwide/cargo-home:ro,Z" "-v" "/var/lib/crater-agent-workspace/rustup-home:/opt/rustwide/rustup-home:ro,Z" "-e" "SOURCE_DIR=/opt/rustwide/workdir" "-e" "CARGO_TARGET_DIR=/opt/rustwide/target" "-e" "CARGO_HOME=/opt/rustwide/cargo-home" "-e" "RUSTUP_HOME=/opt/rustwide/rustup-home" "-w" "/opt/rustwide/workdir" "-m" "1610612736" "--user" "0:0" "--network" "none" "ghcr.io/rust-lang/crates-build-env/linux@sha256:5ff2268d62e97bff2cde7d5815dd6ed5b47097566f13b8d0ca110b04b60e07ed" "/opt/rustwide/cargo-home/bin/cargo" "+1.69.0" "metadata" "--no-deps" "--format-version=1", kill_on_drop: false }`
[INFO] [stdout] e1c77185a1d8a5d53a952d14d847ba72268c728579efb2492e4214218d56f22d
[INFO] running `Command { std: "docker" "start" "-a" "e1c77185a1d8a5d53a952d14d847ba72268c728579efb2492e4214218d56f22d", kill_on_drop: false }`
[INFO] running `Command { std: "docker" "inspect" "e1c77185a1d8a5d53a952d14d847ba72268c728579efb2492e4214218d56f22d", kill_on_drop: false }`
[INFO] running `Command { std: "docker" "rm" "-f" "e1c77185a1d8a5d53a952d14d847ba72268c728579efb2492e4214218d56f22d", kill_on_drop: false }`
[INFO] [stdout] e1c77185a1d8a5d53a952d14d847ba72268c728579efb2492e4214218d56f22d
[INFO] running `Command { std: "docker" "create" "-v" "/var/lib/crater-agent-workspace/builds/worker-2-tc1/target:/opt/rustwide/target:rw,Z" "-v" "/var/lib/crater-agent-workspace/builds/worker-2-tc1/source:/opt/rustwide/workdir:ro,Z" "-v" "/var/lib/crater-agent-workspace/cargo-home:/opt/rustwide/cargo-home:ro,Z" "-v" "/var/lib/crater-agent-workspace/rustup-home:/opt/rustwide/rustup-home:ro,Z" "-e" "SOURCE_DIR=/opt/rustwide/workdir" "-e" "CARGO_TARGET_DIR=/opt/rustwide/target" "-e" "CARGO_INCREMENTAL=0" "-e" "RUST_BACKTRACE=full" "-e" "RUSTFLAGS=--cap-lints=warn" "-e" "RUSTDOCFLAGS=--cap-lints=warn" "-e" "CARGO_HOME=/opt/rustwide/cargo-home" "-e" "RUSTUP_HOME=/opt/rustwide/rustup-home" "-w" "/opt/rustwide/workdir" "-m" "1610612736" "--user" "0:0" "--network" "none" "ghcr.io/rust-lang/crates-build-env/linux@sha256:5ff2268d62e97bff2cde7d5815dd6ed5b47097566f13b8d0ca110b04b60e07ed" "/opt/rustwide/cargo-home/bin/cargo" "+1.69.0" "doc" "--frozen" "--no-deps" "--document-private-items" "--message-format=json", kill_on_drop: false }`
[INFO] [stdout] 80097b5f955ee0154efb6a0229ac270d65f9259a9b8c4995fc3be7ee1f07a7c8
[INFO] running `Command { std: "docker" "start" "-a" "80097b5f955ee0154efb6a0229ac270d65f9259a9b8c4995fc3be7ee1f07a7c8", kill_on_drop: false }`
[INFO] [stderr]    Compiling libc v0.2.48
[INFO] [stderr]    Compiling proc-macro2 v0.4.27
[INFO] [stderr]     Checking cfg-if v0.1.6
[INFO] [stderr]    Compiling serde v1.0.86
[INFO] [stderr]     Checking lazy_static v1.2.0
[INFO] [stderr]    Compiling cc v1.0.28
[INFO] [stderr]     Checking byteorder v1.2.7
[INFO] [stderr]    Compiling autocfg v0.1.2
[INFO] [stderr]    Compiling num-traits v0.2.6
[INFO] [stderr]    Compiling semver-parser v0.7.0
[INFO] [stderr]     Checking scopeguard v0.3.3
[INFO] [stderr]     Checking void v1.0.2
[INFO] [stderr]    Compiling arrayvec v0.4.10
[INFO] [stderr]     Checking nodrop v0.1.13
[INFO] [stderr]     Checking rand_core v0.4.0
[INFO] [stderr]     Checking memoffset v0.2.1
[INFO] [stderr]    Compiling pkg-config v0.3.14
[INFO] [stderr]     Checking stable_deref_trait v1.1.1
[INFO] [stderr]     Checking crossbeam-utils v0.6.5
[INFO] [stderr]     Checking futures v0.1.25
[INFO] [stderr]     Checking unreachable v1.0.0
[INFO] [stderr]     Checking rand_core v0.3.1
[INFO] [stderr]    Compiling semver v0.9.0
[INFO] [stderr]     Checking owning_ref v0.4.0
[INFO] [stderr]     Checking rand_jitter v0.1.2
[INFO] [stderr]     Checking crossbeam-utils v0.2.2
[INFO] [stderr]     Checking rand_xorshift v0.1.1
[INFO] [stderr]     Checking rand_hc v0.1.0
[INFO] [stderr]     Checking lock_api v0.1.5
[INFO] [stderr]     Checking rand_isaac v0.1.1
[INFO] [stderr]    Compiling rayon-core v1.4.1
[INFO] [stderr]    Compiling num-integer v0.1.39
[INFO] [stderr]    Compiling rand_chacha v0.1.1
[INFO] [stderr]    Compiling rand v0.6.5
[INFO] [stderr]    Compiling backtrace v0.3.13
[INFO] [stderr]    Compiling rustc_version v0.2.3
[INFO] [stderr]     Checking either v1.5.0
[INFO] [stderr]    Compiling xml-rs v0.8.0
[INFO] [stderr]    Compiling rayon v1.0.3
[INFO] [stderr]     Checking rustc-demangle v0.1.13
[INFO] [stderr]     Checking fnv v1.0.6
[INFO] [stderr]     Checking crossbeam-utils v0.5.0
[INFO] [stderr]    Compiling num-complex v0.2.1
[INFO] [stderr]    Compiling bitflags v1.0.4
[INFO] [stderr]    Compiling rand_pcg v0.1.1
[INFO] [stderr]    Compiling parking_lot_core v0.4.0
[INFO] [stderr]    Compiling parking_lot_core v0.3.1
[INFO] [stderr]    Compiling unicase v1.4.2
[INFO] [stderr]     Checking num_cpus v1.9.0
[INFO] [stderr]     Checking crossbeam-epoch v0.7.1
[INFO] [stderr]     Checking rand_os v0.1.2
[INFO] [stderr]     Checking rand v0.4.6
[INFO] [stderr]     Checking crossbeam-epoch v0.3.1
[INFO] [stderr]    Compiling quote v0.6.11
[INFO] [stderr]     Checking rand v0.5.6
[INFO] [stderr]    Compiling backtrace-sys v0.1.28
[INFO] [stderr]    Compiling libloading v0.5.0
[INFO] [stderr]     Checking approx v0.3.1
[INFO] [stderr]     Checking ordered-float v1.0.1
[INFO] [stderr]     Checking crossbeam-epoch v0.5.2
[INFO] [stderr]     Checking crossbeam-epoch v0.6.1
[INFO] [stderr]     Checking crossbeam-deque v0.7.1
[INFO] [stderr]     Checking stb_truetype v0.2.6
[INFO] [stderr]    Compiling syn v0.15.26
[INFO] [stderr]     Checking crossbeam-deque v0.2.0
[INFO] [stderr]    Compiling wayland-scanner v0.21.11
[INFO] [stderr]     Checking rustc-hash v1.0.1
[INFO] [stderr]     Checking owning_ref v0.3.3
[INFO] [stderr]    Compiling nix v0.12.0
[INFO] [stderr]     Checking mint v0.5.1
[INFO] [stderr]    Compiling typenum v1.10.0
[INFO] [stderr]    Compiling nonzero_signed v1.0.3
[INFO] [stderr]     Checking linked-hash-map v0.5.1
[INFO] [stderr]     Checking crossbeam-deque v0.5.2
[INFO] [stderr]     Checking fxhash v0.2.1
[INFO] [stderr]    Compiling proc-macro2 v0.3.8
[INFO] [stderr]    Compiling matrixmultiply v0.1.15
[INFO] [stderr]    Compiling khronos_api v2.2.0
[INFO] [stderr]     Checking rusttype v0.7.4
[INFO] [stderr]     Checking atom v0.3.5
[INFO] [stderr]     Checking dlib v0.4.1
[INFO] [stderr]     Checking mopa v0.2.2
[INFO] [stderr]     Checking wayland-sys v0.21.11
[INFO] [stderr]    Compiling quote v0.5.2
[INFO] [stderr]    Compiling khronos_api v3.0.0
[INFO] [stderr]     Checking libm v0.1.2
[INFO] [stderr]     Checking tuple_utils v0.2.0
[INFO] [stderr]     Checking percent-encoding v1.0.1
[INFO] [stderr]     Checking rawpointer v0.1.0
[INFO] [stderr]     Checking same-file v1.0.4
[INFO] [stderr]     Checking walkdir v2.2.7
[INFO] [stderr]    Compiling syn v0.13.11
[INFO] [stderr]    Compiling xml-rs v0.7.0
[INFO] [stderr]     Checking iovec v0.1.2
[INFO] [stderr]    Compiling cmake v0.1.35
[INFO] [stderr]     Checking base64 v0.10.1
[INFO] [stderr]    Compiling num-iter v0.1.37
[INFO] [stderr]     Checking downcast-rs v1.0.3
[INFO] [stderr]    Compiling num-bigint v0.2.2
[INFO] [stderr]     Checking adler32 v1.0.3
[INFO] [stderr]     Checking error-chain v0.12.0
[INFO] [stderr]     Checking line_drawing v0.7.0
[INFO] [stderr]     Checking num-traits v0.1.43
[INFO] [stderr]    Compiling x11-dl v2.18.3
[INFO] [stderr]     Checking xdg v2.2.0
[INFO] [stderr]     Checking approx v0.1.1
[INFO] [stderr]    Compiling num-rational v0.2.1
[INFO] [stderr]     Checking generic-array v0.11.1
[INFO] [stderr]     Checking memmap v0.7.0
[INFO] [stderr]    Compiling num-derive v0.2.4
[INFO] [stderr]     Checking bytes v0.4.11
[INFO] [stderr]     Checking shared_library v0.1.9
[INFO] [stderr]    Compiling failure_derive v0.1.5
[INFO] [stderr]     Checking lzw v0.10.0
[INFO] [stderr]    Compiling cgmath v0.16.1
[INFO] [stderr]    Compiling unicode-xid v0.0.4
[INFO] [stderr]    Compiling synom v0.11.3
[INFO] [stderr]     Checking hibitset v0.5.4
[INFO] [stderr]    Compiling wayland-client v0.21.11
[INFO] [stderr]    Compiling wayland-protocols v0.21.11
[INFO] [stderr]     Checking osmesa-sys v0.1.2
[INFO] [stderr]     Checking andrew v0.1.6
[INFO] [stderr]    Compiling servo-freetype-sys v4.0.5
[INFO] [stderr]     Checking inflate v0.4.4
[INFO] [stderr]     Checking deflate v0.7.19
[INFO] [stderr]     Checking tokio-executor v0.1.6
[INFO] [stderr]     Checking net2 v0.2.33
[INFO] [stderr]     Checking lazycell v1.2.1
[INFO] [stderr]    Compiling quote v0.3.15
[INFO] [stderr]     Checking color_quant v1.0.1
[INFO] [stderr]     Checking jpeg-decoder v0.1.15
[INFO] [stderr]    Compiling expat-sys v2.1.6
[INFO] [stderr]    Compiling openssl-sys v0.9.40
[INFO] [stderr]     Checking gif v0.10.1
[INFO] [stderr]     Checking scoped_threadpool v0.1.9
[INFO] [stderr]    Compiling syn v0.11.11
[INFO] [stderr]     Checking png v0.12.0
[INFO] [stderr]     Checking siphasher v0.2.3
[INFO] [stderr]     Checking phf_shared v0.7.24
[INFO] [stderr]    Compiling minimp3-sys v0.3.1
[INFO] [stderr]    Compiling alsa-sys v0.1.2
[INFO] [stderr]     Checking wayland-commons v0.21.11
[INFO] [stderr]     Checking itoa v0.4.3
[INFO] [stderr]     Checking hetseq v0.2.0
[INFO] [stderr]     Checking wavefront_obj v5.1.0
[INFO] [stderr] The following warnings were emitted during compilation:
[INFO] [stderr] 
[INFO] [stderr] warning: /opt/rustwide/target/debug/build/openssl-sys-a22637cdadf5c519/out/expando.c:4:24: error: pasting "RUST_VERSION_OPENSSL_" and "(" does not give a valid preprocessing token
[INFO] [stderr] warning:     4 | #define VERSION2(n, v) RUST_VERSION_ ## n ## _ ## v
[INFO] [stderr] warning:       |                        ^~~~~~~~~~~~~
[INFO] [stderr] warning: /opt/rustwide/target/debug/build/openssl-sys-a22637cdadf5c519/out/expando.c:5:23: note: in expansion of macro 'VERSION2'
[INFO] [stderr] warning:     5 | #define VERSION(n, v) VERSION2(n, v)
[INFO] [stderr] warning:       |                       ^~~~~~~~
[INFO] [stderr] warning: /opt/rustwide/target/debug/build/openssl-sys-a22637cdadf5c519/out/expando.c:7:1: note: in expansion of macro 'VERSION'
[INFO] [stderr] warning:     7 | VERSION(OPENSSL, OPENSSL_VERSION_NUMBER)
[INFO] [stderr] warning:       | ^~~~~~~
[INFO] [stderr] 
[INFO] [stderr] error: failed to run custom build command for `openssl-sys v0.9.40`
[INFO] [stderr] note: To improve backtraces for build dependencies, set the CARGO_PROFILE_DEV_BUILD_OVERRIDE_DEBUG=true environment variable to enable debug information generation.
[INFO] [stderr] 
[INFO] [stderr] Caused by:
[INFO] [stderr]   process didn't exit successfully: `/opt/rustwide/target/debug/build/openssl-sys-ae1c96ebafdbd5fa/build-script-main` (exit status: 101)
[INFO] [stderr]   --- stdout
[INFO] [stderr]   cargo:rerun-if-env-changed=X86_64_UNKNOWN_LINUX_GNU_OPENSSL_LIB_DIR
[INFO] [stderr]   cargo:rerun-if-env-changed=OPENSSL_LIB_DIR
[INFO] [stderr]   cargo:rerun-if-env-changed=X86_64_UNKNOWN_LINUX_GNU_OPENSSL_INCLUDE_DIR
[INFO] [stderr]   cargo:rerun-if-env-changed=OPENSSL_INCLUDE_DIR
[INFO] [stderr]   cargo:rerun-if-env-changed=X86_64_UNKNOWN_LINUX_GNU_OPENSSL_DIR
[INFO] [stderr]   cargo:rerun-if-env-changed=OPENSSL_DIR
[INFO] [stderr]   cargo:rustc-link-lib=ssl
[INFO] [stderr]   cargo:rustc-link-lib=crypto
[INFO] [stderr]   OPT_LEVEL = Some("0")
[INFO] [stderr]   TARGET = Some("x86_64-unknown-linux-gnu")
[INFO] [stderr]   HOST = Some("x86_64-unknown-linux-gnu")
[INFO] [stderr]   CC_x86_64-unknown-linux-gnu = None
[INFO] [stderr]   CC_x86_64_unknown_linux_gnu = None
[INFO] [stderr]   HOST_CC = None
[INFO] [stderr]   CC = None
[INFO] [stderr]   CFLAGS_x86_64-unknown-linux-gnu = None
[INFO] [stderr]   CFLAGS_x86_64_unknown_linux_gnu = None
[INFO] [stderr]   HOST_CFLAGS = None
[INFO] [stderr]   CFLAGS = None
[INFO] [stderr]   DEBUG = Some("true")
[INFO] [stderr]   running: "cc" "-O0" "-ffunction-sections" "-fdata-sections" "-fPIC" "-g" "-fno-omit-frame-pointer" "-m64" "-Wall" "-Wextra" "-E" "/opt/rustwide/target/debug/build/openssl-sys-a22637cdadf5c519/out/expando.c"
[INFO] [stderr]   cargo:warning=/opt/rustwide/target/debug/build/openssl-sys-a22637cdadf5c519/out/expando.c:4:24: error: pasting "RUST_VERSION_OPENSSL_" and "(" does not give a valid preprocessing token
[INFO] [stderr]   cargo:warning=    4 | #define VERSION2(n, v) RUST_VERSION_ ## n ## _ ## v
[INFO] [stderr]   cargo:warning=      |                        ^~~~~~~~~~~~~
[INFO] [stderr]   cargo:warning=/opt/rustwide/target/debug/build/openssl-sys-a22637cdadf5c519/out/expando.c:5:23: note: in expansion of macro 'VERSION2'
[INFO] [stderr]   cargo:warning=    5 | #define VERSION(n, v) VERSION2(n, v)
[INFO] [stderr]   cargo:warning=      |                       ^~~~~~~~
[INFO] [stderr]   cargo:warning=/opt/rustwide/target/debug/build/openssl-sys-a22637cdadf5c519/out/expando.c:7:1: note: in expansion of macro 'VERSION'
[INFO] [stderr]   cargo:warning=    7 | VERSION(OPENSSL, OPENSSL_VERSION_NUMBER)
[INFO] [stderr]   cargo:warning=      | ^~~~~~~
[INFO] [stderr]   exit status: 1
[INFO] [stderr] 
[INFO] [stderr]   --- stderr
[INFO] [stderr]   thread 'main' panicked at '
[INFO] [stderr]   Header expansion error:
[INFO] [stderr]   Error { kind: ToolExecError, message: "Command \"cc\" \"-O0\" \"-ffunction-sections\" \"-fdata-sections\" \"-fPIC\" \"-g\" \"-fno-omit-frame-pointer\" \"-m64\" \"-Wall\" \"-Wextra\" \"-E\" \"/opt/rustwide/target/debug/build/openssl-sys-a22637cdadf5c519/out/expando.c\" with args \"cc\" did not execute successfully (status code exit status: 1)." }
[INFO] [stderr] 
[INFO] [stderr]   Failed to find OpenSSL development headers.
[INFO] [stderr] 
[INFO] [stderr]   You can try fixing this setting the `OPENSSL_DIR` environment variable
[INFO] [stderr]   pointing to your OpenSSL installation or installing OpenSSL headers package
[INFO] [stderr]   specific to your distribution:
[INFO] [stderr] 
[INFO] [stderr]       # On Ubuntu
[INFO] [stderr]       sudo apt-get install libssl-dev
[INFO] [stderr]       # On Arch Linux
[INFO] [stderr]       sudo pacman -S openssl
[INFO] [stderr]       # On Fedora
[INFO] [stderr]       sudo dnf install openssl-devel
[INFO] [stderr] 
[INFO] [stderr]   See rust-openssl README for more information:
[INFO] [stderr] 
[INFO] [stderr]       https://github.com/sfackler/rust-openssl#linux
[INFO] [stderr]   ', /opt/rustwide/cargo-home/registry/src/github.com-1ecc6299db9ec823/openssl-sys-0.9.40/build/main.rs:432:13
[INFO] [stderr]   stack backtrace:
[INFO] [stderr]      0:     0x5563855b81ba - std::backtrace_rs::backtrace::libunwind::trace::ha9053a9a07ca49cb
[INFO] [stderr]                                  at /rustc/84c898d65adf2f39a5a98507f1fe0ce10a2b8dbc/library/std/src/../../backtrace/src/backtrace/libunwind.rs:93:5
[INFO] [stderr]      1:     0x5563855b81ba - std::backtrace_rs::backtrace::trace_unsynchronized::h9c2852a457ad564e
[INFO] [stderr]                                  at /rustc/84c898d65adf2f39a5a98507f1fe0ce10a2b8dbc/library/std/src/../../backtrace/src/backtrace/mod.rs:66:5
[INFO] [stderr]      2:     0x5563855b81ba - std::sys_common::backtrace::_print_fmt::h457936fbfaa0070f
[INFO] [stderr]                                  at /rustc/84c898d65adf2f39a5a98507f1fe0ce10a2b8dbc/library/std/src/sys_common/backtrace.rs:65:5
[INFO] [stderr]      3:     0x5563855b81ba - <std::sys_common::backtrace::_print::DisplayBacktrace as core::fmt::Display>::fmt::h5779d7bf7f70cb0c
[INFO] [stderr]                                  at /rustc/84c898d65adf2f39a5a98507f1fe0ce10a2b8dbc/library/std/src/sys_common/backtrace.rs:44:22
[INFO] [stderr]      4:     0x5563855d82ce - core::fmt::write::h5a4baaff1bcd3eb5
[INFO] [stderr]                                  at /rustc/84c898d65adf2f39a5a98507f1fe0ce10a2b8dbc/library/core/src/fmt/mod.rs:1232:17
[INFO] [stderr]      5:     0x5563855b5695 - std::io::Write::write_fmt::h4bc1f301cb9e9cce
[INFO] [stderr]                                  at /rustc/84c898d65adf2f39a5a98507f1fe0ce10a2b8dbc/library/std/src/io/mod.rs:1684:15
[INFO] [stderr]      6:     0x5563855b7f85 - std::sys_common::backtrace::_print::h5fcdc36060f177e8
[INFO] [stderr]                                  at /rustc/84c898d65adf2f39a5a98507f1fe0ce10a2b8dbc/library/std/src/sys_common/backtrace.rs:47:5
[INFO] [stderr]      7:     0x5563855b7f85 - std::sys_common::backtrace::print::h54ca9458b876c8bf
[INFO] [stderr]                                  at /rustc/84c898d65adf2f39a5a98507f1fe0ce10a2b8dbc/library/std/src/sys_common/backtrace.rs:34:9
[INFO] [stderr]      8:     0x5563855b995f - std::panicking::default_hook::{{closure}}::hbe471161c7664ed6
[INFO] [stderr]                                  at /rustc/84c898d65adf2f39a5a98507f1fe0ce10a2b8dbc/library/std/src/panicking.rs:271:22
[INFO] [stderr]      9:     0x5563855b969b - std::panicking::default_hook::ha3500da57aa4ac4f
[INFO] [stderr]                                  at /rustc/84c898d65adf2f39a5a98507f1fe0ce10a2b8dbc/library/std/src/panicking.rs:290:9
[INFO] [stderr]     10:     0x5563855b9f08 - std::panicking::rust_panic_with_hook::h50c09d000dc561d2
[INFO] [stderr]                                  at /rustc/84c898d65adf2f39a5a98507f1fe0ce10a2b8dbc/library/std/src/panicking.rs:692:13
[INFO] [stderr]     11:     0x5563855b9e09 - std::panicking::begin_panic_handler::{{closure}}::h9e2b2176e00e0d9c
[INFO] [stderr]                                  at /rustc/84c898d65adf2f39a5a98507f1fe0ce10a2b8dbc/library/std/src/panicking.rs:583:13
[INFO] [stderr]     12:     0x5563855b8626 - std::sys_common::backtrace::__rust_end_short_backtrace::h5739b8e512c09d02
[INFO] [stderr]                                  at /rustc/84c898d65adf2f39a5a98507f1fe0ce10a2b8dbc/library/std/src/sys_common/backtrace.rs:150:18
[INFO] [stderr]     13:     0x5563855b9b12 - rust_begin_unwind
[INFO] [stderr]                                  at /rustc/84c898d65adf2f39a5a98507f1fe0ce10a2b8dbc/library/std/src/panicking.rs:579:5
[INFO] [stderr]     14:     0x5563855337c3 - core::panicking::panic_fmt::hf33a1475b4dc5c3e
[INFO] [stderr]                                  at /rustc/84c898d65adf2f39a5a98507f1fe0ce10a2b8dbc/library/core/src/panicking.rs:64:14
[INFO] [stderr]     15:     0x55638553afef - build_script_main::validate_headers::h898865201e4a1342
[INFO] [stderr]     16:     0x556385541910 - build_script_main::imp::try_pkg_config::h7bfa8a6ff0c4a9e6
[INFO] [stderr]     17:     0x5563855406b6 - build_script_main::imp::find_openssl_dir::he54fd0c4ace95097
[INFO] [stderr]     18:     0x556385540502 - build_script_main::imp::get_openssl::{{closure}}::hcc61b528879bc51a
[INFO] [stderr]     19:     0x55638553e83a - core::option::Option<T>::unwrap_or_else::h1f3001ef8edab46f
[INFO] [stderr]     20:     0x556385540200 - build_script_main::imp::get_openssl::hd850e69a57e4512c
[INFO] [stderr]     21:     0x556385539a60 - build_script_main::main::hd564b50e721c153a
[INFO] [stderr]     22:     0x55638553d6f3 - core::ops::function::FnOnce::call_once::hc11e50942952f32b
[INFO] [stderr]     23:     0x556385537a69 - std::sys_common::backtrace::__rust_begin_short_backtrace::h8a0fcf3f63790c7e
[INFO] [stderr]     24:     0x55638553f159 - std::rt::lang_start::{{closure}}::hb1b20bc5ed452f87
[INFO] [stderr]     25:     0x5563855b217c - core::ops::function::impls::<impl core::ops::function::FnOnce<A> for &F>::call_once::hd6efcd3bec896f2c
[INFO] [stderr]                                  at /rustc/84c898d65adf2f39a5a98507f1fe0ce10a2b8dbc/library/core/src/ops/function.rs:287:13
[INFO] [stderr]     26:     0x5563855b217c - std::panicking::try::do_call::hce04e543bb1f4cbb
[INFO] [stderr]                                  at /rustc/84c898d65adf2f39a5a98507f1fe0ce10a2b8dbc/library/std/src/panicking.rs:487:40
[INFO] [stderr]     27:     0x5563855b217c - std::panicking::try::h3342dd4e1f680968
[INFO] [stderr]                                  at /rustc/84c898d65adf2f39a5a98507f1fe0ce10a2b8dbc/library/std/src/panicking.rs:451:19
[INFO] [stderr]     28:     0x5563855b217c - std::panic::catch_unwind::h148ce1e59ac0cee7
[INFO] [stderr]                                  at /rustc/84c898d65adf2f39a5a98507f1fe0ce10a2b8dbc/library/std/src/panic.rs:140:14
[INFO] [stderr]     29:     0x5563855b217c - std::rt::lang_start_internal::{{closure}}::h25f9dda2057a67fe
[INFO] [stderr]                                  at /rustc/84c898d65adf2f39a5a98507f1fe0ce10a2b8dbc/library/std/src/rt.rs:148:48
[INFO] [stderr]     30:     0x5563855b217c - std::panicking::try::do_call::h7caaaeaf9401650b
[INFO] [stderr]                                  at /rustc/84c898d65adf2f39a5a98507f1fe0ce10a2b8dbc/library/std/src/panicking.rs:487:40
[INFO] [stderr]     31:     0x5563855b217c - std::panicking::try::he7d15285746cbbc2
[INFO] [stderr]                                  at /rustc/84c898d65adf2f39a5a98507f1fe0ce10a2b8dbc/library/std/src/panicking.rs:451:19
[INFO] [stderr]     32:     0x5563855b217c - std::panic::catch_unwind::h89fb4f50c0301fe0
[INFO] [stderr]                                  at /rustc/84c898d65adf2f39a5a98507f1fe0ce10a2b8dbc/library/std/src/panic.rs:140:14
[INFO] [stderr]     33:     0x5563855b217c - std::rt::lang_start_internal::h078acd489417d3c1
[INFO] [stderr]                                  at /rustc/84c898d65adf2f39a5a98507f1fe0ce10a2b8dbc/library/std/src/rt.rs:148:20
[INFO] [stderr]     34:     0x55638553f137 - std::rt::lang_start::hbd672aead076a310
[INFO] [stderr]     35:     0x55638553cc55 - main
[INFO] [stderr]     36:     0x7f833437fd90 - <unknown>
[INFO] [stderr]     37:     0x7f833437fe40 - __libc_start_main
[INFO] [stderr]     38:     0x556385533d45 - _start
[INFO] [stderr]     39:                0x0 - <unknown>
[INFO] [stderr] warning: build failed, waiting for other jobs to finish...
[INFO] running `Command { std: "docker" "inspect" "80097b5f955ee0154efb6a0229ac270d65f9259a9b8c4995fc3be7ee1f07a7c8", kill_on_drop: false }`
[INFO] running `Command { std: "docker" "rm" "-f" "80097b5f955ee0154efb6a0229ac270d65f9259a9b8c4995fc3be7ee1f07a7c8", kill_on_drop: false }`
[INFO] [stdout] 80097b5f955ee0154efb6a0229ac270d65f9259a9b8c4995fc3be7ee1f07a7c8
