[INFO] cloning repository https://github.com/dagit/rust_tutorial
[INFO] running `Command { std: "git" "-c" "credential.helper=" "-c" "credential.helper=/workspace/cargo-home/bin/git-credential-null" "clone" "--bare" "https://github.com/dagit/rust_tutorial" "/workspace/cache/git-repos/https%3A%2F%2Fgithub.com%2Fdagit%2Frust_tutorial", kill_on_drop: false }`
[INFO] [stderr] Cloning into bare repository '/workspace/cache/git-repos/https%3A%2F%2Fgithub.com%2Fdagit%2Frust_tutorial'...
[INFO] running `Command { std: "git" "rev-parse" "HEAD", kill_on_drop: false }`
[INFO] [stdout] f89c6e65d41984729ec8dda8ed2d91d527df4992
[INFO] documenting dagit/rust_tutorial against 1.69.0 for beta-1.70-rustdoc-1
[INFO] running `Command { std: "git" "clone" "/workspace/cache/git-repos/https%3A%2F%2Fgithub.com%2Fdagit%2Frust_tutorial" "/workspace/builds/worker-6-tc1/source", kill_on_drop: false }`
[INFO] [stderr] Cloning into '/workspace/builds/worker-6-tc1/source'...
[INFO] [stderr] done.
[INFO] validating manifest of git repo https://github.com/dagit/rust_tutorial on toolchain 1.69.0
[INFO] running `Command { std: CARGO_HOME="/workspace/cargo-home" RUSTUP_HOME="/workspace/rustup-home" "/workspace/cargo-home/bin/cargo" "+1.69.0" "metadata" "--manifest-path" "Cargo.toml" "--no-deps", kill_on_drop: false }`
[INFO] started tweaking git repo https://github.com/dagit/rust_tutorial
[INFO] finished tweaking git repo https://github.com/dagit/rust_tutorial
[INFO] tweaked toml for git repo https://github.com/dagit/rust_tutorial written to /workspace/builds/worker-6-tc1/source/Cargo.toml
[INFO] crate git repo https://github.com/dagit/rust_tutorial already has a lockfile, it will not be regenerated
[INFO] running `Command { std: CARGO_HOME="/workspace/cargo-home" RUSTUP_HOME="/workspace/rustup-home" "/workspace/cargo-home/bin/cargo" "+1.69.0" "fetch" "--manifest-path" "Cargo.toml", kill_on_drop: false }`
[INFO] [stderr]     Blocking waiting for file lock on package cache
[INFO] [stderr]     Updating git repository `https://github.com/tomassedovic/tcod-rs.git`
[INFO] [stderr]     Blocking waiting for file lock on package cache
[INFO] [stderr]  Downloading crates ...
[INFO] [stderr]   Downloaded lazy_static v0.1.14
[INFO] [stderr]   Downloaded rand v0.3.9
[INFO] [stderr]   Downloaded libc v0.1.8
[INFO] [stderr]   Downloaded winapi v0.2.1
[INFO] [stderr]   Downloaded kernel32-sys v0.1.3
[INFO] [stderr]   Downloaded time v0.1.32
[INFO] running `Command { std: "docker" "create" "-v" "/var/lib/crater-agent-workspace/builds/worker-6-tc1/target:/opt/rustwide/target:rw,Z" "-v" "/var/lib/crater-agent-workspace/builds/worker-6-tc1/source:/opt/rustwide/workdir:ro,Z" "-v" "/var/lib/crater-agent-workspace/cargo-home:/opt/rustwide/cargo-home:ro,Z" "-v" "/var/lib/crater-agent-workspace/rustup-home:/opt/rustwide/rustup-home:ro,Z" "-e" "SOURCE_DIR=/opt/rustwide/workdir" "-e" "CARGO_TARGET_DIR=/opt/rustwide/target" "-e" "CARGO_HOME=/opt/rustwide/cargo-home" "-e" "RUSTUP_HOME=/opt/rustwide/rustup-home" "-w" "/opt/rustwide/workdir" "-m" "1610612736" "--user" "0:0" "--network" "none" "ghcr.io/rust-lang/crates-build-env/linux@sha256:5ff2268d62e97bff2cde7d5815dd6ed5b47097566f13b8d0ca110b04b60e07ed" "/opt/rustwide/cargo-home/bin/cargo" "+1.69.0" "metadata" "--no-deps" "--format-version=1", kill_on_drop: false }`
[INFO] [stdout] 420eb83b907cf2cb10f5b3c618893fd52885f8f0857ebf55f6eed01c9d66c669
[INFO] running `Command { std: "docker" "start" "-a" "420eb83b907cf2cb10f5b3c618893fd52885f8f0857ebf55f6eed01c9d66c669", kill_on_drop: false }`
[INFO] running `Command { std: "docker" "inspect" "420eb83b907cf2cb10f5b3c618893fd52885f8f0857ebf55f6eed01c9d66c669", kill_on_drop: false }`
[INFO] running `Command { std: "docker" "rm" "-f" "420eb83b907cf2cb10f5b3c618893fd52885f8f0857ebf55f6eed01c9d66c669", kill_on_drop: false }`
[INFO] [stdout] 420eb83b907cf2cb10f5b3c618893fd52885f8f0857ebf55f6eed01c9d66c669
[INFO] running `Command { std: "docker" "create" "-v" "/var/lib/crater-agent-workspace/builds/worker-6-tc1/target:/opt/rustwide/target:rw,Z" "-v" "/var/lib/crater-agent-workspace/builds/worker-6-tc1/source:/opt/rustwide/workdir:ro,Z" "-v" "/var/lib/crater-agent-workspace/cargo-home:/opt/rustwide/cargo-home:ro,Z" "-v" "/var/lib/crater-agent-workspace/rustup-home:/opt/rustwide/rustup-home:ro,Z" "-e" "SOURCE_DIR=/opt/rustwide/workdir" "-e" "CARGO_TARGET_DIR=/opt/rustwide/target" "-e" "CARGO_INCREMENTAL=0" "-e" "RUST_BACKTRACE=full" "-e" "RUSTFLAGS=--cap-lints=warn" "-e" "RUSTDOCFLAGS=--cap-lints=warn" "-e" "CARGO_HOME=/opt/rustwide/cargo-home" "-e" "RUSTUP_HOME=/opt/rustwide/rustup-home" "-w" "/opt/rustwide/workdir" "-m" "1610612736" "--user" "0:0" "--network" "none" "ghcr.io/rust-lang/crates-build-env/linux@sha256:5ff2268d62e97bff2cde7d5815dd6ed5b47097566f13b8d0ca110b04b60e07ed" "/opt/rustwide/cargo-home/bin/cargo" "+1.69.0" "doc" "--frozen" "--no-deps" "--document-private-items" "--message-format=json", kill_on_drop: false }`
[INFO] [stdout] 098aa260c0b2cfc8fa22137ba59cb7ed0e93425eef14d53817a41423742de76c
[INFO] running `Command { std: "docker" "start" "-a" "098aa260c0b2cfc8fa22137ba59cb7ed0e93425eef14d53817a41423742de76c", kill_on_drop: false }`
[INFO] [stderr]    Compiling winapi-build v0.1.1
[INFO] [stderr]     Checking winapi v0.2.1
[INFO] [stderr]     Checking libc v0.1.8
[INFO] [stderr]    Compiling tcod-sys v2.0.12 (https://github.com/tomassedovic/tcod-rs.git#7a5aad0c)
[INFO] [stderr]     Checking lazy_static v0.1.14
[INFO] [stderr]     Checking bitflags v0.1.1
[INFO] [stderr]    Compiling kernel32-sys v0.1.3
[INFO] [stderr]    Compiling advapi32-sys v0.1.2
[INFO] [stderr]     Checking rand v0.3.9
[INFO] [stderr]     Checking time v0.1.32
[INFO] [stdout] error[E0277]: the size for values of type `Self` cannot be known at compilation time
[INFO] [stdout]   --> /opt/rustwide/cargo-home/registry/src/github.com-1ecc6299db9ec823/rand-0.3.9/src/distributions/range.rs:83:50
[INFO] [stdout]    |
[INFO] [stdout] 83 |     fn construct_range(low: Self, high: Self) -> Range<Self>;
[INFO] [stdout]    |                                                  ^^^^^^^^^^^ doesn't have a size known at compile-time
[INFO] [stdout]    |
[INFO] [stdout] note: required by a bound in `range::Range`
[INFO] [stdout]   --> /opt/rustwide/cargo-home/registry/src/github.com-1ecc6299db9ec823/rand-0.3.9/src/distributions/range.rs:50:18
[INFO] [stdout]    |
[INFO] [stdout] 50 | pub struct Range<X> {
[INFO] [stdout]    |                  ^ required by this bound in `Range`
[INFO] [stdout] help: you could relax the implicit `Sized` bound on `X` if it were used through indirection like `&X` or `Box<X>`
[INFO] [stdout]   --> /opt/rustwide/cargo-home/registry/src/github.com-1ecc6299db9ec823/rand-0.3.9/src/distributions/range.rs:50:18
[INFO] [stdout]    |
[INFO] [stdout] 50 | pub struct Range<X> {
[INFO] [stdout]    |                  ^ this could be changed to `X: ?Sized`...
[INFO] [stdout] 51 |     low: X,
[INFO] [stdout]    |          - ...if indirection were used here: `Box<X>`
[INFO] [stdout] 52 |     range: X,
[INFO] [stdout]    |            - ...if indirection were used here: `Box<X>`
[INFO] [stdout] 53 |     accept_zone: X
[INFO] [stdout]    |                  - ...if indirection were used here: `Box<X>`
[INFO] [stdout] help: consider further restricting `Self`
[INFO] [stdout]    |
[INFO] [stdout] 83 |     fn construct_range(low: Self, high: Self) -> Range<Self> where Self: Sized;
[INFO] [stdout]    |                                                              +++++++++++++++++
[INFO] [stdout] 
[INFO] [stdout] 
[INFO] [stdout] error[E0277]: the size for values of type `Self` cannot be known at compilation time
[INFO] [stdout]   --> /opt/rustwide/cargo-home/registry/src/github.com-1ecc6299db9ec823/rand-0.3.9/src/distributions/range.rs:87:33
[INFO] [stdout]    |
[INFO] [stdout] 87 |     fn sample_range<R: Rng>(r: &Range<Self>, rng: &mut R) -> Self;
[INFO] [stdout]    |                                 ^^^^^^^^^^^ doesn't have a size known at compile-time
[INFO] [stdout]    |
[INFO] [stdout] note: required by a bound in `range::Range`
[INFO] [stdout]   --> /opt/rustwide/cargo-home/registry/src/github.com-1ecc6299db9ec823/rand-0.3.9/src/distributions/range.rs:50:18
[INFO] [stdout]    |
[INFO] [stdout] 50 | pub struct Range<X> {
[INFO] [stdout]    |                  ^ required by this bound in `Range`
[INFO] [stdout] help: you could relax the implicit `Sized` bound on `X` if it were used through indirection like `&X` or `Box<X>`
[INFO] [stdout]   --> /opt/rustwide/cargo-home/registry/src/github.com-1ecc6299db9ec823/rand-0.3.9/src/distributions/range.rs:50:18
[INFO] [stdout]    |
[INFO] [stdout] 50 | pub struct Range<X> {
[INFO] [stdout]    |                  ^ this could be changed to `X: ?Sized`...
[INFO] [stdout] 51 |     low: X,
[INFO] [stdout]    |          - ...if indirection were used here: `Box<X>`
[INFO] [stdout] 52 |     range: X,
[INFO] [stdout]    |            - ...if indirection were used here: `Box<X>`
[INFO] [stdout] 53 |     accept_zone: X
[INFO] [stdout]    |                  - ...if indirection were used here: `Box<X>`
[INFO] [stdout] help: consider further restricting `Self`
[INFO] [stdout]    |
[INFO] [stdout] 87 |     fn sample_range<R: Rng>(r: &Range<Self>, rng: &mut R) -> Self where Self: Sized;
[INFO] [stdout]    |                                                                   +++++++++++++++++
[INFO] [stdout] 
[INFO] [stdout] 
[INFO] [stdout] error: aborting due to 2 previous errors
[INFO] [stdout] 
[INFO] [stdout] 
[INFO] [stdout] For more information about this error, try `rustc --explain E0277`.
[INFO] [stdout] 
[INFO] [stderr] error: could not compile `rand` due to 3 previous errors
[INFO] [stderr] warning: build failed, waiting for other jobs to finish...
[INFO] [stderr] error: failed to run custom build command for `tcod-sys v2.0.12 (https://github.com/tomassedovic/tcod-rs.git#7a5aad0c)`
[INFO] [stderr] note: To improve backtraces for build dependencies, set the CARGO_PROFILE_DEV_BUILD_OVERRIDE_DEBUG=true environment variable to enable debug information generation.
[INFO] [stderr] 
[INFO] [stderr] Caused by:
[INFO] [stderr]   process didn't exit successfully: `/opt/rustwide/target/debug/build/tcod-sys-b906cc8ca4962e4d/build-script-build` (exit status: 101)
[INFO] [stderr]   --- stdout
[INFO] [stderr]   STDOUT: \rm -f /tmp/libtcod/release/bresenham_c.o /tmp/libtcod/release/bsp_c.o /tmp/libtcod/release/color_c.o /tmp/libtcod/release/console_c.o /tmp/libtcod/release/fov_c.o /tmp/libtcod/release/fov_circular_raycasting.o /tmp/libtcod/release/fov_diamond_raycasting.o /tmp/libtcod/release/fov_recursive_shadowcasting.o /tmp/libtcod/release/fov_permissive2.o /tmp/libtcod/release/fov_restrictive.o /tmp/libtcod/release/heightmap_c.o /tmp/libtcod/release/image_c.o /tmp/libtcod/release/lex_c.o /tmp/libtcod/release/list_c.o /tmp/libtcod/release/mersenne_c.o /tmp/libtcod/release/noise_c.o /tmp/libtcod/release/parser_c.o /tmp/libtcod/release/path_c.o /tmp/libtcod/release/sys_c.o /tmp/libtcod/release/sys_opengl_c.o /tmp/libtcod/release/sys_sdl_c.o /tmp/libtcod/release/sys_sdl_img_bmp.o /tmp/libtcod/release/sys_sdl_img_png.o /tmp/libtcod/release/tree_c.o /tmp/libtcod/release/txtfield_c.o /tmp/libtcod/release/wrappers.o /tmp/libtcod/release/zip_c.o /tmp/libtcod/release/namegen_c.o /tmp/libtcod/release/png/lodepng.o /tmp/libtcod/release/bresenham.o /tmp/libtcod/release/bsp.o /tmp/libtcod/release/color.o /tmp/libtcod/release/console.o /tmp/libtcod/release/fov.o /tmp/libtcod/release/heightmap.o /tmp/libtcod/release/image.o /tmp/libtcod/release/lex.o /tmp/libtcod/release/mersenne.o /tmp/libtcod/release/mouse.o /tmp/libtcod/release/noise.o /tmp/libtcod/release/parser.o /tmp/libtcod/release/path.o /tmp/libtcod/release/sys.o /tmp/libtcod/release/txtfield.o /tmp/libtcod/release/zip.o /tmp/libtcod/release/namegen.o /tmp/libtcod/release/gui/button.o /tmp/libtcod/release/gui/container.o /tmp/libtcod/release/gui/flatlist.o /tmp/libtcod/release/gui/hbox.o /tmp/libtcod/release/gui/image.o /tmp/libtcod/release/gui/label.o /tmp/libtcod/release/gui/radiobutton.o /tmp/libtcod/release/gui/slider.o /tmp/libtcod/release/gui/statusbar.o /tmp/libtcod/release/gui/textbox.o /tmp/libtcod/release/gui/togglebutton.o /tmp/libtcod/release/gui/toolbar.o /tmp/libtcod/release/gui/vbox.o /tmp/libtcod/release/gui/widget.o /tmp/libtcod/debug/bresenham_c.o /tmp/libtcod/debug/bsp_c.o /tmp/libtcod/debug/color_c.o /tmp/libtcod/debug/console_c.o /tmp/libtcod/debug/fov_c.o /tmp/libtcod/debug/fov_circular_raycasting.o /tmp/libtcod/debug/fov_diamond_raycasting.o /tmp/libtcod/debug/fov_recursive_shadowcasting.o /tmp/libtcod/debug/fov_permissive2.o /tmp/libtcod/debug/fov_restrictive.o /tmp/libtcod/debug/heightmap_c.o /tmp/libtcod/debug/image_c.o /tmp/libtcod/debug/lex_c.o /tmp/libtcod/debug/list_c.o /tmp/libtcod/debug/mersenne_c.o /tmp/libtcod/debug/noise_c.o /tmp/libtcod/debug/parser_c.o /tmp/libtcod/debug/path_c.o /tmp/libtcod/debug/sys_c.o /tmp/libtcod/debug/sys_opengl_c.o /tmp/libtcod/debug/sys_sdl_c.o /tmp/libtcod/debug/sys_sdl_img_bmp.o /tmp/libtcod/debug/sys_sdl_img_png.o /tmp/libtcod/debug/tree_c.o /tmp/libtcod/debug/txtfield_c.o /tmp/libtcod/debug/wrappers.o /tmp/libtcod/debug/zip_c.o /tmp/libtcod/debug/namegen_c.o /tmp/libtcod/debug/png/lodepng.o /tmp/libtcod/debug/bresenham.o /tmp/libtcod/debug/bsp.o /tmp/libtcod/debug/color.o /tmp/libtcod/debug/console.o /tmp/libtcod/debug/fov.o /tmp/libtcod/debug/heightmap.o /tmp/libtcod/debug/image.o /tmp/libtcod/debug/lex.o /tmp/libtcod/debug/mersenne.o /tmp/libtcod/debug/mouse.o /tmp/libtcod/debug/noise.o /tmp/libtcod/debug/parser.o /tmp/libtcod/debug/path.o /tmp/libtcod/debug/sys.o /tmp/libtcod/debug/txtfield.o /tmp/libtcod/debug/zip.o /tmp/libtcod/debug/namegen.o /tmp/libtcod/debug/gui/button.o /tmp/libtcod/debug/gui/container.o /tmp/libtcod/debug/gui/flatlist.o /tmp/libtcod/debug/gui/hbox.o /tmp/libtcod/debug/gui/image.o /tmp/libtcod/debug/gui/label.o /tmp/libtcod/debug/gui/radiobutton.o /tmp/libtcod/debug/gui/slider.o /tmp/libtcod/debug/gui/statusbar.o /tmp/libtcod/debug/gui/textbox.o /tmp/libtcod/debug/gui/togglebutton.o /tmp/libtcod/debug/gui/toolbar.o /tmp/libtcod/debug/gui/vbox.o /tmp/libtcod/debug/gui/widget.o libtcod.a libtcodxx.a libtcod.so libtcodxx.so libtcodgui.so libtcod_debug.so libtcodxx_debug.so libtcodgui_debug.so libtcodpy.pyc
[INFO] [stderr]   mkdir -p /tmp/libtcod/debug/png
[INFO] [stderr]   Compiling debug src/bresenham_c.c
[INFO] [stderr]   Compiling debug src/bsp_c.c
[INFO] [stderr]   Compiling debug src/color_c.c
[INFO] [stderr]   Compiling debug src/console_c.c
[INFO] [stderr]   Compiling debug src/fov_c.c
[INFO] [stderr]   Compiling debug src/fov_circular_raycasting.c
[INFO] [stderr]   Compiling debug src/fov_diamond_raycasting.c
[INFO] [stderr]   Compiling debug src/fov_recursive_shadowcasting.c
[INFO] [stderr]   Compiling debug src/fov_permissive2.c
[INFO] [stderr]   Compiling debug src/fov_restrictive.c
[INFO] [stderr]   Compiling debug src/heightmap_c.c
[INFO] [stderr]   Compiling debug src/image_c.c
[INFO] [stderr]   Compiling debug src/lex_c.c
[INFO] [stderr]   Compiling debug src/list_c.c
[INFO] [stderr]   Compiling debug src/mersenne_c.c
[INFO] [stderr]   Compiling debug src/noise_c.c
[INFO] [stderr]   Compiling debug src/parser_c.c
[INFO] [stderr]   Compiling debug src/path_c.c
[INFO] [stderr]   Compiling debug src/sys_c.c
[INFO] [stderr]   Compiling debug src/sys_opengl_c.c
[INFO] [stderr] 
[INFO] [stderr]   STDERR: /bin/sh: 1: sdl-config: not found
[INFO] [stderr]   /bin/sh: 1: sdl-config: not found
[INFO] [stderr]   /bin/sh: 1: sdl-config: not found
[INFO] [stderr]   /bin/sh: 1: sdl-config: not found
[INFO] [stderr]   src/console_c.c: In function 'TCOD_console_vsprint':
[INFO] [stderr]   src/console_c.c:524:27: warning: implicit declaration of function 'vsnprintf'; did you mean 'vsprintf'? [-Wimplicit-function-declaration]
[INFO] [stderr]     524 |                 int len = vsnprintf(msg[curbuf],buflen[curbuf],fmt,ap);
[INFO] [stderr]         |                           ^~~~~~~~~
[INFO] [stderr]         |                           vsprintf
[INFO] [stderr]   In file included from src/console_c.c:33:
[INFO] [stderr]   src/console_c.c: In function 'TCOD_console_vsprint_utf':
[INFO] [stderr]   include/libtcod.h:163:20: warning: implicit declaration of function 'vswprintf'; did you mean 'vsprintf'? [-Wimplicit-function-declaration]
[INFO] [stderr]     163 | #define vsnwprintf vswprintf
[INFO] [stderr]         |                    ^~~~~~~~~
[INFO] [stderr]   src/console_c.c:822:27: note: in expansion of macro 'vsnwprintf'
[INFO] [stderr]     822 |                 int len = vsnwprintf(msg[curbuf],buflen[curbuf],fmt,ap);
[INFO] [stderr]         |                           ^~~~~~~~~~
[INFO] [stderr]   /bin/sh: 1: sdl-config: not found
[INFO] [stderr]   /bin/sh: 1: sdl-config: not found
[INFO] [stderr]   /bin/sh: 1: sdl-config: not found
[INFO] [stderr]   /bin/sh: 1: sdl-config: not found
[INFO] [stderr]   /bin/sh: 1: sdl-config: not found
[INFO] [stderr]   /bin/sh: 1: sdl-config: not found
[INFO] [stderr]   /bin/sh: 1: sdl-config: not found
[INFO] [stderr]   /bin/sh: 1: sdl-config: not found
[INFO] [stderr]   /bin/sh: 1: sdl-config: not found
[INFO] [stderr]   src/lex_c.c: In function 'TCOD_lex_parse_until_token_type':
[INFO] [stderr]   src/lex_c.c:649:9: warning: this 'if' clause does not guard... [-Wmisleading-indentation]
[INFO] [stderr]     649 |         if ( token == tokenType )
[INFO] [stderr]         |         ^~
[INFO] [stderr]   src/lex_c.c:651:13: note: ...this statement, but the latter is misleadingly indented as if it were guarded by the 'if'
[INFO] [stderr]     651 |             token = TCOD_lex_parse(lex);
[INFO] [stderr]         |             ^~~~~
[INFO] [stderr]   src/lex_c.c: In function 'TCOD_lex_parse_until_token_value':
[INFO] [stderr]   src/lex_c.c:664:9: warning: this 'if' clause does not guard... [-Wmisleading-indentation]
[INFO] [stderr]     664 |         if ( strcmp( lex->tok, tokenValue ) == 0
[INFO] [stderr]         |         ^~
[INFO] [stderr]   src/lex_c.c:667:13: note: ...this statement, but the latter is misleadingly indented as if it were guarded by the 'if'
[INFO] [stderr]     667 |             token = TCOD_lex_parse(lex);
[INFO] [stderr]         |             ^~~~~
[INFO] [stderr]   /bin/sh: 1: sdl-config: not found
[INFO] [stderr]   /bin/sh: 1: sdl-config: not found
[INFO] [stderr]   /bin/sh: 1: sdl-config: not found
[INFO] [stderr]   /bin/sh: 1: sdl-config: not found
[INFO] [stderr]   src/parser_c.c: In function 'TCOD_parser_error':
[INFO] [stderr]   src/parser_c.c:89:45: warning: '%s' directive writing up to 2047 bytes into a region of size 2029 [-Wformat-overflow=]
[INFO] [stderr]      89 |         sprintf(buf2,"error in %s line %d : %s",lex->filename,lex->file_line,buf);
[INFO] [stderr]         |                                             ^~                               ~~~
[INFO] [stderr]   src/parser_c.c:89:9: note: 'sprintf' output 20 or more bytes (assuming 2067) into a destination of size 2048
[INFO] [stderr]      89 |         sprintf(buf2,"error in %s line %d : %s",lex->filename,lex->file_line,buf);
[INFO] [stderr]         |         ^~~~~~~~~~~~~~~~~~~~~~~~~~~~~~~~~~~~~~~~~~~~~~~~~~~~~~~~~~~~~~~~~~~~~~~~~
[INFO] [stderr]   src/parser_c.c: In function 'default_new_flag':
[INFO] [stderr]   src/parser_c.c:781:27: warning: 'sprintf' may write a terminating nul past the end of the destination [-Wformat-overflow=]
[INFO] [stderr]     781 |         sprintf(tmp,"%s.%s",cur_prop_name,name);
[INFO] [stderr]         |                           ^
[INFO] [stderr]   src/parser_c.c:781:9: note: 'sprintf' output 2 or more bytes (assuming 513) into a destination of size 512
[INFO] [stderr]     781 |         sprintf(tmp,"%s.%s",cur_prop_name,name);
[INFO] [stderr]         |         ^~~~~~~~~~~~~~~~~~~~~~~~~~~~~~~~~~~~~~~
[INFO] [stderr]   src/parser_c.c: In function 'default_new_property':
[INFO] [stderr]   src/parser_c.c:792:27: warning: 'sprintf' may write a terminating nul past the end of the destination [-Wformat-overflow=]
[INFO] [stderr]     792 |         sprintf(tmp,"%s.%s",cur_prop_name,propname);
[INFO] [stderr]         |                           ^
[INFO] [stderr]   src/parser_c.c:792:9: note: 'sprintf' output 2 or more bytes (assuming 513) into a destination of size 512
[INFO] [stderr]     792 |         sprintf(tmp,"%s.%s",cur_prop_name,propname);
[INFO] [stderr]         |         ^~~~~~~~~~~~~~~~~~~~~~~~~~~~~~~~~~~~~~~~~~~
[INFO] [stderr]   /bin/sh: 1: sdl-config: not found
[INFO] [stderr]   /bin/sh: 1: sdl-config: not found
[INFO] [stderr]   src/sys_c.c: In function 'TCOD_sys_get_directory_content':
[INFO] [stderr]   src/sys_c.c:159:53: warning: implicit declaration of function 'strdup'; did you mean 'strcmp'? [-Wimplicit-function-declaration]
[INFO] [stderr]     159 |                                 TCOD_list_push(list,strdup(dirent->d_name));
[INFO] [stderr]         |                                                     ^~~~~~
[INFO] [stderr]         |                                                     strcmp
[INFO] [stderr]   src/sys_c.c:159:53: warning: passing argument 2 of 'TCOD_list_push' makes pointer from integer without a cast [-Wint-conversion]
[INFO] [stderr]     159 |                                 TCOD_list_push(list,strdup(dirent->d_name));
[INFO] [stderr]         |                                                     ^~~~~~~~~~~~~~~~~~~~~~
[INFO] [stderr]         |                                                     |
[INFO] [stderr]         |                                                     int
[INFO] [stderr]   In file included from include/libtcod.h:178,
[INFO] [stderr]                    from src/sys_c.c:41:
[INFO] [stderr]   include/list.h:37:61: note: expected 'const void *' but argument is of type 'int'
[INFO] [stderr]      37 | TCODLIB_API void TCOD_list_push(TCOD_list_t l, const void * elt);
[INFO] [stderr]         |                                                ~~~~~~~~~~~~~^~~
[INFO] [stderr]   src/sys_c.c: In function 'TCOD_sys_clipboard_get':
[INFO] [stderr]   src/sys_c.c:645:19: warning: initialization of 'char *' from 'int' makes pointer from integer without a cast [-Wint-conversion]
[INFO] [stderr]     645 |         char *ret=strdup(xbuf);
[INFO] [stderr]         |                   ^~~~~~
[INFO] [stderr]   /bin/sh: 1: sdl-config: not found
[INFO] [stderr]   src/sys_opengl_c.c:35:10: fatal error: SDL/SDL.h: No such file or directory
[INFO] [stderr]      35 | #include <SDL/SDL.h>
[INFO] [stderr]         |          ^~~~~~~~~~~
[INFO] [stderr]   compilation terminated.
[INFO] [stderr]   make: *** [makefiles/makefile-linux:37: /tmp/libtcod/debug/sys_opengl_c.o] Error 1
[INFO] [stderr] 
[INFO] [stderr] 
[INFO] [stderr]   --- stderr
[INFO] [stderr]   thread 'main' panicked at '`make` returned: exit status: 2', /opt/rustwide/cargo-home/git/checkouts/tcod-rs-c9d6a4d6f7c2177e/7a5aad0/tcod_sys/build.rs:39:13
[INFO] [stderr]   stack backtrace:
[INFO] [stderr]      0:     0x560c7372893a - std::backtrace_rs::backtrace::libunwind::trace::ha9053a9a07ca49cb
[INFO] [stderr]                                  at /rustc/84c898d65adf2f39a5a98507f1fe0ce10a2b8dbc/library/std/src/../../backtrace/src/backtrace/libunwind.rs:93:5
[INFO] [stderr]      1:     0x560c7372893a - std::backtrace_rs::backtrace::trace_unsynchronized::h9c2852a457ad564e
[INFO] [stderr]                                  at /rustc/84c898d65adf2f39a5a98507f1fe0ce10a2b8dbc/library/std/src/../../backtrace/src/backtrace/mod.rs:66:5
[INFO] [stderr]      2:     0x560c7372893a - std::sys_common::backtrace::_print_fmt::h457936fbfaa0070f
[INFO] [stderr]                                  at /rustc/84c898d65adf2f39a5a98507f1fe0ce10a2b8dbc/library/std/src/sys_common/backtrace.rs:65:5
[INFO] [stderr]      3:     0x560c7372893a - <std::sys_common::backtrace::_print::DisplayBacktrace as core::fmt::Display>::fmt::h5779d7bf7f70cb0c
[INFO] [stderr]                                  at /rustc/84c898d65adf2f39a5a98507f1fe0ce10a2b8dbc/library/std/src/sys_common/backtrace.rs:44:22
[INFO] [stderr]      4:     0x560c737466ee - core::fmt::write::h5a4baaff1bcd3eb5
[INFO] [stderr]                                  at /rustc/84c898d65adf2f39a5a98507f1fe0ce10a2b8dbc/library/core/src/fmt/mod.rs:1232:17
[INFO] [stderr]      5:     0x560c73726465 - std::io::Write::write_fmt::h4bc1f301cb9e9cce
[INFO] [stderr]                                  at /rustc/84c898d65adf2f39a5a98507f1fe0ce10a2b8dbc/library/std/src/io/mod.rs:1684:15
[INFO] [stderr]      6:     0x560c73728705 - std::sys_common::backtrace::_print::h5fcdc36060f177e8
[INFO] [stderr]                                  at /rustc/84c898d65adf2f39a5a98507f1fe0ce10a2b8dbc/library/std/src/sys_common/backtrace.rs:47:5
[INFO] [stderr]      7:     0x560c73728705 - std::sys_common::backtrace::print::h54ca9458b876c8bf
[INFO] [stderr]                                  at /rustc/84c898d65adf2f39a5a98507f1fe0ce10a2b8dbc/library/std/src/sys_common/backtrace.rs:34:9
[INFO] [stderr]      8:     0x560c73729d5f - std::panicking::default_hook::{{closure}}::hbe471161c7664ed6
[INFO] [stderr]                                  at /rustc/84c898d65adf2f39a5a98507f1fe0ce10a2b8dbc/library/std/src/panicking.rs:271:22
[INFO] [stderr]      9:     0x560c73729a9b - std::panicking::default_hook::ha3500da57aa4ac4f
[INFO] [stderr]                                  at /rustc/84c898d65adf2f39a5a98507f1fe0ce10a2b8dbc/library/std/src/panicking.rs:290:9
[INFO] [stderr]     10:     0x560c7372a308 - std::panicking::rust_panic_with_hook::h50c09d000dc561d2
[INFO] [stderr]                                  at /rustc/84c898d65adf2f39a5a98507f1fe0ce10a2b8dbc/library/std/src/panicking.rs:692:13
[INFO] [stderr]     11:     0x560c7372a209 - std::panicking::begin_panic_handler::{{closure}}::h9e2b2176e00e0d9c
[INFO] [stderr]                                  at /rustc/84c898d65adf2f39a5a98507f1fe0ce10a2b8dbc/library/std/src/panicking.rs:583:13
[INFO] [stderr]     12:     0x560c73728da6 - std::sys_common::backtrace::__rust_end_short_backtrace::h5739b8e512c09d02
[INFO] [stderr]                                  at /rustc/84c898d65adf2f39a5a98507f1fe0ce10a2b8dbc/library/std/src/sys_common/backtrace.rs:150:18
[INFO] [stderr]     13:     0x560c73729f12 - rust_begin_unwind
[INFO] [stderr]                                  at /rustc/84c898d65adf2f39a5a98507f1fe0ce10a2b8dbc/library/std/src/panicking.rs:579:5
[INFO] [stderr]     14:     0x560c73703343 - core::panicking::panic_fmt::hf33a1475b4dc5c3e
[INFO] [stderr]                                  at /rustc/84c898d65adf2f39a5a98507f1fe0ce10a2b8dbc/library/core/src/panicking.rs:64:14
[INFO] [stderr]     15:     0x560c737076d5 - build_script_build::main::hcd5ef8d96870912b
[INFO] [stderr]     16:     0x560c737077c3 - core::ops::function::FnOnce::call_once::hf24b314814faf303
[INFO] [stderr]     17:     0x560c7370baa9 - std::sys_common::backtrace::__rust_begin_short_backtrace::h5f6cdf1175d08e42
[INFO] [stderr]     18:     0x560c73708639 - std::rt::lang_start::{{closure}}::hd76ea9c78e7149bb
[INFO] [stderr]     19:     0x560c7372376c - core::ops::function::impls::<impl core::ops::function::FnOnce<A> for &F>::call_once::hd6efcd3bec896f2c
[INFO] [stderr]                                  at /rustc/84c898d65adf2f39a5a98507f1fe0ce10a2b8dbc/library/core/src/ops/function.rs:287:13
[INFO] [stderr]     20:     0x560c7372376c - std::panicking::try::do_call::hce04e543bb1f4cbb
[INFO] [stderr]                                  at /rustc/84c898d65adf2f39a5a98507f1fe0ce10a2b8dbc/library/std/src/panicking.rs:487:40
[INFO] [stderr]     21:     0x560c7372376c - std::panicking::try::h3342dd4e1f680968
[INFO] [stderr]                                  at /rustc/84c898d65adf2f39a5a98507f1fe0ce10a2b8dbc/library/std/src/panicking.rs:451:19
[INFO] [stderr]     22:     0x560c7372376c - std::panic::catch_unwind::h148ce1e59ac0cee7
[INFO] [stderr]                                  at /rustc/84c898d65adf2f39a5a98507f1fe0ce10a2b8dbc/library/std/src/panic.rs:140:14
[INFO] [stderr]     23:     0x560c7372376c - std::rt::lang_start_internal::{{closure}}::h25f9dda2057a67fe
[INFO] [stderr]                                  at /rustc/84c898d65adf2f39a5a98507f1fe0ce10a2b8dbc/library/std/src/rt.rs:148:48
[INFO] [stderr]     24:     0x560c7372376c - std::panicking::try::do_call::h7caaaeaf9401650b
[INFO] [stderr]                                  at /rustc/84c898d65adf2f39a5a98507f1fe0ce10a2b8dbc/library/std/src/panicking.rs:487:40
[INFO] [stderr]     25:     0x560c7372376c - std::panicking::try::he7d15285746cbbc2
[INFO] [stderr]                                  at /rustc/84c898d65adf2f39a5a98507f1fe0ce10a2b8dbc/library/std/src/panicking.rs:451:19
[INFO] [stderr]     26:     0x560c7372376c - std::panic::catch_unwind::h89fb4f50c0301fe0
[INFO] [stderr]                                  at /rustc/84c898d65adf2f39a5a98507f1fe0ce10a2b8dbc/library/std/src/panic.rs:140:14
[INFO] [stderr]     27:     0x560c7372376c - std::rt::lang_start_internal::h078acd489417d3c1
[INFO] [stderr]                                  at /rustc/84c898d65adf2f39a5a98507f1fe0ce10a2b8dbc/library/std/src/rt.rs:148:20
[INFO] [stderr]     28:     0x560c73708617 - std::rt::lang_start::h9b54e0f0ab4eb142
[INFO] [stderr]     29:     0x560c73707765 - main
[INFO] [stderr]     30:     0x7fbc40a55d90 - <unknown>
[INFO] [stderr]     31:     0x7fbc40a55e40 - __libc_start_main
[INFO] [stderr]     32:     0x560c73703875 - _start
[INFO] [stderr]     33:                0x0 - <unknown>
[INFO] running `Command { std: "docker" "inspect" "098aa260c0b2cfc8fa22137ba59cb7ed0e93425eef14d53817a41423742de76c", kill_on_drop: false }`
[INFO] running `Command { std: "docker" "rm" "-f" "098aa260c0b2cfc8fa22137ba59cb7ed0e93425eef14d53817a41423742de76c", kill_on_drop: false }`
[INFO] [stdout] 098aa260c0b2cfc8fa22137ba59cb7ed0e93425eef14d53817a41423742de76c
