[INFO] cloning repository https://github.com/crazy010323/starcoin
[INFO] running `Command { std: "git" "-c" "credential.helper=" "-c" "credential.helper=/workspace/cargo-home/bin/git-credential-null" "clone" "--bare" "https://github.com/crazy010323/starcoin" "/workspace/cache/git-repos/https%3A%2F%2Fgithub.com%2Fcrazy010323%2Fstarcoin", kill_on_drop: false }`
[INFO] [stderr] Cloning into bare repository '/workspace/cache/git-repos/https%3A%2F%2Fgithub.com%2Fcrazy010323%2Fstarcoin'...
[INFO] running `Command { std: "git" "rev-parse" "HEAD", kill_on_drop: false }`
[INFO] [stdout] 26d9af09750d0d5e97a18232dfcc8c7ad591b45e
[INFO] documenting crazy010323/starcoin against 1.69.0 for beta-1.70-rustdoc-1
[INFO] running `Command { std: "git" "clone" "/workspace/cache/git-repos/https%3A%2F%2Fgithub.com%2Fcrazy010323%2Fstarcoin" "/workspace/builds/worker-4-tc1/source", kill_on_drop: false }`
[INFO] [stderr] Cloning into '/workspace/builds/worker-4-tc1/source'...
[INFO] [stderr] done.
[INFO] validating manifest of git repo https://github.com/crazy010323/starcoin on toolchain 1.69.0
[INFO] running `Command { std: CARGO_HOME="/workspace/cargo-home" RUSTUP_HOME="/workspace/rustup-home" "/workspace/cargo-home/bin/cargo" "+1.69.0" "metadata" "--manifest-path" "Cargo.toml" "--no-deps", kill_on_drop: false }`
[INFO] removed /workspace/builds/worker-4-tc1/source/.cargo/config
[INFO] removed /workspace/builds/worker-4-tc1/source/rust-toolchain
[INFO] started tweaking git repo https://github.com/crazy010323/starcoin
[INFO] finished tweaking git repo https://github.com/crazy010323/starcoin
[INFO] tweaked toml for git repo https://github.com/crazy010323/starcoin written to /workspace/builds/worker-4-tc1/source/Cargo.toml
[INFO] crate git repo https://github.com/crazy010323/starcoin already has a lockfile, it will not be regenerated
[INFO] running `Command { std: CARGO_HOME="/workspace/cargo-home" RUSTUP_HOME="/workspace/rustup-home" "/workspace/cargo-home/bin/cargo" "+1.69.0" "fetch" "--manifest-path" "Cargo.toml", kill_on_drop: false }`
[INFO] [stderr]     Updating git repository `https://github.com/starcoinorg/diem`
[INFO] [stderr]     Updating git repository `https://github.com/starcoinorg/schemars`
[INFO] [stderr]     Updating git repository `https://github.com/fikgol/jsonrpc`
[INFO] [stderr]     Updating git repository `https://github.com/starcoinorg/openrpc-rs`
[INFO] [stderr]     Updating git repository `https://github.com/starcoinorg/jsonrpc`
[INFO] [stderr]     Updating git repository `https://github.com/starcoinorg/serde-reflection`
[INFO] [stderr]     Updating git repository `https://github.com/starcoinorg/diem-devtools`
[INFO] [stderr]     Updating git repository `https://github.com/fikgol/openrpc-rs`
[INFO] [stderr]     Updating git repository `https://github.com/diem/diem-devtools`
[INFO] [stderr]  Downloading crates ...
[INFO] [stderr]   Downloaded libp2p-websocket v0.30.0
[INFO] [stderr]   Downloaded backtrace v0.3.58
[INFO] [stderr]   Downloaded lru v0.7.0
[INFO] [stderr]   Downloaded bcs v0.1.3
[INFO] [stderr]   Downloaded libp2p-deflate v0.29.0
[INFO] [stderr]   Downloaded include_dir v0.6.2
[INFO] [stderr]   Downloaded include_dir_impl v0.6.2
[INFO] [stderr]   Downloaded internment v0.5.4
[INFO] [stderr]   Downloaded git-version-macro v0.3.5
[INFO] [stderr]   Downloaded git-version v0.3.5
[INFO] [stderr]   Downloaded names v0.12.0
[INFO] [stderr]   Downloaded rocksdb v0.17.0
[INFO] [stderr]   Downloaded trace-time v0.1.3
[INFO] [stderr]   Downloaded jsonrpc-http-server v17.1.0
[INFO] [stderr]   Downloaded jsonrpc-ipc-server v17.1.0
[INFO] [stderr]   Downloaded jsonrpc-ws-server v17.1.0
[INFO] [stderr]   Downloaded debugid v0.7.2
[INFO] [stderr]   Downloaded async-compression v0.3.7
[INFO] [stderr]   Downloaded error-code v2.2.0
[INFO] [stderr]   Downloaded rgb v0.8.27
[INFO] [stderr]   Downloaded pathdiff v0.2.0
[INFO] [stderr]   Downloaded diffus v0.9.1
[INFO] [stderr]   Downloaded gherkin_rust v0.6.0
[INFO] [stderr]   Downloaded determinator v0.4.0
[INFO] [stderr]   Downloaded psutil v3.2.1
[INFO] [stderr]   Downloaded libp2p-uds v0.29.0
[INFO] [stderr]   Downloaded libp2p-floodsub v0.30.0
[INFO] [stderr]   Downloaded ethereum-types v0.9.2
[INFO] [stderr]   Downloaded str-buf v2.0.0
[INFO] [stderr]   Downloaded nested v0.1.1
[INFO] [stderr]   Downloaded hakari v0.3.0
[INFO] [stderr]   Downloaded rust-flatten-json v0.2.0
[INFO] [stderr]   Downloaded atomicwrites v0.3.0
[INFO] [stderr]   Downloaded cli-table v0.3.2
[INFO] [stderr]   Downloaded bindgen v0.59.0
[INFO] [stderr]   Downloaded jsonrpc-derive v17.0.0
[INFO] [stderr]   Downloaded serde_with v1.8.0
[INFO] [stderr]   Downloaded serde-name v0.2.0
[INFO] [stderr]   Downloaded unicode-linebreak v0.1.1
[INFO] [stderr]   Downloaded libp2p-wasm-ext v0.29.0
[INFO] [stderr]   Downloaded fiat-crypto v0.1.6
[INFO] [stderr]   Downloaded ouroboros_macro v0.9.3
[INFO] [stderr]   Downloaded duct v0.13.5
[INFO] [stderr]   Downloaded systemstat v0.1.7
[INFO] [stderr]   Downloaded ed25519-dalek-fiat v0.1.0
[INFO] [stderr]   Downloaded guppy v0.9.0
[INFO] [stderr]   Downloaded ethbloom v0.9.2
[INFO] [stderr]   Downloaded datatest-stable v0.1.1
[INFO] [stderr]   Downloaded crossbeam v0.8.0
[INFO] [stderr]   Downloaded shh v1.0.1
[INFO] [stderr]   Downloaded ouroboros v0.9.3
[INFO] [stderr]   Downloaded serde-name v0.1.2
[INFO] [stderr]   Downloaded symbolic-demangle v8.3.2
[INFO] [stderr]   Downloaded jsonrpc-tcp-server v17.0.0
[INFO] [stderr]   Downloaded simple-stopwatch v0.1.4
[INFO] [stderr]   Downloaded futures-retry v0.5.0
[INFO] [stderr]   Downloaded diffy v0.2.1
[INFO] [stderr]   Downloaded jsonrpc-core v17.1.0
[INFO] [stderr]   Downloaded elasticsearch v7.10.0-alpha.1
[INFO] [stderr]   Downloaded if-addrs v0.6.6
[INFO] [stderr]   Downloaded libp2p-relay v0.3.0
[INFO] [stderr]   Downloaded x25519-dalek-fiat v0.1.0
[INFO] [stderr]   Downloaded prettydiff v0.4.0
[INFO] [stderr]   Downloaded reqwest v0.11.5
[INFO] [stderr]   Downloaded cucumber_rust v0.6.9
[INFO] [stderr]   Downloaded jsonpath v0.1.1
[INFO] [stderr]   Downloaded guppy-summaries v0.4.0
[INFO] [stderr]   Downloaded target-spec v0.7.0
[INFO] [stderr]   Downloaded textwrap v0.14.0
[INFO] [stderr]   Downloaded codespan v0.8.0
[INFO] [stderr]   Downloaded serde-reflection v0.3.2
[INFO] [stderr]   Downloaded inferno v0.10.7
[INFO] [stderr]   Downloaded symbolic-common v8.3.2
[INFO] [stderr]   Downloaded parity-tokio-ipc v0.8.0
[INFO] [stderr]   Downloaded websocket-base v0.24.0
[INFO] [stderr]   Downloaded websocket v0.24.0
[INFO] [stderr]   Downloaded jsonrpc-client-transports v17.1.0
[INFO] [stderr]   Downloaded jsonrpc-core-client v17.1.0
[INFO] [stderr]   Downloaded jsonrpc-pubsub v17.1.0
[INFO] [stderr]   Downloaded jsonrpc-server-utils v17.1.0
[INFO] [stderr]   Downloaded curve25519-dalek-fiat v0.1.0
[INFO] [stderr]   Downloaded cexpr v0.5.0
[INFO] [stderr]   Downloaded transaction-pool v2.0.3
[INFO] [stderr]   Downloaded mirai-annotations v1.10.1
[INFO] [stderr]   Downloaded libp2p-plaintext v0.29.0
[INFO] [stderr]   Downloaded protobuf v2.22.1
[INFO] [stderr]   Downloaded pprof v0.6.1
[INFO] [stderr]   Downloaded tera v1.11.0
[INFO] [stderr]   Downloaded findshlibs v0.10.1
[INFO] [stderr]   Downloaded merkletree v0.21.0
[INFO] [stderr]   Downloaded colored-diff v0.2.2
[INFO] [stderr]   Downloaded positioned-io v0.2.2
[INFO] [stderr]   Downloaded librocksdb-sys v6.20.3
[INFO] running `Command { std: "docker" "create" "-v" "/var/lib/crater-agent-workspace/builds/worker-4-tc1/target:/opt/rustwide/target:rw,Z" "-v" "/var/lib/crater-agent-workspace/builds/worker-4-tc1/source:/opt/rustwide/workdir:ro,Z" "-v" "/var/lib/crater-agent-workspace/cargo-home:/opt/rustwide/cargo-home:ro,Z" "-v" "/var/lib/crater-agent-workspace/rustup-home:/opt/rustwide/rustup-home:ro,Z" "-e" "SOURCE_DIR=/opt/rustwide/workdir" "-e" "CARGO_TARGET_DIR=/opt/rustwide/target" "-e" "CARGO_HOME=/opt/rustwide/cargo-home" "-e" "RUSTUP_HOME=/opt/rustwide/rustup-home" "-w" "/opt/rustwide/workdir" "-m" "1610612736" "--user" "0:0" "--network" "none" "ghcr.io/rust-lang/crates-build-env/linux@sha256:5ff2268d62e97bff2cde7d5815dd6ed5b47097566f13b8d0ca110b04b60e07ed" "/opt/rustwide/cargo-home/bin/cargo" "+1.69.0" "metadata" "--no-deps" "--format-version=1", kill_on_drop: false }`
[INFO] [stdout] 604af9c181c5e078498decaf12cbba809f0f99c5098bc5b78082f14afca29c6c
[INFO] running `Command { std: "docker" "start" "-a" "604af9c181c5e078498decaf12cbba809f0f99c5098bc5b78082f14afca29c6c", kill_on_drop: false }`
[INFO] running `Command { std: "docker" "inspect" "604af9c181c5e078498decaf12cbba809f0f99c5098bc5b78082f14afca29c6c", kill_on_drop: false }`
[INFO] running `Command { std: "docker" "rm" "-f" "604af9c181c5e078498decaf12cbba809f0f99c5098bc5b78082f14afca29c6c", kill_on_drop: false }`
[INFO] [stdout] 604af9c181c5e078498decaf12cbba809f0f99c5098bc5b78082f14afca29c6c
[INFO] running `Command { std: "docker" "create" "-v" "/var/lib/crater-agent-workspace/builds/worker-4-tc1/target:/opt/rustwide/target:rw,Z" "-v" "/var/lib/crater-agent-workspace/builds/worker-4-tc1/source:/opt/rustwide/workdir:ro,Z" "-v" "/var/lib/crater-agent-workspace/cargo-home:/opt/rustwide/cargo-home:ro,Z" "-v" "/var/lib/crater-agent-workspace/rustup-home:/opt/rustwide/rustup-home:ro,Z" "-e" "SOURCE_DIR=/opt/rustwide/workdir" "-e" "CARGO_TARGET_DIR=/opt/rustwide/target" "-e" "CARGO_INCREMENTAL=0" "-e" "RUST_BACKTRACE=full" "-e" "RUSTFLAGS=--cap-lints=warn" "-e" "RUSTDOCFLAGS=--cap-lints=warn" "-e" "CARGO_HOME=/opt/rustwide/cargo-home" "-e" "RUSTUP_HOME=/opt/rustwide/rustup-home" "-w" "/opt/rustwide/workdir" "-m" "1610612736" "--user" "0:0" "--network" "none" "ghcr.io/rust-lang/crates-build-env/linux@sha256:5ff2268d62e97bff2cde7d5815dd6ed5b47097566f13b8d0ca110b04b60e07ed" "/opt/rustwide/cargo-home/bin/cargo" "+1.69.0" "doc" "--frozen" "--no-deps" "--document-private-items" "--message-format=json", kill_on_drop: false }`
[INFO] [stdout] d154d2c9aca8b90122e6c6c67c50de13f53d0b5a9ea27d3a28d650c7acbb3fa7
[INFO] running `Command { std: "docker" "start" "-a" "d154d2c9aca8b90122e6c6c67c50de13f53d0b5a9ea27d3a28d650c7acbb3fa7", kill_on_drop: false }`
[INFO] [stderr] warning: output filename collision.
[INFO] [stderr] The bin target `starcoin_faucet` in package `starcoin-faucet v1.8.0-rc.1 (/opt/rustwide/workdir/cmd/faucet)` has the same output filename as the lib target `starcoin-faucet` in package `starcoin-faucet v1.8.0-rc.1 (/opt/rustwide/workdir/cmd/faucet)`.
[INFO] [stderr] Colliding filename is: /opt/rustwide/target/doc/starcoin_faucet/index.html
[INFO] [stderr] The output filenames should be unique.
[INFO] [stderr] This is a known bug where multiple crates with the same name use
[INFO] [stderr] the same path; see <https://github.com/rust-lang/cargo/issues/6313>.
[INFO] [stderr] If this looks unexpected, it may be a bug in Cargo. Please file a bug report at
[INFO] [stderr] https://github.com/rust-lang/cargo/issues/ with as much information as you
[INFO] [stderr] can provide.
[INFO] [stderr] cargo 1.69.0 (6e9a83356 2023-04-12) running on `x86_64-unknown-linux-gnu` target `x86_64-unknown-linux-gnu`
[INFO] [stderr] First unit: Unit { pkg: Package { id: PackageId { name: "starcoin-faucet", version: "1.8.0-rc.1", source: "/opt/rustwide/workdir/cmd/faucet" }, ..: ".." }, target: TargetInner { name: "starcoin_faucet", doc: true, ..: with_path("/opt/rustwide/workdir/cmd/faucet/src/main.rs", Edition2018) }, profile: Profile { incremental: false, ..: default_dev() }, kind: Host, mode: Doc { deps: false }, features: ["default"], artifact: false, artifact_target_for_features: None, is_std: false, dep_hash: 18403074912418786128 }
[INFO] [stderr] Second unit: Unit { pkg: Package { id: PackageId { name: "starcoin-faucet", version: "1.8.0-rc.1", source: "/opt/rustwide/workdir/cmd/faucet" }, ..: ".." }, target: TargetInner { ..: lib_target("starcoin-faucet", ["lib"], "/opt/rustwide/workdir/cmd/faucet/src/lib.rs", Edition2018) }, profile: Profile { incremental: false, ..: default_dev() }, kind: Host, mode: Doc { deps: false }, features: ["default"], artifact: false, artifact_target_for_features: None, is_std: false, dep_hash: 9968047902931221548 }
[INFO] [stderr] warning: output filename collision.
[INFO] [stderr] The bin target `starcoin_generator` in package `starcoin-generator v1.8.0-rc.1 (/opt/rustwide/workdir/cmd/generator)` has the same output filename as the lib target `starcoin-generator` in package `starcoin-generator v1.8.0-rc.1 (/opt/rustwide/workdir/cmd/generator)`.
[INFO] [stderr] Colliding filename is: /opt/rustwide/target/doc/starcoin_generator/index.html
[INFO] [stderr] The output filenames should be unique.
[INFO] [stderr] This is a known bug where multiple crates with the same name use
[INFO] [stderr] the same path; see <https://github.com/rust-lang/cargo/issues/6313>.
[INFO] [stderr] If this looks unexpected, it may be a bug in Cargo. Please file a bug report at
[INFO] [stderr] https://github.com/rust-lang/cargo/issues/ with as much information as you
[INFO] [stderr] can provide.
[INFO] [stderr] cargo 1.69.0 (6e9a83356 2023-04-12) running on `x86_64-unknown-linux-gnu` target `x86_64-unknown-linux-gnu`
[INFO] [stderr] First unit: Unit { pkg: Package { id: PackageId { name: "starcoin-generator", version: "1.8.0-rc.1", source: "/opt/rustwide/workdir/cmd/generator" }, ..: ".." }, target: TargetInner { name: "starcoin_generator", doc: true, ..: with_path("/opt/rustwide/workdir/cmd/generator/src/main.rs", Edition2018) }, profile: Profile { incremental: false, ..: default_dev() }, kind: Host, mode: Doc { deps: false }, features: ["default"], artifact: false, artifact_target_for_features: None, is_std: false, dep_hash: 13218830751369508996 }
[INFO] [stderr] Second unit: Unit { pkg: Package { id: PackageId { name: "starcoin-generator", version: "1.8.0-rc.1", source: "/opt/rustwide/workdir/cmd/generator" }, ..: ".." }, target: TargetInner { ..: lib_target("starcoin-generator", ["lib"], "/opt/rustwide/workdir/cmd/generator/src/lib.rs", Edition2018) }, profile: Profile { incremental: false, ..: default_dev() }, kind: Host, mode: Doc { deps: false }, features: ["default"], artifact: false, artifact_target_for_features: None, is_std: false, dep_hash: 2305437826555266344 }
[INFO] [stderr] warning: output filename collision.
[INFO] [stderr] The bin target `starcoin_indexer` in package `starcoin-indexer v1.8.0-rc.1 (/opt/rustwide/workdir/cmd/indexer)` has the same output filename as the lib target `starcoin-indexer` in package `starcoin-indexer v1.8.0-rc.1 (/opt/rustwide/workdir/cmd/indexer)`.
[INFO] [stderr] Colliding filename is: /opt/rustwide/target/doc/starcoin_indexer/index.html
[INFO] [stderr] The output filenames should be unique.
[INFO] [stderr] This is a known bug where multiple crates with the same name use
[INFO] [stderr] the same path; see <https://github.com/rust-lang/cargo/issues/6313>.
[INFO] [stderr] If this looks unexpected, it may be a bug in Cargo. Please file a bug report at
[INFO] [stderr] https://github.com/rust-lang/cargo/issues/ with as much information as you
[INFO] [stderr] can provide.
[INFO] [stderr] cargo 1.69.0 (6e9a83356 2023-04-12) running on `x86_64-unknown-linux-gnu` target `x86_64-unknown-linux-gnu`
[INFO] [stderr] First unit: Unit { pkg: Package { id: PackageId { name: "starcoin-indexer", version: "1.8.0-rc.1", source: "/opt/rustwide/workdir/cmd/indexer" }, ..: ".." }, target: TargetInner { name: "starcoin_indexer", doc: true, ..: with_path("/opt/rustwide/workdir/cmd/indexer/src/main.rs", Edition2018) }, profile: Profile { incremental: false, ..: default_dev() }, kind: Host, mode: Doc { deps: false }, features: [], artifact: false, artifact_target_for_features: None, is_std: false, dep_hash: 12196826410659383161 }
[INFO] [stderr] Second unit: Unit { pkg: Package { id: PackageId { name: "starcoin-indexer", version: "1.8.0-rc.1", source: "/opt/rustwide/workdir/cmd/indexer" }, ..: ".." }, target: TargetInner { ..: lib_target("starcoin-indexer", ["lib"], "/opt/rustwide/workdir/cmd/indexer/src/lib.rs", Edition2018) }, profile: Profile { incremental: false, ..: default_dev() }, kind: Host, mode: Doc { deps: false }, features: [], artifact: false, artifact_target_for_features: None, is_std: false, dep_hash: 16480432915746225814 }
[INFO] [stderr] warning: output filename collision.
[INFO] [stderr] The bin target `starcoin_miner` in package `starcoin-miner-client v1.8.0-rc.1 (/opt/rustwide/workdir/cmd/miner_client)` has the same output filename as the lib target `starcoin-miner` in package `starcoin-miner v1.8.0-rc.1 (/opt/rustwide/workdir/miner)`.
[INFO] [stderr] Colliding filename is: /opt/rustwide/target/doc/starcoin_miner/index.html
[INFO] [stderr] The output filenames should be unique.
[INFO] [stderr] This is a known bug where multiple crates with the same name use
[INFO] [stderr] the same path; see <https://github.com/rust-lang/cargo/issues/6313>.
[INFO] [stderr] If this looks unexpected, it may be a bug in Cargo. Please file a bug report at
[INFO] [stderr] https://github.com/rust-lang/cargo/issues/ with as much information as you
[INFO] [stderr] can provide.
[INFO] [stderr] cargo 1.69.0 (6e9a83356 2023-04-12) running on `x86_64-unknown-linux-gnu` target `x86_64-unknown-linux-gnu`
[INFO] [stderr] First unit: Unit { pkg: Package { id: PackageId { name: "starcoin-miner-client", version: "1.8.0-rc.1", source: "/opt/rustwide/workdir/cmd/miner_client" }, ..: ".." }, target: TargetInner { name: "starcoin_miner", doc: true, ..: with_path("/opt/rustwide/workdir/cmd/miner_client/src/main.rs", Edition2018) }, profile: Profile { incremental: false, ..: default_dev() }, kind: Host, mode: Doc { deps: false }, features: [], artifact: false, artifact_target_for_features: None, is_std: false, dep_hash: 739096656348530506 }
[INFO] [stderr] Second unit: Unit { pkg: Package { id: PackageId { name: "starcoin-miner", version: "1.8.0-rc.1", source: "/opt/rustwide/workdir/miner" }, ..: ".." }, target: TargetInner { ..: lib_target("starcoin-miner", ["lib"], "/opt/rustwide/workdir/miner/src/lib.rs", Edition2018) }, profile: Profile { incremental: false, ..: default_dev() }, kind: Host, mode: Doc { deps: false }, features: [], artifact: false, artifact_target_for_features: None, is_std: false, dep_hash: 10112688196345960059 }
[INFO] [stderr] warning: output filename collision.
[INFO] [stderr] The bin target `starcoin_peer_watcher` in package `starcoin-peer-watcher v1.8.0-rc.1 (/opt/rustwide/workdir/cmd/peer-watcher)` has the same output filename as the lib target `starcoin-peer-watcher` in package `starcoin-peer-watcher v1.8.0-rc.1 (/opt/rustwide/workdir/cmd/peer-watcher)`.
[INFO] [stderr] Colliding filename is: /opt/rustwide/target/doc/starcoin_peer_watcher/index.html
[INFO] [stderr] The output filenames should be unique.
[INFO] [stderr] This is a known bug where multiple crates with the same name use
[INFO] [stderr] the same path; see <https://github.com/rust-lang/cargo/issues/6313>.
[INFO] [stderr] If this looks unexpected, it may be a bug in Cargo. Please file a bug report at
[INFO] [stderr] https://github.com/rust-lang/cargo/issues/ with as much information as you
[INFO] [stderr] can provide.
[INFO] [stderr] cargo 1.69.0 (6e9a83356 2023-04-12) running on `x86_64-unknown-linux-gnu` target `x86_64-unknown-linux-gnu`
[INFO] [stderr] First unit: Unit { pkg: Package { id: PackageId { name: "starcoin-peer-watcher", version: "1.8.0-rc.1", source: "/opt/rustwide/workdir/cmd/peer-watcher" }, ..: ".." }, target: TargetInner { name: "starcoin_peer_watcher", doc: true, ..: with_path("/opt/rustwide/workdir/cmd/peer-watcher/src/main.rs", Edition2018) }, profile: Profile { incremental: false, ..: default_dev() }, kind: Host, mode: Doc { deps: false }, features: [], artifact: false, artifact_target_for_features: None, is_std: false, dep_hash: 141859472183603333 }
[INFO] [stderr] Second unit: Unit { pkg: Package { id: PackageId { name: "starcoin-peer-watcher", version: "1.8.0-rc.1", source: "/opt/rustwide/workdir/cmd/peer-watcher" }, ..: ".." }, target: TargetInner { ..: lib_target("starcoin-peer-watcher", ["lib"], "/opt/rustwide/workdir/cmd/peer-watcher/src/lib.rs", Edition2018) }, profile: Profile { incremental: false, ..: default_dev() }, kind: Host, mode: Doc { deps: false }, features: [], artifact: false, artifact_target_for_features: None, is_std: false, dep_hash: 17644332259745019077 }
[INFO] [stderr]    Compiling libc v0.2.103
[INFO] [stderr]    Compiling proc-macro2 v1.0.30
[INFO] [stderr]    Compiling syn v1.0.80
[INFO] [stderr]    Compiling serde_derive v1.0.130
[INFO] [stderr]    Compiling serde v1.0.130
[INFO] [stderr]    Compiling version_check v0.9.3
[INFO] [stderr]    Compiling memchr v2.4.0
[INFO] [stderr]    Compiling value-bag v1.0.0-alpha.6
[INFO] [stderr]    Compiling log v0.4.14
[INFO] [stderr]    Compiling getrandom v0.2.2
[INFO] [stderr]    Compiling typenum v1.13.0
[INFO] [stderr]    Compiling cfg-if v1.0.0
[INFO] [stderr]    Compiling futures-core v0.3.17
[INFO] [stderr]    Compiling proc-macro-hack v0.5.19
[INFO] [stderr]    Compiling futures-channel v0.3.17
[INFO] [stderr]    Compiling proc-macro-nested v0.1.7
[INFO] [stderr]    Compiling futures-task v0.3.17
[INFO] [stderr]    Compiling futures-macro v0.3.17
[INFO] [stderr]    Compiling indexmap v1.7.0
[INFO] [stderr]    Compiling futures-util v0.3.17
[INFO] [stderr]    Compiling miniz_oxide v0.4.4
[INFO] [stderr]    Compiling once_cell v1.8.0
[INFO] [stderr]    Compiling generic-array v0.14.4
[INFO] [stderr]    Compiling ahash v0.7.4
[INFO] [stderr]    Compiling parking_lot_core v0.8.5
[INFO] [stderr]    Compiling anyhow v1.0.41
[INFO] [stderr]    Compiling crunchy v0.2.2
[INFO] [stderr]     Checking pin-project-lite v0.2.6
[INFO] [stderr]     Checking slab v0.4.2
[INFO] [stderr]    Compiling ryu v1.0.5
[INFO] [stderr]     Checking futures-io v0.3.17
[INFO] [stderr]     Checking futures v0.1.31
[INFO] [stderr]    Compiling ppv-lite86 v0.2.10
[INFO] [stderr]    Compiling subtle v2.4.0
[INFO] [stderr]    Compiling lazy_static v1.4.0
[INFO] [stderr]     Checking futures-sink v0.3.17
[INFO] [stderr]    Compiling adler v1.0.2
[INFO] [stderr]     Checking fnv v1.0.7
[INFO] [stderr]     Checking byteorder v1.4.3
[INFO] [stderr]    Compiling gimli v0.23.0
[INFO] [stderr]    Compiling quote v1.0.9
[INFO] [stderr]    Compiling object v0.23.0
[INFO] [stderr]    Compiling rustc-demangle v0.1.18
[INFO] [stderr]    Compiling serde_json v1.0.64
[INFO] [stderr]     Checking scopeguard v1.1.0
[INFO] [stderr]    Compiling remove_dir_all v0.5.3
[INFO] [stderr]     Checking smallvec v1.7.0
[INFO] [stderr]    Compiling either v1.6.1
[INFO] [stderr]    Compiling fixedbitset v0.2.0
[INFO] [stderr]     Checking instant v0.1.9
[INFO] [stderr]    Compiling itertools v0.10.1
[INFO] [stderr]    Compiling pkg-config v0.3.19
[INFO] [stderr]     Checking lock_api v0.4.5
[INFO] [stderr]    Compiling proc-macro-error-attr v1.0.4
[INFO] [stderr]     Checking itoa v0.4.7
[INFO] [stderr]    Compiling jobserver v0.1.21
[INFO] [stderr]     Checking num_cpus v1.13.0
[INFO] [stderr]    Compiling proc-macro-error v1.0.4
[INFO] [stderr]     Checking digest v0.9.0
[INFO] [stderr]    Compiling cc v1.0.71
[INFO] [stderr]    Compiling rand_core v0.6.3
[INFO] [stderr]     Checking tinyvec_macros v0.1.0
[INFO] [stderr]     Checking parking_lot v0.11.2
[INFO] [stderr]     Checking tinyvec v1.2.0
[INFO] [stderr]    Compiling opaque-debug v0.3.0
[INFO] [stderr]    Compiling crossbeam-utils v0.8.3
[INFO] [stderr]    Compiling rand_chacha v0.3.0
[INFO] [stderr]    Compiling pin-utils v0.1.0
[INFO] [stderr]    Compiling hashbrown v0.11.2
[INFO] [stderr]     Checking block-padding v0.2.1
[INFO] [stderr]     Checking percent-encoding v2.1.0
[INFO] [stderr]     Checking block-buffer v0.9.0
[INFO] [stderr]    Compiling rand v0.8.4
[INFO] [stderr]    Compiling heck v0.3.3
[INFO] [stderr]     Checking form_urlencoded v1.0.1
[INFO] [stderr]    Compiling httparse v1.5.1
[INFO] [stderr]     Checking cpuid-bool v0.1.2
[INFO] [stderr]     Checking unicode-normalization v0.1.17
[INFO] [stderr]    Compiling tiny-keccak v2.0.2
[INFO] [stderr]     Checking getrandom v0.1.16
[INFO] [stderr]    Compiling proc-macro2 v0.4.30
[INFO] [stderr]     Checking regex-syntax v0.6.23
[INFO] [stderr]    Compiling backtrace v0.3.58
[INFO] [stderr]    Compiling addr2line v0.14.1
[INFO] [stderr]    Compiling ring v0.16.20
[INFO] [stderr]    Compiling petgraph v0.5.1
[INFO] [stderr]    Compiling tempfile v3.2.0
[INFO] [stderr]     Checking rand_core v0.5.1
[INFO] [stderr]    Compiling syn v0.15.44
[INFO] [stderr]     Checking idna v0.2.2
[INFO] [stderr]    Compiling openssl-sys v0.9.61
[INFO] [stderr]    Compiling tokio v1.11.0
[INFO] [stderr]     Checking rand_chacha v0.2.2
[INFO] [stderr]     Checking signal-hook-registry v1.3.0
[INFO] [stderr]    Compiling openssl v0.10.33
[INFO] [stderr]    Compiling native-tls v0.2.8
[INFO] [stderr]    Compiling quote v0.6.13
[INFO] [stderr]     Checking rand v0.7.3
[INFO] [stderr]     Checking url v2.2.1
[INFO] [stderr]    Compiling spin v0.5.2
[INFO] [stderr]    Compiling untrusted v0.7.1
[INFO] [stderr] The following warnings were emitted during compilation:
[INFO] [stderr] 
[INFO] [stderr] warning: build/expando.c:4:24: error: pasting "RUST_VERSION_OPENSSL_" and "(" does not give a valid preprocessing token
[INFO] [stderr] warning:     4 | #define VERSION2(n, v) RUST_VERSION_##n##_##v
[INFO] [stderr] warning:       |                        ^~~~~~~~~~~~~
[INFO] [stderr] warning: build/expando.c:5:23: note: in expansion of macro 'VERSION2'
[INFO] [stderr] warning:     5 | #define VERSION(n, v) VERSION2(n, v)
[INFO] [stderr] warning:       |                       ^~~~~~~~
[INFO] [stderr] warning: build/expando.c:10:1: note: in expansion of macro 'VERSION'
[INFO] [stderr] warning:    10 | VERSION(OPENSSL, OPENSSL_VERSION_NUMBER)
[INFO] [stderr] warning:       | ^~~~~~~
[INFO] [stderr] 
[INFO] [stderr] error: failed to run custom build command for `openssl-sys v0.9.61`
[INFO] [stderr] note: To improve backtraces for build dependencies, set the CARGO_PROFILE_DEV_BUILD_OVERRIDE_DEBUG=true environment variable to enable debug information generation.
[INFO] [stderr] 
[INFO] [stderr] Caused by:
[INFO] [stderr]   process didn't exit successfully: `/opt/rustwide/target/debug/build/openssl-sys-56a1e4646288a7b8/build-script-main` (exit status: 101)
[INFO] [stderr]   --- stdout
[INFO] [stderr]   cargo:rustc-cfg=const_fn
[INFO] [stderr]   cargo:rerun-if-env-changed=X86_64_UNKNOWN_LINUX_GNU_OPENSSL_LIB_DIR
[INFO] [stderr]   X86_64_UNKNOWN_LINUX_GNU_OPENSSL_LIB_DIR unset
[INFO] [stderr]   cargo:rerun-if-env-changed=OPENSSL_LIB_DIR
[INFO] [stderr]   OPENSSL_LIB_DIR unset
[INFO] [stderr]   cargo:rerun-if-env-changed=X86_64_UNKNOWN_LINUX_GNU_OPENSSL_INCLUDE_DIR
[INFO] [stderr]   X86_64_UNKNOWN_LINUX_GNU_OPENSSL_INCLUDE_DIR unset
[INFO] [stderr]   cargo:rerun-if-env-changed=OPENSSL_INCLUDE_DIR
[INFO] [stderr]   OPENSSL_INCLUDE_DIR unset
[INFO] [stderr]   cargo:rerun-if-env-changed=X86_64_UNKNOWN_LINUX_GNU_OPENSSL_DIR
[INFO] [stderr]   X86_64_UNKNOWN_LINUX_GNU_OPENSSL_DIR unset
[INFO] [stderr]   cargo:rerun-if-env-changed=OPENSSL_DIR
[INFO] [stderr]   OPENSSL_DIR unset
[INFO] [stderr]   cargo:rerun-if-env-changed=OPENSSL_NO_PKG_CONFIG
[INFO] [stderr]   cargo:rerun-if-env-changed=PKG_CONFIG
[INFO] [stderr]   cargo:rerun-if-env-changed=OPENSSL_STATIC
[INFO] [stderr]   cargo:rerun-if-env-changed=OPENSSL_DYNAMIC
[INFO] [stderr]   cargo:rerun-if-env-changed=PKG_CONFIG_ALL_STATIC
[INFO] [stderr]   cargo:rerun-if-env-changed=PKG_CONFIG_ALL_DYNAMIC
[INFO] [stderr]   cargo:rerun-if-env-changed=PKG_CONFIG_PATH_x86_64-unknown-linux-gnu
[INFO] [stderr]   cargo:rerun-if-env-changed=PKG_CONFIG_PATH_x86_64_unknown_linux_gnu
[INFO] [stderr]   cargo:rerun-if-env-changed=HOST_PKG_CONFIG_PATH
[INFO] [stderr]   cargo:rerun-if-env-changed=PKG_CONFIG_PATH
[INFO] [stderr]   cargo:rerun-if-env-changed=PKG_CONFIG_LIBDIR_x86_64-unknown-linux-gnu
[INFO] [stderr]   cargo:rerun-if-env-changed=PKG_CONFIG_LIBDIR_x86_64_unknown_linux_gnu
[INFO] [stderr]   cargo:rerun-if-env-changed=HOST_PKG_CONFIG_LIBDIR
[INFO] [stderr]   cargo:rerun-if-env-changed=PKG_CONFIG_LIBDIR
[INFO] [stderr]   cargo:rerun-if-env-changed=PKG_CONFIG_SYSROOT_DIR_x86_64-unknown-linux-gnu
[INFO] [stderr]   cargo:rerun-if-env-changed=PKG_CONFIG_SYSROOT_DIR_x86_64_unknown_linux_gnu
[INFO] [stderr]   cargo:rerun-if-env-changed=HOST_PKG_CONFIG_SYSROOT_DIR
[INFO] [stderr]   cargo:rerun-if-env-changed=PKG_CONFIG_SYSROOT_DIR
[INFO] [stderr]   cargo:rerun-if-env-changed=PKG_CONFIG_SYSROOT_DIR
[INFO] [stderr]   cargo:rerun-if-env-changed=SYSROOT
[INFO] [stderr]   cargo:rerun-if-env-changed=OPENSSL_STATIC
[INFO] [stderr]   cargo:rerun-if-env-changed=OPENSSL_DYNAMIC
[INFO] [stderr]   cargo:rerun-if-env-changed=PKG_CONFIG_ALL_STATIC
[INFO] [stderr]   cargo:rerun-if-env-changed=PKG_CONFIG_ALL_DYNAMIC
[INFO] [stderr]   cargo:rustc-link-lib=ssl
[INFO] [stderr]   cargo:rustc-link-lib=crypto
[INFO] [stderr]   cargo:rerun-if-env-changed=PKG_CONFIG
[INFO] [stderr]   cargo:rerun-if-env-changed=OPENSSL_STATIC
[INFO] [stderr]   cargo:rerun-if-env-changed=OPENSSL_DYNAMIC
[INFO] [stderr]   cargo:rerun-if-env-changed=PKG_CONFIG_ALL_STATIC
[INFO] [stderr]   cargo:rerun-if-env-changed=PKG_CONFIG_ALL_DYNAMIC
[INFO] [stderr]   cargo:rerun-if-env-changed=PKG_CONFIG_PATH_x86_64-unknown-linux-gnu
[INFO] [stderr]   cargo:rerun-if-env-changed=PKG_CONFIG_PATH_x86_64_unknown_linux_gnu
[INFO] [stderr]   cargo:rerun-if-env-changed=HOST_PKG_CONFIG_PATH
[INFO] [stderr]   cargo:rerun-if-env-changed=PKG_CONFIG_PATH
[INFO] [stderr]   cargo:rerun-if-env-changed=PKG_CONFIG_LIBDIR_x86_64-unknown-linux-gnu
[INFO] [stderr]   cargo:rerun-if-env-changed=PKG_CONFIG_LIBDIR_x86_64_unknown_linux_gnu
[INFO] [stderr]   cargo:rerun-if-env-changed=HOST_PKG_CONFIG_LIBDIR
[INFO] [stderr]   cargo:rerun-if-env-changed=PKG_CONFIG_LIBDIR
[INFO] [stderr]   cargo:rerun-if-env-changed=PKG_CONFIG_SYSROOT_DIR_x86_64-unknown-linux-gnu
[INFO] [stderr]   cargo:rerun-if-env-changed=PKG_CONFIG_SYSROOT_DIR_x86_64_unknown_linux_gnu
[INFO] [stderr]   cargo:rerun-if-env-changed=HOST_PKG_CONFIG_SYSROOT_DIR
[INFO] [stderr]   cargo:rerun-if-env-changed=PKG_CONFIG_SYSROOT_DIR
[INFO] [stderr]   OPT_LEVEL = Some("0")
[INFO] [stderr]   TARGET = Some("x86_64-unknown-linux-gnu")
[INFO] [stderr]   HOST = Some("x86_64-unknown-linux-gnu")
[INFO] [stderr]   CC_x86_64-unknown-linux-gnu = None
[INFO] [stderr]   CC_x86_64_unknown_linux_gnu = None
[INFO] [stderr]   HOST_CC = None
[INFO] [stderr]   CC = None
[INFO] [stderr]   CFLAGS_x86_64-unknown-linux-gnu = None
[INFO] [stderr]   CFLAGS_x86_64_unknown_linux_gnu = None
[INFO] [stderr]   HOST_CFLAGS = None
[INFO] [stderr]   CFLAGS = None
[INFO] [stderr]   CRATE_CC_NO_DEFAULTS = None
[INFO] [stderr]   DEBUG = Some("true")
[INFO] [stderr]   CARGO_CFG_TARGET_FEATURE = Some("fxsr,sse,sse2")
[INFO] [stderr]   running: "cc" "-O0" "-ffunction-sections" "-fdata-sections" "-fPIC" "-g" "-fno-omit-frame-pointer" "-m64" "-I" "/usr/include" "-Wall" "-Wextra" "-E" "build/expando.c"
[INFO] [stderr]   cargo:warning=build/expando.c:4:24: error: pasting "RUST_VERSION_OPENSSL_" and "(" does not give a valid preprocessing token
[INFO] [stderr]   cargo:warning=    4 | #define VERSION2(n, v) RUST_VERSION_##n##_##v
[INFO] [stderr]   cargo:warning=      |                        ^~~~~~~~~~~~~
[INFO] [stderr]   cargo:warning=build/expando.c:5:23: note: in expansion of macro 'VERSION2'
[INFO] [stderr]   cargo:warning=    5 | #define VERSION(n, v) VERSION2(n, v)
[INFO] [stderr]   cargo:warning=      |                       ^~~~~~~~
[INFO] [stderr]   cargo:warning=build/expando.c:10:1: note: in expansion of macro 'VERSION'
[INFO] [stderr]   cargo:warning=   10 | VERSION(OPENSSL, OPENSSL_VERSION_NUMBER)
[INFO] [stderr]   cargo:warning=      | ^~~~~~~
[INFO] [stderr]   exit status: 1
[INFO] [stderr] 
[INFO] [stderr]   --- stderr
[INFO] [stderr]   thread 'main' panicked at '
[INFO] [stderr]   Header expansion error:
[INFO] [stderr]   Error { kind: ToolExecError, message: "Command \"cc\" \"-O0\" \"-ffunction-sections\" \"-fdata-sections\" \"-fPIC\" \"-g\" \"-fno-omit-frame-pointer\" \"-m64\" \"-I\" \"/usr/include\" \"-Wall\" \"-Wextra\" \"-E\" \"build/expando.c\" with args \"cc\" did not execute successfully (status code exit status: 1)." }
[INFO] [stderr] 
[INFO] [stderr]   Failed to find OpenSSL development headers.
[INFO] [stderr] 
[INFO] [stderr]   You can try fixing this setting the `OPENSSL_DIR` environment variable
[INFO] [stderr]   pointing to your OpenSSL installation or installing OpenSSL headers package
[INFO] [stderr]   specific to your distribution:
[INFO] [stderr] 
[INFO] [stderr]       # On Ubuntu
[INFO] [stderr]       sudo apt-get install libssl-dev
[INFO] [stderr]       # On Arch Linux
[INFO] [stderr]       sudo pacman -S openssl
[INFO] [stderr]       # On Fedora
[INFO] [stderr]       sudo dnf install openssl-devel
[INFO] [stderr] 
[INFO] [stderr]   See rust-openssl README for more information:
[INFO] [stderr] 
[INFO] [stderr]       https://github.com/sfackler/rust-openssl#linux
[INFO] [stderr]   ', /opt/rustwide/cargo-home/registry/src/github.com-1ecc6299db9ec823/openssl-sys-0.9.61/build/main.rs:147:13
[INFO] [stderr]   stack backtrace:
[INFO] [stderr]      0:     0x557d13ec04ba - std::backtrace_rs::backtrace::libunwind::trace::ha9053a9a07ca49cb
[INFO] [stderr]                                  at /rustc/84c898d65adf2f39a5a98507f1fe0ce10a2b8dbc/library/std/src/../../backtrace/src/backtrace/libunwind.rs:93:5
[INFO] [stderr]      1:     0x557d13ec04ba - std::backtrace_rs::backtrace::trace_unsynchronized::h9c2852a457ad564e
[INFO] [stderr]                                  at /rustc/84c898d65adf2f39a5a98507f1fe0ce10a2b8dbc/library/std/src/../../backtrace/src/backtrace/mod.rs:66:5
[INFO] [stderr]      2:     0x557d13ec04ba - std::sys_common::backtrace::_print_fmt::h457936fbfaa0070f
[INFO] [stderr]                                  at /rustc/84c898d65adf2f39a5a98507f1fe0ce10a2b8dbc/library/std/src/sys_common/backtrace.rs:65:5
[INFO] [stderr]      3:     0x557d13ec04ba - <std::sys_common::backtrace::_print::DisplayBacktrace as core::fmt::Display>::fmt::h5779d7bf7f70cb0c
[INFO] [stderr]                                  at /rustc/84c898d65adf2f39a5a98507f1fe0ce10a2b8dbc/library/std/src/sys_common/backtrace.rs:44:22
[INFO] [stderr]      4:     0x557d13ee064e - core::fmt::write::h5a4baaff1bcd3eb5
[INFO] [stderr]                                  at /rustc/84c898d65adf2f39a5a98507f1fe0ce10a2b8dbc/library/core/src/fmt/mod.rs:1232:17
[INFO] [stderr]      5:     0x557d13ebd5a5 - std::io::Write::write_fmt::h4bc1f301cb9e9cce
[INFO] [stderr]                                  at /rustc/84c898d65adf2f39a5a98507f1fe0ce10a2b8dbc/library/std/src/io/mod.rs:1684:15
[INFO] [stderr]      6:     0x557d13ec0285 - std::sys_common::backtrace::_print::h5fcdc36060f177e8
[INFO] [stderr]                                  at /rustc/84c898d65adf2f39a5a98507f1fe0ce10a2b8dbc/library/std/src/sys_common/backtrace.rs:47:5
[INFO] [stderr]      7:     0x557d13ec0285 - std::sys_common::backtrace::print::h54ca9458b876c8bf
[INFO] [stderr]                                  at /rustc/84c898d65adf2f39a5a98507f1fe0ce10a2b8dbc/library/std/src/sys_common/backtrace.rs:34:9
[INFO] [stderr]      8:     0x557d13ec1c5f - std::panicking::default_hook::{{closure}}::hbe471161c7664ed6
[INFO] [stderr]                                  at /rustc/84c898d65adf2f39a5a98507f1fe0ce10a2b8dbc/library/std/src/panicking.rs:271:22
[INFO] [stderr]      9:     0x557d13ec199b - std::panicking::default_hook::ha3500da57aa4ac4f
[INFO] [stderr]                                  at /rustc/84c898d65adf2f39a5a98507f1fe0ce10a2b8dbc/library/std/src/panicking.rs:290:9
[INFO] [stderr]     10:     0x557d13ec2208 - std::panicking::rust_panic_with_hook::h50c09d000dc561d2
[INFO] [stderr]                                  at /rustc/84c898d65adf2f39a5a98507f1fe0ce10a2b8dbc/library/std/src/panicking.rs:692:13
[INFO] [stderr]     11:     0x557d13ec2109 - std::panicking::begin_panic_handler::{{closure}}::h9e2b2176e00e0d9c
[INFO] [stderr]                                  at /rustc/84c898d65adf2f39a5a98507f1fe0ce10a2b8dbc/library/std/src/panicking.rs:583:13
[INFO] [stderr]     12:     0x557d13ec0926 - std::sys_common::backtrace::__rust_end_short_backtrace::h5739b8e512c09d02
[INFO] [stderr]                                  at /rustc/84c898d65adf2f39a5a98507f1fe0ce10a2b8dbc/library/std/src/sys_common/backtrace.rs:150:18
[INFO] [stderr]     13:     0x557d13ec1e12 - rust_begin_unwind
[INFO] [stderr]                                  at /rustc/84c898d65adf2f39a5a98507f1fe0ce10a2b8dbc/library/std/src/panicking.rs:579:5
[INFO] [stderr]     14:     0x557d13e217c3 - core::panicking::panic_fmt::hf33a1475b4dc5c3e
[INFO] [stderr]                                  at /rustc/84c898d65adf2f39a5a98507f1fe0ce10a2b8dbc/library/core/src/panicking.rs:64:14
[INFO] [stderr]     15:     0x557d13e2895c - build_script_main::validate_headers::h0342f870e07f2aa1
[INFO] [stderr]     16:     0x557d13e2c43e - build_script_main::find_normal::try_pkg_config::hfaca5021ff36ebb2
[INFO] [stderr]     17:     0x557d13e2b49a - build_script_main::find_normal::find_openssl_dir::ha932f49710ee9c88
[INFO] [stderr]     18:     0x557d13e2aec2 - build_script_main::find_normal::get_openssl::{{closure}}::hba9a58d125ae086c
[INFO] [stderr]     19:     0x557d13e268aa - core::option::Option<T>::unwrap_or_else::h45006e9b5f61ff4d
[INFO] [stderr]     20:     0x557d13e2ac7e - build_script_main::find_normal::get_openssl::h541855baaf836f70
[INFO] [stderr]     21:     0x557d13e2768d - build_script_main::find_openssl::h7f9389bcd4508728
[INFO] [stderr]     22:     0x557d13e27771 - build_script_main::main::h919af51af4822bf1
[INFO] [stderr]     23:     0x557d13e2e273 - core::ops::function::FnOnce::call_once::haf30c6728def8f5a
[INFO] [stderr]     24:     0x557d13e2da89 - std::sys_common::backtrace::__rust_begin_short_backtrace::hc323d789ebf5fb10
[INFO] [stderr]     25:     0x557d13e25089 - std::rt::lang_start::{{closure}}::hc6d218fd0f66f0e4
[INFO] [stderr]     26:     0x557d13eb9e1c - core::ops::function::impls::<impl core::ops::function::FnOnce<A> for &F>::call_once::hd6efcd3bec896f2c
[INFO] [stderr]                                  at /rustc/84c898d65adf2f39a5a98507f1fe0ce10a2b8dbc/library/core/src/ops/function.rs:287:13
[INFO] [stderr]     27:     0x557d13eb9e1c - std::panicking::try::do_call::hce04e543bb1f4cbb
[INFO] [stderr]                                  at /rustc/84c898d65adf2f39a5a98507f1fe0ce10a2b8dbc/library/std/src/panicking.rs:487:40
[INFO] [stderr]     28:     0x557d13eb9e1c - std::panicking::try::h3342dd4e1f680968
[INFO] [stderr]                                  at /rustc/84c898d65adf2f39a5a98507f1fe0ce10a2b8dbc/library/std/src/panicking.rs:451:19
[INFO] [stderr]     29:     0x557d13eb9e1c - std::panic::catch_unwind::h148ce1e59ac0cee7
[INFO] [stderr]                                  at /rustc/84c898d65adf2f39a5a98507f1fe0ce10a2b8dbc/library/std/src/panic.rs:140:14
[INFO] [stderr]     30:     0x557d13eb9e1c - std::rt::lang_start_internal::{{closure}}::h25f9dda2057a67fe
[INFO] [stderr]                                  at /rustc/84c898d65adf2f39a5a98507f1fe0ce10a2b8dbc/library/std/src/rt.rs:148:48
[INFO] [stderr]     31:     0x557d13eb9e1c - std::panicking::try::do_call::h7caaaeaf9401650b
[INFO] [stderr]                                  at /rustc/84c898d65adf2f39a5a98507f1fe0ce10a2b8dbc/library/std/src/panicking.rs:487:40
[INFO] [stderr]     32:     0x557d13eb9e1c - std::panicking::try::he7d15285746cbbc2
[INFO] [stderr]                                  at /rustc/84c898d65adf2f39a5a98507f1fe0ce10a2b8dbc/library/std/src/panicking.rs:451:19
[INFO] [stderr]     33:     0x557d13eb9e1c - std::panic::catch_unwind::h89fb4f50c0301fe0
[INFO] [stderr]                                  at /rustc/84c898d65adf2f39a5a98507f1fe0ce10a2b8dbc/library/std/src/panic.rs:140:14
[INFO] [stderr]     34:     0x557d13eb9e1c - std::rt::lang_start_internal::h078acd489417d3c1
[INFO] [stderr]                                  at /rustc/84c898d65adf2f39a5a98507f1fe0ce10a2b8dbc/library/std/src/rt.rs:148:20
[INFO] [stderr]     35:     0x557d13e25067 - std::rt::lang_start::h36ebc1d9ba29d259
[INFO] [stderr]     36:     0x557d13e2a945 - main
[INFO] [stderr]     37:     0x7fd8eab32d90 - <unknown>
[INFO] [stderr]     38:     0x7fd8eab32e40 - __libc_start_main
[INFO] [stderr]     39:     0x557d13e21d45 - _start
[INFO] [stderr]     40:                0x0 - <unknown>
[INFO] [stderr] warning: build failed, waiting for other jobs to finish...
[INFO] running `Command { std: "docker" "inspect" "d154d2c9aca8b90122e6c6c67c50de13f53d0b5a9ea27d3a28d650c7acbb3fa7", kill_on_drop: false }`
[INFO] running `Command { std: "docker" "rm" "-f" "d154d2c9aca8b90122e6c6c67c50de13f53d0b5a9ea27d3a28d650c7acbb3fa7", kill_on_drop: false }`
[INFO] [stdout] d154d2c9aca8b90122e6c6c67c50de13f53d0b5a9ea27d3a28d650c7acbb3fa7
