[INFO] cloning repository https://github.com/cquinn/meshman
[INFO] running `Command { std: "git" "-c" "credential.helper=" "-c" "credential.helper=/workspace/cargo-home/bin/git-credential-null" "clone" "--bare" "https://github.com/cquinn/meshman" "/workspace/cache/git-repos/https%3A%2F%2Fgithub.com%2Fcquinn%2Fmeshman", kill_on_drop: false }`
[INFO] [stderr] Cloning into bare repository '/workspace/cache/git-repos/https%3A%2F%2Fgithub.com%2Fcquinn%2Fmeshman'...
[INFO] running `Command { std: "git" "rev-parse" "HEAD", kill_on_drop: false }`
[INFO] [stdout] 28b2364492eade32bbce80ad2888525001e61021
[INFO] documenting cquinn/meshman against 1.69.0 for beta-1.70-rustdoc-1
[INFO] running `Command { std: "git" "clone" "/workspace/cache/git-repos/https%3A%2F%2Fgithub.com%2Fcquinn%2Fmeshman" "/workspace/builds/worker-6-tc1/source", kill_on_drop: false }`
[INFO] [stderr] Cloning into '/workspace/builds/worker-6-tc1/source'...
[INFO] [stderr] done.
[INFO] validating manifest of git repo https://github.com/cquinn/meshman on toolchain 1.69.0
[INFO] running `Command { std: CARGO_HOME="/workspace/cargo-home" RUSTUP_HOME="/workspace/rustup-home" "/workspace/cargo-home/bin/cargo" "+1.69.0" "metadata" "--manifest-path" "Cargo.toml" "--no-deps", kill_on_drop: false }`
[INFO] started tweaking git repo https://github.com/cquinn/meshman
[INFO] finished tweaking git repo https://github.com/cquinn/meshman
[INFO] tweaked toml for git repo https://github.com/cquinn/meshman written to /workspace/builds/worker-6-tc1/source/Cargo.toml
[INFO] crate git repo https://github.com/cquinn/meshman already has a lockfile, it will not be regenerated
[INFO] running `Command { std: CARGO_HOME="/workspace/cargo-home" RUSTUP_HOME="/workspace/rustup-home" "/workspace/cargo-home/bin/cargo" "+1.69.0" "fetch" "--manifest-path" "Cargo.toml", kill_on_drop: false }`
[INFO] [stderr] warning: unused manifest key: package.tags
[INFO] [stderr]  Downloading crates ...
[INFO] [stderr]   Downloaded rustc-serialize v0.3.7
[INFO] [stderr]   Downloaded libc v0.1.3
[INFO] [stderr]   Downloaded nalgebra v0.2.7
[INFO] [stderr]   Downloaded getopts v0.2.5
[INFO] running `Command { std: "docker" "create" "-v" "/var/lib/crater-agent-workspace/builds/worker-6-tc1/target:/opt/rustwide/target:rw,Z" "-v" "/var/lib/crater-agent-workspace/builds/worker-6-tc1/source:/opt/rustwide/workdir:ro,Z" "-v" "/var/lib/crater-agent-workspace/cargo-home:/opt/rustwide/cargo-home:ro,Z" "-v" "/var/lib/crater-agent-workspace/rustup-home:/opt/rustwide/rustup-home:ro,Z" "-e" "SOURCE_DIR=/opt/rustwide/workdir" "-e" "CARGO_TARGET_DIR=/opt/rustwide/target" "-e" "CARGO_HOME=/opt/rustwide/cargo-home" "-e" "RUSTUP_HOME=/opt/rustwide/rustup-home" "-w" "/opt/rustwide/workdir" "-m" "1610612736" "--user" "0:0" "--network" "none" "ghcr.io/rust-lang/crates-build-env/linux@sha256:5ff2268d62e97bff2cde7d5815dd6ed5b47097566f13b8d0ca110b04b60e07ed" "/opt/rustwide/cargo-home/bin/cargo" "+1.69.0" "metadata" "--no-deps" "--format-version=1", kill_on_drop: false }`
[INFO] [stdout] e254a23b6ff87ff4b86dff5dc16e75d5cb807a8ec26c20c6b46ad8fc2baae011
[INFO] running `Command { std: "docker" "start" "-a" "e254a23b6ff87ff4b86dff5dc16e75d5cb807a8ec26c20c6b46ad8fc2baae011", kill_on_drop: false }`
[INFO] running `Command { std: "docker" "inspect" "e254a23b6ff87ff4b86dff5dc16e75d5cb807a8ec26c20c6b46ad8fc2baae011", kill_on_drop: false }`
[INFO] running `Command { std: "docker" "rm" "-f" "e254a23b6ff87ff4b86dff5dc16e75d5cb807a8ec26c20c6b46ad8fc2baae011", kill_on_drop: false }`
[INFO] [stdout] e254a23b6ff87ff4b86dff5dc16e75d5cb807a8ec26c20c6b46ad8fc2baae011
[INFO] running `Command { std: "docker" "create" "-v" "/var/lib/crater-agent-workspace/builds/worker-6-tc1/target:/opt/rustwide/target:rw,Z" "-v" "/var/lib/crater-agent-workspace/builds/worker-6-tc1/source:/opt/rustwide/workdir:ro,Z" "-v" "/var/lib/crater-agent-workspace/cargo-home:/opt/rustwide/cargo-home:ro,Z" "-v" "/var/lib/crater-agent-workspace/rustup-home:/opt/rustwide/rustup-home:ro,Z" "-e" "SOURCE_DIR=/opt/rustwide/workdir" "-e" "CARGO_TARGET_DIR=/opt/rustwide/target" "-e" "CARGO_INCREMENTAL=0" "-e" "RUST_BACKTRACE=full" "-e" "RUSTFLAGS=--cap-lints=warn" "-e" "RUSTDOCFLAGS=--cap-lints=warn" "-e" "CARGO_HOME=/opt/rustwide/cargo-home" "-e" "RUSTUP_HOME=/opt/rustwide/rustup-home" "-w" "/opt/rustwide/workdir" "-m" "1610612736" "--user" "0:0" "--network" "none" "ghcr.io/rust-lang/crates-build-env/linux@sha256:5ff2268d62e97bff2cde7d5815dd6ed5b47097566f13b8d0ca110b04b60e07ed" "/opt/rustwide/cargo-home/bin/cargo" "+1.69.0" "doc" "--frozen" "--no-deps" "--document-private-items" "--message-format=json", kill_on_drop: false }`
[INFO] [stdout] 065a4f3d90fffa63297cb97d82090f0f40a05fcfcfd2329d2e15f559a9146d7e
[INFO] running `Command { std: "docker" "start" "-a" "065a4f3d90fffa63297cb97d82090f0f40a05fcfcfd2329d2e15f559a9146d7e", kill_on_drop: false }`
[INFO] [stderr] warning: unused manifest key: package.tags
[INFO] [stderr]     Checking log v0.2.5
[INFO] [stderr]     Checking libc v0.1.3
[INFO] [stderr]     Checking rustc-serialize v0.3.7
[INFO] [stdout] error: expected identifier, found `"std"`
[INFO] [stdout]   --> /opt/rustwide/cargo-home/registry/src/github.com-1ecc6299db9ec823/libc-0.1.3/rust/src/liblibc/lib.rs:79:46
[INFO] [stdout]    |
[INFO] [stdout] 79 | #[cfg(feature = "cargo-build")] extern crate "std" as core;
[INFO] [stdout]    |                                              ^^^^^ expected identifier
[INFO] [stdout] 
[INFO] [stdout] 
[INFO] [stdout] error: aborting due to previous error
[INFO] [stdout] 
[INFO] [stdout] 
[INFO] [stderr] error: could not compile `libc` due to 2 previous errors
[INFO] [stderr] warning: build failed, waiting for other jobs to finish...
[INFO] [stdout] error[E0425]: cannot find function `at_exit` in module `rt`
[INFO] [stdout]    --> /opt/rustwide/cargo-home/registry/src/github.com-1ecc6299db9ec823/log-0.2.5/src/lib.rs:535:9
[INFO] [stdout]     |
[INFO] [stdout] 535 |     rt::at_exit(|| {
[INFO] [stdout]     |         ^^^^^^^ not found in `rt`
[INFO] [stdout] 
[INFO] [stdout] 
[INFO] [stdout] error[E0658]: use of unstable library feature 'rt': this public module should not exist and is highly likely to disappear
[INFO] [stdout]    --> /opt/rustwide/cargo-home/registry/src/github.com-1ecc6299db9ec823/log-0.2.5/src/lib.rs:153:5
[INFO] [stdout]     |
[INFO] [stdout] 153 | use std::rt;
[INFO] [stdout]     |     ^^^^^^^
[INFO] [stdout] 
[INFO] [stdout] 
[INFO] [stdout] error[E0554]: `#![feature]` may not be used on the stable release channel
[INFO] [stdout]    --> /opt/rustwide/cargo-home/registry/src/github.com-1ecc6299db9ec823/log-0.2.5/src/lib.rs:145:12
[INFO] [stdout]     |
[INFO] [stdout] 145 | #![feature(core, std_misc)]
[INFO] [stdout]     |            ^^^^
[INFO] [stdout] 
[INFO] [stdout] 
[INFO] [stdout] error[E0554]: `#![feature]` may not be used on the stable release channel
[INFO] [stdout]    --> /opt/rustwide/cargo-home/registry/src/github.com-1ecc6299db9ec823/log-0.2.5/src/lib.rs:145:18
[INFO] [stdout]     |
[INFO] [stdout] 145 | #![feature(core, std_misc)]
[INFO] [stdout]     |                  ^^^^^^^^
[INFO] [stdout] 
[INFO] [stdout] 
[INFO] [stdout] error[E0635]: unknown feature `std_misc`
[INFO] [stdout]    --> /opt/rustwide/cargo-home/registry/src/github.com-1ecc6299db9ec823/log-0.2.5/src/lib.rs:145:18
[INFO] [stdout]     |
[INFO] [stdout] 145 | #![feature(core, std_misc)]
[INFO] [stdout]     |                  ^^^^^^^^
[INFO] [stdout] 
[INFO] [stdout] 
[INFO] [stdout] error[E0642]: patterns aren't allowed in functions without bodies
[INFO] [stdout]    --> /opt/rustwide/cargo-home/registry/src/github.com-1ecc6299db9ec823/rustc-serialize-0.3.7/src/serialize.rs:144:45
[INFO] [stdout]     |
[INFO] [stdout] 144 | ...                   &f_name: &str,
[INFO] [stdout]     |                       ^^^^^^^ pattern not allowed in function without body
[INFO] [stdout] 
[INFO] [stdout] 
[INFO] [stdout] error[E0432]: unresolved import `std::ffi::AsOsStr`
[INFO] [stdout]   --> /opt/rustwide/cargo-home/registry/src/github.com-1ecc6299db9ec823/rustc-serialize-0.3.7/src/serialize.rs:18:16
[INFO] [stdout]    |
[INFO] [stdout] 18 | use std::ffi::{AsOsStr, OsString};
[INFO] [stdout]    |                ^^^^^^^
[INFO] [stdout]    |                |
[INFO] [stdout]    |                no `AsOsStr` in `ffi`
[INFO] [stdout]    |                help: a similar name exists in the module: `OsStr`
[INFO] [stdout] 
[INFO] [stdout] 
[INFO] [stdout] error[E0432]: unresolved imports `std::num::Float`, `std::num::Int`
[INFO] [stdout]    --> /opt/rustwide/cargo-home/registry/src/github.com-1ecc6299db9ec823/rustc-serialize-0.3.7/src/json.rs:244:16
[INFO] [stdout]     |
[INFO] [stdout] 244 | use std::num::{Float, Int};
[INFO] [stdout]     |                ^^^^^  ^^^ no `Int` in `num`
[INFO] [stdout]     |                |
[INFO] [stdout]     |                no `Float` in `num`
[INFO] [stdout] 
[INFO] [stdout] 
[INFO] [stdout] error[E0405]: cannot find trait `FromError` in module `std::error`
[INFO] [stdout]    --> /opt/rustwide/cargo-home/registry/src/github.com-1ecc6299db9ec823/rustc-serialize-0.3.7/src/json.rs:414:18
[INFO] [stdout]     |
[INFO] [stdout] 414 | impl std::error::FromError<fmt::Error> for EncoderError {
[INFO] [stdout]     |                  ^^^^^^^^^ not found in `std::error`
[INFO] [stdout] 
[INFO] [stdout] 
[INFO] [stdout] error: aborting due to 5 previous errors
[INFO] [stdout] 
[INFO] [stdout] 
[INFO] [stdout] Some errors have detailed explanations: E0425, E0554, E0635, E0658.
[INFO] [stdout] 
[INFO] [stdout] For more information about an error, try `rustc --explain E0425`.
[INFO] [stdout] 
[INFO] [stderr] error: could not compile `log` due to 6 previous errors
[INFO] [stdout] error[E0554]: `#![feature]` may not be used on the stable release channel
[INFO] [stdout]   --> /opt/rustwide/cargo-home/registry/src/github.com-1ecc6299db9ec823/rustc-serialize-0.3.7/src/lib.rs:13:12
[INFO] [stdout]    |
[INFO] [stdout] 13 | #![feature(convert)]
[INFO] [stdout]    |            ^^^^^^^
[INFO] [stdout] 
[INFO] [stdout] 
[INFO] [stdout] error[E0635]: unknown feature `convert`
[INFO] [stdout]   --> /opt/rustwide/cargo-home/registry/src/github.com-1ecc6299db9ec823/rustc-serialize-0.3.7/src/lib.rs:13:12
[INFO] [stdout]    |
[INFO] [stdout] 13 | #![feature(convert)]
[INFO] [stdout]    |            ^^^^^^^
[INFO] [stdout] 
[INFO] [stdout] 
[INFO] [stdout] error: aborting due to 6 previous errors
[INFO] [stdout] 
[INFO] [stdout] 
[INFO] [stdout] Some errors have detailed explanations: E0405, E0432, E0554, E0635, E0642.
[INFO] [stdout] 
[INFO] [stdout] For more information about an error, try `rustc --explain E0405`.
[INFO] [stdout] 
[INFO] [stderr] error: could not compile `rustc-serialize` due to 7 previous errors
[INFO] running `Command { std: "docker" "inspect" "065a4f3d90fffa63297cb97d82090f0f40a05fcfcfd2329d2e15f559a9146d7e", kill_on_drop: false }`
[INFO] running `Command { std: "docker" "rm" "-f" "065a4f3d90fffa63297cb97d82090f0f40a05fcfcfd2329d2e15f559a9146d7e", kill_on_drop: false }`
[INFO] [stdout] 065a4f3d90fffa63297cb97d82090f0f40a05fcfcfd2329d2e15f559a9146d7e
