[INFO] cloning repository https://github.com/coros-os/bootloader-coreboot
[INFO] running `Command { std: "git" "-c" "credential.helper=" "-c" "credential.helper=/workspace/cargo-home/bin/git-credential-null" "clone" "--bare" "https://github.com/coros-os/bootloader-coreboot" "/workspace/cache/git-repos/https%3A%2F%2Fgithub.com%2Fcoros-os%2Fbootloader-coreboot", kill_on_drop: false }`
[INFO] [stderr] Cloning into bare repository '/workspace/cache/git-repos/https%3A%2F%2Fgithub.com%2Fcoros-os%2Fbootloader-coreboot'...
[INFO] running `Command { std: "git" "rev-parse" "HEAD", kill_on_drop: false }`
[INFO] [stdout] 2052b8c83d79bcabf308f419ab6e8962631c8c26
[INFO] documenting coros-os/bootloader-coreboot against 1.69.0 for beta-1.70-rustdoc-1
[INFO] running `Command { std: "git" "clone" "/workspace/cache/git-repos/https%3A%2F%2Fgithub.com%2Fcoros-os%2Fbootloader-coreboot" "/workspace/builds/worker-2-tc1/source", kill_on_drop: false }`
[INFO] [stderr] Cloning into '/workspace/builds/worker-2-tc1/source'...
[INFO] [stderr] done.
[INFO] validating manifest of git repo https://github.com/coros-os/bootloader-coreboot on toolchain 1.69.0
[INFO] running `Command { std: CARGO_HOME="/workspace/cargo-home" RUSTUP_HOME="/workspace/rustup-home" "/workspace/cargo-home/bin/cargo" "+1.69.0" "metadata" "--manifest-path" "Cargo.toml" "--no-deps", kill_on_drop: false }`
[INFO] removed /workspace/builds/worker-2-tc1/source/rust-toolchain
[INFO] started tweaking git repo https://github.com/coros-os/bootloader-coreboot
[INFO] finished tweaking git repo https://github.com/coros-os/bootloader-coreboot
[INFO] tweaked toml for git repo https://github.com/coros-os/bootloader-coreboot written to /workspace/builds/worker-2-tc1/source/Cargo.toml
[INFO] crate git repo https://github.com/coros-os/bootloader-coreboot already has a lockfile, it will not be regenerated
[INFO] running `Command { std: CARGO_HOME="/workspace/cargo-home" RUSTUP_HOME="/workspace/rustup-home" "/workspace/cargo-home/bin/cargo" "+1.69.0" "fetch" "--manifest-path" "Cargo.toml", kill_on_drop: false }`
[INFO] [stderr]  Downloading crates ...
[INFO] [stderr]   Downloaded coreboot-table v0.1.4
[INFO] running `Command { std: "docker" "create" "-v" "/var/lib/crater-agent-workspace/builds/worker-2-tc1/target:/opt/rustwide/target:rw,Z" "-v" "/var/lib/crater-agent-workspace/builds/worker-2-tc1/source:/opt/rustwide/workdir:ro,Z" "-v" "/var/lib/crater-agent-workspace/cargo-home:/opt/rustwide/cargo-home:ro,Z" "-v" "/var/lib/crater-agent-workspace/rustup-home:/opt/rustwide/rustup-home:ro,Z" "-e" "SOURCE_DIR=/opt/rustwide/workdir" "-e" "CARGO_TARGET_DIR=/opt/rustwide/target" "-e" "CARGO_HOME=/opt/rustwide/cargo-home" "-e" "RUSTUP_HOME=/opt/rustwide/rustup-home" "-w" "/opt/rustwide/workdir" "-m" "1610612736" "--user" "0:0" "--network" "none" "ghcr.io/rust-lang/crates-build-env/linux@sha256:5ff2268d62e97bff2cde7d5815dd6ed5b47097566f13b8d0ca110b04b60e07ed" "/opt/rustwide/cargo-home/bin/cargo" "+1.69.0" "metadata" "--no-deps" "--format-version=1", kill_on_drop: false }`
[INFO] [stdout] 36459f64e0f0d942b403a3424faefaed35d92a6b7c6b7aafc476b1d9c644c5af
[INFO] running `Command { std: "docker" "start" "-a" "36459f64e0f0d942b403a3424faefaed35d92a6b7c6b7aafc476b1d9c644c5af", kill_on_drop: false }`
[INFO] running `Command { std: "docker" "inspect" "36459f64e0f0d942b403a3424faefaed35d92a6b7c6b7aafc476b1d9c644c5af", kill_on_drop: false }`
[INFO] running `Command { std: "docker" "rm" "-f" "36459f64e0f0d942b403a3424faefaed35d92a6b7c6b7aafc476b1d9c644c5af", kill_on_drop: false }`
[INFO] [stdout] 36459f64e0f0d942b403a3424faefaed35d92a6b7c6b7aafc476b1d9c644c5af
[INFO] running `Command { std: "docker" "create" "-v" "/var/lib/crater-agent-workspace/builds/worker-2-tc1/target:/opt/rustwide/target:rw,Z" "-v" "/var/lib/crater-agent-workspace/builds/worker-2-tc1/source:/opt/rustwide/workdir:ro,Z" "-v" "/var/lib/crater-agent-workspace/cargo-home:/opt/rustwide/cargo-home:ro,Z" "-v" "/var/lib/crater-agent-workspace/rustup-home:/opt/rustwide/rustup-home:ro,Z" "-e" "SOURCE_DIR=/opt/rustwide/workdir" "-e" "CARGO_TARGET_DIR=/opt/rustwide/target" "-e" "CARGO_INCREMENTAL=0" "-e" "RUST_BACKTRACE=full" "-e" "RUSTFLAGS=--cap-lints=warn" "-e" "RUSTDOCFLAGS=--cap-lints=warn" "-e" "CARGO_HOME=/opt/rustwide/cargo-home" "-e" "RUSTUP_HOME=/opt/rustwide/rustup-home" "-w" "/opt/rustwide/workdir" "-m" "1610612736" "--user" "0:0" "--network" "none" "ghcr.io/rust-lang/crates-build-env/linux@sha256:5ff2268d62e97bff2cde7d5815dd6ed5b47097566f13b8d0ca110b04b60e07ed" "/opt/rustwide/cargo-home/bin/cargo" "+1.69.0" "doc" "--frozen" "--no-deps" "--document-private-items" "--message-format=json", kill_on_drop: false }`
[INFO] [stdout] 254962249debb605bbdd79b10621ed8fcdf5641bf93b08fe0d61c216e2d58bd3
[INFO] running `Command { std: "docker" "start" "-a" "254962249debb605bbdd79b10621ed8fcdf5641bf93b08fe0d61c216e2d58bd3", kill_on_drop: false }`
[INFO] [stderr]     Checking coreboot-table v0.1.4
[INFO] [stderr]     Checking redox_syscall v0.1.51
[INFO] [stderr]     Checking spin v0.5.0
[INFO] [stderr]     Checking bitflags v1.0.4
[INFO] [stdout] error[E0557]: feature has been removed
[INFO] [stdout]  --> /opt/rustwide/cargo-home/registry/src/github.com-1ecc6299db9ec823/redox_syscall-0.1.51/src/lib.rs:3:12
[INFO] [stdout]   |
[INFO] [stdout] 3 | #![feature(const_fn)]
[INFO] [stdout]   |            ^^^^^^^^ feature has been removed
[INFO] [stdout]   |
[INFO] [stdout]   = note: split into finer-grained feature gates
[INFO] [stdout] 
[INFO] [stdout] 
[INFO] [stdout] error: cannot find macro `asm` in this scope
[INFO] [stdout]  --> /opt/rustwide/cargo-home/registry/src/github.com-1ecc6299db9ec823/redox_syscall-0.1.51/src/arch/x86_64.rs:4:5
[INFO] [stdout]   |
[INFO] [stdout] 4 |     asm!("syscall"
[INFO] [stdout]   |     ^^^
[INFO] [stdout]   |
[INFO] [stdout]   = help: consider importing this macro:
[INFO] [stdout]           core::arch::asm
[INFO] [stdout] 
[INFO] [stdout] 
[INFO] [stdout] error: cannot find macro `asm` in this scope
[INFO] [stdout]   --> /opt/rustwide/cargo-home/registry/src/github.com-1ecc6299db9ec823/redox_syscall-0.1.51/src/arch/x86_64.rs:14:5
[INFO] [stdout]    |
[INFO] [stdout] 14 |     asm!("syscall"
[INFO] [stdout]    |     ^^^
[INFO] [stdout]    |
[INFO] [stdout]    = help: consider importing this macro:
[INFO] [stdout]            core::arch::asm
[INFO] [stdout] 
[INFO] [stdout] 
[INFO] [stdout] error: cannot find macro `asm` in this scope
[INFO] [stdout]   --> /opt/rustwide/cargo-home/registry/src/github.com-1ecc6299db9ec823/redox_syscall-0.1.51/src/arch/x86_64.rs:25:5
[INFO] [stdout]    |
[INFO] [stdout] 25 |     asm!("syscall"
[INFO] [stdout]    |     ^^^
[INFO] [stdout]    |
[INFO] [stdout]    = help: consider importing this macro:
[INFO] [stdout]            core::arch::asm
[INFO] [stdout] 
[INFO] [stdout] 
[INFO] [stdout] error: cannot find macro `asm` in this scope
[INFO] [stdout]   --> /opt/rustwide/cargo-home/registry/src/github.com-1ecc6299db9ec823/redox_syscall-0.1.51/src/arch/x86_64.rs:36:5
[INFO] [stdout]    |
[INFO] [stdout] 36 |     asm!("syscall"
[INFO] [stdout]    |     ^^^
[INFO] [stdout]    |
[INFO] [stdout]    = help: consider importing this macro:
[INFO] [stdout]            core::arch::asm
[INFO] [stdout] 
[INFO] [stdout] 
[INFO] [stdout] error: cannot find macro `asm` in this scope
[INFO] [stdout]   --> /opt/rustwide/cargo-home/registry/src/github.com-1ecc6299db9ec823/redox_syscall-0.1.51/src/arch/x86_64.rs:46:5
[INFO] [stdout]    |
[INFO] [stdout] 46 |     asm!("syscall"
[INFO] [stdout]    |     ^^^
[INFO] [stdout]    |
[INFO] [stdout]    = help: consider importing this macro:
[INFO] [stdout]            core::arch::asm
[INFO] [stdout] 
[INFO] [stdout] 
[INFO] [stdout] error: cannot find macro `asm` in this scope
[INFO] [stdout]   --> /opt/rustwide/cargo-home/registry/src/github.com-1ecc6299db9ec823/redox_syscall-0.1.51/src/arch/x86_64.rs:56:5
[INFO] [stdout]    |
[INFO] [stdout] 56 |     asm!("syscall"
[INFO] [stdout]    |     ^^^
[INFO] [stdout]    |
[INFO] [stdout]    = help: consider importing this macro:
[INFO] [stdout]            core::arch::asm
[INFO] [stdout] 
[INFO] [stdout] 
[INFO] [stdout] error: cannot find macro `asm` in this scope
[INFO] [stdout]   --> /opt/rustwide/cargo-home/registry/src/github.com-1ecc6299db9ec823/redox_syscall-0.1.51/src/arch/x86_64.rs:67:5
[INFO] [stdout]    |
[INFO] [stdout] 67 |     asm!("syscall"
[INFO] [stdout]    |     ^^^
[INFO] [stdout]    |
[INFO] [stdout]    = help: consider importing this macro:
[INFO] [stdout]            core::arch::asm
[INFO] [stdout] 
[INFO] [stdout] 
[INFO] [stdout] error[E0507]: cannot move out of `self.record` which is behind a shared reference
[INFO] [stdout]  --> /opt/rustwide/cargo-home/registry/src/github.com-1ecc6299db9ec823/coreboot-table-0.1.4/src/forward.rs:6:5
[INFO] [stdout]   |
[INFO] [stdout] 3 | #[derive(Debug)]
[INFO] [stdout]   |          ----- in this derive macro expansion
[INFO] [stdout] ...
[INFO] [stdout] 6 |     pub record: Record,
[INFO] [stdout]   |     ^^^^^^^^^^^^^^^^^^ move occurs because `self.record` has type `Record`, which does not implement the `Copy` trait
[INFO] [stdout]   |
[INFO] [stdout]   = note: this error originates in the derive macro `Debug` (in Nightly builds, run with -Z macro-backtrace for more info)
[INFO] [stdout] 
[INFO] [stdout] 
[INFO] [stdout] error: cannot find macro `asm` in this scope
[INFO] [stdout]   --> /opt/rustwide/cargo-home/registry/src/github.com-1ecc6299db9ec823/redox_syscall-0.1.51/src/io/pio.rs:31:13
[INFO] [stdout]    |
[INFO] [stdout] 31 |             asm!("in $0, $1" : "={al}"(value) : "{dx}"(self.port) : "memory" : "intel", "volatile");
[INFO] [stdout]    |             ^^^
[INFO] [stdout]    |
[INFO] [stdout]    = help: consider importing this macro:
[INFO] [stdout]            core::arch::asm
[INFO] [stdout] 
[INFO] [stdout] 
[INFO] [stdout] error: cannot find macro `asm` in this scope
[INFO] [stdout]   --> /opt/rustwide/cargo-home/registry/src/github.com-1ecc6299db9ec823/redox_syscall-0.1.51/src/io/pio.rs:40:13
[INFO] [stdout]    |
[INFO] [stdout] 40 |             asm!("out $1, $0" : : "{al}"(value), "{dx}"(self.port) : "memory" : "intel", "volatile");
[INFO] [stdout]    |             ^^^
[INFO] [stdout]    |
[INFO] [stdout]    = help: consider importing this macro:
[INFO] [stdout]            core::arch::asm
[INFO] [stdout] 
[INFO] [stdout] 
[INFO] [stdout] error[E0507]: cannot move out of `self.record` which is behind a shared reference
[INFO] [stdout]  --> /opt/rustwide/cargo-home/registry/src/github.com-1ecc6299db9ec823/coreboot-table-0.1.4/src/framebuffer.rs:6:5
[INFO] [stdout]   |
[INFO] [stdout] 3 | #[derive(Clone, Debug)]
[INFO] [stdout]   |          ----- in this derive macro expansion
[INFO] [stdout] ...
[INFO] [stdout] 6 |     pub record: Record,
[INFO] [stdout]   |     ^^^^^^^^^^^^^^^^^^ move occurs because `self.record` has type `Record`, which does not implement the `Copy` trait
[INFO] [stdout]   |
[INFO] [stdout]   = note: this error originates in the derive macro `Clone` (in Nightly builds, run with -Z macro-backtrace for more info)
[INFO] [stdout] 
[INFO] [stdout] 
[INFO] [stdout] error: cannot find macro `asm` in this scope
[INFO] [stdout]   --> /opt/rustwide/cargo-home/registry/src/github.com-1ecc6299db9ec823/redox_syscall-0.1.51/src/io/pio.rs:54:13
[INFO] [stdout]    |
[INFO] [stdout] 54 |             asm!("in $0, $1" : "={ax}"(value) : "{dx}"(self.port) : "memory" : "intel", "volatile");
[INFO] [stdout]    |             ^^^
[INFO] [stdout]    |
[INFO] [stdout]    = help: consider importing this macro:
[INFO] [stdout]            core::arch::asm
[INFO] [stdout] 
[INFO] [stdout] 
[INFO] [stdout] error: cannot find macro `asm` in this scope
[INFO] [stdout]   --> /opt/rustwide/cargo-home/registry/src/github.com-1ecc6299db9ec823/redox_syscall-0.1.51/src/io/pio.rs:63:13
[INFO] [stdout]    |
[INFO] [stdout] 63 |             asm!("out $1, $0" : : "{ax}"(value), "{dx}"(self.port) : "memory" : "intel", "volatile");
[INFO] [stdout]    |             ^^^
[INFO] [stdout]    |
[INFO] [stdout]    = help: consider importing this macro:
[INFO] [stdout]            core::arch::asm
[INFO] [stdout] 
[INFO] [stdout] 
[INFO] [stdout] error: cannot find macro `asm` in this scope
[INFO] [stdout]   --> /opt/rustwide/cargo-home/registry/src/github.com-1ecc6299db9ec823/redox_syscall-0.1.51/src/io/pio.rs:77:13
[INFO] [stdout]    |
[INFO] [stdout] 77 |             asm!("in $0, $1" : "={eax}"(value) : "{dx}"(self.port) : "memory" : "intel", "volatile");
[INFO] [stdout]    |             ^^^
[INFO] [stdout]    |
[INFO] [stdout]    = help: consider importing this macro:
[INFO] [stdout]            core::arch::asm
[INFO] [stdout] 
[INFO] [stdout] 
[INFO] [stdout] error[E0507]: cannot move out of `self.record` which is behind a shared reference
[INFO] [stdout]  --> /opt/rustwide/cargo-home/registry/src/github.com-1ecc6299db9ec823/coreboot-table-0.1.4/src/framebuffer.rs:6:5
[INFO] [stdout]   |
[INFO] [stdout] 3 | #[derive(Clone, Debug)]
[INFO] [stdout]   |                 ----- in this derive macro expansion
[INFO] [stdout] ...
[INFO] [stdout] 6 |     pub record: Record,
[INFO] [stdout]   |     ^^^^^^^^^^^^^^^^^^ move occurs because `self.record` has type `Record`, which does not implement the `Copy` trait
[INFO] [stdout]   |
[INFO] [stdout]   = note: this error originates in the derive macro `Debug` (in Nightly builds, run with -Z macro-backtrace for more info)
[INFO] [stdout] 
[INFO] [stdout] 
[INFO] [stdout] error: cannot find macro `asm` in this scope
[INFO] [stdout]   --> /opt/rustwide/cargo-home/registry/src/github.com-1ecc6299db9ec823/redox_syscall-0.1.51/src/io/pio.rs:86:13
[INFO] [stdout]    |
[INFO] [stdout] 86 |             asm!("out $1, $0" : : "{eax}"(value), "{dx}"(self.port) : "memory" : "intel", "volatile");
[INFO] [stdout]    |             ^^^
[INFO] [stdout]    |
[INFO] [stdout]    = help: consider importing this macro:
[INFO] [stdout]            core::arch::asm
[INFO] [stdout] 
[INFO] [stdout] 
[INFO] [stdout] error[E0507]: cannot move out of `self.kind` which is behind a shared reference
[INFO] [stdout]   --> /opt/rustwide/cargo-home/registry/src/github.com-1ecc6299db9ec823/coreboot-table-0.1.4/src/memory.rs:22:5
[INFO] [stdout]    |
[INFO] [stdout] 17 | #[derive(Debug)]
[INFO] [stdout]    |          ----- in this derive macro expansion
[INFO] [stdout] ...
[INFO] [stdout] 22 |     pub kind: MemoryRangeKind,
[INFO] [stdout]    |     ^^^^^^^^^^^^^^^^^^^^^^^^^ move occurs because `self.kind` has type `MemoryRangeKind`, which does not implement the `Copy` trait
[INFO] [stdout]    |
[INFO] [stdout]    = note: this error originates in the derive macro `Debug` (in Nightly builds, run with -Z macro-backtrace for more info)
[INFO] [stdout] 
[INFO] [stdout] 
[INFO] [stdout] error[E0507]: cannot move out of `self.record` which is behind a shared reference
[INFO] [stdout]   --> /opt/rustwide/cargo-home/registry/src/github.com-1ecc6299db9ec823/coreboot-table-0.1.4/src/memory.rs:28:5
[INFO] [stdout]    |
[INFO] [stdout] 25 | #[derive(Debug)]
[INFO] [stdout]    |          ----- in this derive macro expansion
[INFO] [stdout] ...
[INFO] [stdout] 28 |     pub record: Record,
[INFO] [stdout]    |     ^^^^^^^^^^^^^^^^^^ move occurs because `self.record` has type `Record`, which does not implement the `Copy` trait
[INFO] [stdout]    |
[INFO] [stdout]    = note: this error originates in the derive macro `Debug` (in Nightly builds, run with -Z macro-backtrace for more info)
[INFO] [stdout] 
[INFO] [stdout] 
[INFO] [stdout] error[E0507]: cannot move out of `self.kind` which is behind a shared reference
[INFO] [stdout]   --> /opt/rustwide/cargo-home/registry/src/github.com-1ecc6299db9ec823/coreboot-table-0.1.4/src/record.rs:56:5
[INFO] [stdout]    |
[INFO] [stdout] 53 | #[derive(Clone, Debug)]
[INFO] [stdout]    |          ----- in this derive macro expansion
[INFO] [stdout] ...
[INFO] [stdout] 56 |     pub kind: RecordKind,
[INFO] [stdout]    |     ^^^^^^^^^^^^^^^^^^^^ move occurs because `self.kind` has type `RecordKind`, which does not implement the `Copy` trait
[INFO] [stdout]    |
[INFO] [stdout]    = note: this error originates in the derive macro `Clone` (in Nightly builds, run with -Z macro-backtrace for more info)
[INFO] [stdout] 
[INFO] [stdout] 
[INFO] [stdout] error[E0507]: cannot move out of `self.kind` which is behind a shared reference
[INFO] [stdout]   --> /opt/rustwide/cargo-home/registry/src/github.com-1ecc6299db9ec823/coreboot-table-0.1.4/src/record.rs:56:5
[INFO] [stdout]    |
[INFO] [stdout] 53 | #[derive(Clone, Debug)]
[INFO] [stdout]    |                 ----- in this derive macro expansion
[INFO] [stdout] ...
[INFO] [stdout] 56 |     pub kind: RecordKind,
[INFO] [stdout]    |     ^^^^^^^^^^^^^^^^^^^^ move occurs because `self.kind` has type `RecordKind`, which does not implement the `Copy` trait
[INFO] [stdout]    |
[INFO] [stdout]    = note: this error originates in the derive macro `Debug` (in Nightly builds, run with -Z macro-backtrace for more info)
[INFO] [stdout] 
[INFO] [stdout] 
[INFO] [stdout] error: aborting due to 7 previous errors
[INFO] [stdout] 
[INFO] [stdout] 
[INFO] [stdout] For more information about this error, try `rustc --explain E0507`.
[INFO] [stdout] 
[INFO] [stderr] error: could not compile `coreboot-table` due to 8 previous errors
[INFO] [stderr] warning: build failed, waiting for other jobs to finish...
[INFO] [stdout] error[E0554]: `#![feature]` may not be used on the stable release channel
[INFO] [stdout]  --> /opt/rustwide/cargo-home/registry/src/github.com-1ecc6299db9ec823/redox_syscall-0.1.51/src/lib.rs:2:12
[INFO] [stdout]   |
[INFO] [stdout] 2 | #![feature(asm)]
[INFO] [stdout]   |            ^^^
[INFO] [stdout] 
[INFO] [stdout] 
[INFO] [stdout] error[E0554]: `#![feature]` may not be used on the stable release channel
[INFO] [stdout]  --> /opt/rustwide/cargo-home/registry/src/github.com-1ecc6299db9ec823/redox_syscall-0.1.51/src/lib.rs:4:12
[INFO] [stdout]   |
[INFO] [stdout] 4 | #![feature(transpose_result)]
[INFO] [stdout]   |            ^^^^^^^^^^^^^^^^
[INFO] [stdout] 
[INFO] [stdout] 
[INFO] [stdout] error: aborting due to 16 previous errors
[INFO] [stdout] 
[INFO] [stdout] 
[INFO] [stdout] Some errors have detailed explanations: E0554, E0557.
[INFO] [stdout] 
[INFO] [stdout] For more information about an error, try `rustc --explain E0554`.
[INFO] [stdout] 
[INFO] [stderr] error: could not compile `redox_syscall` due to 17 previous errors
[INFO] running `Command { std: "docker" "inspect" "254962249debb605bbdd79b10621ed8fcdf5641bf93b08fe0d61c216e2d58bd3", kill_on_drop: false }`
[INFO] running `Command { std: "docker" "rm" "-f" "254962249debb605bbdd79b10621ed8fcdf5641bf93b08fe0d61c216e2d58bd3", kill_on_drop: false }`
[INFO] [stdout] 254962249debb605bbdd79b10621ed8fcdf5641bf93b08fe0d61c216e2d58bd3
