[INFO] cloning repository https://github.com/compound-finance/cumulus
[INFO] running `Command { std: "git" "-c" "credential.helper=" "-c" "credential.helper=/workspace/cargo-home/bin/git-credential-null" "clone" "--bare" "https://github.com/compound-finance/cumulus" "/workspace/cache/git-repos/https%3A%2F%2Fgithub.com%2Fcompound-finance%2Fcumulus", kill_on_drop: false }`
[INFO] [stderr] Cloning into bare repository '/workspace/cache/git-repos/https%3A%2F%2Fgithub.com%2Fcompound-finance%2Fcumulus'...
[INFO] running `Command { std: "git" "rev-parse" "HEAD", kill_on_drop: false }`
[INFO] [stdout] 906bf97321f21b84d4a879612976b0d093e849fa
[INFO] documenting compound-finance/cumulus against 1.69.0 for beta-1.70-rustdoc-1
[INFO] running `Command { std: "git" "clone" "/workspace/cache/git-repos/https%3A%2F%2Fgithub.com%2Fcompound-finance%2Fcumulus" "/workspace/builds/worker-3-tc1/source", kill_on_drop: false }`
[INFO] [stderr] Cloning into '/workspace/builds/worker-3-tc1/source'...
[INFO] [stderr] done.
[INFO] validating manifest of git repo https://github.com/compound-finance/cumulus on toolchain 1.69.0
[INFO] running `Command { std: CARGO_HOME="/workspace/cargo-home" RUSTUP_HOME="/workspace/rustup-home" "/workspace/cargo-home/bin/cargo" "+1.69.0" "metadata" "--manifest-path" "Cargo.toml" "--no-deps", kill_on_drop: false }`
[INFO] started tweaking git repo https://github.com/compound-finance/cumulus
[INFO] finished tweaking git repo https://github.com/compound-finance/cumulus
[INFO] tweaked toml for git repo https://github.com/compound-finance/cumulus written to /workspace/builds/worker-3-tc1/source/Cargo.toml
[INFO] crate git repo https://github.com/compound-finance/cumulus already has a lockfile, it will not be regenerated
[INFO] running `Command { std: CARGO_HOME="/workspace/cargo-home" RUSTUP_HOME="/workspace/rustup-home" "/workspace/cargo-home/bin/cargo" "+1.69.0" "fetch" "--manifest-path" "Cargo.toml", kill_on_drop: false }`
[INFO] [stderr]     Updating git repository `https://github.com/paritytech/grandpa-bridge-gadget`
[INFO] [stderr]  Downloading crates ...
[INFO] [stderr]   Downloaded escargot v0.5.0
[INFO] [stderr]   Downloaded parity-util-mem v0.10.0
[INFO] [stderr]   Downloaded slotmap v1.0.3
[INFO] [stderr]   Downloaded assert_cmd v0.12.2
[INFO] [stderr]   Downloaded handlebars v3.5.2
[INFO] [stderr]   Downloaded pwasm-utils v0.18.0
[INFO] [stderr]   Downloaded jsonrpsee-proc-macros v0.3.0
[INFO] [stderr]   Downloaded camino v1.0.4
[INFO] [stderr]   Downloaded libp2p-mdns v0.30.0
[INFO] [stderr]   Downloaded integer-encoding v1.1.5
[INFO] [stderr]   Downloaded beef v0.5.0
[INFO] [stderr]   Downloaded if-watch v0.2.0
[INFO] [stderr]   Downloaded memmap2 v0.2.0
[INFO] [stderr]   Downloaded async-std-resolver v0.20.1
[INFO] [stderr]   Downloaded exit-future v0.1.4
[INFO] [stderr]   Downloaded ethereum-types v0.12.0
[INFO] [stderr]   Downloaded libp2p-wasm-ext v0.28.1
[INFO] [stderr]   Downloaded jsonrpsee-types v0.3.0
[INFO] [stderr]   Downloaded minicbor v0.8.0
[INFO] [stderr]   Downloaded parity-db v0.3.1
[INFO] [stderr]   Downloaded target-lexicon v0.12.0
[INFO] [stderr]   Downloaded fs-err v2.5.0
[INFO] [stderr]   Downloaded ruzstd v0.2.2
[INFO] [stderr]   Downloaded soketto v0.6.0
[INFO] [stderr]   Downloaded jsonrpsee-ws-client v0.3.0
[INFO] [stderr]   Downloaded libp2p-gossipsub v0.30.0
[INFO] [stderr]   Downloaded arrayvec v0.7.0
[INFO] [stderr]   Downloaded sharded-slab v0.1.0
[INFO] [stderr]   Downloaded signal-hook v0.3.8
[INFO] [stderr]   Downloaded loom v0.3.6
[INFO] [stderr]   Downloaded libp2p-core v0.28.2
[INFO] [stderr]   Downloaded finality-grandpa v0.14.1
[INFO] [stderr]   Downloaded tracing-subscriber v0.2.18
[INFO] [stderr]   Downloaded bitvec v0.20.1
[INFO] running `Command { std: "docker" "create" "-v" "/var/lib/crater-agent-workspace/builds/worker-3-tc1/target:/opt/rustwide/target:rw,Z" "-v" "/var/lib/crater-agent-workspace/builds/worker-3-tc1/source:/opt/rustwide/workdir:ro,Z" "-v" "/var/lib/crater-agent-workspace/cargo-home:/opt/rustwide/cargo-home:ro,Z" "-v" "/var/lib/crater-agent-workspace/rustup-home:/opt/rustwide/rustup-home:ro,Z" "-e" "SOURCE_DIR=/opt/rustwide/workdir" "-e" "CARGO_TARGET_DIR=/opt/rustwide/target" "-e" "CARGO_HOME=/opt/rustwide/cargo-home" "-e" "RUSTUP_HOME=/opt/rustwide/rustup-home" "-w" "/opt/rustwide/workdir" "-m" "1610612736" "--user" "0:0" "--network" "none" "ghcr.io/rust-lang/crates-build-env/linux@sha256:5ff2268d62e97bff2cde7d5815dd6ed5b47097566f13b8d0ca110b04b60e07ed" "/opt/rustwide/cargo-home/bin/cargo" "+1.69.0" "metadata" "--no-deps" "--format-version=1", kill_on_drop: false }`
[INFO] [stdout] 477b82828377150b0049361c600d14855382a5e97af66ec2ce40d5d9f9fcc607
[INFO] running `Command { std: "docker" "start" "-a" "477b82828377150b0049361c600d14855382a5e97af66ec2ce40d5d9f9fcc607", kill_on_drop: false }`
[INFO] running `Command { std: "docker" "inspect" "477b82828377150b0049361c600d14855382a5e97af66ec2ce40d5d9f9fcc607", kill_on_drop: false }`
[INFO] running `Command { std: "docker" "rm" "-f" "477b82828377150b0049361c600d14855382a5e97af66ec2ce40d5d9f9fcc607", kill_on_drop: false }`
[INFO] [stdout] 477b82828377150b0049361c600d14855382a5e97af66ec2ce40d5d9f9fcc607
[INFO] running `Command { std: "docker" "create" "-v" "/var/lib/crater-agent-workspace/builds/worker-3-tc1/target:/opt/rustwide/target:rw,Z" "-v" "/var/lib/crater-agent-workspace/builds/worker-3-tc1/source:/opt/rustwide/workdir:ro,Z" "-v" "/var/lib/crater-agent-workspace/cargo-home:/opt/rustwide/cargo-home:ro,Z" "-v" "/var/lib/crater-agent-workspace/rustup-home:/opt/rustwide/rustup-home:ro,Z" "-e" "SOURCE_DIR=/opt/rustwide/workdir" "-e" "CARGO_TARGET_DIR=/opt/rustwide/target" "-e" "CARGO_INCREMENTAL=0" "-e" "RUST_BACKTRACE=full" "-e" "RUSTFLAGS=--cap-lints=warn" "-e" "RUSTDOCFLAGS=--cap-lints=warn" "-e" "CARGO_HOME=/opt/rustwide/cargo-home" "-e" "RUSTUP_HOME=/opt/rustwide/rustup-home" "-w" "/opt/rustwide/workdir" "-m" "1610612736" "--user" "0:0" "--network" "none" "ghcr.io/rust-lang/crates-build-env/linux@sha256:5ff2268d62e97bff2cde7d5815dd6ed5b47097566f13b8d0ca110b04b60e07ed" "/opt/rustwide/cargo-home/bin/cargo" "+1.69.0" "doc" "--frozen" "--no-deps" "--document-private-items" "--message-format=json", kill_on_drop: false }`
[INFO] [stdout] ed2ff80eaf4207e95dc2794dd1710796e44b1430a36442f825b46d17f3144039
[INFO] running `Command { std: "docker" "start" "-a" "ed2ff80eaf4207e95dc2794dd1710796e44b1430a36442f825b46d17f3144039", kill_on_drop: false }`
[INFO] [stderr]    Compiling proc-macro2 v1.0.28
[INFO] [stderr]    Compiling unicode-xid v0.2.1
[INFO] [stderr]    Compiling syn v1.0.73
[INFO] [stderr]    Compiling libc v0.2.98
[INFO] [stderr]    Compiling serde_derive v1.0.127
[INFO] [stderr]    Compiling serde v1.0.127
[INFO] [stderr]    Compiling version_check v0.9.2
[INFO] [stderr]    Compiling value-bag v1.0.0-alpha.6
[INFO] [stderr]    Compiling log v0.4.14
[INFO] [stderr]    Compiling getrandom v0.2.1
[INFO] [stderr]    Compiling byteorder v1.3.4
[INFO] [stderr]    Compiling memchr v2.3.4
[INFO] [stderr]     Checking smallvec v1.6.1
[INFO] [stderr]     Checking instant v0.1.9
[INFO] [stderr]    Compiling typenum v1.12.0
[INFO] [stderr]     Checking lock_api v0.4.2
[INFO] [stderr]     Checking futures v0.1.30
[INFO] [stderr]    Compiling quote v1.0.9
[INFO] [stderr]    Compiling ahash v0.7.4
[INFO] [stderr]     Checking slab v0.4.2
[INFO] [stderr]    Compiling generic-array v0.14.4
[INFO] [stderr]    Compiling futures-core v0.3.16
[INFO] [stderr]     Checking pin-project-lite v0.2.4
[INFO] [stderr]     Checking futures-io v0.3.16
[INFO] [stderr]    Compiling anyhow v1.0.40
[INFO] [stderr]     Checking parking_lot_core v0.8.2
[INFO] [stderr]    Compiling jobserver v0.1.21
[INFO] [stderr]     Checking num_cpus v1.13.0
[INFO] [stderr]     Checking futures-sink v0.3.16
[INFO] [stderr]     Checking parking_lot v0.11.1
[INFO] [stderr]    Compiling cc v1.0.66
[INFO] [stderr]    Compiling futures-macro v0.3.16
[INFO] [stderr]    Compiling proc-macro-nested v0.1.6
[INFO] [stderr]     Checking once_cell v1.5.2
[INFO] [stderr]    Compiling futures-task v0.3.16
[INFO] [stderr]    Compiling futures-channel v0.3.16
[INFO] [stderr]    Compiling futures-util v0.3.16
[INFO] [stderr]    Compiling getrandom v0.1.16
[INFO] [stderr]     Checking subtle v2.4.0
[INFO] [stderr]    Compiling crunchy v0.2.2
[INFO] [stderr]     Checking digest v0.9.0
[INFO] [stderr]     Checking either v1.6.1
[INFO] [stderr]    Compiling ryu v1.0.5
[INFO] [stderr]     Checking block-padding v0.2.1
[INFO] [stderr]     Checking static_assertions v1.1.0
[INFO] [stderr]    Compiling serde_json v1.0.64
[INFO] [stderr]     Checking block-buffer v0.9.0
[INFO] [stderr]     Checking tinyvec v1.1.1
[INFO] [stderr]     Checking rand_core v0.5.1
[INFO] [stderr]     Checking cpuid-bool v0.1.2
[INFO] [stderr]     Checking rand_chacha v0.2.2
[INFO] [stderr]     Checking rand_pcg v0.2.1
[INFO] [stderr]     Checking hashbrown v0.11.2
[INFO] [stderr]     Checking generic-array v0.12.3
[INFO] [stderr]     Checking rand_core v0.6.1
[INFO] [stderr]     Checking arrayref v0.3.6
[INFO] [stderr]     Checking sha2 v0.9.2
[INFO] [stderr]     Checking rand v0.7.3
[INFO] [stderr]     Checking crypto-mac v0.8.0
[INFO] [stderr]     Checking digest v0.8.1
[INFO] [stderr]     Checking byte-tools v0.3.1
[INFO] [stderr]     Checking rand_chacha v0.3.1
[INFO] [stderr]     Checking constant_time_eq v0.1.5
[INFO] [stderr]     Checking arrayvec v0.5.2
[INFO] [stderr]     Checking block-padding v0.1.5
[INFO] [stderr]     Checking itoa v0.4.7
[INFO] [stderr]     Checking rand v0.8.4
[INFO] [stderr]     Checking unicode-normalization v0.1.16
[INFO] [stderr]     Checking keccak v0.1.0
[INFO] [stderr]     Checking block-buffer v0.7.3
[INFO] [stderr]     Checking fake-simd v0.1.2
[INFO] [stderr]     Checking opaque-debug v0.2.3
[INFO] [stderr]     Checking subtle v1.0.0
[INFO] [stderr]    Compiling radium v0.6.2
[INFO] [stderr]    Compiling libm v0.2.1
[INFO] [stderr]     Checking sha2 v0.8.2
[INFO] [stderr]     Checking crypto-mac v0.7.0
[INFO] [stderr]    Compiling num-traits v0.2.14
[INFO] [stderr]     Checking hmac v0.7.1
[INFO] [stderr]     Checking regex-syntax v0.6.21
[INFO] [stderr]     Checking signature v1.2.2
[INFO] [stderr]     Checking hmac-drbg v0.2.0
[INFO] [stderr]     Checking aho-corasick v0.7.15
[INFO] [stderr]     Checking ed25519 v1.0.3
[INFO] [stderr]     Checking thread_local v1.0.1
[INFO] [stderr]    Compiling lazy_static v1.4.0
[INFO] [stderr]     Checking libsecp256k1 v0.3.5
[INFO] [stderr]    Compiling zstd-sys v1.4.20+zstd.1.4.9
[INFO] [stderr]     Checking tap v1.0.0
[INFO] [stderr]     Checking funty v1.1.0
[INFO] [stderr]     Checking wyz v0.2.0
[INFO] [stderr]    Compiling zstd-safe v3.0.1+zstd.1.4.9
[INFO] [stderr]     Checking byte-slice-cast v1.0.0
[INFO] [stderr]     Checking arrayvec v0.7.0
[INFO] [stderr]     Checking tracing-core v0.1.18
[INFO] [stderr]    Compiling synstructure v0.12.4
[INFO] [stderr]     Checking bitvec v0.20.1
[INFO] [stderr]    Compiling num-integer v0.1.44
[INFO] [stderr]     Checking hex v0.4.3
[INFO] [stderr]     Checking rustc-hash v1.1.0
[INFO] [stderr]     Checking rustc-hex v2.1.0
[INFO] [stderr]     Checking uint v0.9.0
[INFO] [stderr]     Checking regex v1.4.2
[INFO] [stderr]     Checking rlp v0.5.0
[INFO] [stderr]     Checking lru v0.6.6
[INFO] [stderr]     Checking impl-rlp v0.3.0
[INFO] [stderr]     Checking fixed-hash v0.7.0
[INFO] [stderr]    Compiling tiny-keccak v2.0.2
[INFO] [stderr]     Checking parking_lot_core v0.7.2
[INFO] [stderr]    Compiling miniz_oxide v0.4.3
[INFO] [stderr]     Checking parking_lot v0.10.2
[INFO] [stderr]     Checking adler v0.2.3
[INFO] [stderr]     Checking time v0.1.44
[INFO] [stderr]    Compiling parity-util-mem v0.10.0
[INFO] [stderr]    Compiling arrayvec v0.4.12
[INFO] [stderr]    Compiling num-bigint v0.2.6
[INFO] [stderr]     Checking sp-std v4.0.0-dev (https://github.com/paritytech/substrate?branch=master#09c016ba)
[INFO] [stderr]    Compiling num-rational v0.2.4
[INFO] [stderr]     Checking parity-wasm v0.42.2
[INFO] [stderr]    Compiling ref-cast v1.0.6
[INFO] [stderr]     Checking chrono v0.4.19
[INFO] [stderr]     Checking regex-automata v0.1.9
[INFO] [stderr]     Checking hash-db v0.15.2
[INFO] [stderr]    Compiling ctor v0.1.19
[INFO] [stderr]    Compiling thiserror-impl v1.0.26
[INFO] [stderr]    Compiling zeroize_derive v1.0.1
[INFO] [stderr]    Compiling impl-trait-for-tuples v0.2.1
[INFO] [stderr]    Compiling tracing-attributes v0.1.15
[INFO] [stderr]     Checking zeroize v1.2.0
[INFO] [stderr]     Checking curve25519-dalek v3.0.0
[INFO] [stderr]    Compiling parity-util-mem-derive v0.1.0
[INFO] [stderr]    Compiling thiserror v1.0.26
[INFO] [stderr]    Compiling Inflector v0.11.4
[INFO] [stderr]    Compiling ref-cast-impl v1.0.6
[INFO] [stderr]    Compiling sp-debug-derive v3.0.0 (https://github.com/paritytech/substrate?branch=master#09c016ba)
[INFO] [stderr]    Compiling slog v2.7.0
[INFO] [stderr]     Checking tracing v0.1.26
[INFO] [stderr]     Checking tracing-log v0.1.2
[INFO] [stderr]     Checking matchers v0.0.1
[INFO] [stderr]     Checking wasmi-validation v0.4.0
[INFO] [stderr]     Checking sharded-slab v0.1.0
[INFO] [stderr]     Checking memory_units v0.3.0
[INFO] [stderr]     Checking ansi_term v0.12.1
[INFO] [stderr]     Checking downcast-rs v1.2.0
[INFO] [stderr]     Checking nodrop v0.1.14
[INFO] [stderr]     Checking curve25519-dalek v2.1.0
[INFO] [stderr]     Checking merlin v2.0.0
[INFO] [stderr]     Checking wasmi v0.9.0
[INFO] [stderr]     Checking environmental v1.1.3
[INFO] [stderr]    Compiling async-trait v0.1.50
[INFO] [stderr]     Checking blake2-rfc v0.2.18
[INFO] [stderr]    Compiling dyn-clonable-impl v0.9.0
[INFO] [stderr]     Checking schnorrkel v0.9.1
[INFO] [stderr]     Checking pbkdf2 v0.3.0
[INFO] [stderr]     Checking pbkdf2 v0.4.0
[INFO] [stderr]     Checking hmac v0.8.1
[INFO] [stderr]     Checking futures-executor v0.3.16
[INFO] [stderr]     Checking gimli v0.23.0
[INFO] [stderr]    Compiling convert_case v0.4.0
[INFO] [stderr]     Checking dyn-clone v1.0.4
[INFO] [stderr]     Checking tiny-bip39 v0.8.0
[INFO] [stderr]     Checking futures v0.3.16
[INFO] [stderr]     Checking dyn-clonable v0.9.0
[INFO] [stderr]     Checking substrate-bip39 v0.4.2
[INFO] [stderr]     Checking secrecy v0.7.0
[INFO] [stderr]     Checking twox-hash v1.6.0
[INFO] [stderr]     Checking hash256-std-hasher v0.15.2
[INFO] [stderr]     Checking object v0.22.0
[INFO] [stderr]     Checking base58 v0.1.0
[INFO] [stderr]    Compiling derive_more v0.99.14
[INFO] [stderr]     Checking rustc-demangle v0.1.18
[INFO] [stderr]     Checking trie-db v0.22.6
[INFO] [stderr]     Checking trie-root v0.16.0
[INFO] [stderr]    Compiling paste v1.0.4
[INFO] [stderr]     Checking integer-sqrt v0.1.5
[INFO] [stderr]     Checking addr2line v0.14.1
[INFO] [stderr]    Compiling bitflags v1.2.1
[INFO] [stderr]     Checking backtrace v0.3.55
[INFO] [stderr]    Compiling cfg-if v1.0.0
[INFO] [stderr]    Compiling indexmap v1.7.0
[INFO] [stderr]     Checking sp-panic-handler v3.0.0 (https://github.com/paritytech/substrate?branch=master#09c016ba)
[INFO] [stderr]     Checking futures-timer v3.0.2
[INFO] [stderr]    Compiling ppv-lite86 v0.2.10
[INFO] [stderr]    Compiling remove_dir_all v0.5.3
[INFO] [stderr]    Compiling frame-support-procedural-tools-derive v3.0.0 (https://github.com/paritytech/substrate?branch=master#09c016ba)
[INFO] [stderr]    Compiling unicode-segmentation v1.7.1
[INFO] [stderr]    Compiling heck v0.3.2
[INFO] [stderr]    Compiling scopeguard v1.1.0
[INFO] [stderr]     Checking ed25519-dalek v1.0.1
[INFO] [stderr]    Compiling toml v0.5.8
[INFO] [stderr]     Checking impl-serde v0.3.1
[INFO] [stderr]     Checking tracing-serde v0.1.2
[INFO] [stderr]     Checking erased-serde v0.3.13
[INFO] [stderr]    Compiling itertools v0.9.0
[INFO] [stderr]     Checking ethbloom v0.11.0
[INFO] [stderr]    Compiling tempfile v3.2.0
[INFO] [stderr]    Compiling pin-project-internal v1.0.7
[INFO] [stderr]    Compiling which v4.0.2
[INFO] [stderr]     Checking tracing-subscriber v0.2.18
[INFO] [stderr]    Compiling bytes v1.0.1
[INFO] [stderr]    Compiling prost-build v0.7.0
[INFO] [stderr]    Compiling fixedbitset v0.2.0
[INFO] [stderr]    Compiling prost-derive v0.7.0
[INFO] [stderr]    Compiling proc-macro-crate v1.0.0
[INFO] [stderr]    Compiling frame-support-procedural-tools v4.0.0-dev (https://github.com/paritytech/substrate?branch=master#09c016ba)
[INFO] [stderr]     Checking iovec v0.1.4
[INFO] [stderr]    Compiling multimap v0.8.2
[INFO] [stderr]    Compiling ring v0.16.19
[INFO] [stderr]     Checking wasm-timer v0.2.5
[INFO] [stderr]     Checking unicode-bidi v0.3.4
[INFO] [stderr]     Checking spin v0.5.2
[INFO] [stderr]     Checking untrusted v0.7.1
[INFO] [stderr]     Checking net2 v0.2.37
[INFO] [stderr]    Compiling parity-scale-codec-derive v2.2.0
[INFO] [stderr]    Compiling sp-runtime-interface-proc-macro v4.0.0-dev (https://github.com/paritytech/substrate?branch=master#09c016ba)
[INFO] [stderr]    Compiling sp-api-proc-macro v4.0.0-dev (https://github.com/paritytech/substrate?branch=master#09c016ba)
[INFO] [stderr]    Compiling frame-support-procedural v4.0.0-dev (https://github.com/paritytech/substrate?branch=master#09c016ba)
[INFO] [stderr]     Checking pin-project v1.0.7
[INFO] [stderr]    Compiling petgraph v0.5.1
[INFO] [stderr]     Checking mio v0.6.23
[INFO] [stderr]     Checking percent-encoding v2.1.0
[INFO] [stderr]     Checking form_urlencoded v1.0.0
[INFO] [stderr]    Compiling prost v0.7.0
[INFO] [stderr]     Checking idna v0.2.0
[INFO] [stderr]    Compiling proc-macro-error-attr v1.0.4
[INFO] [stderr]     Checking signal-hook-registry v1.3.0
[INFO] [stderr]     Checking url v2.2.0
[INFO] [stderr]    Compiling prost-types v0.7.0
[INFO] [stderr]    Compiling proc-macro-error v1.0.4
[INFO] [stderr]     Checking parity-scale-codec v2.2.0
[INFO] [stderr]    Compiling crossbeam-utils v0.8.1
[INFO] [stderr]     Checking stable_deref_trait v1.2.0
[INFO] [stderr]     Checking impl-codec v0.5.1
[INFO] [stderr]     Checking primitive-types v0.10.1
[INFO] [stderr]     Checking sp-storage v4.0.0-dev (https://github.com/paritytech/substrate?branch=master#09c016ba)
[INFO] [stderr]     Checking sp-tracing v4.0.0-dev (https://github.com/paritytech/substrate?branch=master#09c016ba)
[INFO] [stderr]     Checking sp-wasm-interface v4.0.0-dev (https://github.com/paritytech/substrate?branch=master#09c016ba)
[INFO] [stderr]     Checking sp-externalities v0.10.0-dev (https://github.com/paritytech/substrate?branch=master#09c016ba)
[INFO] [stderr]     Checking sp-arithmetic v4.0.0-dev (https://github.com/paritytech/substrate?branch=master#09c016ba)
[INFO] [stderr]    Compiling sp-version-proc-macro v4.0.0-dev (https://github.com/paritytech/substrate?branch=master#09c016ba)
[INFO] [stderr]     Checking ethereum-types v0.12.0
[INFO] [stderr]    Compiling proc-macro-crate v0.1.5
[INFO] [stderr]     Checking sp-runtime-interface v4.0.0-dev (https://github.com/paritytech/substrate?branch=master#09c016ba)
[INFO] [stderr]     Checking data-encoding v2.3.2
[INFO] [stderr]     Checking cache-padded v1.1.1
[INFO] [stderr]     Checking concurrent-queue v1.2.2
[INFO] [stderr]     Checking parking v2.0.0
[INFO] [stderr]     Checking sp-core v4.0.0-dev (https://github.com/paritytech/substrate?branch=master#09c016ba)
[INFO] [stderr]     Checking memory-db v0.27.0
[INFO] [stderr]     Checking fastrand v1.4.0
[INFO] [stderr]     Checking waker-fn v1.1.0
[INFO] [stderr]     Checking bytes v0.5.6
[INFO] [stderr]     Checking mio-uds v0.6.8
[INFO] [stderr]    Compiling blake3 v0.3.7
[INFO] [stderr]     Checking futures-lite v1.11.3
[INFO] [stderr]    Compiling httparse v1.3.4
[INFO] [stderr]    Compiling cranelift-codegen-shared v0.74.0
[INFO] [stderr]    Compiling cranelift-entity v0.74.0
[INFO] [stderr]     Checking sha3 v0.9.1
[INFO] [stderr]     Checking base64 v0.13.0
[INFO] [stderr]    Compiling pin-project-internal v0.4.27
[INFO] [stderr]    Compiling crc32fast v1.2.1
[INFO] [stderr]     Checking vec-arena v1.0.0
[INFO] [stderr]    Compiling cranelift-codegen-meta v0.74.0
[INFO] [stderr]     Checking sp-trie v4.0.0-dev (https://github.com/paritytech/substrate?branch=master#09c016ba)
[INFO] [stderr]     Checking sp-keystore v0.10.0-dev (https://github.com/paritytech/substrate?branch=master#09c016ba)
[INFO] [stderr]     Checking frame-metadata v14.0.0-dev (https://github.com/paritytech/substrate?branch=master#09c016ba)
[INFO] [stderr]     Checking sp-state-machine v0.10.0-dev (https://github.com/paritytech/substrate?branch=master#09c016ba)
[INFO] [stderr]    Compiling multihash-derive v0.7.1
[INFO] [stderr]     Checking polling v2.0.2
[INFO] [stderr]     Checking blake2s_simd v0.5.11
[INFO] [stderr]     Checking blake2b_simd v0.5.11
[INFO] [stderr]     Checking nb-connect v1.0.2
[INFO] [stderr]     Checking quick-error v1.2.3
[INFO] [stderr]     Checking fallible-iterator v0.2.0
[INFO] [stderr]     Checking event-listener v2.5.1
[INFO] [stderr]     Checking unsigned-varint v0.5.1
[INFO] [stderr]    Compiling glob v0.3.0
[INFO] [stderr]    Compiling target-lexicon v0.12.0
[INFO] [stderr]     Checking gimli v0.24.0
[INFO] [stderr]     Checking async-io v1.3.1
[INFO] [stderr]     Checking asynchronous-codec v0.5.0
[INFO] [stderr]     Checking asynchronous-codec v0.6.0
[INFO] [stderr]     Checking cranelift-bforest v0.74.0
[INFO] [stderr]     Checking unsigned-varint v0.7.0
[INFO] [stderr]     Checking multihash v0.13.2
[INFO] [stderr]     Checking unsigned-varint v0.6.0
[INFO] [stderr]    Compiling libp2p-core v0.28.2
[INFO] [stderr]     Checking regalloc v0.0.31
[INFO] [stderr]     Checking pin-project-lite v0.1.11
[INFO] [stderr]     Checking bs58 v0.4.0
[INFO] [stderr]     Checking multistream-select v0.10.0
[INFO] [stderr]     Checking parity-multiaddr v0.11.2
[INFO] [stderr]     Checking itertools v0.10.0
[INFO] [stderr]     Checking void v1.0.2
[INFO] [stderr]     Checking asn1_der v0.7.4
[INFO] [stderr]     Checking async-task v4.0.3
[INFO] [stderr]    Compiling signal-hook v0.3.8
[INFO] [stderr]     Checking async-channel v1.5.1
[INFO] [stderr]    Compiling memoffset v0.6.1
[INFO] [stderr]     Checking pin-project v0.4.27
[INFO] [stderr]     Checking atomic-waker v1.0.0
[INFO] [stderr]     Checking rw-stream-sink v0.2.1
[INFO] [stderr]     Checking async-executor v1.4.0
[INFO] [stderr]     Checking blocking v1.0.2
[INFO] [stderr]     Checking async-mutex v1.4.0
[INFO] [stderr]     Checking wasmparser v0.78.2
[INFO] [stderr]     Checking async-process v1.1.0
[INFO] [stderr]     Checking async-global-executor v2.0.2
[INFO] [stderr]     Checking async-lock v2.4.0
[INFO] [stderr]     Checking kv-log-macro v1.0.7
[INFO] [stderr]    Compiling async-attributes v1.1.2
[INFO] [stderr]     Checking atty v0.2.14
[INFO] [stderr]     Checking more-asserts v0.2.1
[INFO] [stderr]    Compiling const_fn v0.4.4
[INFO] [stderr]     Checking try-lock v0.2.3
[INFO] [stderr]     Checking http v0.2.2
[INFO] [stderr]    Compiling tokio-macros v0.2.6
[INFO] [stderr]    Compiling rayon-core v1.9.0
[INFO] [stderr]     Checking termcolor v1.1.2
[INFO] [stderr]     Checking async-std v1.9.0
[INFO] [stderr]    Compiling wasmtime-runtime v0.27.0
[INFO] [stderr]     Checking want v0.3.0
[INFO] [stderr]     Checking object v0.24.0
[INFO] [stderr]     Checking humantime v1.3.0
[INFO] [stderr]     Checking tokio v0.2.24
[INFO] [stderr]     Checking crossbeam-epoch v0.9.1
[INFO] [stderr]     Checking crossbeam-channel v0.5.0
[INFO] [stderr]     Checking crossbeam-deque v0.8.0
[INFO] [stderr]     Checking region v2.2.0
[INFO] [stderr]    Compiling rayon v1.5.0
[INFO] [stderr]     Checking base64 v0.12.3
[INFO] [stderr]     Checking httpdate v0.3.2
[INFO] [stderr]     Checking tower-service v0.3.0
[INFO] [stderr]     Checking env_logger v0.7.1
[INFO] [stderr]    Compiling cpp_demangle v0.3.2
[INFO] [stderr]     Checking webpki v0.21.4
[INFO] [stderr]     Checking sct v0.6.0
[INFO] [stderr]    Compiling psm v0.1.12
[INFO] [stderr]     Checking dirs-sys-next v0.1.2
[INFO] [stderr]     Checking socket2 v0.3.19
[INFO] [stderr]    Compiling wasmtime-cache v0.27.0
[INFO] [stderr]     Checking directories-next v2.0.0
[INFO] [stderr]     Checking file-per-thread-logger v0.1.4
[INFO] [stderr]     Checking addr2line v0.15.1
[INFO] [stderr]     Checking sc-allocator v4.0.0-dev (https://github.com/paritytech/substrate?branch=master#09c016ba)
[INFO] [stderr]     Checking kvdb v0.10.0
[INFO] [stderr]     Checking sp-serializer v3.0.0 (https://github.com/paritytech/substrate?branch=master#09c016ba)
[INFO] [stderr]     Checking bincode v1.3.1
[INFO] [stderr]     Checking pwasm-utils v0.18.0
[INFO] [stderr]     Checking errno v0.2.7
[INFO] [stderr]    Compiling prometheus v0.11.0
[INFO] [stderr]     Checking tracing-futures v0.2.5
[INFO] [stderr]    Compiling cranelift-codegen v0.74.0
[INFO] [stderr]     Checking http-body v0.3.1
[INFO] [stderr]     Checking scoped-tls v1.0.0
[INFO] [stderr]     Checking tokio-util v0.3.1
[INFO] [stderr]    Compiling wasm-bindgen-shared v0.2.73
[INFO] [stderr]     Checking sp-database v4.0.0-dev (https://github.com/paritytech/substrate?branch=master#09c016ba)
[INFO] [stderr]     Checking libp2p-swarm v0.29.0
[INFO] [stderr]     Checking block-cipher v0.8.0
[INFO] [stderr]     Checking universal-hash v0.4.0
[INFO] [stderr]     Checking h2 v0.2.7
[INFO] [stderr]     Checking linked-hash-map v0.5.4
[INFO] [stderr]    Compiling bumpalo v3.4.0
[INFO] [stderr]     Checking cpuid-bool v0.2.0
[INFO] [stderr]     Checking ipnet v2.3.0
[INFO] [stderr]    Compiling wasm-bindgen-backend v0.2.73
[INFO] [stderr]    Compiling libz-sys v1.1.2
[INFO] [stderr]     Checking rustls v0.19.1
[INFO] [stderr]     Checking sha-1 v0.9.2
[INFO] [stderr]     Checking sp-utils v4.0.0-dev (https://github.com/paritytech/substrate?branch=master#09c016ba)
[INFO] [stderr]     Checking match_cfg v0.1.0
[INFO] [stderr]    Compiling wasm-bindgen v0.2.73
[INFO] [stderr]     Checking hostname v0.3.1
[INFO] [stderr]     Checking polyval v0.4.5
[INFO] [stderr]     Checking stream-cipher v0.7.1
[INFO] [stderr]     Checking aes-soft v0.5.0
[INFO] [stderr]    Compiling enum-as-inner v0.3.3
[INFO] [stderr]     Checking aead v0.3.2
[INFO] [stderr]     Checking chacha20 v0.5.0
[INFO] [stderr]     Checking aes v0.5.0
[INFO] [stderr]     Checking ghash v0.3.1
[INFO] [stderr]    Compiling wasm-bindgen-macro-support v0.2.73
[INFO] [stderr]     Checking flate2 v1.0.19
[INFO] [stderr]     Checking resolv-conf v0.7.0
[INFO] [stderr]     Checking poly1305 v0.6.2
[INFO] [stderr]     Checking lru-cache v0.1.2
[INFO] [stderr]     Checking trust-dns-proto v0.20.1
[INFO] [stderr]    Compiling snow v0.7.2
[INFO] [stderr]     Checking nohash-hasher v0.2.0
[INFO] [stderr]     Checking chacha20poly1305 v0.6.0
[INFO] [stderr]     Checking aes-gcm v0.7.0
[INFO] [stderr]     Checking if-watch v0.2.0
[INFO] [stderr]    Compiling libp2p-plaintext v0.28.0
[INFO] [stderr]    Compiling libp2p-kad v0.30.0
[INFO] [stderr]    Compiling libp2p-gossipsub v0.30.0
[INFO] [stderr]    Compiling libp2p-floodsub v0.29.0
[INFO] [stderr]    Compiling wasm-bindgen-macro v0.2.73
[INFO] [stderr]     Checking hyper v0.13.9
[INFO] [stderr]    Compiling libp2p-noise v0.30.0
[INFO] [stderr]    Compiling libp2p-identify v0.29.0
[INFO] [stderr]    Compiling libp2p-relay v0.2.0
[INFO] [stderr]     Checking x25519-dalek v1.1.0
[INFO] [stderr]    Compiling minicbor-derive v0.6.2
[INFO] [stderr]     Checking trust-dns-resolver v0.20.1
[INFO] [stderr]     Checking blake2 v0.9.1
[INFO] [stderr]     Checking cipher v0.2.5
[INFO] [stderr]     Checking socket2 v0.4.0
[INFO] [stderr]     Checking js-sys v0.3.50
[INFO] [stderr]    Compiling atomic v0.5.0
[INFO] [stderr]     Checking salsa20 v0.7.2
[INFO] [stderr]     Checking async-std-resolver v0.20.1
[INFO] [stderr]     Checking yamux v0.9.0
[INFO] [stderr]     Checking futures-rustls v0.21.1
[INFO] [stderr]     Checking soketto v0.4.2
[INFO] [stderr]     Checking webpki-roots v0.21.0
[INFO] [stderr]     Checking quicksink v0.1.2
[INFO] [stderr]     Checking dns-parser v0.8.0
[INFO] [stderr]     Checking cuckoofilter v0.5.0
[INFO] [stderr]     Checking parity-send-wrapper v0.1.0
[INFO] [stderr]     Checking hex_fmt v0.3.0
[INFO] [stderr]     Checking libp2p-mdns v0.30.0
[INFO] [stderr]     Checking libp2p-websocket v0.29.0
[INFO] [stderr]     Checking minicbor v0.8.0
[INFO] [stderr]     Checking libp2p-yamux v0.32.0
[INFO] [stderr]     Checking wasm-bindgen-futures v0.4.19
[INFO] [stderr]     Checking libp2p-dns v0.28.1
[INFO] [stderr]     Checking libp2p-wasm-ext v0.28.1
[INFO] [stderr]     Checking libp2p-request-response v0.11.0
[INFO] [stderr]     Checking substrate-prometheus-endpoint v0.9.0 (https://github.com/paritytech/substrate?branch=master#09c016ba)
[INFO] [stderr]     Checking libp2p-pnet v0.20.0
[INFO] [stderr]     Checking libp2p-tcp v0.28.0
[INFO] [stderr]     Checking libp2p-mplex v0.28.0
[INFO] [stderr]     Checking libp2p-deflate v0.28.0
[INFO] [stderr]     Checking libp2p-ping v0.29.0
[INFO] [stderr]     Checking libp2p-uds v0.28.0
[INFO] [stderr]    Compiling libp2p-swarm-derive v0.23.0
[INFO] [stderr]    Compiling hex-literal v0.3.3
[INFO] [stderr]     Checking finality-grandpa v0.14.1
[INFO] [stderr]     Checking fork-tree v3.0.0 (https://github.com/paritytech/substrate?branch=master#09c016ba)
[INFO] [stderr]     Checking base-x v0.2.8
[INFO] [stderr]    Compiling sc-network v0.10.0-dev (https://github.com/paritytech/substrate?branch=master#09c016ba)
[INFO] [stderr]     Checking linked_hash_set v0.1.4
[INFO] [stderr]     Checking ip_network v0.3.4
[INFO] [stderr]    Compiling strum_macros v0.20.1
[INFO] [stderr]    Compiling num-rational v0.4.0
[INFO] [stderr]     Checking approx v0.5.0
[INFO] [stderr]     Checking num-complex v0.4.0
[INFO] [stderr]     Checking threadpool v1.8.1
[INFO] [stderr]     Checking rawpointer v0.2.1
[INFO] [stderr]     Checking matrixmultiply v0.3.1
[INFO] [stderr]     Checking simba v0.5.1
[INFO] [stderr]     Checking libp2p v0.37.1
[INFO] [stderr]    Compiling nalgebra-macros v0.1.0
[INFO] [stderr]    Compiling data-encoding-macro-internal v0.1.9
[INFO] [stderr]     Checking rand_distr v0.4.1
[INFO] [stderr]     Checking sc-peerset v4.0.0-dev (https://github.com/paritytech/substrate?branch=master#09c016ba)
[INFO] [stderr]     Checking bytes v0.4.12
[INFO] [stderr]    Compiling derivative v2.2.0
[INFO] [stderr]    Compiling ucd-trie v0.1.3
[INFO] [stderr]    Compiling pest v2.1.3
[INFO] [stderr]     Checking smallvec v0.6.13
[INFO] [stderr]     Checking data-encoding-macro v0.1.10
[INFO] [stderr]     Checking tokio-executor v0.1.10
[INFO] [stderr]     Checking multibase v0.8.0
[INFO] [stderr]     Checking tokio-io v0.1.13
[INFO] [stderr]     Checking parking_lot_core v0.6.2
[INFO] [stderr]     Checking cid v0.6.0
[INFO] [stderr]     Checking jsonrpc-core v15.1.0
[INFO] [stderr]    Compiling camino v1.0.4
[INFO] [stderr]     Checking parking_lot v0.9.0
[INFO] [stderr]     Checking strum v0.20.0
[INFO] [stderr]     Checking tokio-sync v0.1.8
[INFO] [stderr]    Compiling semver-parser v0.10.2
[INFO] [stderr]     Checking tokio-reactor v0.1.12
[INFO] [stderr]    Compiling semver v0.11.0
[INFO] [stderr]    Compiling parity-wasm v0.32.0
[INFO] [stderr]    Compiling cargo-platform v0.1.1
[INFO] [stderr]    Compiling semver v0.6.0
[INFO] [stderr]    Compiling same-file v1.0.6
[INFO] [stderr]     Checking take_mut v0.2.2
[INFO] [stderr]     Checking sc-telemetry v4.0.0-dev (https://github.com/paritytech/substrate?branch=master#09c016ba)
[INFO] [stderr]    Compiling build-helper v0.1.1
[INFO] [stderr]    Compiling walkdir v2.3.2
[INFO] [stderr]    Compiling cargo_metadata v0.13.1
[INFO] [stderr]     Checking xcm v0.9.9 (https://github.com/paritytech/polkadot?branch=master#63a4d8b4)
[INFO] [stderr]     Checking cranelift-frontend v0.74.0
[INFO] [stderr]     Checking cranelift-native v0.74.0
[INFO] [stderr]    Compiling wasm-gc-api v0.1.11
[INFO] [stderr]     Checking tokio-codec v0.1.2
[INFO] [stderr]     Checking cranelift-wasm v0.74.0
[INFO] [stderr]     Checking tokio-threadpool v0.1.18
[INFO] [stderr]    Compiling failure_derive v0.1.8
[INFO] [stderr]     Checking tokio-udp v0.1.6
[INFO] [stderr]     Checking tokio-uds v0.2.7
[INFO] [stderr]     Checking tokio-fs v0.1.7
[INFO] [stderr]     Checking tokio-tcp v0.1.4
[INFO] [stderr]     Checking jsonrpc-pubsub v15.1.0
[INFO] [stderr]     Checking tokio-timer v0.2.13
[INFO] [stderr]     Checking tokio-current-thread v0.1.7
[INFO] [stderr]     Checking idna v0.1.5
[INFO] [stderr]     Checking tokio v0.1.22
[INFO] [stderr]    Compiling unicase v2.6.0
[INFO] [stderr]    Compiling radium v0.5.3
[INFO] [stderr]     Checking sp-rpc v4.0.0-dev (https://github.com/paritytech/substrate?branch=master#09c016ba)
[INFO] [stderr]     Checking bstr v0.2.14
[INFO] [stderr]     Checking wasmtime-environ v0.27.0
[INFO] [stderr]     Checking url v1.7.2
[INFO] [stderr]     Checking nalgebra v0.27.1
[INFO] [stderr]    Compiling winapi v0.3.9
[INFO] [stderr]     Checking globset v0.4.6
[INFO] [stderr]     Checking http v0.1.21
[INFO] [stderr]    Compiling clang-sys v1.2.0
[INFO] [stderr]     Checking failure v0.1.8
[INFO] [stderr]    Compiling jsonrpc-derive v15.1.0
[INFO] [stderr]     Checking wasmtime-debug v0.27.0
[INFO] [stderr]     Checking wasmtime-cranelift v0.27.0
[INFO] [stderr]     Checking jsonrpc-client-transports v15.1.0
[INFO] [stderr]    Compiling nom v6.2.1
[INFO] [stderr]     Checking jsonrpc-core-client v15.1.0
[INFO] [stderr]     Checking jsonrpc-server-utils v15.1.0
[INFO] [stderr]    Compiling bitvec v0.19.5
[INFO] [stderr]     Checking wasmtime-obj v0.27.0
[INFO] [stderr]     Checking string v0.2.1
[INFO] [stderr]     Checking wasmtime-profiling v0.27.0
[INFO] [stderr]     Checking tokio-buf v0.1.1
[INFO] [stderr]    Compiling hyper v0.12.35
[INFO] [stderr]    Compiling sc-chain-spec-derive v4.0.0-dev (https://github.com/paritytech/substrate?branch=master#09c016ba)
[INFO] [stderr]     Checking wasmtime-jit v0.27.0
[INFO] [stderr]     Checking mio-named-pipes v0.1.7
[INFO] [stderr]     Checking lazycell v1.3.0
[INFO] [stderr]     Checking mio-extras v2.0.6
[INFO] [stderr]     Checking tokio-named-pipes v0.1.0
[INFO] [stderr]     Checking h2 v0.1.26
[INFO] [stderr]     Checking http-body v0.1.0
[INFO] [stderr]     Checking miow v0.3.6
[INFO] [stderr]     Checking want v0.2.0
[INFO] [stderr]    Compiling libloading v0.7.0
[INFO] [stderr]     Checking sha-1 v0.8.2
[INFO] [stderr]     Checking futures-cpupool v0.1.8
[INFO] [stderr]    Compiling bindgen v0.59.1
[INFO] [stderr]     Checking parity-ws v0.10.0
[INFO] [stderr]     Checking parity-tokio-ipc v0.4.0
[INFO] [stderr]     Checking tokio-service v0.1.0
[INFO] [stderr]    Compiling peeking_take_while v0.1.2
[INFO] [stderr]    Compiling shlex v1.0.0
[INFO] [stderr]    Compiling libsecp256k1-core v0.2.2
[INFO] [stderr]     Checking jsonrpc-ws-server v15.1.0
[INFO] [stderr]     Checking jsonrpc-ipc-server v15.1.0
[INFO] [stderr]    Compiling sp-npos-elections-solution-type v4.0.0-dev (https://github.com/paritytech/substrate?branch=master#09c016ba)
[INFO] [stderr]     Checking openssl-probe v0.1.2
[INFO] [stderr]     Checking retain_mut v0.1.3
[INFO] [stderr]     Checking owning_ref v0.4.1
[INFO] [stderr]    Compiling sc-tracing-proc-macro v4.0.0-dev (https://github.com/paritytech/substrate?branch=master#09c016ba)
[INFO] [stderr]    Compiling lz4-sys v1.9.2
[INFO] [stderr]     Checking jsonrpc-http-server v15.1.0
[INFO] [stderr]    Compiling libsecp256k1-gen-genmult v0.2.1
[INFO] [stderr]    Compiling libsecp256k1-gen-ecmult v0.2.1
[INFO] [stderr]     Checking rustls v0.18.1
[INFO] [stderr]    Compiling enumflags2_derive v0.6.4
[INFO] [stderr]    Compiling snap v1.0.5
[INFO] [stderr]     Checking sp-npos-elections v4.0.0-dev (https://github.com/paritytech/substrate?branch=master#09c016ba)
[INFO] [stderr]    Compiling cexpr v0.5.0
[INFO] [stderr]    Compiling libsecp256k1 v0.6.0
[INFO] [stderr]    Compiling scale-info-derive v0.7.0
[INFO] [stderr]     Checking enumflags2 v0.6.4
[INFO] [stderr]     Checking rustls-native-certs v0.4.0
[INFO] [stderr]     Checking tokio-rustls v0.14.1
[INFO] [stderr]     Checking ct-logs v0.7.0
[INFO] [stderr]     Checking ordered-float v1.1.1
[INFO] [stderr]     Checking memmap2 v0.2.0
[INFO] [stderr]     Checking fs2 v0.4.3
[INFO] [stderr]     Checking fs-swap v0.2.6
[INFO] [stderr]     Checking ckb-merkle-mountain-range v0.3.1
[INFO] [stderr]     Checking futures-timer v2.0.2
[INFO] [stderr]     Checking integer-encoding v1.1.5
[INFO] [stderr]     Checking statrs v0.15.0
[INFO] [stderr]     Checking intervalier v0.4.0
[INFO] [stderr]     Checking hyper-rustls v0.21.0
[INFO] [stderr]     Checking thrift v0.13.0
[INFO] [stderr]     Checking scale-info v0.10.0
[INFO] [stderr]     Checking kvdb-memorydb v0.10.0
[INFO] [stderr]    Compiling sc-authority-discovery v0.10.0-dev (https://github.com/paritytech/substrate?branch=master#09c016ba)
[INFO] [stderr]    Compiling enumn v0.1.3
[INFO] [stderr]     Checking dirs-sys v0.3.5
[INFO] [stderr]     Checking beefy-merkle-tree v0.1.0 (https://github.com/paritytech/grandpa-bridge-gadget?branch=master#267ea453)
[INFO] [stderr]     Checking directories v3.0.1
[INFO] [stderr]     Checking mick-jaeger v0.1.4
[INFO] [stderr]     Checking exit-future v0.2.0
[INFO] [stderr]     Checking linregress v0.4.3
[INFO] [stderr]     Checking metered-channel v0.9.9 (https://github.com/paritytech/polkadot?branch=master#63a4d8b4)
[INFO] [stderr]    Compiling polkadot-overseer-gen-proc-macro v0.9.9 (https://github.com/paritytech/polkadot?branch=master#63a4d8b4)
[INFO] [stderr]    Compiling pallet-staking-reward-curve v4.0.0-dev (https://github.com/paritytech/substrate?branch=master#09c016ba)
[INFO] [stderr]    Compiling assert_matches v1.5.0
[INFO] [stderr]    Compiling polkadot-overseer-all-subsystems-gen v0.9.9 (https://github.com/paritytech/polkadot?branch=master#63a4d8b4)
[INFO] [stderr]    Compiling cfg_aliases v0.1.1
[INFO] [stderr]    Compiling cumulus-pallet-parachain-system-proc-macro v0.1.0 (/opt/rustwide/workdir/pallets/parachain-system/proc-macro)
[INFO] [stderr]    Compiling static_init_macro v0.5.0
[INFO] [stderr]    Compiling static_init v0.5.2
[INFO] [stderr]    Compiling fs-err v2.5.0
[INFO] [stderr]    Compiling sc-consensus-slots v0.10.0-dev (https://github.com/paritytech/substrate?branch=master#09c016ba)
[INFO] [stderr]     Checking safe-mix v1.0.1
[INFO] [stderr]    Compiling slotmap v1.0.3
[INFO] [stderr]     Checking always-assert v0.1.2
[INFO] [stderr]     Checking unicode-width v0.1.8
[INFO] [stderr]     Checking rand v0.4.6
[INFO] [stderr]    Compiling reed-solomon-novelpoly v1.0.0
[INFO] [stderr]     Checking textwrap v0.11.0
[INFO] [stderr]     Checking vec_map v0.8.2
[INFO] [stderr]    Compiling autocfg v0.1.7
[INFO] [stderr]     Checking rand_core v0.4.2
[INFO] [stderr]    Compiling names v0.11.0
[INFO] [stderr]     Checking strsim v0.8.0
[INFO] [stderr]     Checking ansi_term v0.11.0
[INFO] [stderr]     Checking rand v0.3.23
[INFO] [stderr]    Compiling structopt-derive v0.4.14
[INFO] [stderr]     Checking clap v2.33.3
[INFO] [stderr]     Checking memory-lru v0.1.0
[INFO] [stderr]     Checking rpassword v5.0.0
[INFO] [stderr]     Checking fdlimit v0.2.1
[INFO] [stderr]     Checking sc-proposer-metrics v0.9.0 (https://github.com/paritytech/substrate?branch=master#09c016ba)
[INFO] [stderr]     Checking rand_core v0.3.1
[INFO] [stderr]    Compiling proc-macro-error-attr v0.4.12
[INFO] [stderr]    Compiling tokio v1.6.1
[INFO] [stderr]    Compiling platforms v1.1.0
[INFO] [stderr]    Compiling syn-mid v0.5.3
[INFO] [stderr]    Compiling proc-macro-error v0.4.12
[INFO] [stderr]    Compiling rand_chacha v0.1.1
[INFO] [stderr]    Compiling rand_pcg v0.1.2
[INFO] [stderr]     Checking http-body v0.4.2
[INFO] [stderr]    Compiling librocksdb-sys v6.20.3
[INFO] [stderr]    Compiling maplit v1.0.2
[INFO] [stderr]    Compiling pest_meta v2.1.3
[INFO] [stderr]     Checking structopt v0.3.21
[INFO] [stderr]    Compiling substrate-build-script-utils v3.0.0 (https://github.com/paritytech/substrate?branch=master#09c016ba)
[INFO] [stderr]     Checking hyper v0.14.5
[INFO] [stderr]    Compiling rand v0.6.5
[INFO] [stderr]     Checking soketto v0.6.0
[INFO] [stderr]     Checking beef v0.5.0
[INFO] [stderr]    Compiling cumulus-test-relay-validation-worker-provider v0.1.0 (/opt/rustwide/workdir/test/relay-validation-worker-provider)
[INFO] [stderr]    Compiling proc-macro2 v0.4.30
[INFO] [stderr]    Compiling pest_generator v2.1.3
[INFO] [stderr]     Checking jsonrpsee-types v0.3.0
[INFO] [stderr]    Compiling bae v0.1.6
[INFO] [stderr]     Checking rand_xorshift v0.1.1
[INFO] [stderr]     Checking rand_hc v0.1.0
[INFO] [stderr]     Checking rand_isaac v0.1.1
[INFO] [stderr]     Checking rand_os v0.1.3
[INFO] [stderr]     Checking rand_jitter v0.1.4
[INFO] [stderr]     Checking rustls-native-certs v0.5.0
[INFO] [stderr]     Checking tokio-rustls v0.15.0
[INFO] [stderr]    Compiling parking_lot_core v0.4.0
[INFO] [stderr]    Compiling unicode-xid v0.1.0
[INFO] [stderr]     Checking humantime v2.1.0
[INFO] [stderr]     Checking jsonrpsee-ws-client v0.3.0
[INFO] [stderr]     Checking env_logger v0.8.3
[INFO] [stderr]    Compiling jsonrpsee-proc-macros v0.3.0
[INFO] [stderr]    Compiling pest_derive v2.1.0
[INFO] [stderr]     Checking quick-error v2.0.0
[INFO] [stderr]     Checking scopeguard v0.3.3
[INFO] [stderr]    Compiling syn v0.15.44
[INFO] [stderr]     Checking lock_api v0.1.5
[INFO] [stderr]    Compiling quote v0.6.13
[INFO] [stderr]     Checking lz4 v1.23.2
[INFO] [stderr]     Checking parity-db v0.3.1
[INFO] [stderr]    Compiling polkadot-cli v0.9.9 (https://github.com/paritytech/polkadot?branch=master#63a4d8b4)
[INFO] [stderr]     Checking handlebars v3.5.2
[INFO] [stderr]     Checking parking_lot v0.7.1
[INFO] [stderr]    Compiling polkadot-collator v0.1.0 (/opt/rustwide/workdir/polkadot-parachains)
[INFO] [stderr]    Compiling hex-literal-impl v0.2.2
[INFO] [stderr]     Checking exit-future v0.1.4
[INFO] [stderr]     Checking trie-root v0.15.2
[INFO] [stderr]     Checking hex-literal v0.2.1
[INFO] [stderr]    Compiling derive_more v0.15.0
[INFO] [stderr]  Documenting cumulus-pallet-parachain-system-proc-macro v0.1.0 (/opt/rustwide/workdir/pallets/parachain-system/proc-macro)
[INFO] [stderr] The following warnings were emitted during compilation:
[INFO] [stderr] 
[INFO] [stderr] warning: c++: fatal error: Killed signal terminated program cc1plus
[INFO] [stderr] warning: compilation terminated.
[INFO] [stderr] warning: c++: fatal error: Killed signal terminated program cc1plus
[INFO] [stderr] warning: compilation terminated.
[INFO] [stderr] 
[INFO] [stderr] error: failed to run custom build command for `librocksdb-sys v6.20.3`
[INFO] [stderr] note: To improve backtraces for build dependencies, set the CARGO_PROFILE_DEV_BUILD_OVERRIDE_DEBUG=true environment variable to enable debug information generation.
[INFO] [stderr] 
[INFO] [stderr] Caused by:
[INFO] [stderr]   process didn't exit successfully: `/opt/rustwide/target/debug/build/librocksdb-sys-b517ea3564a613fc/build-script-build` (exit status: 1)
[INFO] [stderr]   --- stdout
[INFO] [stderr]   cargo:rerun-if-changed=rocksdb/
[INFO] [stderr]   TARGET = Some("x86_64-unknown-linux-gnu")
[INFO] [stderr]   OPT_LEVEL = Some("0")
[INFO] [stderr]   HOST = Some("x86_64-unknown-linux-gnu")
[INFO] [stderr]   CXX_x86_64-unknown-linux-gnu = None
[INFO] [stderr]   CXX_x86_64_unknown_linux_gnu = None
[INFO] [stderr]   HOST_CXX = None
[INFO] [stderr]   CXX = None
[INFO] [stderr]   CXXFLAGS_x86_64-unknown-linux-gnu = None
[INFO] [stderr]   CXXFLAGS_x86_64_unknown_linux_gnu = None
[INFO] [stderr]   HOST_CXXFLAGS = None
[INFO] [stderr]   CXXFLAGS = None
[INFO] [stderr]   CRATE_CC_NO_DEFAULTS = None
[INFO] [stderr]   DEBUG = Some("true")
[INFO] [stderr]   CARGO_CFG_TARGET_FEATURE = Some("fxsr,sse,sse2")
[INFO] [stderr]   CXX_x86_64-unknown-linux-gnu = None
[INFO] [stderr]   CXX_x86_64_unknown_linux_gnu = None
[INFO] [stderr]   HOST_CXX = None
[INFO] [stderr]   CXX = None
[INFO] [stderr]   CXXFLAGS_x86_64-unknown-linux-gnu = None
[INFO] [stderr]   CXXFLAGS_x86_64_unknown_linux_gnu = None
[INFO] [stderr]   HOST_CXXFLAGS = None
[INFO] [stderr]   CXXFLAGS = None
[INFO] [stderr]   CRATE_CC_NO_DEFAULTS = None
[INFO] [stderr]   CARGO_CFG_TARGET_FEATURE = Some("fxsr,sse,sse2")
[INFO] [stderr]   running: "c++" "-O0" "-ffunction-sections" "-fdata-sections" "-fPIC" "-g" "-fno-omit-frame-pointer" "-m64" "-I" "rocksdb/include/" "-I" "rocksdb/" "-I" "rocksdb/third-party/gtest-1.8.1/fused-src/" "-I" "snappy/" "-I" "." "-Wall" "-Wextra" "-std=c++11" "-Wno-unused-parameter" "-msse2" "-DSNAPPY=1" "-DNDEBUG=1" "-DOS_LINUX" "-DROCKSDB_PLATFORM_POSIX" "-DROCKSDB_LIB_IO_POSIX" "-DROCKSDB_SUPPORT_THREAD_LOCAL" "-o" "/opt/rustwide/target/debug/build/librocksdb-sys-22035ca93c0783b6/out/rocksdb/cache/cache.o" "-c" "rocksdb/cache/cache.cc"
[INFO] [stderr]   running: "c++" "-O0" "-ffunction-sections" "-fdata-sections" "-fPIC" "-g" "-fno-omit-frame-pointer" "-m64" "-I" "rocksdb/include/" "-I" "rocksdb/" "-I" "rocksdb/third-party/gtest-1.8.1/fused-src/" "-I" "snappy/" "-I" "." "-Wall" "-Wextra" "-std=c++11" "-Wno-unused-parameter" "-msse2" "-DSNAPPY=1" "-DNDEBUG=1" "-DOS_LINUX" "-DROCKSDB_PLATFORM_POSIX" "-DROCKSDB_LIB_IO_POSIX" "-DROCKSDB_SUPPORT_THREAD_LOCAL" "-o" "/opt/rustwide/target/debug/build/librocksdb-sys-22035ca93c0783b6/out/rocksdb/cache/clock_cache.o" "-c" "rocksdb/cache/clock_cache.cc"
[INFO] [stderr]   running: "c++" "-O0" "-ffunction-sections" "-fdata-sections" "-fPIC" "-g" "-fno-omit-frame-pointer" "-m64" "-I" "rocksdb/include/" "-I" "rocksdb/" "-I" "rocksdb/third-party/gtest-1.8.1/fused-src/" "-I" "snappy/" "-I" "." "-Wall" "-Wextra" "-std=c++11" "-Wno-unused-parameter" "-msse2" "-DSNAPPY=1" "-DNDEBUG=1" "-DOS_LINUX" "-DROCKSDB_PLATFORM_POSIX" "-DROCKSDB_LIB_IO_POSIX" "-DROCKSDB_SUPPORT_THREAD_LOCAL" "-o" "/opt/rustwide/target/debug/build/librocksdb-sys-22035ca93c0783b6/out/rocksdb/cache/lru_cache.o" "-c" "rocksdb/cache/lru_cache.cc"
[INFO] [stderr]   running: "c++" "-O0" "-ffunction-sections" "-fdata-sections" "-fPIC" "-g" "-fno-omit-frame-pointer" "-m64" "-I" "rocksdb/include/" "-I" "rocksdb/" "-I" "rocksdb/third-party/gtest-1.8.1/fused-src/" "-I" "snappy/" "-I" "." "-Wall" "-Wextra" "-std=c++11" "-Wno-unused-parameter" "-msse2" "-DSNAPPY=1" "-DNDEBUG=1" "-DOS_LINUX" "-DROCKSDB_PLATFORM_POSIX" "-DROCKSDB_LIB_IO_POSIX" "-DROCKSDB_SUPPORT_THREAD_LOCAL" "-o" "/opt/rustwide/target/debug/build/librocksdb-sys-22035ca93c0783b6/out/rocksdb/cache/sharded_cache.o" "-c" "rocksdb/cache/sharded_cache.cc"
[INFO] [stderr]   exit status: 0
[INFO] [stderr]   running: "c++" "-O0" "-ffunction-sections" "-fdata-sections" "-fPIC" "-g" "-fno-omit-frame-pointer" "-m64" "-I" "rocksdb/include/" "-I" "rocksdb/" "-I" "rocksdb/third-party/gtest-1.8.1/fused-src/" "-I" "snappy/" "-I" "." "-Wall" "-Wextra" "-std=c++11" "-Wno-unused-parameter" "-msse2" "-DSNAPPY=1" "-DNDEBUG=1" "-DOS_LINUX" "-DROCKSDB_PLATFORM_POSIX" "-DROCKSDB_LIB_IO_POSIX" "-DROCKSDB_SUPPORT_THREAD_LOCAL" "-o" "/opt/rustwide/target/debug/build/librocksdb-sys-22035ca93c0783b6/out/rocksdb/db/arena_wrapped_db_iter.o" "-c" "rocksdb/db/arena_wrapped_db_iter.cc"
[INFO] [stderr]   exit status: 0
[INFO] [stderr]   running: "c++" "-O0" "-ffunction-sections" "-fdata-sections" "-fPIC" "-g" "-fno-omit-frame-pointer" "-m64" "-I" "rocksdb/include/" "-I" "rocksdb/" "-I" "rocksdb/third-party/gtest-1.8.1/fused-src/" "-I" "snappy/" "-I" "." "-Wall" "-Wextra" "-std=c++11" "-Wno-unused-parameter" "-msse2" "-DSNAPPY=1" "-DNDEBUG=1" "-DOS_LINUX" "-DROCKSDB_PLATFORM_POSIX" "-DROCKSDB_LIB_IO_POSIX" "-DROCKSDB_SUPPORT_THREAD_LOCAL" "-o" "/opt/rustwide/target/debug/build/librocksdb-sys-22035ca93c0783b6/out/rocksdb/db/blob/blob_file_addition.o" "-c" "rocksdb/db/blob/blob_file_addition.cc"
[INFO] [stderr]   exit status: 0
[INFO] [stderr]   running: "c++" "-O0" "-ffunction-sections" "-fdata-sections" "-fPIC" "-g" "-fno-omit-frame-pointer" "-m64" "-I" "rocksdb/include/" "-I" "rocksdb/" "-I" "rocksdb/third-party/gtest-1.8.1/fused-src/" "-I" "snappy/" "-I" "." "-Wall" "-Wextra" "-std=c++11" "-Wno-unused-parameter" "-msse2" "-DSNAPPY=1" "-DNDEBUG=1" "-DOS_LINUX" "-DROCKSDB_PLATFORM_POSIX" "-DROCKSDB_LIB_IO_POSIX" "-DROCKSDB_SUPPORT_THREAD_LOCAL" "-o" "/opt/rustwide/target/debug/build/librocksdb-sys-22035ca93c0783b6/out/rocksdb/db/blob/blob_file_builder.o" "-c" "rocksdb/db/blob/blob_file_builder.cc"
[INFO] [stderr]   exit status: 0
[INFO] [stderr]   exit status: 0
[INFO] [stderr]   exit status: 0
[INFO] [stderr]   exit status: 0
[INFO] [stderr]   running: "c++" "-O0" "-ffunction-sections" "-fdata-sections" "-fPIC" "-g" "-fno-omit-frame-pointer" "-m64" "-I" "rocksdb/include/" "-I" "rocksdb/" "-I" "rocksdb/third-party/gtest-1.8.1/fused-src/" "-I" "snappy/" "-I" "." "-Wall" "-Wextra" "-std=c++11" "-Wno-unused-parameter" "-msse2" "-DSNAPPY=1" "-DNDEBUG=1" "-DOS_LINUX" "-DROCKSDB_PLATFORM_POSIX" "-DROCKSDB_LIB_IO_POSIX" "-DROCKSDB_SUPPORT_THREAD_LOCAL" "-o" "/opt/rustwide/target/debug/build/librocksdb-sys-22035ca93c0783b6/out/rocksdb/db/blob/blob_file_cache.o" "-c" "rocksdb/db/blob/blob_file_cache.cc"
[INFO] [stderr]   running: "c++" "-O0" "-ffunction-sections" "-fdata-sections" "-fPIC" "-g" "-fno-omit-frame-pointer" "-m64" "-I" "rocksdb/include/" "-I" "rocksdb/" "-I" "rocksdb/third-party/gtest-1.8.1/fused-src/" "-I" "snappy/" "-I" "." "-Wall" "-Wextra" "-std=c++11" "-Wno-unused-parameter" "-msse2" "-DSNAPPY=1" "-DNDEBUG=1" "-DOS_LINUX" "-DROCKSDB_PLATFORM_POSIX" "-DROCKSDB_LIB_IO_POSIX" "-DROCKSDB_SUPPORT_THREAD_LOCAL" "-o" "/opt/rustwide/target/debug/build/librocksdb-sys-22035ca93c0783b6/out/rocksdb/db/blob/blob_file_garbage.o" "-c" "rocksdb/db/blob/blob_file_garbage.cc"
[INFO] [stderr]   running: "c++" "-O0" "-ffunction-sections" "-fdata-sections" "-fPIC" "-g" "-fno-omit-frame-pointer" "-m64" "-I" "rocksdb/include/" "-I" "rocksdb/" "-I" "rocksdb/third-party/gtest-1.8.1/fused-src/" "-I" "snappy/" "-I" "." "-Wall" "-Wextra" "-std=c++11" "-Wno-unused-parameter" "-msse2" "-DSNAPPY=1" "-DNDEBUG=1" "-DOS_LINUX" "-DROCKSDB_PLATFORM_POSIX" "-DROCKSDB_LIB_IO_POSIX" "-DROCKSDB_SUPPORT_THREAD_LOCAL" "-o" "/opt/rustwide/target/debug/build/librocksdb-sys-22035ca93c0783b6/out/rocksdb/db/blob/blob_file_meta.o" "-c" "rocksdb/db/blob/blob_file_meta.cc"
[INFO] [stderr]   exit status: 0
[INFO] [stderr]   running: "c++" "-O0" "-ffunction-sections" "-fdata-sections" "-fPIC" "-g" "-fno-omit-frame-pointer" "-m64" "-I" "rocksdb/include/" "-I" "rocksdb/" "-I" "rocksdb/third-party/gtest-1.8.1/fused-src/" "-I" "snappy/" "-I" "." "-Wall" "-Wextra" "-std=c++11" "-Wno-unused-parameter" "-msse2" "-DSNAPPY=1" "-DNDEBUG=1" "-DOS_LINUX" "-DROCKSDB_PLATFORM_POSIX" "-DROCKSDB_LIB_IO_POSIX" "-DROCKSDB_SUPPORT_THREAD_LOCAL" "-o" "/opt/rustwide/target/debug/build/librocksdb-sys-22035ca93c0783b6/out/rocksdb/db/blob/blob_file_reader.o" "-c" "rocksdb/db/blob/blob_file_reader.cc"
[INFO] [stderr]   exit status: 0
[INFO] [stderr]   running: "c++" "-O0" "-ffunction-sections" "-fdata-sections" "-fPIC" "-g" "-fno-omit-frame-pointer" "-m64" "-I" "rocksdb/include/" "-I" "rocksdb/" "-I" "rocksdb/third-party/gtest-1.8.1/fused-src/" "-I" "snappy/" "-I" "." "-Wall" "-Wextra" "-std=c++11" "-Wno-unused-parameter" "-msse2" "-DSNAPPY=1" "-DNDEBUG=1" "-DOS_LINUX" "-DROCKSDB_PLATFORM_POSIX" "-DROCKSDB_LIB_IO_POSIX" "-DROCKSDB_SUPPORT_THREAD_LOCAL" "-o" "/opt/rustwide/target/debug/build/librocksdb-sys-22035ca93c0783b6/out/rocksdb/db/blob/blob_log_format.o" "-c" "rocksdb/db/blob/blob_log_format.cc"
[INFO] [stderr]   exit status: 0
[INFO] [stderr]   running: "c++" "-O0" "-ffunction-sections" "-fdata-sections" "-fPIC" "-g" "-fno-omit-frame-pointer" "-m64" "-I" "rocksdb/include/" "-I" "rocksdb/" "-I" "rocksdb/third-party/gtest-1.8.1/fused-src/" "-I" "snappy/" "-I" "." "-Wall" "-Wextra" "-std=c++11" "-Wno-unused-parameter" "-msse2" "-DSNAPPY=1" "-DNDEBUG=1" "-DOS_LINUX" "-DROCKSDB_PLATFORM_POSIX" "-DROCKSDB_LIB_IO_POSIX" "-DROCKSDB_SUPPORT_THREAD_LOCAL" "-o" "/opt/rustwide/target/debug/build/librocksdb-sys-22035ca93c0783b6/out/rocksdb/db/blob/blob_log_sequential_reader.o" "-c" "rocksdb/db/blob/blob_log_sequential_reader.cc"
[INFO] [stderr]   exit status: 0
[INFO] [stderr]   exit status: 0
[INFO] [stderr]   running: "c++" "-O0" "-ffunction-sections" "-fdata-sections" "-fPIC" "-g" "-fno-omit-frame-pointer" "-m64" "-I" "rocksdb/include/" "-I" "rocksdb/" "-I" "rocksdb/third-party/gtest-1.8.1/fused-src/" "-I" "snappy/" "-I" "." "-Wall" "-Wextra" "-std=c++11" "-Wno-unused-parameter" "-msse2" "-DSNAPPY=1" "-DNDEBUG=1" "-DOS_LINUX" "-DROCKSDB_PLATFORM_POSIX" "-DROCKSDB_LIB_IO_POSIX" "-DROCKSDB_SUPPORT_THREAD_LOCAL" "-o" "/opt/rustwide/target/debug/build/librocksdb-sys-22035ca93c0783b6/out/rocksdb/db/blob/blob_log_writer.o" "-c" "rocksdb/db/blob/blob_log_writer.cc"
[INFO] [stderr]   running: "c++" "-O0" "-ffunction-sections" "-fdata-sections" "-fPIC" "-g" "-fno-omit-frame-pointer" "-m64" "-I" "rocksdb/include/" "-I" "rocksdb/" "-I" "rocksdb/third-party/gtest-1.8.1/fused-src/" "-I" "snappy/" "-I" "." "-Wall" "-Wextra" "-std=c++11" "-Wno-unused-parameter" "-msse2" "-DSNAPPY=1" "-DNDEBUG=1" "-DOS_LINUX" "-DROCKSDB_PLATFORM_POSIX" "-DROCKSDB_LIB_IO_POSIX" "-DROCKSDB_SUPPORT_THREAD_LOCAL" "-o" "/opt/rustwide/target/debug/build/librocksdb-sys-22035ca93c0783b6/out/rocksdb/db/builder.o" "-c" "rocksdb/db/builder.cc"
[INFO] [stderr]   exit status: 0
[INFO] [stderr]   running: "c++" "-O0" "-ffunction-sections" "-fdata-sections" "-fPIC" "-g" "-fno-omit-frame-pointer" "-m64" "-I" "rocksdb/include/" "-I" "rocksdb/" "-I" "rocksdb/third-party/gtest-1.8.1/fused-src/" "-I" "snappy/" "-I" "." "-Wall" "-Wextra" "-std=c++11" "-Wno-unused-parameter" "-msse2" "-DSNAPPY=1" "-DNDEBUG=1" "-DOS_LINUX" "-DROCKSDB_PLATFORM_POSIX" "-DROCKSDB_LIB_IO_POSIX" "-DROCKSDB_SUPPORT_THREAD_LOCAL" "-o" "/opt/rustwide/target/debug/build/librocksdb-sys-22035ca93c0783b6/out/rocksdb/db/c.o" "-c" "rocksdb/db/c.cc"
[INFO] [stderr]   exit status: 0
[INFO] [stderr]   running: "c++" "-O0" "-ffunction-sections" "-fdata-sections" "-fPIC" "-g" "-fno-omit-frame-pointer" "-m64" "-I" "rocksdb/include/" "-I" "rocksdb/" "-I" "rocksdb/third-party/gtest-1.8.1/fused-src/" "-I" "snappy/" "-I" "." "-Wall" "-Wextra" "-std=c++11" "-Wno-unused-parameter" "-msse2" "-DSNAPPY=1" "-DNDEBUG=1" "-DOS_LINUX" "-DROCKSDB_PLATFORM_POSIX" "-DROCKSDB_LIB_IO_POSIX" "-DROCKSDB_SUPPORT_THREAD_LOCAL" "-o" "/opt/rustwide/target/debug/build/librocksdb-sys-22035ca93c0783b6/out/rocksdb/db/column_family.o" "-c" "rocksdb/db/column_family.cc"
[INFO] [stderr]   running: "c++" "-O0" "-ffunction-sections" "-fdata-sections" "-fPIC" "-g" "-fno-omit-frame-pointer" "-m64" "-I" "rocksdb/include/" "-I" "rocksdb/" "-I" "rocksdb/third-party/gtest-1.8.1/fused-src/" "-I" "snappy/" "-I" "." "-Wall" "-Wextra" "-std=c++11" "-Wno-unused-parameter" "-msse2" "-DSNAPPY=1" "-DNDEBUG=1" "-DOS_LINUX" "-DROCKSDB_PLATFORM_POSIX" "-DROCKSDB_LIB_IO_POSIX" "-DROCKSDB_SUPPORT_THREAD_LOCAL" "-o" "/opt/rustwide/target/debug/build/librocksdb-sys-22035ca93c0783b6/out/rocksdb/db/compaction/compaction.o" "-c" "rocksdb/db/compaction/compaction.cc"
[INFO] [stderr]   cargo:warning=c++: fatal error: Killed signal terminated program cc1plus
[INFO] [stderr]   cargo:warning=compilation terminated.
[INFO] [stderr]   exit status: 1
[INFO] [stderr]   running: "c++" "-O0" "-ffunction-sections" "-fdata-sections" "-fPIC" "-g" "-fno-omit-frame-pointer" "-m64" "-I" "rocksdb/include/" "-I" "rocksdb/" "-I" "rocksdb/third-party/gtest-1.8.1/fused-src/" "-I" "snappy/" "-I" "." "-Wall" "-Wextra" "-std=c++11" "-Wno-unused-parameter" "-msse2" "-DSNAPPY=1" "-DNDEBUG=1" "-DOS_LINUX" "-DROCKSDB_PLATFORM_POSIX" "-DROCKSDB_LIB_IO_POSIX" "-DROCKSDB_SUPPORT_THREAD_LOCAL" "-o" "/opt/rustwide/target/debug/build/librocksdb-sys-22035ca93c0783b6/out/rocksdb/db/compaction/compaction_iterator.o" "-c" "rocksdb/db/compaction/compaction_iterator.cc"
[INFO] [stderr]   exit status: 0
[INFO] [stderr]   cargo:warning=c++: fatal error: Killed signal terminated program cc1plus
[INFO] [stderr]   cargo:warning=compilation terminated.
[INFO] [stderr]   exit status: 1
[INFO] [stderr]   exit status: 0
[INFO] [stderr]   exit status: 0
[INFO] [stderr] 
[INFO] [stderr]   --- stderr
[INFO] [stderr]   error: 'rustfmt' is not installed for the toolchain '1.69.0-x86_64-unknown-linux-gnu'
[INFO] [stderr]   To install, run `rustup component add rustfmt --toolchain 1.69.0-x86_64-unknown-linux-gnu`
[INFO] [stderr]   Failed to run rustfmt: Internal rustfmt error (non-fatal, continuing)
[INFO] [stderr] 
[INFO] [stderr] 
[INFO] [stderr]   error occurred: Command "c++" "-O0" "-ffunction-sections" "-fdata-sections" "-fPIC" "-g" "-fno-omit-frame-pointer" "-m64" "-I" "rocksdb/include/" "-I" "rocksdb/" "-I" "rocksdb/third-party/gtest-1.8.1/fused-src/" "-I" "snappy/" "-I" "." "-Wall" "-Wextra" "-std=c++11" "-Wno-unused-parameter" "-msse2" "-DSNAPPY=1" "-DNDEBUG=1" "-DOS_LINUX" "-DROCKSDB_PLATFORM_POSIX" "-DROCKSDB_LIB_IO_POSIX" "-DROCKSDB_SUPPORT_THREAD_LOCAL" "-o" "/opt/rustwide/target/debug/build/librocksdb-sys-22035ca93c0783b6/out/rocksdb/db/builder.o" "-c" "rocksdb/db/builder.cc" with args "c++" did not execute successfully (status code exit status: 1).
[INFO] [stderr] 
[INFO] [stderr] 
[INFO] [stderr] warning: build failed, waiting for other jobs to finish...
[INFO] [stderr] error: failed to run custom build command for `cumulus-test-relay-validation-worker-provider v0.1.0 (/opt/rustwide/workdir/test/relay-validation-worker-provider)`
[INFO] [stderr] note: To improve backtraces for build dependencies, set the CARGO_PROFILE_DEV_BUILD_OVERRIDE_DEBUG=true environment variable to enable debug information generation.
[INFO] [stderr] 
[INFO] [stderr] Caused by:
[INFO] [stderr]   process didn't exit successfully: `/opt/rustwide/target/debug/build/cumulus-test-relay-validation-worker-provider-aaa2efeb38527e3a/build-script-build` (exit status: 1)
[INFO] [stderr]   --- stderr
[INFO] [stderr]      Compiling proc-macro2 v1.0.28
[INFO] [stderr]      Compiling unicode-xid v0.2.1
[INFO] [stderr]      Compiling syn v1.0.73
[INFO] [stderr]      Compiling quote v1.0.9
[INFO] [stderr]      Compiling libc v0.2.98
[INFO] [stderr]      Compiling cfg-if v1.0.0
[INFO] [stderr]      Compiling autocfg v1.0.1
[INFO] [stderr]      Compiling serde v1.0.127
[INFO] [stderr]      Compiling serde_derive v1.0.127
[INFO] [stderr]      Compiling scopeguard v1.1.0
[INFO] [stderr]      Compiling version_check v0.9.2
[INFO] [stderr]      Compiling smallvec v1.6.1
[INFO] [stderr]      Compiling instant v0.1.9
[INFO] [stderr]      Compiling getrandom v0.2.1
[INFO] [stderr]      Compiling parking_lot_core v0.8.2
[INFO] [stderr]      Compiling lock_api v0.4.2
[INFO] [stderr]      Compiling value-bag v1.0.0-alpha.6
[INFO] [stderr]      Compiling parking_lot v0.11.1
[INFO] [stderr]      Compiling log v0.4.14
[INFO] [stderr]      Compiling once_cell v1.5.2
[INFO] [stderr]      Compiling byteorder v1.3.4
[INFO] [stderr]      Compiling memchr v2.3.4
[INFO] [stderr]      Compiling typenum v1.12.0
[INFO] [stderr]      Compiling lazy_static v1.4.0
[INFO] [stderr]      Compiling ahash v0.7.4
[INFO] [stderr]      Compiling ppv-lite86 v0.2.10
[INFO] [stderr]      Compiling radium v0.6.2
[INFO] [stderr]      Compiling hashbrown v0.11.2
[INFO] [stderr]      Compiling getrandom v0.1.16
[INFO] [stderr]      Compiling thiserror-impl v1.0.26
[INFO] [stderr]      Compiling ctor v0.1.19
[INFO] [stderr]      Compiling impl-trait-for-tuples v0.2.1
[INFO] [stderr]      Compiling thiserror v1.0.26
[INFO] [stderr]      Compiling pin-project-lite v0.2.4
[INFO] [stderr]      Compiling rustc-hash v1.1.0
[INFO] [stderr]      Compiling futures-core v0.3.16
[INFO] [stderr]      Compiling rand_core v0.6.1
[INFO] [stderr]      Compiling synstructure v0.12.4
[INFO] [stderr]      Compiling generic-array v0.14.4
[INFO] [stderr]      Compiling num-traits v0.2.14
[INFO] [stderr]      Compiling wyz v0.2.0
[INFO] [stderr]      Compiling tap v1.0.0
[INFO] [stderr]      Compiling funty v1.1.0
[INFO] [stderr]      Compiling bitvec v0.20.1
[INFO] [stderr]      Compiling rand_chacha v0.3.1
[INFO] [stderr]      Compiling rand_core v0.5.1
[INFO] [stderr]      Compiling jobserver v0.1.21
[INFO] [stderr]      Compiling crunchy v0.2.2
[INFO] [stderr]      Compiling toml v0.5.8
[INFO] [stderr]      Compiling byte-slice-cast v1.0.0
[INFO] [stderr]      Compiling arrayvec v0.7.0
[INFO] [stderr]      Compiling cc v1.0.66
[INFO] [stderr]      Compiling rand v0.8.4
[INFO] [stderr]      Compiling generic-array v0.12.3
[INFO] [stderr]      Compiling num-integer v0.1.44
[INFO] [stderr]      Compiling proc-macro-crate v1.0.0
[INFO] [stderr]      Compiling rustc-hex v2.1.0
[INFO] [stderr]      Compiling anyhow v1.0.40
[INFO] [stderr]      Compiling futures-io v0.3.16
[INFO] [stderr]      Compiling subtle v2.4.0
[INFO] [stderr]      Compiling cfg-if v0.1.10
[INFO] [stderr]      Compiling regex-syntax v0.6.21
[INFO] [stderr]      Compiling static_assertions v1.1.0
[INFO] [stderr]      Compiling zeroize_derive v1.0.1
[INFO] [stderr]      Compiling impl-serde v0.3.1
[INFO] [stderr]      Compiling aho-corasick v0.7.15
[INFO] [stderr]      Compiling thread_local v1.0.1
[INFO] [stderr]      Compiling parity-scale-codec-derive v2.2.0
[INFO] [stderr]      Compiling num_cpus v1.13.0
[INFO] [stderr]      Compiling bytes v1.0.1
[INFO] [stderr]      Compiling digest v0.8.1
[INFO] [stderr]      Compiling digest v0.9.0
[INFO] [stderr]      Compiling zeroize v1.2.0
[INFO] [stderr]      Compiling rand_pcg v0.2.1
[INFO] [stderr]      Compiling rand_chacha v0.2.2
[INFO] [stderr]      Compiling rlp v0.5.0
[INFO] [stderr]      Compiling arrayvec v0.4.12
[INFO] [stderr]      Compiling regex v1.4.2
[INFO] [stderr]      Compiling ryu v1.0.5
[INFO] [stderr]      Compiling impl-rlp v0.3.0
[INFO] [stderr]      Compiling rand v0.7.3
[INFO] [stderr]      Compiling parity-scale-codec v2.2.0
[INFO] [stderr]      Compiling fixed-hash v0.7.0
[INFO] [stderr]      Compiling tracing-core v0.1.18
[INFO] [stderr]      Compiling num-bigint v0.2.6
[INFO] [stderr]      Compiling subtle v1.0.0
[INFO] [stderr]      Compiling sp-std v4.0.0-dev (https://github.com/paritytech/substrate?branch=master#09c016ba)
[INFO] [stderr]      Compiling proc-macro-hack v0.5.19
[INFO] [stderr]      Compiling byte-tools v0.3.1
[INFO] [stderr]      Compiling hex v0.4.3
[INFO] [stderr]      Compiling serde_json v1.0.64
[INFO] [stderr]      Compiling tiny-keccak v2.0.2
[INFO] [stderr]      Compiling uint v0.9.0
[INFO] [stderr]      Compiling block-padding v0.1.5
[INFO] [stderr]      Compiling impl-codec v0.5.1
[INFO] [stderr]      Compiling crypto-mac v0.7.0
[INFO] [stderr]      Compiling block-buffer v0.9.0
[INFO] [stderr]      Compiling num-rational v0.2.4
[INFO] [stderr]      Compiling futures-macro v0.3.16
[INFO] [stderr]      Compiling opaque-debug v0.3.0
[INFO] [stderr]      Compiling cpuid-bool v0.1.2
[INFO] [stderr]      Compiling ref-cast v1.0.6
[INFO] [stderr]      Compiling itoa v0.4.7
[INFO] [stderr]      Compiling futures-task v0.3.16
[INFO] [stderr]      Compiling proc-macro-nested v0.1.6
[INFO] [stderr]      Compiling parity-wasm v0.42.2
[INFO] [stderr]      Compiling futures-channel v0.3.16
[INFO] [stderr]      Compiling sha2 v0.9.2
[INFO] [stderr]      Compiling primitive-types v0.10.1
[INFO] [stderr]      Compiling block-buffer v0.7.3
[INFO] [stderr]      Compiling regex-automata v0.1.9
[INFO] [stderr]      Compiling tracing-attributes v0.1.15
[INFO] [stderr]      Compiling ref-cast-impl v1.0.6
[INFO] [stderr]      Compiling sp-debug-derive v3.0.0 (https://github.com/paritytech/substrate?branch=master#09c016ba)
[INFO] [stderr]      Compiling futures-util v0.3.16
[INFO] [stderr]      Compiling futures-sink v0.3.16
[INFO] [stderr]      Compiling opaque-debug v0.2.3
[INFO] [stderr]      Compiling slog v2.7.0
[INFO] [stderr]      Compiling pin-utils v0.1.0
[INFO] [stderr]      Compiling fake-simd v0.1.2
[INFO] [stderr]      Compiling slab v0.4.2
[INFO] [stderr]      Compiling sha2 v0.8.2
[INFO] [stderr]      Compiling matchers v0.0.1
[INFO] [stderr]      Compiling ethbloom v0.11.0
[INFO] [stderr]      Compiling Inflector v0.11.4
[INFO] [stderr]      Compiling tracing v0.1.26
[INFO] [stderr]      Compiling wasmi-validation v0.4.0
[INFO] [stderr]      Compiling hmac v0.7.1
[INFO] [stderr]      Compiling tracing-log v0.1.2
[INFO] [stderr]      Compiling tracing-serde v0.1.2
[INFO] [stderr]      Compiling chrono v0.4.19
[INFO] [stderr]      Compiling crypto-mac v0.8.0
[INFO] [stderr]      Compiling parking_lot_core v0.7.2
[INFO] [stderr]      Compiling erased-serde v0.3.13
[INFO] [stderr]      Compiling sharded-slab v0.1.0
[INFO] [stderr]      Compiling lock_api v0.3.4
[INFO] [stderr]      Compiling memory_units v0.3.0
[INFO] [stderr]      Compiling downcast-rs v1.2.0
[INFO] [stderr]      Compiling arrayref v0.3.6
[INFO] [stderr]      Compiling hash-db v0.15.2
[INFO] [stderr]      Compiling ansi_term v0.12.1
[INFO] [stderr]      Compiling parity-util-mem v0.10.0
[INFO] [stderr]      Compiling tinyvec_macros v0.1.0
[INFO] [stderr]      Compiling keccak v0.1.0
[INFO] [stderr]      Compiling tinyvec v1.1.1
[INFO] [stderr]      Compiling wasmi v0.9.0
[INFO] [stderr]      Compiling tracing-subscriber v0.2.18
[INFO] [stderr]      Compiling merlin v2.0.0
[INFO] [stderr]      Compiling parking_lot v0.10.2
[INFO] [stderr]      Compiling ethereum-types v0.12.0
[INFO] [stderr]      Compiling sp-storage v4.0.0-dev (https://github.com/paritytech/substrate?branch=master#09c016ba)
[INFO] [stderr]      Compiling curve25519-dalek v2.1.0
[INFO] [stderr]      Compiling zstd-sys v1.4.20+zstd.1.4.9
[INFO] [stderr]      Compiling parity-util-mem-derive v0.1.0
[INFO] [stderr]      Compiling lru v0.6.6
[INFO] [stderr]      Compiling signature v1.2.2
[INFO] [stderr]      Compiling environmental v1.1.3
[INFO] [stderr]      Compiling arrayvec v0.5.2
[INFO] [stderr]      Compiling nodrop v0.1.14
[INFO] [stderr]      Compiling sp-externalities v0.10.0-dev (https://github.com/paritytech/substrate?branch=master#09c016ba)
[INFO] [stderr]      Compiling ed25519 v1.0.3
[INFO] [stderr]      Compiling schnorrkel v0.9.1
[INFO] [stderr]      Compiling sp-tracing v4.0.0-dev (https://github.com/paritytech/substrate?branch=master#09c016ba)
[INFO] [stderr]      Compiling sp-wasm-interface v4.0.0-dev (https://github.com/paritytech/substrate?branch=master#09c016ba)
[INFO] [stderr]      Compiling unicode-normalization v0.1.16
[INFO] [stderr]      Compiling futures-executor v0.3.16
[INFO] [stderr]      Compiling pbkdf2 v0.4.0
[INFO] [stderr]      Compiling hmac v0.8.1
[INFO] [stderr]      Compiling hmac-drbg v0.2.0
[INFO] [stderr]      Compiling sp-runtime-interface-proc-macro v4.0.0-dev (https://github.com/paritytech/substrate?branch=master#09c016ba)
[INFO] [stderr]      Compiling pbkdf2 v0.3.0
[INFO] [stderr]      Compiling curve25519-dalek v3.0.0
[INFO] [stderr]      Compiling dyn-clonable-impl v0.9.0
[INFO] [stderr]      Compiling miniz_oxide v0.4.3
[INFO] [stderr]      Compiling dyn-clone v1.0.4
[INFO] [stderr]      Compiling constant_time_eq v0.1.5
[INFO] [stderr]      Compiling blake2-rfc v0.2.18
[INFO] [stderr]      Compiling dyn-clonable v0.9.0
[INFO] [stderr]      Compiling ed25519-dalek v1.0.1
[INFO] [stderr]      Compiling substrate-bip39 v0.4.2
[INFO] [stderr]      Compiling libsecp256k1 v0.3.5
[INFO] [stderr]      Compiling tiny-bip39 v0.8.0
[INFO] [stderr]      Compiling futures v0.3.16
[INFO] [stderr]      Compiling twox-hash v1.6.0
[INFO] [stderr]      Compiling secrecy v0.7.0
[INFO] [stderr]      Compiling hash256-std-hasher v0.15.2
[INFO] [stderr]      Compiling zstd-safe v3.0.1+zstd.1.4.9
[INFO] [stderr]      Compiling either v1.6.1
[INFO] [stderr]      Compiling base58 v0.1.0
[INFO] [stderr]      Compiling gimli v0.23.0
[INFO] [stderr]      Compiling adler v0.2.3
[INFO] [stderr]      Compiling rustc-demangle v0.1.18
[INFO] [stderr]      Compiling object v0.22.0
[INFO] [stderr]      Compiling indexmap v1.7.0
[INFO] [stderr]      Compiling sp-runtime-interface v4.0.0-dev (https://github.com/paritytech/substrate?branch=master#09c016ba)
[INFO] [stderr]      Compiling convert_case v0.4.0
[INFO] [stderr]      Compiling cranelift-entity v0.74.0
[INFO] [stderr]      Compiling derive_more v0.99.14
[INFO] [stderr]      Compiling addr2line v0.14.1
[INFO] [stderr]      Compiling cranelift-codegen-shared v0.74.0
[INFO] [stderr]      Compiling cranelift-codegen-meta v0.74.0
[INFO] [stderr]      Compiling backtrace v0.3.55
[INFO] [stderr]      Compiling sp-core v4.0.0-dev (https://github.com/paritytech/substrate?branch=master#09c016ba)
[INFO] [stderr]      Compiling async-trait v0.1.50
[INFO] [stderr]      Compiling target-lexicon v0.12.0
[INFO] [stderr]      Compiling fallible-iterator v0.2.0
[INFO] [stderr]      Compiling stable_deref_trait v1.2.0
[INFO] [stderr]      Compiling gimli v0.24.0
[INFO] [stderr]      Compiling memory-db v0.27.0
[INFO] [stderr]      Compiling trie-db v0.22.6
[INFO] [stderr]      Compiling trie-root v0.16.0
[INFO] [stderr]      Compiling cranelift-bforest v0.74.0
[INFO] [stderr]      Compiling sp-trie v4.0.0-dev (https://github.com/paritytech/substrate?branch=master#09c016ba)
[INFO] [stderr]      Compiling sp-panic-handler v3.0.0 (https://github.com/paritytech/substrate?branch=master#09c016ba)
[INFO] [stderr]      Compiling regalloc v0.0.31
[INFO] [stderr]      Compiling sp-state-machine v0.10.0-dev (https://github.com/paritytech/substrate?branch=master#09c016ba)
[INFO] [stderr]      Compiling sp-keystore v0.10.0-dev (https://github.com/paritytech/substrate?branch=master#09c016ba)
[INFO] [stderr]      Compiling memoffset v0.6.1
[INFO] [stderr]      Compiling crossbeam-utils v0.8.1
[INFO] [stderr]      Compiling paste v1.0.4
[INFO] [stderr]      Compiling itertools v0.10.0
[INFO] [stderr]      Compiling integer-sqrt v0.1.5
[INFO] [stderr]      Compiling bitflags v1.2.1
[INFO] [stderr]      Compiling wasmparser v0.78.2
[INFO] [stderr]      Compiling sp-arithmetic v4.0.0-dev (https://github.com/paritytech/substrate?branch=master#09c016ba)
[INFO] [stderr]      Compiling more-asserts v0.2.1
[INFO] [stderr]      Compiling const_fn v0.4.4
[INFO] [stderr]      Compiling cranelift-codegen v0.74.0
[INFO] [stderr]      Compiling crc32fast v1.2.1
[INFO] [stderr]      Compiling cache-padded v1.1.1
[INFO] [stderr]      Compiling concurrent-queue v1.2.2
[INFO] [stderr]      Compiling event-listener v2.5.1
[INFO] [stderr]      Compiling parking v2.0.0
[INFO] [stderr]      Compiling fastrand v1.4.0
[INFO] [stderr]      Compiling waker-fn v1.1.0
[INFO] [stderr]      Compiling rayon-core v1.9.0
[INFO] [stderr]      Compiling crossbeam-epoch v0.9.1
[INFO] [stderr]      Compiling futures-lite v1.11.3
[INFO] [stderr]      Compiling wasmtime-runtime v0.27.0
[INFO] [stderr]      Compiling quick-error v1.2.3
[INFO] [stderr]      Compiling humantime v1.3.0
[INFO] [stderr]      Compiling object v0.24.0
[INFO] [stderr]      Compiling crossbeam-deque v0.8.0
[INFO] [stderr]      Compiling region v2.2.0
[INFO] [stderr]      Compiling crossbeam-channel v0.5.0
[INFO] [stderr]      Compiling rayon v1.5.0
[INFO] [stderr]      Compiling atty v0.2.14
[INFO] [stderr]      Compiling vec-arena v1.0.0
[INFO] [stderr]      Compiling glob v0.3.0
[INFO] [stderr]      Compiling termcolor v1.1.2
[INFO] [stderr]      Compiling env_logger v0.7.1
[INFO] [stderr]      Compiling cpp_demangle v0.3.2
[INFO] [stderr]      Compiling sc-allocator v4.0.0-dev (https://github.com/paritytech/substrate?branch=master#09c016ba)
[INFO] [stderr]      Compiling sp-serializer v3.0.0 (https://github.com/paritytech/substrate?branch=master#09c016ba)
[INFO] [stderr]      Compiling pwasm-utils v0.18.0
[INFO] [stderr]      Compiling polling v2.0.2
[INFO] [stderr]      Compiling psm v0.1.12
[INFO] [stderr]      Compiling frame-support-procedural-tools-derive v3.0.0 (https://github.com/paritytech/substrate?branch=master#09c016ba)
[INFO] [stderr]      Compiling nb-connect v1.0.2
[INFO] [stderr]      Compiling dirs-sys-next v0.1.2
[INFO] [stderr]      Compiling wasmtime-cache v0.27.0
[INFO] [stderr]      Compiling async-task v4.0.3
[INFO] [stderr]      Compiling frame-support-procedural-tools v4.0.0-dev (https://github.com/paritytech/substrate?branch=master#09c016ba)
[INFO] [stderr]      Compiling directories-next v2.0.0
[INFO] [stderr]      Compiling async-io v1.3.1
[INFO] [stderr]      Compiling sp-version-proc-macro v4.0.0-dev (https://github.com/paritytech/substrate?branch=master#09c016ba)
[INFO] [stderr]      Compiling file-per-thread-logger v0.1.4
[INFO] [stderr]      Compiling async-channel v1.5.1
[INFO] [stderr]      Compiling addr2line v0.15.1
[INFO] [stderr]      Compiling bincode v1.3.1
[INFO] [stderr]      Compiling errno v0.2.7
[INFO] [stderr]      Compiling base64 v0.13.0
[INFO] [stderr]      Compiling signal-hook v0.3.8
[INFO] [stderr]      Compiling atomic-waker v1.0.0
[INFO] [stderr]      Compiling blocking v1.0.2
[INFO] [stderr]      Compiling sp-api-proc-macro v4.0.0-dev (https://github.com/paritytech/substrate?branch=master#09c016ba)
[INFO] [stderr]      Compiling frame-support-procedural v4.0.0-dev (https://github.com/paritytech/substrate?branch=master#09c016ba)
[INFO] [stderr]      Compiling async-executor v1.4.0
[INFO] [stderr]      Compiling async-mutex v1.4.0
[INFO] [stderr]      Compiling frame-metadata v14.0.0-dev (https://github.com/paritytech/substrate?branch=master#09c016ba)
[INFO] [stderr]      Compiling slotmap v1.0.3
[INFO] [stderr]      Compiling signal-hook-registry v1.3.0
[INFO] [stderr]   error: could not compile `cranelift-codegen`
[INFO] [stderr] 
[INFO] [stderr]   Caused by:
[INFO] [stderr]     process didn't exit successfully: `rustc --crate-name cranelift_codegen --edition=2018 /opt/rustwide/cargo-home/registry/src/github.com-1ecc6299db9ec823/cranelift-codegen-0.74.0/src/lib.rs --error-format=json --json=diagnostic-rendered-ansi,artifacts,future-incompat --crate-type lib --emit=dep-info,metadata,link -C opt-level=3 -C embed-bitcode=no --cfg 'feature="default"' --cfg 'feature="enable-serde"' --cfg 'feature="gimli"' --cfg 'feature="serde"' --cfg 'feature="std"' --cfg 'feature="unwind"' -C metadata=3679e37b177a43cb -C extra-filename=-3679e37b177a43cb --out-dir /opt/rustwide/target/debug/build/cumulus-test-relay-validation-worker-provider-515814c047953d21/out/validation-worker-project/target/release/deps -L dependency=/opt/rustwide/target/debug/build/cumulus-test-relay-validation-worker-provider-515814c047953d21/out/validation-worker-project/target/release/deps --extern cranelift_bforest=/opt/rustwide/target/debug/build/cumulus-test-relay-validation-worker-provider-515814c047953d21/out/validation-worker-project/target/release/deps/libcranelift_bforest-5ee3a3e5c04316bb.rmeta --extern cranelift_codegen_shared=/opt/rustwide/target/debug/build/cumulus-test-relay-validation-worker-provider-515814c047953d21/out/validation-worker-project/target/release/deps/libcranelift_codegen_shared-548f993628d7dc7b.rmeta --extern cranelift_entity=/opt/rustwide/target/debug/build/cumulus-test-relay-validation-worker-provider-515814c047953d21/out/validation-worker-project/target/release/deps/libcranelift_entity-47454d8c52556f56.rmeta --extern gimli=/opt/rustwide/target/debug/build/cumulus-test-relay-validation-worker-provider-515814c047953d21/out/validation-worker-project/target/release/deps/libgimli-7d5d2f7de0036f8f.rmeta --extern log=/opt/rustwide/target/debug/build/cumulus-test-relay-validation-worker-provider-515814c047953d21/out/validation-worker-project/target/release/deps/liblog-f80163e59a6fa03b.rmeta --extern regalloc=/opt/rustwide/target/debug/build/cumulus-test-relay-validation-worker-provider-515814c047953d21/out/validation-worker-project/target/release/deps/libregalloc-271b0cb0696e58e3.rmeta --extern serde=/opt/rustwide/target/debug/build/cumulus-test-relay-validation-worker-provider-515814c047953d21/out/validation-worker-project/target/release/deps/libserde-a428fe959085cafe.rmeta --extern smallvec=/opt/rustwide/target/debug/build/cumulus-test-relay-validation-worker-provider-515814c047953d21/out/validation-worker-project/target/release/deps/libsmallvec-71d5d85c7afbe4fb.rmeta --extern target_lexicon=/opt/rustwide/target/debug/build/cumulus-test-relay-validation-worker-provider-515814c047953d21/out/validation-worker-project/target/release/deps/libtarget_lexicon-cf154360ab10d908.rmeta --cap-lints allow --cap-lints=warn --cfg 'feature="x86"'` (signal: 9, SIGKILL: kill)
[INFO] [stderr]   warning: build failed, waiting for other jobs to finish...
[INFO] running `Command { std: "docker" "inspect" "ed2ff80eaf4207e95dc2794dd1710796e44b1430a36442f825b46d17f3144039", kill_on_drop: false }`
[INFO] running `Command { std: "docker" "rm" "-f" "ed2ff80eaf4207e95dc2794dd1710796e44b1430a36442f825b46d17f3144039", kill_on_drop: false }`
[INFO] [stdout] ed2ff80eaf4207e95dc2794dd1710796e44b1430a36442f825b46d17f3144039
